217.182.195.176 - - [15/Dec/2025:02:21:59 -0800] "GET /author/manpreet/feed/?fileloc=//lib/firmware/mrvl/sdsd8997_combo_v4.bin&path=//lib/firmware/mrvl HTTP/1.1" 200 399373 "-" "Mozilla/5.0 (compatible; MJ12bot/v1.4.8; http://mj12bot.com/)"
216.73.216.158 - - [15/Dec/2025:02:22:01 -0800] "GET /xmlrpc.php?fileloc=%2F%2Fsys%2Fdev%2Fblock%2F259%3A0%2Fsubsystem%2Fmd0%2Fmd%2Fnew_dev&path=%2F%2Fsys%2Fdev%2Fblock%2F259%3A0%2Fsubsystem%2Fmd0%2Fmd HTTP/2.0" 200 2615 "-" "Mozilla/5.0 AppleWebKit/537.36 (KHTML, like Gecko; compatible; ClaudeBot/1.0; +claudebot@anthropic.com)"
216.73.216.158 - - [15/Dec/2025:02:22:01 -0800] "GET /xmlrpc.php?path=%2F%2Fsys%2Fdev%2Fblock%2F259%3A10%2Fsubsystem%2Fnvme7n1 HTTP/2.0" 200 4116 "-" "Mozilla/5.0 AppleWebKit/537.36 (KHTML, like Gecko; compatible; ClaudeBot/1.0; +claudebot@anthropic.com)"
216.73.216.158 - - [15/Dec/2025:02:22:02 -0800] "GET /xmlrpc.php?fileloc=%2F%2Fsys%2Fdevices%2Fpci0000%3A00%2F0000%3A00%3A14.0%2Fi2c-2%2Fdevice%2Flocal_cpulist&path=%2F%2Fsys%2Fdevices%2Fpci0000%3A00%2F0000%3A00%3A14.0%2Fi2c-2%2Fdevice HTTP/2.0" 200 2666 "-" "Mozilla/5.0 AppleWebKit/537.36 (KHTML, like Gecko; compatible; ClaudeBot/1.0; +claudebot@anthropic.com)"
216.73.216.158 - - [15/Dec/2025:02:22:03 -0800] "GET /xmlrpc.php?fileloc=%2F%2Fsys%2Fdev%2Fblock%2F259%3A2%2Fsubsystem%2Fnbd9%2Fext_range&path=%2F%2Fsys%2Fdev%2Fblock%2F259%3A2%2Fsubsystem%2Fnbd9 HTTP/2.0" 200 2611 "-" "Mozilla/5.0 AppleWebKit/537.36 (KHTML, like Gecko; compatible; ClaudeBot/1.0; +claudebot@anthropic.com)"
216.73.216.158 - - [15/Dec/2025:02:22:04 -0800] "GET /xmlrpc.php?path=%2F%2Fsys%2Fdev%2Fblock%2F259%3A17%2Fsubsystem%2Fnbd14 HTTP/2.0" 200 3970 "-" "Mozilla/5.0 AppleWebKit/537.36 (KHTML, like Gecko; compatible; ClaudeBot/1.0; +claudebot@anthropic.com)"
69.30.196.218 - - [15/Dec/2025:02:22:05 -0800] "GET /R-487ae47ad790ec1172024975e7df50c8 HTTP/1.1" 200 3502 "-" "-"
216.73.216.158 - - [15/Dec/2025:02:22:05 -0800] "GET /xmlrpc.php?path=%2F%2Fsys%2Fclass%2Fiommu%2Fivhd2%2Fdevices%2F0000%3A48%3A00.3%2Fusb4%2Fdriver%2Fusb3 HTTP/2.0" 200 4686 "-" "Mozilla/5.0 AppleWebKit/537.36 (KHTML, like Gecko; compatible; ClaudeBot/1.0; +claudebot@anthropic.com)"
217.182.195.176 - - [15/Dec/2025:02:22:05 -0800] "GET /author/manpreet/feed/?fileloc=//lib/firmware/netronome/bpf/nic_AMDA0058-0011_2x40.nffw&path=//lib/firmware/netronome/bpf HTTP/1.1" 200 238148 "-" "Mozilla/5.0 (compatible; MJ12bot/v1.4.8; http://mj12bot.com/)"
216.73.216.158 - - [15/Dec/2025:02:22:09 -0800] "GET /xmlrpc.php?fileloc=%2F%2Fsys%2Fblock%2Fnbd6%2Fsubsystem%2Fnvme1n1%2Fsubsystem%2Fnbd13%2Fqueue%2Fstable_writes&path=%2F%2Fsys%2Fblock%2Fnbd6%2Fsubsystem%2Fnvme1n1%2Fsubsystem%2Fnbd13%2Fqueue HTTP/2.0" 200 2692 "-" "Mozilla/5.0 AppleWebKit/537.36 (KHTML, like Gecko; compatible; ClaudeBot/1.0; +claudebot@anthropic.com)"
216.73.216.158 - - [15/Dec/2025:02:22:10 -0800] "GET /xmlrpc.php?fileloc=%2F%2Fsys%2Fclass%2Fiommu%2Fivhd2%2Fdevices%2F0000%3A40%3A08.1%2Fdriver%2F0000%3A80%3A03.3%2Freset&path=%2F%2Fsys%2Fclass%2Fiommu%2Fivhd2%2Fdevices%2F0000%3A40%3A08.1%2Fdriver%2F0000%3A80%3A03.3 HTTP/2.0" 200 2639 "-" "Mozilla/5.0 AppleWebKit/537.36 (KHTML, like Gecko; compatible; ClaudeBot/1.0; +claudebot@anthropic.com)"
69.30.196.218 - - [15/Dec/2025:02:22:11 -0800] "GET /R-487ae47ad790ec1172024975e7df50c8 HTTP/1.1" 200 3502 "-" "-"
217.182.195.176 - - [15/Dec/2025:02:22:10 -0800] "GET /author/manpreet/feed/?fileloc=//lib/firmware/netronome/bpf/nic_AMDA0058-0012_2x40.nffw&path=//lib/firmware/netronome/bpf HTTP/1.1" 200 238119 "-" "Mozilla/5.0 (compatible; MJ12bot/v1.4.8; http://mj12bot.com/)"
216.73.216.158 - - [15/Dec/2025:02:22:11 -0800] "GET /xmlrpc.php?fileloc=%2F%2Fsys%2Fblock%2Fnbd6%2Fsubsystem%2Fnbd0%2Fsubsystem%2Fnbd8%2Fqueue%2Fdiscard_zeroes_data&path=%2F%2Fsys%2Fblock%2Fnbd6%2Fsubsystem%2Fnbd0%2Fsubsystem%2Fnbd8%2Fqueue HTTP/2.0" 200 2632 "-" "Mozilla/5.0 AppleWebKit/537.36 (KHTML, like Gecko; compatible; ClaudeBot/1.0; +claudebot@anthropic.com)"
216.73.216.158 - - [15/Dec/2025:02:22:12 -0800] "GET /xmlrpc.php?path=%2F%2Fsys%2Fdev%2Fblock%2F259%3A10%2Fnvme1n1p1%2Fsubsystem%2Fnvme0n1p2 HTTP/2.0" 200 3489 "-" "Mozilla/5.0 AppleWebKit/537.36 (KHTML, like Gecko; compatible; ClaudeBot/1.0; +claudebot@anthropic.com)"
216.73.216.158 - - [15/Dec/2025:02:22:13 -0800] "GET /xmlrpc.php?fileloc=%2F%2Fsys%2Fdev%2Fblock%2F259%3A10%2Fnvme1n1p1%2Fsubsystem%2Fnvme3n1%2Fsize&path=%2F%2Fsys%2Fdev%2Fblock%2F259%3A10%2Fnvme1n1p1%2Fsubsystem%2Fnvme3n1 HTTP/2.0" 200 2621 "-" "Mozilla/5.0 AppleWebKit/537.36 (KHTML, like Gecko; compatible; ClaudeBot/1.0; +claudebot@anthropic.com)"
216.73.216.158 - - [15/Dec/2025:02:22:14 -0800] "GET /xmlrpc.php?fileloc=%2F%2Fsys%2Fblock%2Fnbd6%2Fsubsystem%2Fnbd4%2Fsubsystem%2Fnvme2n1%2Fqueue%2Fnr_requests&path=%2F%2Fsys%2Fblock%2Fnbd6%2Fsubsystem%2Fnbd4%2Fsubsystem%2Fnvme2n1%2Fqueue HTTP/2.0" 200 2630 "-" "Mozilla/5.0 AppleWebKit/537.36 (KHTML, like Gecko; compatible; ClaudeBot/1.0; +claudebot@anthropic.com)"
69.30.196.218 - - [15/Dec/2025:02:22:15 -0800] "GET /R-487ae47ad790ec1172024975e7df50c8 HTTP/1.1" 200 3502 "-" "-"
216.73.216.158 - - [15/Dec/2025:02:22:14 -0800] "GET /xmlrpc.php?fileloc=%2F%2Fsys%2Fclass%2Fiommu%2Fivhd2%2Fdevices%2F0000%3A40%3A08.2%2Fdriver%2F0000%3A00%3A07.1%2Fresource&path=%2F%2Fsys%2Fclass%2Fiommu%2Fivhd2%2Fdevices%2F0000%3A40%3A08.2%2Fdriver%2F0000%3A00%3A07.1 HTTP/2.0" 200 2594 "-" "Mozilla/5.0 AppleWebKit/537.36 (KHTML, like Gecko; compatible; ClaudeBot/1.0; +claudebot@anthropic.com)"
217.182.195.176 - - [15/Dec/2025:02:22:14 -0800] "GET /author/manpreet/feed/?fileloc=//lib/firmware/netronome/bpf/nic_AMDA0078-0011_1x100.nffw&path=//lib/firmware/netronome/bpf HTTP/1.1" 200 236431 "-" "Mozilla/5.0 (compatible; MJ12bot/v1.4.8; http://mj12bot.com/)"
216.73.216.158 - - [15/Dec/2025:02:22:15 -0800] "GET /xmlrpc.php?fileloc=%2F%2Fsys%2Fblock%2Fnbd6%2Fsubsystem%2Fnbd8%2Fsubsystem%2Fnvme5n1%2Fqueue%2Fmax_discard_segments&path=%2F%2Fsys%2Fblock%2Fnbd6%2Fsubsystem%2Fnbd8%2Fsubsystem%2Fnvme5n1%2Fqueue HTTP/2.0" 200 2636 "-" "Mozilla/5.0 AppleWebKit/537.36 (KHTML, like Gecko; compatible; ClaudeBot/1.0; +claudebot@anthropic.com)"
216.73.216.158 - - [15/Dec/2025:02:22:16 -0800] "GET /xmlrpc.php?fileloc=%2F%2Fsys%2Fblock%2Fnbd6%2Fsubsystem%2Fnvme7n1%2Fsubsystem%2Fnvme1n1%2Fdevice%2Frescan_controller&path=%2F%2Fsys%2Fblock%2Fnbd6%2Fsubsystem%2Fnvme7n1%2Fsubsystem%2Fnvme1n1%2Fdevice HTTP/2.0" 200 2638 "-" "Mozilla/5.0 AppleWebKit/537.36 (KHTML, like Gecko; compatible; ClaudeBot/1.0; +claudebot@anthropic.com)"
216.73.216.158 - - [15/Dec/2025:02:22:17 -0800] "GET /xmlrpc.php?fileloc=%2F%2Fsys%2Fblock%2Fnbd6%2Fsubsystem%2Fnvme1n1%2Fsubsystem%2Fnvme7n1%2Fdevice%2Frescan_controller&path=%2F%2Fsys%2Fblock%2Fnbd6%2Fsubsystem%2Fnvme1n1%2Fsubsystem%2Fnvme7n1%2Fdevice HTTP/2.0" 200 2638 "-" "Mozilla/5.0 AppleWebKit/537.36 (KHTML, like Gecko; compatible; ClaudeBot/1.0; +claudebot@anthropic.com)"
43.173.176.168 - - [15/Dec/2025:02:22:18 -0800] "GET /best-immigration-lawyers-in-surrey-british-columbia/?fileloc=/home/dh_7uh9vd/lifeofcanada.com/wp-content/uploads/2020/09/South-Stormont-ON-768x960.jpg&path=/home/dh_7uh9vd/lifeofcanada.com/wp-content/uploads/2020/09 HTTP/1.1" 500 94129 "-" "Mozilla/5.0 (Windows NT 6.1; Win64; x64) AppleWebKit/537.36 (KHTML, like Gecko) Chrome/126.0.6478.114 Safari/537.36"
43.173.177.71 - - [15/Dec/2025:02:22:18 -0800] "GET /top-10-patios-in-toronto/?fileloc=//sys/block/nbd4/queue/discard_max_hw_bytes&path=//sys/block/nbd4/queue HTTP/1.1" 200 6158 "-" "Mozilla/5.0 (Windows NT 6.1; Win64; x64) AppleWebKit/537.36 (KHTML, like Gecko) Chrome/126.0.6478.114 Safari/537.36"
43.173.179.41 - - [15/Dec/2025:02:22:18 -0800] "GET /top-10-patios-in-toronto/?fileloc=//dh/etc/localdata/datacleaner.json&path=//dh/etc/localdata HTTP/1.1" 200 6144 "-" "Mozilla/5.0 (Windows NT 6.1; Win64; x64) AppleWebKit/537.36 (KHTML, like Gecko) Chrome/126.0.6478.114 Safari/537.36"
216.73.216.158 - - [15/Dec/2025:02:22:42 -0800] "GET /xmlrpc.php?path=%2F%2Fsys%2Fblock%2Fnbd6%2Fsubsystem%2Fnbd5%2Fsubsystem%2Fnvme7n1%2Fsubsystem%2Fnvme4n1%2Fqueue HTTP/2.0" 200 4620 "-" "Mozilla/5.0 AppleWebKit/537.36 (KHTML, like Gecko; compatible; ClaudeBot/1.0; +claudebot@anthropic.com)"
68.178.206.206 - - [15/Dec/2025:02:22:53 -0800] "POST /xmlrpc.php HTTP/2.0" 429 362 "-" "Mozilla/5.0 (Macintosh; Intel Mac OS X 10_13_5) AppleWebKit/537.36 (KHTML, like Gecko) Chrome/67.0.3396.87 Safari/537.36"
68.178.206.206 - - [15/Dec/2025:02:23:06 -0800] "POST /xmlrpc.php HTTP/2.0" 429 362 "-" "Mozilla/5.0 (Macintosh; Intel Mac OS X 10_13_5) AppleWebKit/537.36 (KHTML, like Gecko) Chrome/67.0.3396.87 Safari/537.36"
68.178.206.206 - - [15/Dec/2025:02:23:19 -0800] "POST /xmlrpc.php HTTP/2.0" 429 362 "-" "Mozilla/5.0 (Macintosh; Intel Mac OS X 10_13_5) AppleWebKit/537.36 (KHTML, like Gecko) Chrome/67.0.3396.87 Safari/537.36"
43.173.173.125 - - [15/Dec/2025:02:22:40 -0800] "GET /11-of-the-finest-gluten-free-restaurants-in-toronto/?path=//sys/devices/virtual/vc/vcsa3 HTTP/1.1" 200 6617 "-" "Mozilla/5.0 (Windows NT 6.1; Win64; x64) AppleWebKit/537.36 (KHTML, like Gecko) Chrome/126.0.6478.114 Safari/537.36"
69.30.196.218 - - [15/Dec/2025:02:22:18 -0800] "GET /R-487ae47ad790ec1172024975e7df50c8 HTTP/1.1" 200 3502 "-" "-"
69.30.196.218 - - [15/Dec/2025:02:22:49 -0800] "GET /R-487ae47ad790ec1172024975e7df50c8 HTTP/1.1" 200 3502 "-" "-"
43.173.178.106 - - [15/Dec/2025:02:22:40 -0800] "GET /best-job-agencies-in-surrey/?fileloc=/home/dh_7uh9vd/lifeofcanada.com/wp-content/uploads/2018/08/286659_e017262b9da9cb337b401e532e529e82bc466125.jpg_facebook.jpg&path=/home/dh_7uh9vd/lifeofcanada.com/wp-content/uploads/2018/08 HTTP/1.1" 500 94129 "-" "Mozilla/5.0 (Windows NT 6.1; Win64; x64) AppleWebKit/537.36 (KHTML, like Gecko) Chrome/126.0.6478.114 Safari/537.36"
43.173.178.82 - - [15/Dec/2025:02:22:40 -0800] "GET /top-10-patios-in-toronto/?fileloc=//sys/devices/pci0000:40/firmware_node/device:c0/path&path=//sys/devices/pci0000:40/firmware_node/device:c0 HTTP/1.1" 200 6167 "-" "Mozilla/5.0 (Windows NT 6.1; Win64; x64) AppleWebKit/537.36 (KHTML, like Gecko) Chrome/126.0.6478.114 Safari/537.36"
216.73.216.158 - - [15/Dec/2025:02:22:31 -0800] "GET /xmlrpc.php?fileloc=%2F%2Fsys%2Fblock%2Fnbd6%2Fsubsystem%2Fnbd7%2Fsubsystem%2Fnvme1n1%2Fqueue%2Fread_ahead_kb&path=%2F%2Fsys%2Fblock%2Fnbd6%2Fsubsystem%2Fnbd7%2Fsubsystem%2Fnvme1n1%2Fqueue HTTP/2.0" 200 0 "-" "Mozilla/5.0 AppleWebKit/537.36 (KHTML, like Gecko; compatible; ClaudeBot/1.0; +claudebot@anthropic.com)"
216.73.216.158 - - [15/Dec/2025:02:23:13 -0800] "GET /xmlrpc.php?path=%2F%2Fsys%2Fdevices%2Fsystem%2Fmemory%2Fmemory117%2Fnode0%2Fmemory8 HTTP/2.0" 200 3409 "-" "Mozilla/5.0 AppleWebKit/537.36 (KHTML, like Gecko; compatible; ClaudeBot/1.0; +claudebot@anthropic.com)"
114.119.150.168 - - [15/Dec/2025:02:22:18 -0800] "GET /research/blog/ehw.html HTTP/1.1" 503 3818 "https://lifeofcanada.com/sitemap324.xml" "Mozilla/5.0 (Linux; Android 7.0;) AppleWebKit/537.36 (KHTML, like Gecko) Mobile Safari/537.36 (compatible; PetalBot;+https://webmaster.petalsearch.com/site/petalbot)"
69.30.196.218 - - [15/Dec/2025:02:22:18 -0800] "GET /R-487ae47ad790ec1172024975e7df50c8 HTTP/1.1" 503 3631 "-" "-"
69.30.196.218 - - [15/Dec/2025:02:22:18 -0800] "GET /R-487ae47ad790ec1172024975e7df50c8 HTTP/1.1" 503 3631 "-" "-"
43.173.169.42 - - [15/Dec/2025:02:22:18 -0800] "GET /top-10-indian-restaurants-in-brampton-canada/?path=//sys/block/nbd7/mq HTTP/1.1" 503 3818 "-" "Mozilla/5.0 (Windows NT 6.1; Win64; x64) AppleWebKit/537.36 (KHTML, like Gecko) Chrome/126.0.6478.114 Safari/537.36"
43.173.182.180 - - [15/Dec/2025:02:22:18 -0800] "GET /11-of-the-finest-gluten-free-restaurants-in-toronto/?fileloc=//sys/devices/msr/uevent&path=//sys/devices/msr HTTP/1.1" 503 3818 "-" "Mozilla/5.0 (Windows NT 6.1; Win64; x64) AppleWebKit/537.36 (KHTML, like Gecko) Chrome/126.0.6478.114 Safari/537.36"
216.73.216.158 - - [15/Dec/2025:02:22:18 -0800] "GET /xmlrpc.php?path=%2F%2Fsys%2Fblock%2Fnbd6%2Fbdi%2Fsubsystem%2F43%3A0%2Fsubsystem%2F9%3A0 HTTP/2.0" 503 0 "-" "Mozilla/5.0 AppleWebKit/537.36 (KHTML, like Gecko; compatible; ClaudeBot/1.0; +claudebot@anthropic.com)"
217.182.195.176 - - [15/Dec/2025:02:22:19 -0800] "GET /author/manpreet/feed/?fileloc=//lib/firmware/netronome/bpf/nic_AMDA0081-0001_1x40.nffw&path=//lib/firmware/netronome/bpf HTTP/1.1" 503 3587 "-" "Mozilla/5.0 (compatible; MJ12bot/v1.4.8; http://mj12bot.com/)"
216.73.216.158 - - [15/Dec/2025:02:22:21 -0800] "GET /xmlrpc.php?fileloc=%2F%2Fsys%2Fclass%2Fiommu%2Fivhd2%2Fdevices%2F0000%3A40%3A01.4%2F0000%3A44%3A00.0%2Fresource0&path=%2F%2Fsys%2Fclass%2Fiommu%2Fivhd2%2Fdevices%2F0000%3A40%3A01.4%2F0000%3A44%3A00.0 HTTP/2.0" 503 0 "-" "Mozilla/5.0 AppleWebKit/537.36 (KHTML, like Gecko; compatible; ClaudeBot/1.0; +claudebot@anthropic.com)"
43.173.180.135 - - [15/Dec/2025:02:22:28 -0800] "GET /top-10-patios-in-toronto/?fileloc=//sys/block/nbd4/queue/discard_max_hw_bytes&path=//sys/block/nbd4/queue HTTP/1.1" 503 3818 "-" "Mozilla/5.0 (Windows NT 10.0; Win64; x64) AppleWebKit/537.36 (KHTML, like Gecko) Chrome/133.0.0.0 Safari/537.36"
43.173.175.218 - - [15/Dec/2025:02:22:28 -0800] "GET /top-10-patios-in-toronto/?fileloc=//dh/etc/localdata/datacleaner.json&path=//dh/etc/localdata HTTP/1.1" 503 3818 "-" "Mozilla/5.0 (Windows NT 10.0; Win64; x64) AppleWebKit/537.36 (KHTML, like Gecko) Chrome/104.0.5112.81 Safari/537.36"
43.173.176.228 - - [15/Dec/2025:02:22:28 -0800] "GET /top-10-indian-restaurants-in-brampton-canada/?path=//sys/block/nbd7/mq HTTP/1.1" 503 3818 "-" "Mozilla/5.0 (Windows NT 10.0; Win64; x64) AppleWebKit/537.36 (KHTML, like Gecko) Chrome/131.0.0.0 Safari/537.36"
43.173.173.224 - - [15/Dec/2025:02:22:40 -0800] "GET /top-10-patios-in-toronto/?path=//sys/block/nbd9/holders HTTP/1.1" 503 3818 "-" "Mozilla/5.0 (Windows NT 6.1; Win64; x64) AppleWebKit/537.36 (KHTML, like Gecko) Chrome/126.0.6478.114 Safari/537.36"
43.173.181.73 - - [15/Dec/2025:02:22:40 -0800] "GET /top-10-patios-in-toronto/?fileloc=//sys/block/nbd11/subsystem/nbd7/events_async&path=//sys/block/nbd11/subsystem/nbd7 HTTP/1.1" 503 3818 "-" "Mozilla/5.0 (Windows NT 6.1; Win64; x64) AppleWebKit/537.36 (KHTML, like Gecko) Chrome/126.0.6478.114 Safari/537.36"
43.173.182.31 - - [15/Dec/2025:02:22:40 -0800] "GET /canada-pnp-programs-where-you-can-apply-without-a-job-offer/?fileloc=/home/dh_7uh9vd/lifeofcanada.com/wp-content/plugins/insert-headers-and-footers/admin/images/mircea.png&path=/home/dh_7uh9vd/lifeofcanada.com/wp-content/plugins/insert-headers-and-footers/admin/images HTTP/1.1" 503 3818 "-" "Mozilla/5.0 (Windows NT 6.1; Win64; x64) AppleWebKit/537.36 (KHTML, like Gecko) Chrome/126.0.6478.114 Safari/537.36"
43.173.175.49 - - [15/Dec/2025:02:22:28 -0800] "GET /top-10-patios-in-toronto/?path=//dh/proftpd HTTP/1.1" 200 6467 "-" "Mozilla/5.0 (Windows NT 10.0; Win64; x64) AppleWebKit/537.36 (KHTML, like Gecko) Chrome/104.0.5112.81 Safari/537.36"
216.73.216.158 - - [15/Dec/2025:02:23:40 -0800] "GET /xmlrpc.php?path=%2F%2Fsys%2Fclass%2Fiommu%2Fivhd2%2Fdevices%2F0000%3A40%3A02.0%2Fiommu%2Fdevices%2F0000%3A40%3A01.2 HTTP/2.0" 200 0 "-" "Mozilla/5.0 AppleWebKit/537.36 (KHTML, like Gecko; compatible; ClaudeBot/1.0; +claudebot@anthropic.com)"
69.30.196.218 - - [15/Dec/2025:02:23:20 -0800] "GET /R-487ae47ad790ec1172024975e7df50c8 HTTP/1.1" 200 3502 "-" "-"
217.182.195.176 - - [15/Dec/2025:02:23:00 -0800] "GET /author/manpreet/feed/?fileloc=//lib/firmware/netronome/bpf/nic_AMDA0096-0001_2x10.nffw&path=//lib/firmware/netronome/bpf HTTP/1.1" 500 79987 "-" "Mozilla/5.0 (compatible; MJ12bot/v1.4.8; http://mj12bot.com/)"
43.173.181.30 - - [15/Dec/2025:02:22:40 -0800] "GET /best-immigration-lawyers-in-surrey-british-columbia/?fileloc=/home/dh_7uh9vd/lifeofcanada.com/wp-content/plugins/wp-super-cache/assets/.htaccess&path=/home/dh_7uh9vd/lifeofcanada.com/wp-content/plugins/wp-super-cache/assets HTTP/1.1" 200 6299 "-" "Mozilla/5.0 (Windows NT 6.1; Win64; x64) AppleWebKit/537.36 (KHTML, like Gecko) Chrome/126.0.6478.114 Safari/537.36"
69.30.196.218 - - [15/Dec/2025:02:22:49 -0800] "GET /R-487ae47ad790ec1172024975e7df50c8 HTTP/1.1" 503 3631 "-" "-"
69.30.196.218 - - [15/Dec/2025:02:22:49 -0800] "GET /R-487ae47ad790ec1172024975e7df50c8 HTTP/1.1" 503 3631 "-" "-"
216.73.216.158 - - [15/Dec/2025:02:22:49 -0800] "GET /xmlrpc.php?path=%2F%2Fsys%2Fdevices%2Fsystem%2Fmemory%2Fmemory119%2Fnode0%2Fcpu118 HTTP/2.0" 503 0 "-" "Mozilla/5.0 AppleWebKit/537.36 (KHTML, like Gecko; compatible; ClaudeBot/1.0; +claudebot@anthropic.com)"
43.173.182.153 - - [15/Dec/2025:02:22:50 -0800] "GET /best-immigration-lawyers-in-surrey-british-columbia/?fileloc=/home/dh_7uh9vd/lifeofcanada.com/wp-content/plugins/wp-super-cache/assets/.htaccess&path=/home/dh_7uh9vd/lifeofcanada.com/wp-content/plugins/wp-super-cache/assets HTTP/1.1" 503 3818 "-" "Mozilla/5.0 (Windows NT 10.0; Win64; x64) AppleWebKit/537.36 (KHTML, like Gecko) Chrome/116.0.0.0 Safari/537.36"
43.173.181.18 - - [15/Dec/2025:02:22:50 -0800] "GET /top-10-patios-in-toronto/?path=//sys/block/nbd9/holders HTTP/1.1" 503 3818 "-" "Mozilla/5.0 (Windows NT 10.0; Win64; x64) AppleWebKit/537.36 (KHTML, like Gecko) Chrome/106.0.5249.119 Safari/537.36"
43.173.182.167 - - [15/Dec/2025:02:22:50 -0800] "GET /top-10-patios-in-toronto/?fileloc=//sys/block/nbd11/subsystem/nbd7/events_async&path=//sys/block/nbd11/subsystem/nbd7 HTTP/1.1" 503 3818 "-" "Mozilla/5.0 (Windows NT 10.0; Win64; x64) AppleWebKit/537.36 (KHTML, like Gecko) Chrome/116.0.0.0 Safari/537.36"
43.173.173.128 - - [15/Dec/2025:02:22:50 -0800] "GET /canada-pnp-programs-where-you-can-apply-without-a-job-offer/?fileloc=/home/dh_7uh9vd/lifeofcanada.com/wp-content/plugins/insert-headers-and-footers/admin/images/mircea.png&path=/home/dh_7uh9vd/lifeofcanada.com/wp-content/plugins/insert-headers-and-footers/admin/images HTTP/1.1" 503 3818 "-" "Mozilla/5.0 (Windows NT 10.0; Win64; x64) AppleWebKit/537.36 (KHTML, like Gecko) Chrome/133.0.0.0 Safari/537.36"
43.173.180.151 - - [15/Dec/2025:02:22:50 -0800] "GET /11-of-the-finest-gluten-free-restaurants-in-toronto/?path=//sys/devices/virtual/vc/vcsa3 HTTP/1.1" 503 3818 "-" "Mozilla/5.0 (Windows NT 10.0; Win64; x64) AppleWebKit/537.36 (KHTML, like Gecko) Chrome/103.0.0.0 Safari/537.36"
216.73.216.158 - - [15/Dec/2025:02:22:52 -0800] "GET /xmlrpc.php?fileloc=%2F%2Fsys%2Fblock%2Fnbd6%2Fsubsystem%2Fnbd7%2Fsubsystem%2Fnvme1n1%2Fqueue%2Fiostats&path=%2F%2Fsys%2Fblock%2Fnbd6%2Fsubsystem%2Fnbd7%2Fsubsystem%2Fnvme1n1%2Fqueue HTTP/2.0" 503 0 "-" "Mozilla/5.0 AppleWebKit/537.36 (KHTML, like Gecko; compatible; ClaudeBot/1.0; +claudebot@anthropic.com)"
216.73.216.158 - - [15/Dec/2025:02:23:02 -0800] "GET /xmlrpc.php?path=%2F%2Fsys%2Fblock%2Fnbd6%2Fsubsystem%2Fnvme7n1p1%2Fsubsystem%2Fnvme4n1%2Fqueue HTTP/2.0" 503 0 "-" "Mozilla/5.0 AppleWebKit/537.36 (KHTML, like Gecko; compatible; ClaudeBot/1.0; +claudebot@anthropic.com)"
43.173.181.81 - - [15/Dec/2025:02:22:50 -0800] "GET /best-job-agencies-in-surrey/?fileloc=/home/dh_7uh9vd/lifeofcanada.com/wp-content/uploads/2018/08/286659_e017262b9da9cb337b401e532e529e82bc466125.jpg_facebook.jpg&path=/home/dh_7uh9vd/lifeofcanada.com/wp-content/uploads/2018/08 HTTP/1.1" 500 79889 "-" "Mozilla/5.0 (Windows NT 10.0; Win64; x64) AppleWebKit/537.36 (KHTML, like Gecko) Chrome/104.0.5112.81 Safari/537.36"
43.173.178.221 - - [15/Dec/2025:02:22:50 -0800] "GET /top-10-patios-in-toronto/?fileloc=//sys/devices/pci0000:40/firmware_node/device:c0/path&path=//sys/devices/pci0000:40/firmware_node/device:c0 HTTP/1.1" 200 6174 "-" "Mozilla/5.0 (Windows NT 10.0; Win64; x64) AppleWebKit/537.36 (KHTML, like Gecko) Chrome/106.0.5249.119 Safari/537.36"
216.73.216.158 - - [15/Dec/2025:02:24:11 -0800] "GET /xmlrpc.php?fileloc=%2F%2Fsys%2Fblock%2Fnbd6%2Fsubsystem%2Fnbd1%2Fsubsystem%2Fnvme3n1%2Fqueue%2Fiostats&path=%2F%2Fsys%2Fblock%2Fnbd6%2Fsubsystem%2Fnbd1%2Fsubsystem%2Fnvme3n1%2Fqueue HTTP/2.0" 200 0 "-" "Mozilla/5.0 AppleWebKit/537.36 (KHTML, like Gecko; compatible; ClaudeBot/1.0; +claudebot@anthropic.com)"
217.182.195.176 - - [15/Dec/2025:02:23:42 -0800] "GET /author/manpreet/feed/?fileloc=//lib/firmware/netronome/flower/nic_AMDA0058-0011_2x40.nffw&path=//lib/firmware/netronome/flower HTTP/1.1" 500 1568123 "-" "Mozilla/5.0 (compatible; MJ12bot/v1.4.8; http://mj12bot.com/)"
69.30.214.206 - - [15/Dec/2025:02:24:15 -0800] "GET /ehc/mvr/fonts/fonts/index.php?of=1 HTTP/1.1" 200 5834 "-" "Mozilla/5.0 (Windows NT 10.0; Win64; x64) AppleWebKit/537.36 (KHTML, like Gecko) Chrome/79.0.3970 Safari/537.36 Edg/79.0.143.5"
216.73.216.158 - - [15/Dec/2025:02:24:00 -0800] "GET /xmlrpc.php?fileloc=%2F%2Fsys%2Fclass%2Fnet%2Fteql0%2Fsubsystem%2Fbond0%2Fphys_switch_id&path=%2F%2Fsys%2Fclass%2Fnet%2Fteql0%2Fsubsystem%2Fbond0 HTTP/2.0" 200 0 "-" "Mozilla/5.0 AppleWebKit/537.36 (KHTML, like Gecko; compatible; ClaudeBot/1.0; +claudebot@anthropic.com)"
69.30.196.218 - - [15/Dec/2025:02:24:23 -0800] "GET /R-487ae47ad790ec1172024975e7df50c8 HTTP/1.1" 200 3502 "-" "-"
216.73.216.158 - - [15/Dec/2025:02:23:33 -0800] "GET /xmlrpc.php?path=%2F%2Fsys%2Fdevices%2Fsystem%2Fmemory%2Fmemory117%2Fnode0%2Fmemory145 HTTP/2.0" 200 0 "-" "Mozilla/5.0 AppleWebKit/537.36 (KHTML, like Gecko; compatible; ClaudeBot/1.0; +claudebot@anthropic.com)"
43.173.182.18 - - [15/Dec/2025:02:23:31 -0800] "GET /jobs/5-job-interview-tips-that-will-help-you-get-selected/?fileloc=/home/dh_7uh9vd/lifeofcanada.com/wp-content/plugins/wordpress-seo/src/presenters/admin/beta-badge-presenter.php&path=/home/dh_7uh9vd/lifeofcanada.com/wp-content/plugins/wordpress-seo/src/presenters/admin HTTP/1.1" 200 6797 "-" "Mozilla/5.0 (Windows NT 6.1; Win64; x64) AppleWebKit/537.36 (KHTML, like Gecko) Chrome/126.0.6478.114 Safari/537.36"
216.73.216.158 - - [15/Dec/2025:02:23:22 -0800] "GET /xmlrpc.php?fileloc=%2F%2Fsys%2Fclass%2Fiommu%2Fivhd2%2Fdevices%2F0000%3A40%3A01.3%2F0000%3A43%3A00.0%2Fenable&path=%2F%2Fsys%2Fclass%2Fiommu%2Fivhd2%2Fdevices%2F0000%3A40%3A01.3%2F0000%3A43%3A00.0 HTTP/2.0" 200 0 "-" "Mozilla/5.0 AppleWebKit/537.36 (KHTML, like Gecko; compatible; ClaudeBot/1.0; +claudebot@anthropic.com)"
66.249.69.224 - - [15/Dec/2025:02:24:24 -0800] "GET /products/295mf6350 HTTP/1.1" 302 3655 "-" "Mozilla/5.0 (Linux; Android 6.0.1; Nexus 5X Build/MMB29P) AppleWebKit/537.36 (KHTML, like Gecko) Chrome/141.0.7390.122 Mobile Safari/537.36 (compatible; Googlebot/2.1; +http://www.google.com/bot.html)"
69.30.196.218 - - [15/Dec/2025:02:23:20 -0800] "GET /R-487ae47ad790ec1172024975e7df50c8 HTTP/1.1" 503 3631 "-" "-"
69.30.196.218 - - [15/Dec/2025:02:23:21 -0800] "GET /R-487ae47ad790ec1172024975e7df50c8 HTTP/1.1" 503 3631 "-" "-"
43.173.178.185 - - [15/Dec/2025:02:23:31 -0800] "GET /top-10-patios-in-toronto/?fileloc=/home/dh_7uh9vd/lifeofcanada.com/wp-content/uploads/2023/12/Indian-Food-in-Toronto-768x512.jpeg&path=/home/dh_7uh9vd/lifeofcanada.com/wp-content/uploads/2023/12 HTTP/1.1" 503 3818 "-" "Mozilla/5.0 (Windows NT 6.1; Win64; x64) AppleWebKit/537.36 (KHTML, like Gecko) Chrome/126.0.6478.114 Safari/537.36"
43.173.182.237 - - [15/Dec/2025:02:23:31 -0800] "GET /jobsearch/apply.php?path=//dh/bin HTTP/1.1" 503 3818 "-" "Mozilla/5.0 (Windows NT 6.1; Win64; x64) AppleWebKit/537.36 (KHTML, like Gecko) Chrome/126.0.6478.114 Safari/537.36"
43.163.23.227 - - [15/Dec/2025:02:23:31 -0800] "GET /best-immigration-consultants-in-canada/?fileloc=/home/dh_7uh9vd/lifeofcanada.com/wp-content/uploads/2024/04/Things-to-do-in-Mot-Tremblant-Mountain-Biking-560x600.jpg&path=/home/dh_7uh9vd/lifeofcanada.com/wp-content/uploads/2024/04 HTTP/1.1" 503 3818 "-" "Mozilla/5.0 (Windows NT 6.1; Win64; x64) AppleWebKit/537.36 (KHTML, like Gecko) Chrome/126.0.6478.114 Safari/537.36"
43.173.169.80 - - [15/Dec/2025:02:23:31 -0800] "GET /tag/full-time-jobs-in-canada/?fileloc=//sys/devices/pci0000:00/0000:00:00.2/waiting_for_supplier&path=//sys/devices/pci0000:00/0000:00:00.2 HTTP/1.1" 503 3818 "-" "Mozilla/5.0 (Windows NT 6.1; Win64; x64) AppleWebKit/537.36 (KHTML, like Gecko) Chrome/126.0.6478.114 Safari/537.36"
27.64.216.50 - - [15/Dec/2025:02:23:37 -0800] "GET /?_bd_prev_page=https%3A%2F%2Flifeofcanada.com%2Fselect.asp%3Fsubstance15%3Fkg%3D31729&_bdsid=4swpu4.n~YQRSB.177380712.177776564&_gl=1%2Ahynaj70%2A_ga%2ATMSKVZrXzUDBOnTeLtoUgmdrCySt%2A_ga_BNBERAPTA%2A9NDmdbpWZ1Un1ieFsTRzl8Ggg34STQ7WB4bGLT5voFIPJky6fy6Kee6.%2A_gcl_au%3D1.1.199618210.179806620%2A_gcl_aw%3DAPA.179209415.kcsl5JGZeT5iMdSC7VutGzIA4Ouwt2WAYapINN4AnWwO3aZerjUYLC1Y94SpANbRUCqwaf5zUWnIY3bxgND9at6oMm..&_gz=2.192871248.190793713.172170209-866116545.167451343 HTTP/1.1" 503 3833 "-" "Mozilla/5.0 (X11; Linux x86_64) AppleWebKit/537.36 (KHTML, like Gecko) Chrome/33.0.1750.517 Safari/537.36"
114.119.139.1 - - [15/Dec/2025:02:23:40 -0800] "GET /research/blog/category/publisher/publisher/fhe.html HTTP/1.1" 503 3818 "https://lifeofcanada.com/sitemap309.xml" "Mozilla/5.0 (Linux; Android 7.0;) AppleWebKit/537.36 (KHTML, like Gecko) Mobile Safari/537.36 (compatible; PetalBot;+https://webmaster.petalsearch.com/site/petalbot)"
43.173.182.77 - - [15/Dec/2025:02:23:41 -0800] "GET /jobs/5-job-interview-tips-that-will-help-you-get-selected/?fileloc=/home/dh_7uh9vd/lifeofcanada.com/wp-content/plugins/wordpress-seo/src/presenters/admin/beta-badge-presenter.php&path=/home/dh_7uh9vd/lifeofcanada.com/wp-content/plugins/wordpress-seo/src/presenters/admin HTTP/1.1" 503 3818 "-" "Mozilla/5.0 (Windows NT 10.0; Win64; x64) AppleWebKit/537.36 (KHTML, like Gecko) Chrome/117.0.0.0 Safari/537.36"
43.173.182.197 - - [15/Dec/2025:02:23:41 -0800] "GET /best-immigration-consultants-in-canada/?fileloc=/home/dh_7uh9vd/lifeofcanada.com/wp-content/uploads/2024/04/Things-to-do-in-Mot-Tremblant-Mountain-Biking-560x600.jpg&path=/home/dh_7uh9vd/lifeofcanada.com/wp-content/uploads/2024/04 HTTP/1.1" 503 3818 "-" "Mozilla/5.0 (Windows NT 10.0; Win64; x64) AppleWebKit/537.36 (KHTML, like Gecko) Chrome/116.0.0.0 Safari/537.36"
43.173.179.239 - - [15/Dec/2025:02:23:41 -0800] "GET /tag/full-time-jobs-in-canada/?fileloc=//sys/devices/pci0000:00/0000:00:00.2/waiting_for_supplier&path=//sys/devices/pci0000:00/0000:00:00.2 HTTP/1.1" 503 3818 "-" "Mozilla/5.0 (Windows NT 10.0; Win64; x64) AppleWebKit/537.36 (KHTML, like Gecko) Chrome/131.0.0.0 Safari/537.36"
119.8.186.51 - - [15/Dec/2025:02:23:22 -0800] "GET /5-new-sushi-restaurants-in-toronto/?path=/home/dh_7uh9vd/lifeofcanada.com/wp-includes/qq264ef9 HTTP/2.0" 200 0 "https://lifeofcanada.com/5-new-sushi-restaurants-in-toronto/?path=/home/dh_7uh9vd/lifeofcanada.com/wp-includes/qq264ef9" "Mozilla/5.0 (Macintosh; Intel Mac OS X 10_15_7) AppleWebKit/537.36 (KHTML, like Gecko) Chrome/119.0.0.0 Safari/537.36"
175.143.58.214 - - [15/Dec/2025:02:24:47 -0800] "GET /products/12ax4407 HTTP/1.1" 302 3670 "-" "Mozilla/5.0 (Windows NT 10.0; Win64; x64) AppleWebKit/537.36 (KHTML, like Gecko) Chrome/85.0.4183.48 Safari/537.36"
69.30.196.218 - - [15/Dec/2025:02:23:50 -0800] "GET /R-487ae47ad790ec1172024975e7df50c8 HTTP/1.1" 200 3502 "-" "-"
216.73.216.158 - - [15/Dec/2025:02:24:21 -0800] "GET /xmlrpc.php?fileloc=%2F%2Fsys%2Fblock%2Fnbd6%2Fsubsystem%2Fnvme3n1%2Fsubsystem%2Fnbd1%2Fqueue%2Fiostats&path=%2F%2Fsys%2Fblock%2Fnbd6%2Fsubsystem%2Fnvme3n1%2Fsubsystem%2Fnbd1%2Fqueue HTTP/2.0" 200 0 "-" "Mozilla/5.0 AppleWebKit/537.36 (KHTML, like Gecko; compatible; ClaudeBot/1.0; +claudebot@anthropic.com)"
43.241.144.159 - - [15/Dec/2025:02:23:53 -0800] "GET /?_bd_prev_page=https%3A%2F%2Flifeofcanada.com%2Fselect.asp%3Fsubstance15%3Fkg%3D31729&_bdsid=4swpu4.n~YQRSB.177380712.177776564&_gl=1%2Ahynaj70%2A_ga%2ATMSKVZrXzUDBOnTeLtoUgmdrCySt%2A_ga_BNBERAPTA%2A9NDmdbpWZ1Un1ieFsTRzl8Ggg34STQ7WB4bGLT5voFIPJky6fy6Kee6.%2A_gcl_au%3D1.1.199618210.179806620%2A_gcl_aw%3DAPA.179209415.kcsl5JGZeT5iMdSC7VutGzIA4Ouwt2WAYapINN4AnWwO3aZerjUYLC1Y94SpANbRUCqwaf5zUWnIY3bxgND9at6oMm..&_gz=2.192871248.190793713.172170209-866116545.167451343 HTTP/1.1" 302 3338 "-" "Mozilla/5.0 (Windows NT 6.1; Win64; x64) AppleWebKit/537.36 (KHTML, like Gecko) Chrome/90.0.4430.41 Safari/537.36"
105.105.88.60 - - [15/Dec/2025:02:24:28 -0800] "GET /products/12ax4407 HTTP/1.1" 302 3670 "-" "Mozilla/5.0 (Windows NT 10.0; Win64; x64) AppleWebKit/537.36 (KHTML, like Gecko) Chrome/71.0.3578.98 Safari/537.36"
69.30.214.206 - - [15/Dec/2025:02:23:50 -0800] "GET /ehc/mvr/css/css/index.php?ARRAY=7o2230223n313736353739373833302p2231223n22687474703n5p2s5p2s736875692q31627n6979722r747936382r6s72675p2s3s6p633q7068705s636s64655s6n6326743q313736353739343233302q3935343934316166646264643837653061653062666164666239373165393564222p2232223n223730353764393062353430336161626534326237363535616437356366363338222p2233223n226230376262633334336536623734656638363437613834613434343538353437222p2262696r675s70617373223n2232352q35302q35392q36362q38302q38322q3136227q HTTP/1.1" 302 3550 "-" "Mozilla/5.0 (Windows NT 6.2; Win64; x64) AppleWebKit/537.36 (KHTML, like Gecko) Chrome/86.0.4240.111 Safari/537.36"
43.173.176.122 - - [15/Dec/2025:02:23:43 -0800] "GET /jobsearch/apply.php?path=//dh/bin HTTP/1.1" 200 7876 "-" "Mozilla/5.0 (Windows NT 10.0; Win64; x64) AppleWebKit/537.36 (KHTML, like Gecko) Chrome/103.0.0.0 Safari/537.36"
69.30.196.218 - - [15/Dec/2025:02:24:24 -0800] "GET /R-487ae47ad790ec1172024975e7df50c8 HTTP/1.1" 200 3502 "-" "-"
216.73.216.158 - - [15/Dec/2025:02:24:51 -0800] "GET /xmlrpc.php?fileloc=%2F%2Fsys%2Fclass%2Fiommu%2Fivhd2%2Fdevices%2F0000%3A48%3A00.0%2Frevision&path=%2F%2Fsys%2Fclass%2Fiommu%2Fivhd2%2Fdevices%2F0000%3A48%3A00.0 HTTP/2.0" 200 2670 "-" "Mozilla/5.0 AppleWebKit/537.36 (KHTML, like Gecko; compatible; ClaudeBot/1.0; +claudebot@anthropic.com)"
69.30.214.206 - - [15/Dec/2025:02:24:35 -0800] "GET /wp-admin/css/css/index.php?of=1 HTTP/1.1" 302 3550 "-" "Mozilla/5.0 (Windows NT 6.2; WOW64) AppleWebKit/535.24 (KHTML, like Gecko) Chrome/80.0.1055.1 Safari/535.24"
69.30.196.218 - - [15/Dec/2025:02:23:51 -0800] "GET /R-487ae47ad790ec1172024975e7df50c8 HTTP/1.1" 200 3502 "-" "-"
69.30.196.218 - - [15/Dec/2025:02:23:50 -0800] "GET /R-487ae47ad790ec1172024975e7df50c8 HTTP/1.1" 200 3502 "-" "-"
216.73.216.158 - - [15/Dec/2025:02:23:50 -0800] "GET /xmlrpc.php?fileloc=%2F%2Fsys%2Fblock%2Fnbd6%2Fsubsystem%2Fmd10%2Fsubsystem%2Fnvme2n1%2Fqueue%2Fiostats&path=%2F%2Fsys%2Fblock%2Fnbd6%2Fsubsystem%2Fmd10%2Fsubsystem%2Fnvme2n1%2Fqueue HTTP/2.0" 200 0 "-" "Mozilla/5.0 AppleWebKit/537.36 (KHTML, like Gecko; compatible; ClaudeBot/1.0; +claudebot@anthropic.com)"
216.73.216.158 - - [15/Dec/2025:02:24:54 -0800] "GET /xmlrpc.php?path=%2F%2Fsys%2Fblock%2Fnbd6%2Fsubsystem%2Fnbd10%2Fmq%2F0%2Fcpu44 HTTP/2.0" 200 2679 "-" "Mozilla/5.0 AppleWebKit/537.36 (KHTML, like Gecko; compatible; ClaudeBot/1.0; +claudebot@anthropic.com)"
217.182.195.176 - - [15/Dec/2025:02:24:24 -0800] "GET /author/manpreet/feed/?fileloc=//lib/firmware/netronome/flower/nic_AMDA0058-0012_4x10_1x40.nffw&path=//lib/firmware/netronome/flower HTTP/1.1" 500 1709523 "-" "Mozilla/5.0 (compatible; MJ12bot/v1.4.8; http://mj12bot.com/)"
69.30.196.218 - - [15/Dec/2025:02:24:23 -0800] "GET /R-487ae47ad790ec1172024975e7df50c8 HTTP/1.1" 200 3502 "-" "-"
69.30.196.218 - - [15/Dec/2025:02:24:21 -0800] "GET /R-487ae47ad790ec1172024975e7df50c8 HTTP/1.1" 200 3502 "-" "-"
216.73.216.158 - - [15/Dec/2025:02:24:40 -0800] "GET /xmlrpc.php?fileloc=%2F%2Fsys%2Fblock%2Fnbd6%2Fsubsystem%2Fnbd8%2Fsubsystem%2Fnbd14%2Fqueue%2Fiosched%2Fread_expire&path=%2F%2Fsys%2Fblock%2Fnbd6%2Fsubsystem%2Fnbd8%2Fsubsystem%2Fnbd14%2Fqueue%2Fiosched HTTP/2.0" 200 0 "-" "Mozilla/5.0 AppleWebKit/537.36 (KHTML, like Gecko; compatible; ClaudeBot/1.0; +claudebot@anthropic.com)"
216.73.216.158 - - [15/Dec/2025:02:24:30 -0800] "GET /xmlrpc.php?fileloc=%2F%2Fsys%2Fblock%2Fnbd6%2Fsubsystem%2Fnbd14%2Fsubsystem%2Fnbd8%2Fqueue%2Fiosched%2Fread_expire&path=%2F%2Fsys%2Fblock%2Fnbd6%2Fsubsystem%2Fnbd14%2Fsubsystem%2Fnbd8%2Fqueue%2Fiosched HTTP/2.0" 200 0 "-" "Mozilla/5.0 AppleWebKit/537.36 (KHTML, like Gecko; compatible; ClaudeBot/1.0; +claudebot@anthropic.com)"
216.73.216.158 - - [15/Dec/2025:02:24:56 -0800] "GET /xmlrpc.php?fileloc=%2F%2Fsys%2Fblock%2Fnbd6%2Fsubsystem%2Fnbd1%2Fsubsystem%2Fnbd5%2Fqueue%2Fio_poll&path=%2F%2Fsys%2Fblock%2Fnbd6%2Fsubsystem%2Fnbd1%2Fsubsystem%2Fnbd5%2Fqueue HTTP/2.0" 200 2625 "-" "Mozilla/5.0 AppleWebKit/537.36 (KHTML, like Gecko; compatible; ClaudeBot/1.0; +claudebot@anthropic.com)"
69.30.196.218 - - [15/Dec/2025:02:24:58 -0800] "GET /R-487ae47ad790ec1172024975e7df50c8 HTTP/1.1" 200 3502 "-" "-"
216.73.216.158 - - [15/Dec/2025:02:24:58 -0800] "GET /xmlrpc.php?path=%2F%2Fsys%2Fblock%2Fnbd6%2Fsubsystem%2Fnvme7n1%2Fsubsystem%2Fnvme0n1%2Fmq HTTP/2.0" 200 6088 "-" "Mozilla/5.0 AppleWebKit/537.36 (KHTML, like Gecko; compatible; ClaudeBot/1.0; +claudebot@anthropic.com)"
217.182.195.176 - - [15/Dec/2025:02:24:57 -0800] "GET /author/manpreet/feed/?fileloc=//lib/firmware/netronome/flower/nic_AMDA0078-0011_4x10_1x40.nffw&path=//lib/firmware/netronome/flower HTTP/1.1" 500 2078755 "-" "Mozilla/5.0 (compatible; MJ12bot/v1.4.8; http://mj12bot.com/)"
216.73.216.158 - - [15/Dec/2025:02:25:00 -0800] "GET /xmlrpc.php?fileloc=%2F%2Fsys%2Fclass%2Fiommu%2Fivhd2%2Fdevices%2F0000%3A40%3A08.1%2Fdriver%2F0000%3A80%3A08.3%2Fdevice&path=%2F%2Fsys%2Fclass%2Fiommu%2Fivhd2%2Fdevices%2F0000%3A40%3A08.1%2Fdriver%2F0000%3A80%3A08.3 HTTP/2.0" 200 2634 "-" "Mozilla/5.0 AppleWebKit/537.36 (KHTML, like Gecko; compatible; ClaudeBot/1.0; +claudebot@anthropic.com)"
69.30.196.218 - - [15/Dec/2025:02:25:01 -0800] "GET /R-487ae47ad790ec1172024975e7df50c8 HTTP/1.1" 200 3502 "-" "-"
69.30.214.206 - - [15/Dec/2025:02:25:01 -0800] "GET /bzv/pws/fonts/fonts/index.php?of=1 HTTP/1.1" 302 3550 "-" "Mozilla/5.0 (iPhone; CPU iPhone OS 14_1 like Mac OS X) AppleWebKit/605.1.15 (KHTML, like Gecko) Version/14.0 Mobile/15E148 Safari/604.1"
217.182.195.176 - - [15/Dec/2025:02:25:00 -0800] "GET /author/manpreet/feed/?fileloc=//lib/firmware/netronome/flower/nic_AMDA0078-0012_4x10_1x40.nffw&path=//lib/firmware/netronome/flower HTTP/1.1" 500 1787321 "-" "Mozilla/5.0 (compatible; MJ12bot/v1.4.8; http://mj12bot.com/)"
69.30.196.218 - - [15/Dec/2025:02:25:04 -0800] "GET /R-487ae47ad790ec1172024975e7df50c8 HTTP/1.1" 200 3502 "-" "-"
216.73.216.158 - - [15/Dec/2025:02:25:04 -0800] "GET /xmlrpc.php?fileloc=%2F%2Fsys%2Fclass%2Fiommu%2Fivhd2%2Fdevices%2F0000%3A40%3A08.1%2Fdriver%2F0000%3A80%3A08.3%2Fsubsystem_device&path=%2F%2Fsys%2Fclass%2Fiommu%2Fivhd2%2Fdevices%2F0000%3A40%3A08.1%2Fdriver%2F0000%3A80%3A08.3 HTTP/2.0" 200 2642 "-" "Mozilla/5.0 AppleWebKit/537.36 (KHTML, like Gecko; compatible; ClaudeBot/1.0; +claudebot@anthropic.com)"
69.30.196.218 - - [15/Dec/2025:02:25:05 -0800] "GET /R-487ae47ad790ec1172024975e7df50c8 HTTP/1.1" 200 3502 "-" "-"
114.119.155.83 - - [15/Dec/2025:02:25:04 -0800] "GET /research/blog/category/conclusion/editor/ehw.html HTTP/1.1" 200 8604 "https://lifeofcanada.com/sitemap487.xml" "Mozilla/5.0 (Linux; Android 7.0;) AppleWebKit/537.36 (KHTML, like Gecko) Mobile Safari/537.36 (compatible; PetalBot;+https://webmaster.petalsearch.com/site/petalbot)"
217.182.195.176 - - [15/Dec/2025:02:25:03 -0800] "GET /author/manpreet/feed/?fileloc=//lib/firmware/netronome/flower/nic_AMDA0078-0012_8x10.nffw&path=//lib/firmware/netronome/flower HTTP/1.1" 500 2006107 "-" "Mozilla/5.0 (compatible; MJ12bot/v1.4.8; http://mj12bot.com/)"
69.30.196.218 - - [15/Dec/2025:02:25:07 -0800] "GET /R-487ae47ad790ec1172024975e7df50c8 HTTP/1.1" 200 3502 "-" "-"
217.182.195.176 - - [15/Dec/2025:02:25:07 -0800] "GET /author/manpreet/feed/?fileloc=//lib/firmware/netronome/flower/nic_AMDA0081-0001_1x40.nffw&path=//lib/firmware/netronome/flower HTTP/1.1" 200 1795295 "-" "Mozilla/5.0 (compatible; MJ12bot/v1.4.8; http://mj12bot.com/)"
216.73.216.158 - - [15/Dec/2025:02:25:07 -0800] "GET /xmlrpc.php?fileloc=%2F%2Fsys%2Fblock%2Fnbd6%2Fsubsystem%2Fnbd0%2Fsubsystem%2Fnvme4n1%2Fqueue%2Fdiscard_granularity&path=%2F%2Fsys%2Fblock%2Fnbd6%2Fsubsystem%2Fnbd0%2Fsubsystem%2Fnvme4n1%2Fqueue HTTP/2.0" 200 2635 "-" "Mozilla/5.0 AppleWebKit/537.36 (KHTML, like Gecko; compatible; ClaudeBot/1.0; +claudebot@anthropic.com)"
69.30.196.218 - - [15/Dec/2025:02:25:10 -0800] "GET /R-487ae47ad790ec1172024975e7df50c8 HTTP/1.1" 200 3502 "-" "-"
217.182.195.176 - - [15/Dec/2025:02:25:09 -0800] "GET /author/manpreet/feed/?fileloc=//lib/firmware/netronome/flower/nic_AMDA0081-0001_4x10.nffw&path=//lib/firmware/netronome/flower HTTP/1.1" 200 1795263 "-" "Mozilla/5.0 (compatible; MJ12bot/v1.4.8; http://mj12bot.com/)"
216.73.216.158 - - [15/Dec/2025:02:25:11 -0800] "GET /xmlrpc.php?fileloc=%2F%2Fsys%2Fblock%2Fnbd6%2Fsubsystem%2Fnbd1%2Fsubsystem%2Fnvme5n1%2Fdevice%2Fqueue_count&path=%2F%2Fsys%2Fblock%2Fnbd6%2Fsubsystem%2Fnbd1%2Fsubsystem%2Fnvme5n1%2Fdevice HTTP/2.0" 200 2630 "-" "Mozilla/5.0 AppleWebKit/537.36 (KHTML, like Gecko; compatible; ClaudeBot/1.0; +claudebot@anthropic.com)"
69.30.196.218 - - [15/Dec/2025:02:25:12 -0800] "GET /R-487ae47ad790ec1172024975e7df50c8 HTTP/1.1" 200 3502 "-" "-"
217.182.195.176 - - [15/Dec/2025:02:25:12 -0800] "GET /author/manpreet/feed/?fileloc=//lib/firmware/netronome/nic-sriov/nic_AMDA0058-0012_2x40.nffw&path=//lib/firmware/netronome/nic-sriov HTTP/1.1" 200 281963 "-" "Mozilla/5.0 (compatible; MJ12bot/v1.4.8; http://mj12bot.com/)"
216.73.216.158 - - [15/Dec/2025:02:25:14 -0800] "GET /xmlrpc.php?fileloc=%2F%2Fsys%2Fblock%2Fnbd6%2Fsubsystem%2Fnbd7%2Fsubsystem%2Fnvme2n1%2Fqueue%2Fread_ahead_kb&path=%2F%2Fsys%2Fblock%2Fnbd6%2Fsubsystem%2Fnbd7%2Fsubsystem%2Fnvme2n1%2Fqueue HTTP/2.0" 200 2632 "-" "Mozilla/5.0 AppleWebKit/537.36 (KHTML, like Gecko; compatible; ClaudeBot/1.0; +claudebot@anthropic.com)"
69.30.196.218 - - [15/Dec/2025:02:25:16 -0800] "GET /R-487ae47ad790ec1172024975e7df50c8 HTTP/1.1" 200 3502 "-" "-"
217.182.195.176 - - [15/Dec/2025:02:25:14 -0800] "GET /author/manpreet/feed/?fileloc=//lib/firmware/netronome/nic-sriov/nic_AMDA0078-0011_1x100.nffw&path=//lib/firmware/netronome/nic-sriov HTTP/1.1" 200 280190 "-" "Mozilla/5.0 (compatible; MJ12bot/v1.4.8; http://mj12bot.com/)"
216.73.216.158 - - [15/Dec/2025:02:25:18 -0800] "GET /xmlrpc.php?fileloc=%2F%2Fsys%2Fblock%2Fnbd6%2Fsubsystem%2Fnbd5%2Fsubsystem%2Fnvme5n1%2Fqueue%2Fio_poll&path=%2F%2Fsys%2Fblock%2Fnbd6%2Fsubsystem%2Fnbd5%2Fsubsystem%2Fnvme5n1%2Fqueue HTTP/2.0" 200 2628 "-" "Mozilla/5.0 AppleWebKit/537.36 (KHTML, like Gecko; compatible; ClaudeBot/1.0; +claudebot@anthropic.com)"
69.30.196.218 - - [15/Dec/2025:02:25:19 -0800] "GET /R-487ae47ad790ec1172024975e7df50c8 HTTP/1.1" 200 3502 "-" "-"
217.182.195.176 - - [15/Dec/2025:02:25:18 -0800] "GET /author/manpreet/feed/?fileloc=//lib/firmware/netronome/nic-sriov/nic_AMDA0081-0001_1x40.nffw&path=//lib/firmware/netronome/nic-sriov HTTP/1.1" 200 280024 "-" "Mozilla/5.0 (compatible; MJ12bot/v1.4.8; http://mj12bot.com/)"
216.73.216.158 - - [15/Dec/2025:02:25:22 -0800] "GET /xmlrpc.php?fileloc=%2F%2Fsys%2Fblock%2Fnbd6%2Fsubsystem%2Fnbd6%2Fsubsystem%2Fnbd7%2Fqueue%2Fmax_discard_segments&path=%2F%2Fsys%2Fblock%2Fnbd6%2Fsubsystem%2Fnbd6%2Fsubsystem%2Fnbd7%2Fqueue HTTP/2.0" 200 2627 "-" "Mozilla/5.0 AppleWebKit/537.36 (KHTML, like Gecko; compatible; ClaudeBot/1.0; +claudebot@anthropic.com)"
69.30.196.218 - - [15/Dec/2025:02:25:23 -0800] "GET /R-487ae47ad790ec1172024975e7df50c8 HTTP/1.1" 200 3502 "-" "-"
217.182.195.176 - - [15/Dec/2025:02:25:22 -0800] "GET /author/manpreet/feed/?fileloc=//lib/firmware/netronome/nic-sriov/nic_AMDA0097-0001_4x10_1x40.nffw&path=//lib/firmware/netronome/nic-sriov HTTP/1.1" 200 282770 "-" "Mozilla/5.0 (compatible; MJ12bot/v1.4.8; http://mj12bot.com/)"
216.73.216.158 - - [15/Dec/2025:02:25:25 -0800] "GET /xmlrpc.php?path=%2F%2Fsys%2Fblock%2Fnbd6%2Fsubsystem%2Fnvme6n1%2Fdevice%2Fnvme6n1%2Fmq%2F85%2Fcpu85 HTTP/2.0" 200 2701 "-" "Mozilla/5.0 AppleWebKit/537.36 (KHTML, like Gecko; compatible; ClaudeBot/1.0; +claudebot@anthropic.com)"
69.30.196.218 - - [15/Dec/2025:02:25:25 -0800] "GET /R-487ae47ad790ec1172024975e7df50c8 HTTP/1.1" 200 3502 "-" "-"
217.182.195.176 - - [15/Dec/2025:02:25:25 -0800] "GET /author/manpreet/feed/?fileloc=//lib/firmware/netronome/nic-sriov/nic_AMDA0097-0001_8x10.nffw&path=//lib/firmware/netronome/nic-sriov HTTP/1.1" 200 283694 "-" "Mozilla/5.0 (compatible; MJ12bot/v1.4.8; http://mj12bot.com/)"
69.30.196.218 - - [15/Dec/2025:02:25:28 -0800] "GET /R-487ae47ad790ec1172024975e7df50c8 HTTP/1.1" 200 3502 "-" "-"
217.182.195.176 - - [15/Dec/2025:02:25:28 -0800] "GET /author/manpreet/feed/?fileloc=//lib/firmware/netronome/nic-sriov/nic_AMDA0099-0001_1x10_1x25.nffw&path=//lib/firmware/netronome/nic-sriov HTTP/1.1" 200 282769 "-" "Mozilla/5.0 (compatible; MJ12bot/v1.4.8; http://mj12bot.com/)"
216.73.216.158 - - [15/Dec/2025:02:25:29 -0800] "GET /xmlrpc.php?fileloc=%2F%2Fsys%2Fblock%2Fnbd6%2Fsubsystem%2Fnvme7n1p1%2Fsubsystem%2Fnbd3%2Fqueue%2Fphysical_block_size&path=%2F%2Fsys%2Fblock%2Fnbd6%2Fsubsystem%2Fnvme7n1p1%2Fsubsystem%2Fnbd3%2Fqueue HTTP/2.0" 200 2641 "-" "Mozilla/5.0 AppleWebKit/537.36 (KHTML, like Gecko; compatible; ClaudeBot/1.0; +claudebot@anthropic.com)"
69.30.196.218 - - [15/Dec/2025:02:25:31 -0800] "GET /R-487ae47ad790ec1172024975e7df50c8 HTTP/1.1" 200 3502 "-" "-"
217.182.195.176 - - [15/Dec/2025:02:25:30 -0800] "GET /author/manpreet/feed/?fileloc=//lib/firmware/netronome/nic-sriov/nic_AMDA0099-0001_2x10.nffw&path=//lib/firmware/netronome/nic-sriov HTTP/1.1" 200 282485 "-" "Mozilla/5.0 (compatible; MJ12bot/v1.4.8; http://mj12bot.com/)"
216.73.216.158 - - [15/Dec/2025:02:25:32 -0800] "GET /xmlrpc.php?fileloc=%2F%2Fsys%2Fclass%2Fiommu%2Fivhd2%2Fdevices%2F0000%3A40%3A08.1%2Fdriver%2F0000%3A40%3A08.1%2Freset&path=%2F%2Fsys%2Fclass%2Fiommu%2Fivhd2%2Fdevices%2F0000%3A40%3A08.1%2Fdriver%2F0000%3A40%3A08.1 HTTP/2.0" 200 2687 "-" "Mozilla/5.0 AppleWebKit/537.36 (KHTML, like Gecko; compatible; ClaudeBot/1.0; +claudebot@anthropic.com)"
69.30.196.218 - - [15/Dec/2025:02:25:33 -0800] "GET /R-487ae47ad790ec1172024975e7df50c8 HTTP/1.1" 200 3502 "-" "-"
217.182.195.176 - - [15/Dec/2025:02:25:33 -0800] "GET /author/manpreet/feed/?fileloc=//lib/firmware/netronome/nic-sriov/nic_AMDA0099-0001_2x25.nffw&path=//lib/firmware/netronome/nic-sriov HTTP/1.1" 200 282467 "-" "Mozilla/5.0 (compatible; MJ12bot/v1.4.8; http://mj12bot.com/)"
69.30.196.218 - - [15/Dec/2025:02:25:36 -0800] "GET /R-487ae47ad790ec1172024975e7df50c8 HTTP/1.1" 200 3502 "-" "-"
217.182.195.176 - - [15/Dec/2025:02:25:35 -0800] "GET /author/manpreet/feed/?fileloc=//lib/firmware/netronome/nic/nic_AMDA0058-0011_2x40.nffw&path=//lib/firmware/netronome/nic HTTP/1.1" 200 272487 "-" "Mozilla/5.0 (compatible; MJ12bot/v1.4.8; http://mj12bot.com/)"
69.30.196.218 - - [15/Dec/2025:02:25:38 -0800] "GET /R-487ae47ad790ec1172024975e7df50c8 HTTP/1.1" 200 3502 "-" "-"
217.182.195.176 - - [15/Dec/2025:02:25:38 -0800] "GET /author/manpreet/feed/?fileloc=//lib/firmware/netronome/nic/nic_AMDA0058-0012_2x40.nffw&path=//lib/firmware/netronome/nic HTTP/1.1" 200 272459 "-" "Mozilla/5.0 (compatible; MJ12bot/v1.4.8; http://mj12bot.com/)"
89.36.176.54 - - [15/Dec/2025:02:25:39 -0800] "GET /flexibility62?kg=618 HTTP/1.1" 302 3670 "-" "Mozilla/5.0 (Macintosh; Intel Mac OS X 10_15_6) AppleWebKit/537.36 (KHTML, like Gecko) Brave Chrome/83.0.4103.106 Safari/537.36"
216.73.216.158 - - [15/Dec/2025:02:25:39 -0800] "GET /xmlrpc.php?fileloc=%2F%2Fsys%2Fblock%2Fnbd6%2Fsubsystem%2Fnbd1%2Fsubsystem%2Fnbd0%2Fqueue%2Ffua&path=%2F%2Fsys%2Fblock%2Fnbd6%2Fsubsystem%2Fnbd1%2Fsubsystem%2Fnbd0%2Fqueue HTTP/2.0" 200 2678 "-" "Mozilla/5.0 AppleWebKit/537.36 (KHTML, like Gecko; compatible; ClaudeBot/1.0; +claudebot@anthropic.com)"
180.244.161.48 - - [15/Dec/2025:02:25:40 -0800] "GET /?_bd_prev_page=https%3A%2F%2Flifeofcanada.com%2Fselect.asp%3Fnonetheless82%3Fkg%3D49466&_bdsid=4swpu4.n~YQRSB.177380712.177776564&_gl=1%2Ahynaj70%2A_ga%2ATMSKVZrXzUDBOnTeLtoUgmdrCySt%2A_ga_BNBERAPTA%2A9NDmdbpWZ1Un1ieFsTRzl8Ggg34STQ7WB4bGLT5voFIPJky6fy6Kee6.%2A_gcl_au%3D1.1.199618210.179806620%2A_gcl_aw%3DAPA.179209415.kcsl5JGZeT5iMdSC7VutGzIA4Ouwt2WAYapINN4AnWwO3aZerjUYLC1Y94SpANbRUCqwaf5zUWnIY3bxgND9at6oMm..&_gz=2.192871248.190793713.172170209-866116545.167451343 HTTP/1.1" 302 3670 "-" "Mozilla/5.0 (Windows NT 10.0; Win64; x64) AppleWebKit/537.36 (KHTML, like Gecko) Chrome/106.0.0.0 Safari/537.36 Agency/97.8.8247.48"
69.30.196.218 - - [15/Dec/2025:02:25:41 -0800] "GET /R-487ae47ad790ec1172024975e7df50c8 HTTP/1.1" 200 3502 "-" "-"
217.182.195.176 - - [15/Dec/2025:02:25:40 -0800] "GET /author/manpreet/feed/?fileloc=//lib/firmware/netronome/nic/nic_AMDA0097-0001_4x10_1x40.nffw&path=//lib/firmware/netronome/nic HTTP/1.1" 200 271859 "-" "Mozilla/5.0 (compatible; MJ12bot/v1.4.8; http://mj12bot.com/)"
69.30.196.218 - - [15/Dec/2025:02:25:43 -0800] "GET /R-487ae47ad790ec1172024975e7df50c8 HTTP/1.1" 200 3502 "-" "-"
217.182.195.176 - - [15/Dec/2025:02:25:43 -0800] "GET /author/manpreet/feed/?fileloc=//lib/firmware/netronome/nic/nic_AMDA0097-0001_8x10.nffw&path=//lib/firmware/netronome/nic HTTP/1.1" 200 273623 "-" "Mozilla/5.0 (compatible; MJ12bot/v1.4.8; http://mj12bot.com/)"
69.30.196.218 - - [15/Dec/2025:02:25:46 -0800] "GET /R-487ae47ad790ec1172024975e7df50c8 HTTP/1.1" 200 3502 "-" "-"
217.182.195.176 - - [15/Dec/2025:02:25:45 -0800] "GET /author/manpreet/feed/?fileloc=//lib/firmware/netronome/nic/nic_AMDA0099-0001_1x10_1x25.nffw&path=//lib/firmware/netronome/nic HTTP/1.1" 200 272077 "-" "Mozilla/5.0 (compatible; MJ12bot/v1.4.8; http://mj12bot.com/)"
69.30.196.218 - - [15/Dec/2025:02:25:48 -0800] "GET /R-487ae47ad790ec1172024975e7df50c8 HTTP/1.1" 200 3502 "-" "-"
217.182.195.176 - - [15/Dec/2025:02:25:48 -0800] "GET /author/manpreet/feed/?fileloc=//lib/firmware/netronome/nic/nic_AMDA0099-0001_2x10.nffw&path=//lib/firmware/netronome/nic HTTP/1.1" 200 271729 "-" "Mozilla/5.0 (compatible; MJ12bot/v1.4.8; http://mj12bot.com/)"
69.30.196.218 - - [15/Dec/2025:02:25:51 -0800] "GET /R-487ae47ad790ec1172024975e7df50c8 HTTP/1.1" 200 3502 "-" "-"
217.182.195.176 - - [15/Dec/2025:02:25:50 -0800] "GET /author/manpreet/feed/?fileloc=//lib/firmware/netronome/nic/nic_AMDA0099-0001_2x25.nffw&path=//lib/firmware/netronome/nic HTTP/1.1" 200 271942 "-" "Mozilla/5.0 (compatible; MJ12bot/v1.4.8; http://mj12bot.com/)"
69.30.196.218 - - [15/Dec/2025:02:25:53 -0800] "GET /R-487ae47ad790ec1172024975e7df50c8 HTTP/1.1" 200 3502 "-" "-"
69.30.196.218 - - [15/Dec/2025:02:25:53 -0800] "GET /R-487ae47ad790ec1172024975e7df50c8 HTTP/1.1" 200 3502 "-" "-"
149.232.138.188 - - [15/Dec/2025:02:25:53 -0800] "GET /5-new-sushi-restaurants-in-toronto/?fileloc=/home/dh_7uh9vd/.alias&path=/home/dh_7uh9vd HTTP/2.0" 200 2824 "https://lifeofcanada.com/5-new-sushi-restaurants-in-toronto/?fileloc=/home/dh_7uh9vd/.alias&path=/home/dh_7uh9vd" "Mozilla/5.0 (Windows NT 10.0; Win64; x64) AppleWebKit/537.36 (KHTML, like Gecko) Chrome/116.0.0.0 Safari/537.36"
217.182.195.176 - - [15/Dec/2025:02:25:53 -0800] "GET /author/manpreet/feed/?fileloc=//lib/firmware/netronome/nic_AMDA0058-0011_2x40.nffw&path=//lib/firmware/netronome HTTP/1.1" 200 272391 "-" "Mozilla/5.0 (compatible; MJ12bot/v1.4.8; http://mj12bot.com/)"
216.73.216.158 - - [15/Dec/2025:02:25:54 -0800] "GET /xmlrpc.php?fileloc=%2F%2Fsys%2Fblock%2Fnbd6%2Fsubsystem%2Fnbd1%2Fsubsystem%2Fnvme5n1%2Fdevice%2Frescan_controller&path=%2F%2Fsys%2Fblock%2Fnbd6%2Fsubsystem%2Fnbd1%2Fsubsystem%2Fnvme5n1%2Fdevice HTTP/2.0" 200 2690 "-" "Mozilla/5.0 AppleWebKit/537.36 (KHTML, like Gecko; compatible; ClaudeBot/1.0; +claudebot@anthropic.com)"
69.30.196.218 - - [15/Dec/2025:02:25:56 -0800] "GET /R-487ae47ad790ec1172024975e7df50c8 HTTP/1.1" 200 3502 "-" "-"
217.182.195.176 - - [15/Dec/2025:02:25:55 -0800] "GET /author/manpreet/feed/?fileloc=//lib/firmware/netronome/nic_AMDA0058-0012_2x40.nffw&path=//lib/firmware/netronome HTTP/1.1" 200 272367 "-" "Mozilla/5.0 (compatible; MJ12bot/v1.4.8; http://mj12bot.com/)"
69.30.196.218 - - [15/Dec/2025:02:25:58 -0800] "GET /R-487ae47ad790ec1172024975e7df50c8 HTTP/1.1" 200 3502 "-" "-"
217.182.195.176 - - [15/Dec/2025:02:25:58 -0800] "GET /author/manpreet/feed/?fileloc=//lib/firmware/netronome/nic_AMDA0078-0011_1x100.nffw&path=//lib/firmware/netronome HTTP/1.1" 200 270444 "-" "Mozilla/5.0 (compatible; MJ12bot/v1.4.8; http://mj12bot.com/)"
69.30.196.218 - - [15/Dec/2025:02:26:00 -0800] "GET /R-487ae47ad790ec1172024975e7df50c8 HTTP/1.1" 200 3502 "-" "-"
217.182.195.176 - - [15/Dec/2025:02:26:00 -0800] "GET /author/manpreet/feed/?fileloc=//lib/firmware/netronome/nic_AMDA0081-0001_1x40.nffw&path=//lib/firmware/netronome HTTP/1.1" 200 270103 "-" "Mozilla/5.0 (compatible; MJ12bot/v1.4.8; http://mj12bot.com/)"
69.30.196.218 - - [15/Dec/2025:02:26:03 -0800] "GET /R-487ae47ad790ec1172024975e7df50c8 HTTP/1.1" 200 3502 "-" "-"
217.182.195.176 - - [15/Dec/2025:02:26:03 -0800] "GET /author/manpreet/feed/?fileloc=//lib/firmware/netronome/nic_AMDA0081-0001_4x10.nffw&path=//lib/firmware/netronome HTTP/1.1" 200 272844 "-" "Mozilla/5.0 (compatible; MJ12bot/v1.4.8; http://mj12bot.com/)"
216.73.216.158 - - [15/Dec/2025:02:26:05 -0800] "GET /xmlrpc.php?fileloc=%2F%2Fsys%2Fblock%2Fnbd6%2Fsubsystem%2Fnvme0n1%2Fdevice%2Fnvme0n1%2Frange&path=%2F%2Fsys%2Fblock%2Fnbd6%2Fsubsystem%2Fnvme0n1%2Fdevice%2Fnvme0n1 HTTP/2.0" 200 2673 "-" "Mozilla/5.0 AppleWebKit/537.36 (KHTML, like Gecko; compatible; ClaudeBot/1.0; +claudebot@anthropic.com)"
69.30.196.218 - - [15/Dec/2025:02:26:06 -0800] "GET /R-487ae47ad790ec1172024975e7df50c8 HTTP/1.1" 200 3502 "-" "-"
217.182.195.176 - - [15/Dec/2025:02:26:05 -0800] "GET /author/manpreet/feed/?fileloc=//lib/firmware/qcom/sdm845/adsp.mbn&path=//lib/firmware/qcom/sdm845 HTTP/1.1" 500 1723192 "-" "Mozilla/5.0 (compatible; MJ12bot/v1.4.8; http://mj12bot.com/)"
69.30.196.218 - - [15/Dec/2025:02:26:08 -0800] "GET /R-487ae47ad790ec1172024975e7df50c8 HTTP/1.1" 200 3502 "-" "-"
217.182.195.176 - - [15/Dec/2025:02:26:08 -0800] "GET /author/manpreet/feed/?fileloc=//lib/locale/is_IS.utf8/LC_COLLATE&path=//lib/locale/is_IS.utf8 HTTP/1.1" 200 407556 "-" "Mozilla/5.0 (compatible; MJ12bot/v1.4.8; http://mj12bot.com/)"
69.30.196.218 - - [15/Dec/2025:02:26:11 -0800] "GET /R-487ae47ad790ec1172024975e7df50c8 HTTP/1.1" 200 3502 "-" "-"
217.182.195.176 - - [15/Dec/2025:02:26:10 -0800] "GET /author/manpreet/feed/?fileloc=//lib/locale/lv_LV.utf8/LC_COLLATE&path=//lib/locale/lv_LV.utf8 HTTP/1.1" 200 408046 "-" "Mozilla/5.0 (compatible; MJ12bot/v1.4.8; http://mj12bot.com/)"
