69.30.196.218 - - [15/Dec/2025:03:14:33 -0800] "GET /R-487ae47ad790ec1172024975e7df50c8 HTTP/1.1" 200 3502 "-" "-"
43.173.169.138 - - [15/Dec/2025:03:14:32 -0800] "GET /should-you-be-moving-to-canada-for-studies-during-this-covid-pandemic/?fileloc=/home/dh_7uh9vd/lifeofcanada.com/wp-content/plugins/wp-file-manager/lib/index.php&path=/home/dh_7uh9vd/lifeofcanada.com/wp-content/plugins/wp-file-manager/lib HTTP/1.1" 200 6203 "-" "Mozilla/5.0 (Windows NT 6.1; Win64; x64) AppleWebKit/537.36 (KHTML, like Gecko) Chrome/126.0.6478.114 Safari/537.36"
216.73.216.158 - - [15/Dec/2025:03:14:33 -0800] "GET /xmlrpc.php?path=%2F%2Fsys%2Fclass%2Fnet%2Fphy0%2Fupper_bond0%2Fsubsystem%2Feth1%2Fqueues HTTP/2.0" 429 278 "-" "Mozilla/5.0 AppleWebKit/537.36 (KHTML, like Gecko; compatible; ClaudeBot/1.0; +claudebot@anthropic.com)"
43.173.174.32 - - [15/Dec/2025:03:14:32 -0800] "GET /canadas-new-food-guides-recommendations-on-healthy-eating/?fileloc=//var/backups/dpkg.status.4.gz&path=//var/backups HTTP/1.1" 200 477675 "-" "Mozilla/5.0 (Windows NT 6.1; Win64; x64) AppleWebKit/537.36 (KHTML, like Gecko) Chrome/126.0.6478.114 Safari/537.36"
216.73.216.158 - - [15/Dec/2025:03:14:38 -0800] "GET /xmlrpc.php?fileloc=%2F%2Fsys%2Fdev%2Fblock%2F43%3A384%2Fqueue%2Fadd_random&path=%2F%2Fsys%2Fdev%2Fblock%2F43%3A384%2Fqueue HTTP/2.0" 429 278 "-" "Mozilla/5.0 AppleWebKit/537.36 (KHTML, like Gecko; compatible; ClaudeBot/1.0; +claudebot@anthropic.com)"
69.30.196.218 - - [15/Dec/2025:03:14:39 -0800] "GET /R-487ae47ad790ec1172024975e7df50c8 HTTP/1.1" 200 3502 "-" "-"
43.173.173.250 - - [15/Dec/2025:03:14:39 -0800] "GET /page/4/?fileloc=//sys/bus/hid/drivers/hid-generic/new_id&path=//sys/bus/hid/drivers/hid-generic HTTP/1.1" 200 6169 "-" "Mozilla/5.0 (Windows NT 10.0; Win64; x64) AppleWebKit/537.36 (KHTML, like Gecko) Chrome/131.0.0.0 Safari/537.36"
216.73.216.158 - - [15/Dec/2025:03:14:43 -0800] "GET /xmlrpc.php?fileloc=%2F%2Fsys%2Fdev%2Fblock%2F43%3A384%2Fqueue%2Fmax_segments&path=%2F%2Fsys%2Fdev%2Fblock%2F43%3A384%2Fqueue HTTP/2.0" 429 278 "-" "Mozilla/5.0 AppleWebKit/537.36 (KHTML, like Gecko; compatible; ClaudeBot/1.0; +claudebot@anthropic.com)"
69.30.196.218 - - [15/Dec/2025:03:14:47 -0800] "GET /R-487ae47ad790ec1172024975e7df50c8 HTTP/1.1" 200 3502 "-" "-"
216.73.216.158 - - [15/Dec/2025:03:14:48 -0800] "GET /xmlrpc.php?fileloc=%2F%2Fsys%2Fkernel%2Fsoftware_nodes%2Fnode0%2Fdmi-ipmi-si.0%2Fdriver%2Fuevent&path=%2F%2Fsys%2Fkernel%2Fsoftware_nodes%2Fnode0%2Fdmi-ipmi-si.0%2Fdriver HTTP/2.0" 429 278 "-" "Mozilla/5.0 AppleWebKit/537.36 (KHTML, like Gecko; compatible; ClaudeBot/1.0; +claudebot@anthropic.com)"
43.173.175.172 - - [15/Dec/2025:03:14:47 -0800] "GET /canadas-new-food-guides-recommendations-on-healthy-eating/?fileloc=//var/backups/dpkg.status.4.gz&path=//var/backups HTTP/1.1" 200 477857 "-" "Mozilla/5.0 (Windows NT 10.0; Win64; x64) AppleWebKit/537.36 (KHTML, like Gecko) Chrome/133.0.0.0 Safari/537.36"
216.73.216.158 - - [15/Dec/2025:03:14:53 -0800] "GET /xmlrpc.php?fileloc=%2F%2Fsys%2Fdev%2Fblock%2F43%3A384%2Fqueue%2Fwbt_lat_usec&path=%2F%2Fsys%2Fdev%2Fblock%2F43%3A384%2Fqueue HTTP/2.0" 429 278 "-" "Mozilla/5.0 AppleWebKit/537.36 (KHTML, like Gecko; compatible; ClaudeBot/1.0; +claudebot@anthropic.com)"
216.73.216.158 - - [15/Dec/2025:03:14:58 -0800] "GET /xmlrpc.php?fileloc=%2F%2Fsys%2Fdev%2Fblock%2F43%3A384%2Fqueue%2Fio_poll_delay&path=%2F%2Fsys%2Fdev%2Fblock%2F43%3A384%2Fqueue HTTP/2.0" 429 278 "-" "Mozilla/5.0 AppleWebKit/537.36 (KHTML, like Gecko; compatible; ClaudeBot/1.0; +claudebot@anthropic.com)"
216.73.216.158 - - [15/Dec/2025:03:15:03 -0800] "GET /xmlrpc.php?fileloc=%2F%2Fsys%2Fdev%2Fblock%2F43%3A384%2Fqueue%2Fio_timeout&path=%2F%2Fsys%2Fdev%2Fblock%2F43%3A384%2Fqueue HTTP/2.0" 429 278 "-" "Mozilla/5.0 AppleWebKit/537.36 (KHTML, like Gecko; compatible; ClaudeBot/1.0; +claudebot@anthropic.com)"
69.30.196.218 - - [15/Dec/2025:03:15:08 -0800] "GET /R-487ae47ad790ec1172024975e7df50c8 HTTP/1.1" 200 3502 "-" "-"
43.163.23.202 - - [15/Dec/2025:03:15:07 -0800] "GET /best-immigration-lawyers-in-surrey-british-columbia/?path=//dh/apache2/logs/parking HTTP/1.1" 200 6203 "-" "Mozilla/5.0 (Windows NT 6.1; Win64; x64) AppleWebKit/537.36 (KHTML, like Gecko) Chrome/126.0.6478.114 Safari/537.36"
216.73.216.158 - - [15/Dec/2025:03:15:09 -0800] "GET /xmlrpc.php?path=%2F%2Fsys%2Fclass%2Fiommu%2Fivhd2%2Fdevices%2F0000%3A40%3A08.1%2Ffirmware_node%2Fsubsystem%2Fdevices%2FPNP0A08%3A07 HTTP/2.0" 429 358 "-" "Mozilla/5.0 AppleWebKit/537.36 (KHTML, like Gecko; compatible; ClaudeBot/1.0; +claudebot@anthropic.com)"
216.73.216.158 - - [15/Dec/2025:03:15:14 -0800] "GET /xmlrpc.php?path=%2F%2Fsys%2Fclass%2Fiommu%2Fivhd2%2Fdevices%2F0000%3A40%3A08.1%2Ffirmware_node%2Fsubsystem%2Fdevices%2FACPI0007%3A32 HTTP/2.0" 429 278 "-" "Mozilla/5.0 AppleWebKit/537.36 (KHTML, like Gecko; compatible; ClaudeBot/1.0; +claudebot@anthropic.com)"
69.30.196.218 - - [15/Dec/2025:03:15:14 -0800] "GET /R-487ae47ad790ec1172024975e7df50c8 HTTP/1.1" 200 3502 "-" "-"
114.119.128.127 - - [15/Dec/2025:03:15:14 -0800] "GET /research/2widj.html HTTP/1.1" 200 8604 "https://lifeofcanada.com/sitemap269.xml" "Mozilla/5.0 (Linux; Android 7.0;) AppleWebKit/537.36 (KHTML, like Gecko) Mobile Safari/537.36 (compatible; PetalBot;+https://webmaster.petalsearch.com/site/petalbot)"
216.73.216.158 - - [15/Dec/2025:03:15:19 -0800] "GET /xmlrpc.php?fileloc=%2F%2Fsys%2Fblock%2Fnbd6%2Fsubsystem%2Fmd127%2Fmd%2Frd0%2Fblock%2Fsubsystem%2Fnvme2n1%2Fqueue%2Fzone_append_max_bytes&path=%2F%2Fsys%2Fblock%2Fnbd6%2Fsubsystem%2Fmd127%2Fmd%2Frd0%2Fblock%2Fsubsystem%2Fnvme2n1%2Fqueue HTTP/2.0" 429 278 "-" "Mozilla/5.0 AppleWebKit/537.36 (KHTML, like Gecko; compatible; ClaudeBot/1.0; +claudebot@anthropic.com)"
216.73.216.158 - - [15/Dec/2025:03:15:24 -0800] "GET /xmlrpc.php?path=%2F%2Fsys%2Fclass%2Fiommu%2Fivhd2%2Fdevices%2F0000%3A40%3A08.1%2Ffirmware_node%2Fsubsystem%2Fdevices%2Fdevice%3A31 HTTP/2.0" 429 358 "-" "Mozilla/5.0 AppleWebKit/537.36 (KHTML, like Gecko; compatible; ClaudeBot/1.0; +claudebot@anthropic.com)"
216.73.216.158 - - [15/Dec/2025:03:15:29 -0800] "GET /xmlrpc.php?path=%2F%2Fsys%2Fclass%2Fiommu%2Fivhd2%2Fdevices%2F0000%3A40%3A08.1%2Ffirmware_node%2Fsubsystem%2Fdevices%2Fdevice%3A7e HTTP/2.0" 429 278 "-" "Mozilla/5.0 AppleWebKit/537.36 (KHTML, like Gecko; compatible; ClaudeBot/1.0; +claudebot@anthropic.com)"
216.73.216.158 - - [15/Dec/2025:03:15:35 -0800] "GET /xmlrpc.php?path=%2F%2Fsys%2Fclass%2Fiommu%2Fivhd2%2Fdevices%2F0000%3A40%3A08.1%2Ffirmware_node%2Fsubsystem%2Fdevices%2FLNXPOWER%3A01 HTTP/2.0" 429 358 "-" "Mozilla/5.0 AppleWebKit/537.36 (KHTML, like Gecko; compatible; ClaudeBot/1.0; +claudebot@anthropic.com)"
66.249.69.224 - - [15/Dec/2025:03:15:35 -0800] "GET /products/68ss38859 HTTP/1.1" 302 3655 "-" "Mozilla/5.0 (Linux; Android 6.0.1; Nexus 5X Build/MMB29P) AppleWebKit/537.36 (KHTML, like Gecko) Chrome/141.0.7390.122 Mobile Safari/537.36 (compatible; Googlebot/2.1; +http://www.google.com/bot.html)"
216.73.216.158 - - [15/Dec/2025:03:15:39 -0800] "GET /xmlrpc.php?path=%2F%2Fsys%2Fclass%2Fiommu%2Fivhd2%2Fdevices%2F0000%3A40%3A08.1%2Ffirmware_node%2Fsubsystem%2Fdevices%2Fdevice%3A71 HTTP/2.0" 429 278 "-" "Mozilla/5.0 AppleWebKit/537.36 (KHTML, like Gecko; compatible; ClaudeBot/1.0; +claudebot@anthropic.com)"
216.73.216.158 - - [15/Dec/2025:03:15:44 -0800] "GET /xmlrpc.php?path=%2F%2Fsys%2Fdevices%2FLNXSYSTM%3A00%2Fsubsystem%2Fdevices%2FACPI0007%3A1e%2Fthermal_cooling HTTP/2.0" 429 278 "-" "Mozilla/5.0 AppleWebKit/537.36 (KHTML, like Gecko; compatible; ClaudeBot/1.0; +claudebot@anthropic.com)"
66.249.69.224 - - [15/Dec/2025:03:15:48 -0800] "GET /products/231ey1198 HTTP/1.1" 302 3655 "-" "Mozilla/5.0 (Linux; Android 6.0.1; Nexus 5X Build/MMB29P) AppleWebKit/537.36 (KHTML, like Gecko) Chrome/141.0.7390.122 Mobile Safari/537.36 (compatible; Googlebot/2.1; +http://www.google.com/bot.html)"
216.73.216.158 - - [15/Dec/2025:03:15:49 -0800] "GET /xmlrpc.php?path=%2F%2Fsys%2Fclass%2Fiommu%2Fivhd2%2Fdevices%2F0000%3A40%3A08.1%2Ffirmware_node%2Fsubsystem%2Fdevices%2Fdevice%3A92 HTTP/2.0" 429 278 "-" "Mozilla/5.0 AppleWebKit/537.36 (KHTML, like Gecko; compatible; ClaudeBot/1.0; +claudebot@anthropic.com)"
216.73.216.158 - - [15/Dec/2025:03:15:54 -0800] "GET /xmlrpc.php?fileloc=%2F%2Fsys%2Fblock%2Fnbd6%2Fsubsystem%2Fmd10%2Fmd%2Fdev-nvme2n1p1%2Fblock%2Falignment_offset&path=%2F%2Fsys%2Fblock%2Fnbd6%2Fsubsystem%2Fmd10%2Fmd%2Fdev-nvme2n1p1%2Fblock HTTP/2.0" 429 278 "-" "Mozilla/5.0 AppleWebKit/537.36 (KHTML, like Gecko; compatible; ClaudeBot/1.0; +claudebot@anthropic.com)"
216.73.216.158 - - [15/Dec/2025:03:15:59 -0800] "GET /xmlrpc.php?path=%2F%2Fsys%2Fclass%2Fiommu%2Fivhd2%2Fdevices%2F0000%3A40%3A08.1%2Ffirmware_node%2Fsubsystem%2Fdevices%2Fdevice%3A191 HTTP/2.0" 429 278 "-" "Mozilla/5.0 AppleWebKit/537.36 (KHTML, like Gecko; compatible; ClaudeBot/1.0; +claudebot@anthropic.com)"
216.73.216.158 - - [15/Dec/2025:03:16:04 -0800] "GET /xmlrpc.php?path=%2F%2Fsys%2Fclass%2Fnet%2Fteql0%2Fsubsystem%2Fbond0%2Flower_phy1%2Fstatistics HTTP/2.0" 429 278 "-" "Mozilla/5.0 AppleWebKit/537.36 (KHTML, like Gecko; compatible; ClaudeBot/1.0; +claudebot@anthropic.com)"
69.30.196.218 - - [15/Dec/2025:03:16:07 -0800] "GET /R-487ae47ad790ec1172024975e7df50c8 HTTP/1.1" 200 3502 "-" "-"
189.1.244.127 - - [15/Dec/2025:03:16:06 -0800] "GET /best-architecture-colleges-in-canada/?path=/home/dh_7uh9vd/lifeofcanada.com/wp-content HTTP/2.0" 200 3693 "https://lifeofcanada.com/best-architecture-colleges-in-canada/?path=/home/dh_7uh9vd/lifeofcanada.com/wp-content" "Mozilla/5.0 (Macintosh; Intel Mac OS X 10_15_7) AppleWebKit/537.36 (KHTML, like Gecko) Chrome/120.0.0.0 Safari/537.36"
216.73.216.158 - - [15/Dec/2025:03:16:09 -0800] "GET /xmlrpc.php?path=%2F%2Fsys%2Fclass%2Fiommu%2Fivhd2%2Fdevices%2F0000%3A40%3A08.1%2Ffirmware_node%2Fsubsystem%2Fdevices%2FPNP0C0F%3A00 HTTP/2.0" 429 278 "-" "Mozilla/5.0 AppleWebKit/537.36 (KHTML, like Gecko; compatible; ClaudeBot/1.0; +claudebot@anthropic.com)"
216.73.216.158 - - [15/Dec/2025:03:16:14 -0800] "GET /xmlrpc.php?path=%2F%2Fsys%2Fdev%2Fblock%2F259%3A0%2Fsubsystem%2Fnvme4n1%2Fintegrity HTTP/2.0" 429 278 "-" "Mozilla/5.0 AppleWebKit/537.36 (KHTML, like Gecko; compatible; ClaudeBot/1.0; +claudebot@anthropic.com)"
216.73.216.158 - - [15/Dec/2025:03:16:19 -0800] "GET /xmlrpc.php?path=%2F%2Fsys%2Fclass%2Fiommu%2Fivhd2%2Fdevices%2F0000%3A40%3A08.1%2Ffirmware_node%2Fsubsystem%2Fdevices%2Fdevice%3A40 HTTP/2.0" 429 278 "-" "Mozilla/5.0 AppleWebKit/537.36 (KHTML, like Gecko; compatible; ClaudeBot/1.0; +claudebot@anthropic.com)"
216.73.216.158 - - [15/Dec/2025:03:16:24 -0800] "GET /xmlrpc.php?fileloc=%2F%2Fsys%2Fblock%2Fnbd6%2Fsubsystem%2Fnvme3n1%2Fsubsystem%2Fnbd1%2Fqueue%2Fwrite_same_max_bytes&path=%2F%2Fsys%2Fblock%2Fnbd6%2Fsubsystem%2Fnvme3n1%2Fsubsystem%2Fnbd1%2Fqueue HTTP/2.0" 429 358 "-" "Mozilla/5.0 AppleWebKit/537.36 (KHTML, like Gecko; compatible; ClaudeBot/1.0; +claudebot@anthropic.com)"
216.73.216.158 - - [15/Dec/2025:03:16:29 -0800] "GET /xmlrpc.php?fileloc=%2F%2Fsys%2Fblock%2Fnbd6%2Fsubsystem%2Fnbd1%2Fsubsystem%2Fnvme3n1%2Fqueue%2Fwrite_same_max_bytes&path=%2F%2Fsys%2Fblock%2Fnbd6%2Fsubsystem%2Fnbd1%2Fsubsystem%2Fnvme3n1%2Fqueue HTTP/2.0" 429 278 "-" "Mozilla/5.0 AppleWebKit/537.36 (KHTML, like Gecko; compatible; ClaudeBot/1.0; +claudebot@anthropic.com)"
216.73.216.158 - - [15/Dec/2025:03:16:34 -0800] "GET /xmlrpc.php?path=%2F%2Fsys%2Fclass%2Fiommu%2Fivhd2%2Fdevices%2F0000%3A40%3A08.1%2Fdriver%2F0000%3A80%3A08.3%2F0000%3A89%3A00.0 HTTP/2.0" 429 278 "-" "Mozilla/5.0 AppleWebKit/537.36 (KHTML, like Gecko; compatible; ClaudeBot/1.0; +claudebot@anthropic.com)"
69.30.196.218 - - [15/Dec/2025:03:16:38 -0800] "GET /R-487ae47ad790ec1172024975e7df50c8 HTTP/1.1" 200 3502 "-" "-"
114.119.156.165 - - [15/Dec/2025:03:16:38 -0800] "GET /research/2widd.html HTTP/1.1" 200 8604 "https://lifeofcanada.com/sitemap324.xml" "Mozilla/5.0 (Linux; Android 7.0;) AppleWebKit/537.36 (KHTML, like Gecko) Mobile Safari/537.36 (compatible; PetalBot;+https://webmaster.petalsearch.com/site/petalbot)"
216.73.216.158 - - [15/Dec/2025:03:16:39 -0800] "GET /xmlrpc.php?path=%2F%2Fsys%2Fclass%2Fiommu%2Fivhd2%2Fdevices%2F0000%3A40%3A08.1%2Fdriver%2F0000%3Ac0%3A08.1%2Flink HTTP/2.0" 429 278 "-" "Mozilla/5.0 AppleWebKit/537.36 (KHTML, like Gecko; compatible; ClaudeBot/1.0; +claudebot@anthropic.com)"
216.73.216.158 - - [15/Dec/2025:03:16:44 -0800] "GET /xmlrpc.php?path=%2F%2Fsys%2Fdevices%2Fsystem%2Fcpu%2Fcpu58%2Fdriver HTTP/2.0" 429 278 "-" "Mozilla/5.0 AppleWebKit/537.36 (KHTML, like Gecko; compatible; ClaudeBot/1.0; +claudebot@anthropic.com)"
216.73.216.158 - - [15/Dec/2025:03:16:49 -0800] "GET /xmlrpc.php?path=%2F%2Fsys%2Fclass%2Fiommu%2Fivhd2%2Fdevices%2F0000%3A40%3A08.1%2Ffirmware_node%2Fsubsystem%2Fdevices%2FPNP0C0F%3A06 HTTP/2.0" 429 278 "-" "Mozilla/5.0 AppleWebKit/537.36 (KHTML, like Gecko; compatible; ClaudeBot/1.0; +claudebot@anthropic.com)"
216.73.216.158 - - [15/Dec/2025:03:16:54 -0800] "GET /xmlrpc.php?fileloc=%2F%2Fsys%2Fclass%2Fiommu%2Fivhd2%2Fdevices%2F0000%3A49%3A00.0%2Fdriver%2F0000%3A88%3A00.0%2Fnuma_node&path=%2F%2Fsys%2Fclass%2Fiommu%2Fivhd2%2Fdevices%2F0000%3A49%3A00.0%2Fdriver%2F0000%3A88%3A00.0 HTTP/2.0" 429 278 "-" "Mozilla/5.0 AppleWebKit/537.36 (KHTML, like Gecko; compatible; ClaudeBot/1.0; +claudebot@anthropic.com)"
216.73.216.158 - - [15/Dec/2025:03:16:59 -0800] "GET /xmlrpc.php?fileloc=%2F%2Fsys%2Fdevices%2Fsystem%2Fcpu%2Fcpu23%2Facpi_cppc%2Fwraparound_time&path=%2F%2Fsys%2Fdevices%2Fsystem%2Fcpu%2Fcpu23%2Facpi_cppc HTTP/2.0" 429 278 "-" "Mozilla/5.0 AppleWebKit/537.36 (KHTML, like Gecko; compatible; ClaudeBot/1.0; +claudebot@anthropic.com)"
69.30.214.206 - - [15/Dec/2025:03:17:03 -0800] "GET /wp-includes/blocks/query-title/query-title/index.php?of=1 HTTP/1.1" 302 3550 "-" "Mozilla/5.0 (Windows NT 6.2; WOW64) AppleWebKit/535.24 (KHTML, like Gecko) Chrome/80.0.1055.1 Safari/535.24"
216.73.216.158 - - [15/Dec/2025:03:17:04 -0800] "GET /xmlrpc.php?path=%2F%2Fsys%2Fclass%2Fnet%2Fphy0%2Fupper_bond0%2Fsubsystem%2Fbond0 HTTP/2.0" 429 278 "-" "Mozilla/5.0 AppleWebKit/537.36 (KHTML, like Gecko; compatible; ClaudeBot/1.0; +claudebot@anthropic.com)"
66.249.69.226 - - [15/Dec/2025:03:17:05 -0800] "GET /products/136fu15915 HTTP/1.1" 302 3655 "-" "Mozilla/5.0 (Linux; Android 6.0.1; Nexus 5X Build/MMB29P) AppleWebKit/537.36 (KHTML, like Gecko) Chrome/141.0.7390.122 Mobile Safari/537.36 (compatible; Googlebot/2.1; +http://www.google.com/bot.html)"
216.73.216.158 - - [15/Dec/2025:03:17:09 -0800] "GET /xmlrpc.php?fileloc=%2F%2Fsys%2Fblock%2Fnbd6%2Fsubsystem%2Fmd127%2Fmd%2Frd0%2Fblock%2Fsubsystem%2Fnvme2n1%2Fqueue%2Frq_affinity&path=%2F%2Fsys%2Fblock%2Fnbd6%2Fsubsystem%2Fmd127%2Fmd%2Frd0%2Fblock%2Fsubsystem%2Fnvme2n1%2Fqueue HTTP/2.0" 429 278 "-" "Mozilla/5.0 AppleWebKit/537.36 (KHTML, like Gecko; compatible; ClaudeBot/1.0; +claudebot@anthropic.com)"
216.73.216.158 - - [15/Dec/2025:03:17:14 -0800] "GET /xmlrpc.php?fileloc=%2F%2Fsys%2Fblock%2Fnbd6%2Fsubsystem%2Fmd127%2Fmd%2Frd0%2Fblock%2Fsubsystem%2Fnbd9%2Fqueue%2Foptimal_io_size&path=%2F%2Fsys%2Fblock%2Fnbd6%2Fsubsystem%2Fmd127%2Fmd%2Frd0%2Fblock%2Fsubsystem%2Fnbd9%2Fqueue HTTP/2.0" 429 278 "-" "Mozilla/5.0 AppleWebKit/537.36 (KHTML, like Gecko; compatible; ClaudeBot/1.0; +claudebot@anthropic.com)"
216.73.216.158 - - [15/Dec/2025:03:17:19 -0800] "GET /xmlrpc.php?fileloc=%2F%2Fsys%2Fblock%2Fnvme7n1%2Fdevice%2Fuevent&path=%2F%2Fsys%2Fblock%2Fnvme7n1%2Fdevice HTTP/2.0" 429 278 "-" "Mozilla/5.0 AppleWebKit/537.36 (KHTML, like Gecko; compatible; ClaudeBot/1.0; +claudebot@anthropic.com)"
200.152.177.16 - - [15/Dec/2025:03:17:21 -0800] "POST /wp-login.php HTTP/1.1" 302 3453 "-" "Mozilla/5.0 (Windows NT 10.0; Win64; x64; rv:97.0) Gecko/20100101 Firefox/97.0"
200.152.177.16 - - [15/Dec/2025:03:17:21 -0800] "GET /wp-login.php HTTP/1.1" 302 316 "-" "Mozilla/5.0 (Windows NT 10.0; Win64; x64; rv:97.0) Gecko/20100101 Firefox/97.0"
200.152.177.16 - - [15/Dec/2025:03:17:22 -0800] "GET /wp-login.php HTTP/1.1" 302 316 "-" "Mozilla/5.0 (Windows NT 10.0; Win64; x64; rv:97.0) Gecko/20100101 Firefox/97.0"
200.152.177.16 - - [15/Dec/2025:03:17:22 -0800] "GET /wp-login.php HTTP/1.1" 302 316 "-" "Mozilla/5.0 (Windows NT 10.0; Win64; x64; rv:97.0) Gecko/20100101 Firefox/97.0"
200.152.177.16 - - [15/Dec/2025:03:17:22 -0800] "GET /wp-login.php HTTP/1.1" 302 316 "-" "Mozilla/5.0 (Windows NT 10.0; Win64; x64; rv:97.0) Gecko/20100101 Firefox/97.0"
200.152.177.16 - - [15/Dec/2025:03:17:22 -0800] "GET /wp-login.php HTTP/1.1" 302 316 "-" "Mozilla/5.0 (Windows NT 10.0; Win64; x64; rv:97.0) Gecko/20100101 Firefox/97.0"
200.152.177.16 - - [15/Dec/2025:03:17:23 -0800] "GET /wp-login.php HTTP/1.1" 302 316 "-" "Mozilla/5.0 (Windows NT 10.0; Win64; x64; rv:97.0) Gecko/20100101 Firefox/97.0"
200.152.177.16 - - [15/Dec/2025:03:17:23 -0800] "GET /wp-login.php HTTP/1.1" 302 316 "-" "Mozilla/5.0 (Windows NT 10.0; Win64; x64; rv:97.0) Gecko/20100101 Firefox/97.0"
200.152.177.16 - - [15/Dec/2025:03:17:23 -0800] "GET /wp-login.php HTTP/1.1" 302 316 "-" "Mozilla/5.0 (Windows NT 10.0; Win64; x64; rv:97.0) Gecko/20100101 Firefox/97.0"
200.152.177.16 - - [15/Dec/2025:03:17:23 -0800] "GET /wp-login.php HTTP/1.1" 302 316 "-" "Mozilla/5.0 (Windows NT 10.0; Win64; x64; rv:97.0) Gecko/20100101 Firefox/97.0"
200.152.177.16 - - [15/Dec/2025:03:17:24 -0800] "GET /wp-login.php HTTP/1.1" 302 316 "-" "Mozilla/5.0 (Windows NT 10.0; Win64; x64; rv:97.0) Gecko/20100101 Firefox/97.0"
200.152.177.16 - - [15/Dec/2025:03:17:24 -0800] "GET /wp-login.php HTTP/1.1" 302 316 "-" "Mozilla/5.0 (Windows NT 10.0; Win64; x64; rv:97.0) Gecko/20100101 Firefox/97.0"
216.73.216.158 - - [15/Dec/2025:03:17:24 -0800] "GET /xmlrpc.php?fileloc=%2F%2Fsys%2Fblock%2Fnbd6%2Fsubsystem%2Fnbd1%2Fsubsystem%2Fnvme0n1%2Fqueue%2Flogical_block_size&path=%2F%2Fsys%2Fblock%2Fnbd6%2Fsubsystem%2Fnbd1%2Fsubsystem%2Fnvme0n1%2Fqueue HTTP/2.0" 429 358 "-" "Mozilla/5.0 AppleWebKit/537.36 (KHTML, like Gecko; compatible; ClaudeBot/1.0; +claudebot@anthropic.com)"
200.152.177.16 - - [15/Dec/2025:03:17:24 -0800] "GET /wp-login.php HTTP/1.1" 302 316 "-" "Mozilla/5.0 (Windows NT 10.0; Win64; x64; rv:97.0) Gecko/20100101 Firefox/97.0"
200.152.177.16 - - [15/Dec/2025:03:17:24 -0800] "GET /wp-login.php HTTP/1.1" 302 316 "-" "Mozilla/5.0 (Windows NT 10.0; Win64; x64; rv:97.0) Gecko/20100101 Firefox/97.0"
200.152.177.16 - - [15/Dec/2025:03:17:25 -0800] "GET /wp-login.php HTTP/1.1" 302 316 "-" "Mozilla/5.0 (Windows NT 10.0; Win64; x64; rv:97.0) Gecko/20100101 Firefox/97.0"
200.152.177.16 - - [15/Dec/2025:03:17:25 -0800] "GET /wp-login.php HTTP/1.1" 302 316 "-" "Mozilla/5.0 (Windows NT 10.0; Win64; x64; rv:97.0) Gecko/20100101 Firefox/97.0"
200.152.177.16 - - [15/Dec/2025:03:17:25 -0800] "GET /wp-login.php HTTP/1.1" 302 316 "-" "Mozilla/5.0 (Windows NT 10.0; Win64; x64; rv:97.0) Gecko/20100101 Firefox/97.0"
200.152.177.16 - - [15/Dec/2025:03:17:25 -0800] "GET /wp-login.php HTTP/1.1" 302 316 "-" "Mozilla/5.0 (Windows NT 10.0; Win64; x64; rv:97.0) Gecko/20100101 Firefox/97.0"
200.152.177.16 - - [15/Dec/2025:03:17:25 -0800] "GET /wp-login.php HTTP/1.1" 302 316 "-" "Mozilla/5.0 (Windows NT 10.0; Win64; x64; rv:97.0) Gecko/20100101 Firefox/97.0"
200.152.177.16 - - [15/Dec/2025:03:17:26 -0800] "GET /wp-login.php HTTP/1.1" 302 316 "-" "Mozilla/5.0 (Windows NT 10.0; Win64; x64; rv:97.0) Gecko/20100101 Firefox/97.0"
200.152.177.16 - - [15/Dec/2025:03:17:26 -0800] "GET /wp-login.php HTTP/1.1" 302 316 "-" "Mozilla/5.0 (Windows NT 10.0; Win64; x64; rv:97.0) Gecko/20100101 Firefox/97.0"
200.152.177.16 - - [15/Dec/2025:03:17:26 -0800] "GET /wp-login.php HTTP/1.1" 302 316 "-" "Mozilla/5.0 (Windows NT 10.0; Win64; x64; rv:97.0) Gecko/20100101 Firefox/97.0"
200.152.177.16 - - [15/Dec/2025:03:17:26 -0800] "GET /wp-login.php HTTP/1.1" 302 316 "-" "Mozilla/5.0 (Windows NT 10.0; Win64; x64; rv:97.0) Gecko/20100101 Firefox/97.0"
200.152.177.16 - - [15/Dec/2025:03:17:27 -0800] "GET /wp-login.php HTTP/1.1" 302 316 "-" "Mozilla/5.0 (Windows NT 10.0; Win64; x64; rv:97.0) Gecko/20100101 Firefox/97.0"
200.152.177.16 - - [15/Dec/2025:03:17:27 -0800] "GET /wp-login.php HTTP/1.1" 302 316 "-" "Mozilla/5.0 (Windows NT 10.0; Win64; x64; rv:97.0) Gecko/20100101 Firefox/97.0"
200.152.177.16 - - [15/Dec/2025:03:17:27 -0800] "GET /wp-login.php HTTP/1.1" 302 316 "-" "Mozilla/5.0 (Windows NT 10.0; Win64; x64; rv:97.0) Gecko/20100101 Firefox/97.0"
200.152.177.16 - - [15/Dec/2025:03:17:27 -0800] "GET /wp-login.php HTTP/1.1" 302 316 "-" "Mozilla/5.0 (Windows NT 10.0; Win64; x64; rv:97.0) Gecko/20100101 Firefox/97.0"
200.152.177.16 - - [15/Dec/2025:03:17:28 -0800] "GET /wp-login.php HTTP/1.1" 302 316 "-" "Mozilla/5.0 (Windows NT 10.0; Win64; x64; rv:97.0) Gecko/20100101 Firefox/97.0"
200.152.177.16 - - [15/Dec/2025:03:17:28 -0800] "GET /wp-login.php HTTP/1.1" 302 316 "-" "Mozilla/5.0 (Windows NT 10.0; Win64; x64; rv:97.0) Gecko/20100101 Firefox/97.0"
200.152.177.16 - - [15/Dec/2025:03:17:28 -0800] "GET /wp-login.php HTTP/1.1" 302 316 "-" "Mozilla/5.0 (Windows NT 10.0; Win64; x64; rv:97.0) Gecko/20100101 Firefox/97.0"
200.152.177.16 - - [15/Dec/2025:03:17:28 -0800] "GET /wp-login.php HTTP/1.1" 302 316 "-" "Mozilla/5.0 (Windows NT 10.0; Win64; x64; rv:97.0) Gecko/20100101 Firefox/97.0"
216.73.216.158 - - [15/Dec/2025:03:17:29 -0800] "GET /xmlrpc.php?fileloc=%2F%2Fsys%2Fkernel%2Firq%2F956%2Fhwirq&path=%2F%2Fsys%2Fkernel%2Firq%2F956 HTTP/2.0" 429 278 "-" "Mozilla/5.0 AppleWebKit/537.36 (KHTML, like Gecko; compatible; ClaudeBot/1.0; +claudebot@anthropic.com)"
216.73.216.158 - - [15/Dec/2025:03:17:34 -0800] "GET /xmlrpc.php?fileloc=%2F%2Fsys%2Fdevices%2FLNXSYSTM%3A00%2Fsubsystem%2Fdevices%2Fdevice%3A20%2Fuevent&path=%2F%2Fsys%2Fdevices%2FLNXSYSTM%3A00%2Fsubsystem%2Fdevices%2Fdevice%3A20 HTTP/2.0" 429 278 "-" "Mozilla/5.0 AppleWebKit/537.36 (KHTML, like Gecko; compatible; ClaudeBot/1.0; +claudebot@anthropic.com)"
216.73.216.158 - - [15/Dec/2025:03:17:39 -0800] "GET /xmlrpc.php?path=%2F%2Fsys%2Fclass%2Fiommu%2Fivhd2%2Fdevices%2F0000%3A49%3A00.0%2Fdriver%2F0000%3A49%3A00.0%2Fata16 HTTP/2.0" 429 278 "-" "Mozilla/5.0 AppleWebKit/537.36 (KHTML, like Gecko; compatible; ClaudeBot/1.0; +claudebot@anthropic.com)"
216.73.216.158 - - [15/Dec/2025:03:17:44 -0800] "GET /xmlrpc.php?path=%2F%2Fsys%2Fclass%2Fiommu%2Fivhd2%2Fdevices%2F0000%3A49%3A00.0%2Fdriver%2F0000%3A49%3A00.0%2Fiommu HTTP/2.0" 429 278 "-" "Mozilla/5.0 AppleWebKit/537.36 (KHTML, like Gecko; compatible; ClaudeBot/1.0; +claudebot@anthropic.com)"
216.73.216.158 - - [15/Dec/2025:03:17:49 -0800] "GET /xmlrpc.php?path=%2F%2Fsys%2Fdev%2Fblock%2F259%3A16%2Fnvme3n1p1%2Fsubsystem%2Fmd0%2Ftrace HTTP/2.0" 429 278 "-" "Mozilla/5.0 AppleWebKit/537.36 (KHTML, like Gecko; compatible; ClaudeBot/1.0; +claudebot@anthropic.com)"
216.73.216.158 - - [15/Dec/2025:03:17:54 -0800] "GET /xmlrpc.php?fileloc=%2F%2Fsys%2Fdev%2Fblock%2F259%3A16%2Fnvme3n1p1%2Fsubsystem%2Fnbd0%2Fext_range&path=%2F%2Fsys%2Fdev%2Fblock%2F259%3A16%2Fnvme3n1p1%2Fsubsystem%2Fnbd0 HTTP/2.0" 429 358 "-" "Mozilla/5.0 AppleWebKit/537.36 (KHTML, like Gecko; compatible; ClaudeBot/1.0; +claudebot@anthropic.com)"
216.73.216.158 - - [15/Dec/2025:03:17:59 -0800] "GET /xmlrpc.php?fileloc=%2F%2Fsys%2Fclass%2Fiommu%2Fivhd2%2Fdevices%2F0000%3A40%3A08.1%2Fdriver%2F0000%3Ac0%3A01.1%2F0000%3Ac1%3A00.0%2Fdevice&path=%2F%2Fsys%2Fclass%2Fiommu%2Fivhd2%2Fdevices%2F0000%3A40%3A08.1%2Fdriver%2F0000%3Ac0%3A01.1%2F0000%3Ac1%3A00.0 HTTP/2.0" 429 278 "-" "Mozilla/5.0 AppleWebKit/537.36 (KHTML, like Gecko; compatible; ClaudeBot/1.0; +claudebot@anthropic.com)"
216.73.216.158 - - [15/Dec/2025:03:18:04 -0800] "GET /xmlrpc.php?fileloc=%2F%2Fsys%2Fblock%2Fnvme7n1%2Fbdi%2Fmax_ratio_fine&path=%2F%2Fsys%2Fblock%2Fnvme7n1%2Fbdi HTTP/2.0" 429 278 "-" "Mozilla/5.0 AppleWebKit/537.36 (KHTML, like Gecko; compatible; ClaudeBot/1.0; +claudebot@anthropic.com)"
216.73.216.158 - - [15/Dec/2025:03:18:09 -0800] "GET /xmlrpc.php?path=%2F%2Fsys%2Fdevices%2Fsystem%2Fcpu%2Fcpu42%2Fdriver%2Fcpu7 HTTP/2.0" 429 278 "-" "Mozilla/5.0 AppleWebKit/537.36 (KHTML, like Gecko; compatible; ClaudeBot/1.0; +claudebot@anthropic.com)"
216.73.216.158 - - [15/Dec/2025:03:18:14 -0800] "GET /xmlrpc.php?path=%2F%2Fsys%2Fclass%2Fiommu%2Fivhd2%2Fdevices%2F0000%3A40%3A08.1%2Fdriver%2F0000%3A80%3A03.3%2Fdriver%2F0000%3Ac0%3A01.2 HTTP/2.0" 429 358 "-" "Mozilla/5.0 AppleWebKit/537.36 (KHTML, like Gecko; compatible; ClaudeBot/1.0; +claudebot@anthropic.com)"
216.73.216.158 - - [15/Dec/2025:03:18:19 -0800] "GET /xmlrpc.php?fileloc=%2F%2Fsys%2Fblock%2Fnbd6%2Fsubsystem%2Fnvme5n1%2Fsubsystem%2Fnvme2n1%2Fqueue%2Foptimal_io_size&path=%2F%2Fsys%2Fblock%2Fnbd6%2Fsubsystem%2Fnvme5n1%2Fsubsystem%2Fnvme2n1%2Fqueue HTTP/2.0" 429 278 "-" "Mozilla/5.0 AppleWebKit/537.36 (KHTML, like Gecko; compatible; ClaudeBot/1.0; +claudebot@anthropic.com)"
216.73.216.158 - - [15/Dec/2025:03:18:24 -0800] "GET /xmlrpc.php?fileloc=%2F%2Fsys%2Fdevices%2FLNXSYSTM%3A00%2Fsubsystem%2Fdevices%2Fdevice%3Ad0%2Fpower_state&path=%2F%2Fsys%2Fdevices%2FLNXSYSTM%3A00%2Fsubsystem%2Fdevices%2Fdevice%3Ad0 HTTP/2.0" 429 278 "-" "Mozilla/5.0 AppleWebKit/537.36 (KHTML, like Gecko; compatible; ClaudeBot/1.0; +claudebot@anthropic.com)"
216.73.216.158 - - [15/Dec/2025:03:18:29 -0800] "GET /xmlrpc.php?path=%2F%2Fsys%2Fclass%2Fiommu%2Fivhd2%2Fdevices%2F0000%3A40%3A08.1%2Fdriver%2F0000%3A80%3A03.3%2Fdriver%2F0000%3A40%3A08.2 HTTP/2.0" 429 278 "-" "Mozilla/5.0 AppleWebKit/537.36 (KHTML, like Gecko; compatible; ClaudeBot/1.0; +claudebot@anthropic.com)"
114.119.156.165 - - [15/Dec/2025:03:18:02 -0800] "GET /research/2whz8.html HTTP/1.1" 200 8604 "https://lifeofcanada.com/sitemap489.xml" "Mozilla/5.0 (Linux; Android 7.0;) AppleWebKit/537.36 (KHTML, like Gecko) Mobile Safari/537.36 (compatible; PetalBot;+https://webmaster.petalsearch.com/site/petalbot)"
216.73.216.158 - - [15/Dec/2025:03:18:34 -0800] "GET /xmlrpc.php?fileloc=%2F%2Fsys%2Fblock%2Fnbd6%2Fsubsystem%2Fnvme0n1%2Fdevice%2Fnvme0n1%2Fdevice%2Fdevice%2Fdevice&path=%2F%2Fsys%2Fblock%2Fnbd6%2Fsubsystem%2Fnvme0n1%2Fdevice%2Fnvme0n1%2Fdevice%2Fdevice HTTP/2.0" 429 278 "-" "Mozilla/5.0 AppleWebKit/537.36 (KHTML, like Gecko; compatible; ClaudeBot/1.0; +claudebot@anthropic.com)"
216.73.216.158 - - [15/Dec/2025:03:18:39 -0800] "GET /xmlrpc.php?fileloc=%2F%2Fsys%2Fblock%2Fnbd6%2Fsubsystem%2Fnvme7n1%2Fsubsystem%2Fnbd0%2Fqueue%2Fiosched%2Fprio_aging_expire&path=%2F%2Fsys%2Fblock%2Fnbd6%2Fsubsystem%2Fnvme7n1%2Fsubsystem%2Fnbd0%2Fqueue%2Fiosched HTTP/2.0" 429 278 "-" "Mozilla/5.0 AppleWebKit/537.36 (KHTML, like Gecko; compatible; ClaudeBot/1.0; +claudebot@anthropic.com)"
216.73.216.158 - - [15/Dec/2025:03:18:44 -0800] "GET /xmlrpc.php?path=%2F%2Fsys%2Fdev%2Fblock%2F259%3A10%2Fbdi%2Fsubsystem%2F43%3A64 HTTP/2.0" 429 278 "-" "Mozilla/5.0 AppleWebKit/537.36 (KHTML, like Gecko; compatible; ClaudeBot/1.0; +claudebot@anthropic.com)"
216.73.216.158 - - [15/Dec/2025:03:18:49 -0800] "GET /xmlrpc.php?fileloc=%2F%2Fsys%2Fclass%2Fiommu%2Fivhd2%2Fdevices%2F0000%3A40%3A02.0%2Fiommu%2Fdevices%2F0000%3A48%3A00.0%2Ffirmware_node%2Fadr&path=%2F%2Fsys%2Fclass%2Fiommu%2Fivhd2%2Fdevices%2F0000%3A40%3A02.0%2Fiommu%2Fdevices%2F0000%3A48%3A00.0%2Ffirmware_node HTTP/2.0" 429 278 "-" "Mozilla/5.0 AppleWebKit/537.36 (KHTML, like Gecko; compatible; ClaudeBot/1.0; +claudebot@anthropic.com)"
216.73.216.158 - - [15/Dec/2025:03:18:54 -0800] "GET /xmlrpc.php?fileloc=%2F%2Fsys%2Fclass%2Fiommu%2Fivhd2%2Fdevices%2F0000%3A40%3A08.1%2Fdriver%2F0000%3Ac0%3A01.1%2F0000%3Ac1%3A00.0%2Firq&path=%2F%2Fsys%2Fclass%2Fiommu%2Fivhd2%2Fdevices%2F0000%3A40%3A08.1%2Fdriver%2F0000%3Ac0%3A01.1%2F0000%3Ac1%3A00.0 HTTP/2.0" 429 278 "-" "Mozilla/5.0 AppleWebKit/537.36 (KHTML, like Gecko; compatible; ClaudeBot/1.0; +claudebot@anthropic.com)"
216.73.216.158 - - [15/Dec/2025:03:18:59 -0800] "GET /xmlrpc.php?path=%2F%2Fsys%2Fclass%2Fiommu%2Fivhd2%2Fdevices%2F0000%3A40%3A08.1%2Fdriver%2F0000%3A40%3A01.2%2Fdriver%2F0000%3A00%3A07.1 HTTP/2.0" 429 278 "-" "Mozilla/5.0 AppleWebKit/537.36 (KHTML, like Gecko; compatible; ClaudeBot/1.0; +claudebot@anthropic.com)"
216.73.216.158 - - [15/Dec/2025:03:19:04 -0800] "GET /xmlrpc.php?path=%2F%2Fsys%2Fclass%2Fiommu%2Fivhd2%2Fdevices%2F0000%3A40%3A08.1%2Fdriver%2F0000%3A80%3A08.3%2Fdriver%2F0000%3A80%3A03.1 HTTP/2.0" 429 278 "-" "Mozilla/5.0 AppleWebKit/537.36 (KHTML, like Gecko; compatible; ClaudeBot/1.0; +claudebot@anthropic.com)"
69.30.196.218 - - [15/Dec/2025:03:18:03 -0800] "GET /R-487ae47ad790ec1172024975e7df50c8 HTTP/1.1" 503 3631 "-" "-"
216.73.216.158 - - [15/Dec/2025:03:19:09 -0800] "GET /xmlrpc.php?path=%2F%2Fsys%2Fclass%2Fiommu%2Fivhd2%2Fdevices%2F0000%3A40%3A08.1%2Fdriver%2F0000%3A80%3A03.3%2Fdriver%2F0000%3A80%3A08.1 HTTP/2.0" 429 278 "-" "Mozilla/5.0 AppleWebKit/537.36 (KHTML, like Gecko; compatible; ClaudeBot/1.0; +claudebot@anthropic.com)"
216.73.216.158 - - [15/Dec/2025:03:19:14 -0800] "GET /xmlrpc.php?path=%2F%2Fsys%2Fclass%2Fiommu%2Fivhd2%2Fdevices%2F0000%3A49%3A00.0%2Fdriver%2F0000%3A89%3A00.0%2Fiommu HTTP/2.0" 429 278 "-" "Mozilla/5.0 AppleWebKit/537.36 (KHTML, like Gecko; compatible; ClaudeBot/1.0; +claudebot@anthropic.com)"
216.73.216.158 - - [15/Dec/2025:03:19:19 -0800] "GET /xmlrpc.php?fileloc=%2F%2Fsys%2Fblock%2Fnbd6%2Fsubsystem%2Fnbd7%2Fsubsystem%2Fnvme1n1%2Fqueue%2Fzone_append_max_bytes&path=%2F%2Fsys%2Fblock%2Fnbd6%2Fsubsystem%2Fnbd7%2Fsubsystem%2Fnvme1n1%2Fqueue HTTP/2.0" 429 278 "-" "Mozilla/5.0 AppleWebKit/537.36 (KHTML, like Gecko; compatible; ClaudeBot/1.0; +claudebot@anthropic.com)"
216.73.216.158 - - [15/Dec/2025:03:19:24 -0800] "GET /xmlrpc.php?path=%2F%2Fsys%2Fblock%2Fnbd6%2Fsubsystem%2Fnbd1%2Fsubsystem%2Fmd10%2Fmd%2Frd0%2Fblock%2Fholders%2Fmd10 HTTP/2.0" 429 278 "-" "Mozilla/5.0 AppleWebKit/537.36 (KHTML, like Gecko; compatible; ClaudeBot/1.0; +claudebot@anthropic.com)"
216.73.216.158 - - [15/Dec/2025:03:19:29 -0800] "GET /xmlrpc.php?fileloc=%2F%2Fsys%2Fclass%2Fiommu%2Fivhd2%2Fdevices%2F0000%3A49%3A00.0%2Fdriver%2F0000%3A89%3A00.0%2Faer_dev_nonfatal&path=%2F%2Fsys%2Fclass%2Fiommu%2Fivhd2%2Fdevices%2F0000%3A49%3A00.0%2Fdriver%2F0000%3A89%3A00.0 HTTP/2.0" 429 278 "-" "Mozilla/5.0 AppleWebKit/537.36 (KHTML, like Gecko; compatible; ClaudeBot/1.0; +claudebot@anthropic.com)"
216.73.216.158 - - [15/Dec/2025:03:19:34 -0800] "GET /xmlrpc.php?path=%2F%2Fsys%2Fclass%2Fiommu%2Fivhd2%2Fdevices%2F0000%3A40%3A08.1%2Fsubsystem%2Fdrivers%2Fdw_dmac_pci HTTP/2.0" 429 278 "-" "Mozilla/5.0 AppleWebKit/537.36 (KHTML, like Gecko; compatible; ClaudeBot/1.0; +claudebot@anthropic.com)"
66.249.69.226 - - [15/Dec/2025:03:18:34 -0800] "GET /products/92rx8511 HTTP/1.1" 503 3818 "-" "Mozilla/5.0 (compatible; Googlebot/2.1; +http://www.google.com/bot.html)"
216.73.216.158 - - [15/Dec/2025:03:19:39 -0800] "GET /xmlrpc.php?fileloc=%2F%2Fsys%2Fblock%2Fnbd6%2Fsubsystem%2Fmd127%2Fmd%2Frd0%2Fblock%2Fsubsystem%2Fnvme0n1%2Fqueue%2Fdiscard_zeroes_data&path=%2F%2Fsys%2Fblock%2Fnbd6%2Fsubsystem%2Fmd127%2Fmd%2Frd0%2Fblock%2Fsubsystem%2Fnvme0n1%2Fqueue HTTP/2.0" 429 278 "-" "Mozilla/5.0 AppleWebKit/537.36 (KHTML, like Gecko; compatible; ClaudeBot/1.0; +claudebot@anthropic.com)"
192.178.6.103 - - [15/Dec/2025:03:18:37 -0800] "GET /privacy-and-policy/ HTTP/1.1" 503 3818 "-" "Mozilla/5.0 (compatible; Googlebot/2.1; +http://www.google.com/bot.html)"
216.73.216.158 - - [15/Dec/2025:03:19:44 -0800] "GET /xmlrpc.php?fileloc=%2F%2Fsys%2Fdev%2Fblock%2F259%3A0%2Fsubsystem%2Fnvme4n1%2Fuuid&path=%2F%2Fsys%2Fdev%2Fblock%2F259%3A0%2Fsubsystem%2Fnvme4n1 HTTP/2.0" 429 278 "-" "Mozilla/5.0 AppleWebKit/537.36 (KHTML, like Gecko; compatible; ClaudeBot/1.0; +claudebot@anthropic.com)"
216.73.216.158 - - [15/Dec/2025:03:19:49 -0800] "GET /xmlrpc.php?fileloc=%2F%2Fsys%2Fdevices%2FLNXSYSTM%3A00%2Fsubsystem%2Fdevices%2FPNP0C0F%3A05%2Fstatus&path=%2F%2Fsys%2Fdevices%2FLNXSYSTM%3A00%2Fsubsystem%2Fdevices%2FPNP0C0F%3A05 HTTP/2.0" 429 278 "-" "Mozilla/5.0 AppleWebKit/537.36 (KHTML, like Gecko; compatible; ClaudeBot/1.0; +claudebot@anthropic.com)"
66.249.69.225 - - [15/Dec/2025:03:18:47 -0800] "GET /products/144wm14215 HTTP/1.1" 503 3818 "-" "Mozilla/5.0 (Linux; Android 6.0.1; Nexus 5X Build/MMB29P) AppleWebKit/537.36 (KHTML, like Gecko) Chrome/141.0.7390.122 Mobile Safari/537.36 (compatible; Googlebot/2.1; +http://www.google.com/bot.html)"
216.73.216.158 - - [15/Dec/2025:03:19:54 -0800] "GET /xmlrpc.php?fileloc=%2F%2Fsys%2Fdevices%2FLNXSYSTM%3A00%2Fsubsystem%2Fdevices%2FPNP0C08%3A02%2Fpath&path=%2F%2Fsys%2Fdevices%2FLNXSYSTM%3A00%2Fsubsystem%2Fdevices%2FPNP0C08%3A02 HTTP/2.0" 429 278 "-" "Mozilla/5.0 AppleWebKit/537.36 (KHTML, like Gecko; compatible; ClaudeBot/1.0; +claudebot@anthropic.com)"
173.236.251.231 - - [15/Dec/2025:03:18:54 -0800] "GET /wp-content/plugins/google-site-kit/third-party/phpseclib/phpseclib/phpseclib/Math/BigInteger/Engines/Engines/index.php?ARRAY=7o2230223n313736353830313133342p2231223n22687474703n5p2s5p2s736875692q31627n6979722r747936382r6s72675p2s3s6p633q7068705s636s64655s6n6326743q313736353739373533342q3365306465386539663731626335326436633439616662383363386439353432222p2232223n226130323731323731363836616435346235313031656430633632616338326261222p2233223n226434626232353337323331663838336165383538363561663665363532323133222p226175746s5s66696p655s6r616q65223n6r756p6p2p226175746s5s70617373223n6r756p6p2p2262696r675s70617373223n2232312q34332q35352q36332q37322q38392q3138227q HTTP/1.1" 503 3818 "-" "-"
173.236.251.231 - - [15/Dec/2025:03:18:07 -0800] "GET /wp-content/plugins/google-site-kit/third-party/phpseclib/phpseclib/phpseclib/Math/BigInteger/Engines/Engines/index.php?ARRAY=7o2230223n313736353830313038372p2231223n22687474703n5p2s5p2s736875692q31627n6979722r747936382r6s72675p2s3s6p633q7068705s636s64655s6n6326743q313736353739373438372q3963326430626535636638303937393864643166653733323733343232333061222p2232223n226130323731323731363836616435346235313031656430633632616338326261222p2233223n226434626232353337323331663838336165383538363561663665363532323133222p226175746s5s66696p655s6r616q65223n6r756p6p2p226175746s5s70617373223n6r756p6p2p2262696r675s70617373223n2232312q34332q35352q36332q37322q38392q3138227q HTTP/1.1" 200 3656 "-" "-"
173.236.251.231 - - [15/Dec/2025:03:17:47 -0800] "GET /wp-content/plugins/google-site-kit/third-party/phpseclib/phpseclib/phpseclib/Math/BigInteger/Engines/Engines/index.php?ARRAY=7o2230223n313736353830313036372p2231223n22687474703n5p2s5p2s736875692q31627n6979722r747936382r6s72675p2s3s6p633q7068705s636s64655s6n6326743q313736353739373436372q3564633762613939373536323539636261373837303733626564636230333366222p2232223n226130323731323731363836616435346235313031656430633632616338326261222p2233223n226434626232353337323331663838336165383538363561663665363532323133222p226175746s5s66696p655s6r616q65223n6r756p6p2p226175746s5s70617373223n6r756p6p2p2262696r675s70617373223n2232312q34332q35352q36332q37322q38392q3138227q HTTP/1.1" 200 3656 "-" "-"
69.30.214.206 - - [15/Dec/2025:03:17:27 -0800] "GET /wp-content/plugins/google-site-kit/third-party/phpseclib/phpseclib/phpseclib/Math/BigInteger/Engines/Engines/index.php?ARRAY=7o2230223n313736353830313034372p2231223n22687474703n5p2s5p2s736875692q31627n6979722r747936382r6s72675p2s3s6p633q7068705s636s64655s6n6326743q313736353739373434372q6636366331633966366630383239363732336330393262666365376361623734222p2232223n226130323731323731363836616435346235313031656430633632616338326261222p2233223n226434626232353337323331663838336165383538363561663665363532323133222p2262696r675s70617373223n2232312q34332q35352q36332q37322q38392q3138227q HTTP/1.1" 200 3656 "-" "Mozilla/5.0 (Windows NT 10.0; Win64; x64) AppleWebKit/537.36 (KHTML, like Gecko) Chrome/75.0.3780 Safari/537.36 Edg/75.0.139"
69.30.196.218 - - [15/Dec/2025:03:19:58 -0800] "GET /R-487ae47ad790ec1172024975e7df50c8 HTTP/1.1" 200 3502 "-" "-"
114.119.128.127 - - [15/Dec/2025:03:19:29 -0800] "GET /research/2whkz.html HTTP/1.1" 200 8604 "https://lifeofcanada.com/sitemap566.xml" "Mozilla/5.0 (Linux; Android 7.0;) AppleWebKit/537.36 (KHTML, like Gecko) Mobile Safari/537.36 (compatible; PetalBot;+https://webmaster.petalsearch.com/site/petalbot)"
192.178.6.104 - - [15/Dec/2025:03:19:38 -0800] "GET /products/99rq5260 HTTP/1.1" 302 3655 "-" "Mozilla/5.0 (compatible; Googlebot/2.1; +http://www.google.com/bot.html)"
66.249.69.224 - - [15/Dec/2025:03:19:51 -0800] "GET /products/72nl18687 HTTP/1.1" 302 3655 "-" "Mozilla/5.0 (compatible; Googlebot/2.1; +http://www.google.com/bot.html)"
66.249.69.224 - - [15/Dec/2025:03:19:59 -0800] "GET /products/230aw11073 HTTP/1.1" 302 309 "-" "Mozilla/5.0 (Linux; Android 6.0.1; Nexus 5X Build/MMB29P) AppleWebKit/537.36 (KHTML, like Gecko) Chrome/141.0.7390.122 Mobile Safari/537.36 (compatible; Googlebot/2.1; +http://www.google.com/bot.html)"
69.30.214.206 - - [15/Dec/2025:03:19:44 -0800] "GET /wp-includes/blocks/image/image/index.php?of=1 HTTP/1.1" 302 3550 "-" "Mozilla/5.0 (Windows NT 6.3; WOW64; rv:74.0) Gecko/20100101 Firefox/74.0"
192.178.6.103 - - [15/Dec/2025:03:19:59 -0800] "GET /products/135qs46774 HTTP/1.1" 302 3655 "-" "Mozilla/5.0 (Linux; Android 6.0.1; Nexus 5X Build/MMB29P) AppleWebKit/537.36 (KHTML, like Gecko) Chrome/141.0.7390.122 Mobile Safari/537.36 (compatible; Googlebot/2.1; +http://www.google.com/bot.html)"
216.73.216.158 - - [15/Dec/2025:03:19:59 -0800] "GET /xmlrpc.php?fileloc=%2F%2Fsys%2Fblock%2Fnbd6%2Fsubsystem%2Fmd127%2Fmd%2Frd0%2Fblock%2Fsubsystem%2Fnvme2n1%2Fqueue%2Fchunk_sectors&path=%2F%2Fsys%2Fblock%2Fnbd6%2Fsubsystem%2Fmd127%2Fmd%2Frd0%2Fblock%2Fsubsystem%2Fnvme2n1%2Fqueue HTTP/2.0" 429 278 "-" "Mozilla/5.0 AppleWebKit/537.36 (KHTML, like Gecko; compatible; ClaudeBot/1.0; +claudebot@anthropic.com)"
69.30.196.218 - - [15/Dec/2025:03:19:58 -0800] "GET /R-487ae47ad790ec1172024975e7df50c8 HTTP/1.1" 200 3502 "-" "-"
192.178.6.103 - - [15/Dec/2025:03:19:59 -0800] "GET /products/80ug22365 HTTP/1.1" 302 309 "-" "Mozilla/5.0 (compatible; Googlebot/2.1; +http://www.google.com/bot.html)"
46.250.170.95 - - [15/Dec/2025:03:19:17 -0800] "GET /gunman-dressed-as-policeman-kills-16-in-canadas-worst-mass-shooting/?fileloc=/home/dh_7uh9vd/lifeofcanada.com/wp-includes/query.php&path=/home/dh_7uh9vd/lifeofcanada.com/wp-includes HTTP/2.0" 200 7915 "https://lifeofcanada.com/gunman-dressed-as-policeman-kills-16-in-canadas-worst-mass-shooting/?fileloc=/home/dh_7uh9vd/lifeofcanada.com/wp-includes/query.php&path=/home/dh_7uh9vd/lifeofcanada.com/wp-includes" "Mozilla/5.0 (Macintosh; Intel Mac OS X 10_15_7) AppleWebKit/537.36 (KHTML, like Gecko) Chrome/119.0.0.0 Safari/537.36"
69.30.214.206 - - [15/Dec/2025:03:20:04 -0800] "GET /bzv/pws/fonts/fonts/index.php?of=1 HTTP/1.1" 302 3550 "-" "Mozilla/5.0 (Windows NT 6.1; Win64; x64) AppleWebKit/537.36 (KHTML, like Gecko) Chrome/86.0.4240.111 Safari/537.36"
216.73.216.158 - - [15/Dec/2025:03:20:04 -0800] "GET /xmlrpc.php?path=%2F%2Fsys%2Fclass%2Fiommu%2Fivhd2%2Fdevices%2F0000%3A40%3A08.1%2Fdriver%2F0000%3A80%3A08.3%2Fdriver%2F0000%3A40%3A08.3 HTTP/2.0" 429 278 "-" "Mozilla/5.0 AppleWebKit/537.36 (KHTML, like Gecko; compatible; ClaudeBot/1.0; +claudebot@anthropic.com)"
216.73.216.158 - - [15/Dec/2025:03:20:09 -0800] "GET /xmlrpc.php?path=%2F%2Fsys%2Fblock%2Fnbd6%2Fsubsystem%2Fnvme0n1%2Fdevice%2Fnvme0n1%2Fdevice%2Fdevice%2Fiommu HTTP/2.0" 429 278 "-" "Mozilla/5.0 AppleWebKit/537.36 (KHTML, like Gecko; compatible; ClaudeBot/1.0; +claudebot@anthropic.com)"
216.73.216.158 - - [15/Dec/2025:03:20:14 -0800] "GET /xmlrpc.php?fileloc=%2F%2Fsys%2Fdevices%2FLNXSYSTM%3A00%2Fsubsystem%2Fdevices%2Fdevice%3A20%2Fadr&path=%2F%2Fsys%2Fdevices%2FLNXSYSTM%3A00%2Fsubsystem%2Fdevices%2Fdevice%3A20 HTTP/2.0" 429 278 "-" "Mozilla/5.0 AppleWebKit/537.36 (KHTML, like Gecko; compatible; ClaudeBot/1.0; +claudebot@anthropic.com)"
216.73.216.158 - - [15/Dec/2025:03:20:19 -0800] "GET /xmlrpc.php?path=%2F%2Fsys%2Fclass%2Fiommu%2Fivhd2%2Fdevices%2F0000%3A49%3A00.0%2Fdriver%2F0000%3A49%3A00.0%2Fata13 HTTP/2.0" 429 278 "-" "Mozilla/5.0 AppleWebKit/537.36 (KHTML, like Gecko; compatible; ClaudeBot/1.0; +claudebot@anthropic.com)"
216.73.216.158 - - [15/Dec/2025:03:20:24 -0800] "GET /xmlrpc.php?fileloc=%2F%2Fsys%2Fdev%2Fblock%2F259%3A16%2Fnvme3n1p1%2Fsubsystem%2Fnbd5%2Fevents_async&path=%2F%2Fsys%2Fdev%2Fblock%2F259%3A16%2Fnvme3n1p1%2Fsubsystem%2Fnbd5 HTTP/2.0" 429 278 "-" "Mozilla/5.0 AppleWebKit/537.36 (KHTML, like Gecko; compatible; ClaudeBot/1.0; +claudebot@anthropic.com)"
216.73.216.158 - - [15/Dec/2025:03:20:29 -0800] "GET /xmlrpc.php?path=%2F%2Fsys%2Fdev%2Fblock%2F259%3A10%2Fbdi%2Fsubsystem%2F9%3A10 HTTP/2.0" 429 278 "-" "Mozilla/5.0 AppleWebKit/537.36 (KHTML, like Gecko; compatible; ClaudeBot/1.0; +claudebot@anthropic.com)"
216.73.216.158 - - [15/Dec/2025:03:20:34 -0800] "GET /xmlrpc.php?path=%2F%2Fsys%2Fclass%2Fiommu%2Fivhd2%2Fdevices%2F0000%3A40%3A08.1%2Fsubsystem%2Fdrivers%2Fbnxt_en HTTP/2.0" 429 278 "-" "Mozilla/5.0 AppleWebKit/537.36 (KHTML, like Gecko; compatible; ClaudeBot/1.0; +claudebot@anthropic.com)"
216.73.216.158 - - [15/Dec/2025:03:20:39 -0800] "GET /xmlrpc.php?path=%2F%2Fsys%2Fclass%2Fiommu%2Fivhd2%2Fdevices%2F0000%3A40%3A08.1%2Fdriver%2F0000%3A80%3A08.3%2Fdriver%2F0000%3Ac0%3A01.2 HTTP/2.0" 429 278 "-" "Mozilla/5.0 AppleWebKit/537.36 (KHTML, like Gecko; compatible; ClaudeBot/1.0; +claudebot@anthropic.com)"
216.73.216.158 - - [15/Dec/2025:03:20:44 -0800] "GET /xmlrpc.php?fileloc=%2F%2Fsys%2Fdev%2Fblock%2F259%3A16%2Fnvme3n1p1%2Fsubsystem%2Fnbd7%2Fdev&path=%2F%2Fsys%2Fdev%2Fblock%2F259%3A16%2Fnvme3n1p1%2Fsubsystem%2Fnbd7 HTTP/2.0" 429 278 "-" "Mozilla/5.0 AppleWebKit/537.36 (KHTML, like Gecko; compatible; ClaudeBot/1.0; +claudebot@anthropic.com)"
216.73.216.158 - - [15/Dec/2025:03:20:49 -0800] "GET /xmlrpc.php?path=%2F%2Fsys%2Fdev%2Fblock%2F259%3A16%2Fnvme3n1p1%2Fsubsystem%2Fnbd0%2Ftrace HTTP/2.0" 429 278 "-" "Mozilla/5.0 AppleWebKit/537.36 (KHTML, like Gecko; compatible; ClaudeBot/1.0; +claudebot@anthropic.com)"
216.73.216.158 - - [15/Dec/2025:03:20:49 -0800] "GET /robots.txt HTTP/2.0" 200 314 "-" "Mozilla/5.0 AppleWebKit/537.36 (KHTML, like Gecko; compatible; ClaudeBot/1.0; +claudebot@anthropic.com)"
216.73.216.158 - - [15/Dec/2025:03:20:54 -0800] "GET /xmlrpc.php?fileloc=%2F%2Fsys%2Fblock%2Fnbd6%2Fsubsystem%2Fmd127%2Fmd%2Frd0%2Fblock%2Fsubsystem%2Fnbd9%2Fqueue%2Fminimum_io_size&path=%2F%2Fsys%2Fblock%2Fnbd6%2Fsubsystem%2Fmd127%2Fmd%2Frd0%2Fblock%2Fsubsystem%2Fnbd9%2Fqueue HTTP/2.0" 429 278 "-" "Mozilla/5.0 AppleWebKit/537.36 (KHTML, like Gecko; compatible; ClaudeBot/1.0; +claudebot@anthropic.com)"
216.73.216.158 - - [15/Dec/2025:03:20:59 -0800] "GET /xmlrpc.php?path=%2F%2Fsys%2Fdevices%2Fpci0000%3Ac0%2F0000%3Ac0%3A08.0%2Fiommu%2Fdevices%2F0000%3Ac3%3A00.2%2Flink HTTP/2.0" 429 278 "-" "Mozilla/5.0 AppleWebKit/537.36 (KHTML, like Gecko; compatible; ClaudeBot/1.0; +claudebot@anthropic.com)"
207.46.13.14 - - [15/Dec/2025:03:21:00 -0800] "GET /wp-content/uploads/2021/03/Untitled-design-2.jpg HTTP/2.0" 200 90882 "-" "Mozilla/5.0 AppleWebKit/537.36 (KHTML, like Gecko; compatible; bingbot/2.0; +http://www.bing.com/bingbot.htm) Chrome/116.0.1938.76 Safari/537.36"
216.73.216.158 - - [15/Dec/2025:03:21:04 -0800] "GET /xmlrpc.php?path=%2F%2Fsys%2Fclass%2Fiommu%2Fivhd2%2Fdevices%2F0000%3A40%3A08.1%2Fsubsystem%2Fdrivers%2Fmpt3sas HTTP/2.0" 429 278 "-" "Mozilla/5.0 AppleWebKit/537.36 (KHTML, like Gecko; compatible; ClaudeBot/1.0; +claudebot@anthropic.com)"
216.73.216.158 - - [15/Dec/2025:03:21:09 -0800] "GET /xmlrpc.php?fileloc=%2F%2Fsys%2Fblock%2Fnbd6%2Fsubsystem%2Fmd127%2Fmd%2Frd0%2Fblock%2Fsubsystem%2Fnvme5n1%2Fqueue%2Fio_poll&path=%2F%2Fsys%2Fblock%2Fnbd6%2Fsubsystem%2Fmd127%2Fmd%2Frd0%2Fblock%2Fsubsystem%2Fnvme5n1%2Fqueue HTTP/2.0" 429 278 "-" "Mozilla/5.0 AppleWebKit/537.36 (KHTML, like Gecko; compatible; ClaudeBot/1.0; +claudebot@anthropic.com)"
216.73.216.158 - - [15/Dec/2025:03:21:14 -0800] "GET /xmlrpc.php?path=%2F%2Fsys%2Fclass%2Fiommu%2Fivhd2%2Fdevices%2F0000%3A48%3A00.3%2Fusbmon%2Fusbmon3%2Fsubsystem%2Fusbmon4%2Fsubsystem HTTP/2.0" 429 278 "-" "Mozilla/5.0 AppleWebKit/537.36 (KHTML, like Gecko; compatible; ClaudeBot/1.0; +claudebot@anthropic.com)"
216.73.216.158 - - [15/Dec/2025:03:21:19 -0800] "GET /xmlrpc.php?fileloc=%2F%2Fsys%2Fblock%2Fnbd6%2Fsubsystem%2Fnvme7n1%2Fsubsystem%2Fnbd0%2Fqueue%2Fiosched%2Ffront_merges&path=%2F%2Fsys%2Fblock%2Fnbd6%2Fsubsystem%2Fnvme7n1%2Fsubsystem%2Fnbd0%2Fqueue%2Fiosched HTTP/2.0" 429 278 "-" "Mozilla/5.0 AppleWebKit/537.36 (KHTML, like Gecko; compatible; ClaudeBot/1.0; +claudebot@anthropic.com)"
114.119.156.165 - - [15/Dec/2025:03:20:50 -0800] "GET /research/2wgzn.html HTTP/1.1" 200 8604 "https://lifeofcanada.com/sitemap456.xml" "Mozilla/5.0 (Linux; Android 7.0;) AppleWebKit/537.36 (KHTML, like Gecko) Mobile Safari/537.36 (compatible; PetalBot;+https://webmaster.petalsearch.com/site/petalbot)"
69.30.196.218 - - [15/Dec/2025:03:20:51 -0800] "GET /R-487ae47ad790ec1172024975e7df50c8 HTTP/1.1" 200 3502 "-" "-"
216.73.216.158 - - [15/Dec/2025:03:21:24 -0800] "GET /xmlrpc.php?fileloc=%2F%2Fsys%2Fdevices%2FLNXSYSTM%3A00%2Fsubsystem%2Fdevices%2Fdevice%3A118%2Fpath&path=%2F%2Fsys%2Fdevices%2FLNXSYSTM%3A00%2Fsubsystem%2Fdevices%2Fdevice%3A118 HTTP/2.0" 429 278 "-" "Mozilla/5.0 AppleWebKit/537.36 (KHTML, like Gecko; compatible; ClaudeBot/1.0; +claudebot@anthropic.com)"
216.73.216.158 - - [15/Dec/2025:03:21:29 -0800] "GET /xmlrpc.php?fileloc=%2F%2Fsys%2Fblock%2Fnbd6%2Fsubsystem%2Fnbd13%2Fsubsystem%2Fnbd3%2Fqueue%2Fzone_append_max_bytes&path=%2F%2Fsys%2Fblock%2Fnbd6%2Fsubsystem%2Fnbd13%2Fsubsystem%2Fnbd3%2Fqueue HTTP/2.0" 429 358 "-" "Mozilla/5.0 AppleWebKit/537.36 (KHTML, like Gecko; compatible; ClaudeBot/1.0; +claudebot@anthropic.com)"
216.73.216.158 - - [15/Dec/2025:03:21:34 -0800] "GET /xmlrpc.php?fileloc=%2F%2Fsys%2Fclass%2Fiommu%2Fivhd2%2Fdevices%2F0000%3A44%3A00.0%2Freset_method&path=%2F%2Fsys%2Fclass%2Fiommu%2Fivhd2%2Fdevices%2F0000%3A44%3A00.0 HTTP/2.0" 429 278 "-" "Mozilla/5.0 AppleWebKit/537.36 (KHTML, like Gecko; compatible; ClaudeBot/1.0; +claudebot@anthropic.com)"
92.205.209.78 - - [15/Dec/2025:03:21:38 -0800] "GET /wp-login.php HTTP/2.0" 429 351 "-" "Mozilla/5.0 (X11; Linux x86_64) AppleWebKit/537.36 (KHTML, like Gecko) Chrome/66.0.3359.139 Safari/537.36"
216.73.216.158 - - [15/Dec/2025:03:21:39 -0800] "GET /xmlrpc.php?fileloc=%2F%2Fsys%2Fkernel%2Firq%2F226%2Fchip_name&path=%2F%2Fsys%2Fkernel%2Firq%2F226 HTTP/2.0" 429 278 "-" "Mozilla/5.0 AppleWebKit/537.36 (KHTML, like Gecko; compatible; ClaudeBot/1.0; +claudebot@anthropic.com)"
216.73.216.158 - - [15/Dec/2025:03:21:44 -0800] "GET /xmlrpc.php?fileloc=%2F%2Fsys%2Fdevices%2FLNXSYSTM%3A00%2Fsubsystem%2Fdevices%2Fdevice%3Abd%2Fadr&path=%2F%2Fsys%2Fdevices%2FLNXSYSTM%3A00%2Fsubsystem%2Fdevices%2Fdevice%3Abd HTTP/2.0" 429 278 "-" "Mozilla/5.0 AppleWebKit/537.36 (KHTML, like Gecko; compatible; ClaudeBot/1.0; +claudebot@anthropic.com)"
216.73.216.158 - - [15/Dec/2025:03:21:49 -0800] "GET /xmlrpc.php?fileloc=%2F%2Fsys%2Fclass%2Fiommu%2Fivhd2%2Fdevices%2F0000%3A40%3A08.1%2Fdriver%2F0000%3A80%3A08.1%2Fdriver%2F0000%3A80%3A08.3%2Fdriver%2Funbind&path=%2F%2Fsys%2Fclass%2Fiommu%2Fivhd2%2Fdevices%2F0000%3A40%3A08.1%2Fdriver%2F0000%3A80%3A08.1%2Fdriver%2F0000%3A80%3A08.3%2Fdriver HTTP/2.0" 429 278 "-" "Mozilla/5.0 AppleWebKit/537.36 (KHTML, like Gecko; compatible; ClaudeBot/1.0; +claudebot@anthropic.com)"
216.73.216.158 - - [15/Dec/2025:03:21:54 -0800] "GET /xmlrpc.php?fileloc=%2F%2Fsys%2Fblock%2Fnbd6%2Fsubsystem%2Fnvme5n1%2Fdevice%2Fnvme5n1%2Fsubsystem%2Fnvme7n1%2Fqueue%2Fnr_requests&path=%2F%2Fsys%2Fblock%2Fnbd6%2Fsubsystem%2Fnvme5n1%2Fdevice%2Fnvme5n1%2Fsubsystem%2Fnvme7n1%2Fqueue HTTP/2.0" 429 278 "-" "Mozilla/5.0 AppleWebKit/537.36 (KHTML, like Gecko; compatible; ClaudeBot/1.0; +claudebot@anthropic.com)"
216.73.216.158 - - [15/Dec/2025:03:22:00 -0800] "GET /xmlrpc.php?fileloc=%2F%2Fsys%2Fclass%2Fnet%2Fphy0%2Fmaster%2Flower_phy1%2Fqueues%2Frx-15%2Frps_flow_cnt&path=%2F%2Fsys%2Fclass%2Fnet%2Fphy0%2Fmaster%2Flower_phy1%2Fqueues%2Frx-15 HTTP/2.0" 429 358 "-" "Mozilla/5.0 AppleWebKit/537.36 (KHTML, like Gecko; compatible; ClaudeBot/1.0; +claudebot@anthropic.com)"
66.249.69.225 - - [15/Dec/2025:03:20:58 -0800] "GET /church131?kg=22085 HTTP/1.1" 503 3818 "-" "Mozilla/5.0 (compatible; Googlebot/2.1; +http://www.google.com/bot.html)"
216.73.216.158 - - [15/Dec/2025:03:22:05 -0800] "GET /xmlrpc.php?fileloc=%2F%2Fsys%2Fclass%2Fnet%2Fphy0%2Fmaster%2Flower_phy1%2Fqueues%2Ftx-30%2Ftraffic_class&path=%2F%2Fsys%2Fclass%2Fnet%2Fphy0%2Fmaster%2Flower_phy1%2Fqueues%2Ftx-30 HTTP/2.0" 429 278 "-" "Mozilla/5.0 AppleWebKit/537.36 (KHTML, like Gecko; compatible; ClaudeBot/1.0; +claudebot@anthropic.com)"
69.30.214.206 - - [15/Dec/2025:03:21:04 -0800] "GET /wp-includes/blocks/post-terms/post-terms/index.php?of=1 HTTP/1.1" 503 3827 "-" "Mozilla/5.0 (Windows NT 10.0; Win64; x64) AppleWebKit/537.36 (KHTML, like Gecko) Chrome/75.0.3780 Safari/537.36 Edg/75.0.139"
216.73.216.158 - - [15/Dec/2025:03:22:10 -0800] "GET /xmlrpc.php?fileloc=%2F%2Fsys%2Fclass%2Fnet%2Fphy0%2Fmaster%2Flower_phy1%2Fqueues%2Ftx-14%2Ftx_maxrate&path=%2F%2Fsys%2Fclass%2Fnet%2Fphy0%2Fmaster%2Flower_phy1%2Fqueues%2Ftx-14 HTTP/2.0" 429 278 "-" "Mozilla/5.0 AppleWebKit/537.36 (KHTML, like Gecko; compatible; ClaudeBot/1.0; +claudebot@anthropic.com)"
92.205.209.78 - - [15/Dec/2025:03:22:13 -0800] "POST /wp-login.php HTTP/2.0" 429 351 "https://lifeofcanada.com/wp-login.php" "Mozilla/5.0 (X11; Linux x86_64) AppleWebKit/537.36 (KHTML, like Gecko) Chrome/66.0.3359.139 Safari/537.36"
216.73.216.158 - - [15/Dec/2025:03:22:15 -0800] "GET /xmlrpc.php?fileloc=%2F%2Fsys%2Fclass%2Fnet%2Fphy0%2Fmaster%2Flower_phy1%2Fqueues%2Ftx-27%2Ftraffic_class&path=%2F%2Fsys%2Fclass%2Fnet%2Fphy0%2Fmaster%2Flower_phy1%2Fqueues%2Ftx-27 HTTP/2.0" 429 278 "-" "Mozilla/5.0 AppleWebKit/537.36 (KHTML, like Gecko; compatible; ClaudeBot/1.0; +claudebot@anthropic.com)"
216.73.216.158 - - [15/Dec/2025:03:22:20 -0800] "GET /xmlrpc.php?fileloc=%2F%2Fsys%2Fclass%2Fnet%2Fphy0%2Fmaster%2Flower_phy1%2Fqueues%2Ftx-21%2Ftx_maxrate&path=%2F%2Fsys%2Fclass%2Fnet%2Fphy0%2Fmaster%2Flower_phy1%2Fqueues%2Ftx-21 HTTP/2.0" 429 278 "-" "Mozilla/5.0 AppleWebKit/537.36 (KHTML, like Gecko; compatible; ClaudeBot/1.0; +claudebot@anthropic.com)"
