69.30.196.218 - - [15/Dec/2025:02:26:13 -0800] "GET /R-487ae47ad790ec1172024975e7df50c8 HTTP/1.1" 200 3502 "-" "-"
217.182.195.176 - - [15/Dec/2025:02:26:13 -0800] "GET /author/manpreet/feed/?fileloc=//lib/locale/lzh_TW/LC_COLLATE&path=//lib/locale/lzh_TW HTTP/1.1" 200 407976 "-" "Mozilla/5.0 (compatible; MJ12bot/v1.4.8; http://mj12bot.com/)"
69.30.196.218 - - [15/Dec/2025:02:26:16 -0800] "GET /R-487ae47ad790ec1172024975e7df50c8 HTTP/1.1" 200 3502 "-" "-"
217.182.195.176 - - [15/Dec/2025:02:26:16 -0800] "GET /author/manpreet/feed/?fileloc=//lib/locale/mai_IN/LC_COLLATE&path=//lib/locale/mai_IN HTTP/1.1" 200 407535 "-" "Mozilla/5.0 (compatible; MJ12bot/v1.4.8; http://mj12bot.com/)"
69.30.196.218 - - [15/Dec/2025:02:26:19 -0800] "GET /R-487ae47ad790ec1172024975e7df50c8 HTTP/1.1" 200 3502 "-" "-"
217.182.195.176 - - [15/Dec/2025:02:26:18 -0800] "GET /author/manpreet/feed/?fileloc=//lib/locale/mai_NP/LC_COLLATE&path=//lib/locale/mai_NP HTTP/1.1" 200 407974 "-" "Mozilla/5.0 (compatible; MJ12bot/v1.4.8; http://mj12bot.com/)"
69.30.196.218 - - [15/Dec/2025:02:26:21 -0800] "GET /R-487ae47ad790ec1172024975e7df50c8 HTTP/1.1" 200 3502 "-" "-"
217.182.195.176 - - [15/Dec/2025:02:26:21 -0800] "GET /author/manpreet/feed/?fileloc=//lib/locale/nl_AW/LC_COLLATE&path=//lib/locale/nl_AW HTTP/1.1" 200 407943 "-" "Mozilla/5.0 (compatible; MJ12bot/v1.4.8; http://mj12bot.com/)"
69.30.196.218 - - [15/Dec/2025:02:26:24 -0800] "GET /R-487ae47ad790ec1172024975e7df50c8 HTTP/1.1" 200 3502 "-" "-"
217.182.195.176 - - [15/Dec/2025:02:26:24 -0800] "GET /author/manpreet/feed/?fileloc=//lib/python3/dist-packages/botocore/data/iot/2015-05-28/service-2.json&path=//lib/python3/dist-packages/botocore/data/iot/2015-05-28 HTTP/1.1" 200 119039 "-" "Mozilla/5.0 (compatible; MJ12bot/v1.4.8; http://mj12bot.com/)"
69.30.196.218 - - [15/Dec/2025:02:26:26 -0800] "GET /R-487ae47ad790ec1172024975e7df50c8 HTTP/1.1" 200 3502 "-" "-"
217.182.195.176 - - [15/Dec/2025:02:26:26 -0800] "GET /author/manpreet/feed/?fileloc=//lib/python3/dist-packages/botocore/data/sagemaker/2017-07-24/service-2.json&path=//lib/python3/dist-packages/botocore/data/sagemaker/2017-07-24 HTTP/1.1" 200 225524 "-" "Mozilla/5.0 (compatible; MJ12bot/v1.4.8; http://mj12bot.com/)"
69.30.196.218 - - [15/Dec/2025:02:26:29 -0800] "GET /R-487ae47ad790ec1172024975e7df50c8 HTTP/1.1" 200 3502 "-" "-"
217.182.195.176 - - [15/Dec/2025:02:26:29 -0800] "GET /author/manpreet/feed/?fileloc=//lib/python3/dist-packages/botocore/data/ssm/2014-11-06/service-2.json&path=//lib/python3/dist-packages/botocore/data/ssm/2014-11-06 HTTP/1.1" 200 139363 "-" "Mozilla/5.0 (compatible; MJ12bot/v1.4.8; http://mj12bot.com/)"
69.30.196.218 - - [15/Dec/2025:02:26:31 -0800] "GET /R-487ae47ad790ec1172024975e7df50c8 HTTP/1.1" 200 3502 "-" "-"
114.119.128.127 - - [15/Dec/2025:02:26:31 -0800] "GET /research/author/research/3241y.html HTTP/1.1" 200 8604 "https://lifeofcanada.com/sitemap272.xml" "Mozilla/5.0 (Linux; Android 7.0;) AppleWebKit/537.36 (KHTML, like Gecko) Mobile Safari/537.36 (compatible; PetalBot;+https://webmaster.petalsearch.com/site/petalbot)"
69.30.196.218 - - [15/Dec/2025:02:26:32 -0800] "GET /R-487ae47ad790ec1172024975e7df50c8 HTTP/1.1" 200 3502 "-" "-"
217.182.195.176 - - [15/Dec/2025:02:26:32 -0800] "GET /author/manpreet/feed/?fileloc=//lib/python3/dist-packages/django/contrib/admin/static/admin/js/vendor/select2/i18n/de.js&path=//lib/python3/dist-packages/django/contrib/admin/static/admin/js/vendor/select2/i18n HTTP/1.1" 200 6484 "-" "Mozilla/5.0 (compatible; MJ12bot/v1.4.8; http://mj12bot.com/)"
216.73.216.158 - - [15/Dec/2025:02:26:33 -0800] "GET /xmlrpc.php?fileloc=%2F%2Fsys%2Fblock%2Fnbd6%2Fsubsystem%2Fnbd4%2Fsubsystem%2Fnvme5n1%2Fintegrity%2Fdevice_is_integrity_capable&path=%2F%2Fsys%2Fblock%2Fnbd6%2Fsubsystem%2Fnbd4%2Fsubsystem%2Fnvme5n1%2Fintegrity HTTP/2.0" 200 2697 "-" "Mozilla/5.0 AppleWebKit/537.36 (KHTML, like Gecko; compatible; ClaudeBot/1.0; +claudebot@anthropic.com)"
216.73.216.158 - - [15/Dec/2025:02:26:35 -0800] "GET /xmlrpc.php?fileloc=%2F%2Fsys%2Fclass%2Fiommu%2Fivhd2%2Fdevices%2F0000%3A40%3A08.1%2Fsubsystem%2Fdevices%2F0000%3A00%3A14.3%2Firq&path=%2F%2Fsys%2Fclass%2Fiommu%2Fivhd2%2Fdevices%2F0000%3A40%3A08.1%2Fsubsystem%2Fdevices%2F0000%3A00%3A14.3 HTTP/2.0" 200 2704 "-" "Mozilla/5.0 AppleWebKit/537.36 (KHTML, like Gecko; compatible; ClaudeBot/1.0; +claudebot@anthropic.com)"
69.30.196.218 - - [15/Dec/2025:02:26:36 -0800] "GET /R-487ae47ad790ec1172024975e7df50c8 HTTP/1.1" 200 3502 "-" "-"
217.182.195.176 - - [15/Dec/2025:02:26:35 -0800] "GET /author/manpreet/feed/?fileloc=//lib/python3/dist-packages/django/contrib/admin/static/admin/js/vendor/select2/i18n/dsb.js&path=//lib/python3/dist-packages/django/contrib/admin/static/admin/js/vendor/select2/i18n HTTP/1.1" 200 6574 "-" "Mozilla/5.0 (compatible; MJ12bot/v1.4.8; http://mj12bot.com/)"
69.30.196.218 - - [15/Dec/2025:02:26:38 -0800] "GET /R-487ae47ad790ec1172024975e7df50c8 HTTP/1.1" 200 3502 "-" "-"
217.182.195.176 - - [15/Dec/2025:02:26:38 -0800] "GET /author/manpreet/feed/?fileloc=//lib/python3/dist-packages/django/contrib/admin/static/admin/js/vendor/select2/i18n/lt.js&path=//lib/python3/dist-packages/django/contrib/admin/static/admin/js/vendor/select2/i18n HTTP/1.1" 200 6543 "-" "Mozilla/5.0 (compatible; MJ12bot/v1.4.8; http://mj12bot.com/)"
69.30.196.218 - - [15/Dec/2025:02:26:41 -0800] "GET /R-487ae47ad790ec1172024975e7df50c8 HTTP/1.1" 200 3502 "-" "-"
217.182.195.176 - - [15/Dec/2025:02:26:41 -0800] "GET /author/manpreet/feed/?fileloc=//lib/python3/dist-packages/django/contrib/flatpages/locale/gd/LC_MESSAGES/django.po&path=//lib/python3/dist-packages/django/contrib/flatpages/locale/gd/LC_MESSAGES HTTP/1.1" 200 7208 "-" "Mozilla/5.0 (compatible; MJ12bot/v1.4.8; http://mj12bot.com/)"
69.30.196.218 - - [15/Dec/2025:02:26:44 -0800] "GET /R-487ae47ad790ec1172024975e7df50c8 HTTP/1.1" 200 3502 "-" "-"
217.182.195.176 - - [15/Dec/2025:02:26:43 -0800] "GET /author/manpreet/feed/?fileloc=//lib/python3/dist-packages/django/contrib/flatpages/locale/gl/LC_MESSAGES/django.mo&path=//lib/python3/dist-packages/django/contrib/flatpages/locale/gl/LC_MESSAGES HTTP/1.1" 200 7115 "-" "Mozilla/5.0 (compatible; MJ12bot/v1.4.8; http://mj12bot.com/)"
69.30.196.218 - - [15/Dec/2025:02:26:47 -0800] "GET /R-487ae47ad790ec1172024975e7df50c8 HTTP/1.1" 200 3502 "-" "-"
217.182.195.176 - - [15/Dec/2025:02:26:46 -0800] "GET /author/manpreet/feed/?fileloc=//lib/python3/dist-packages/django/contrib/flatpages/locale/gl/LC_MESSAGES/django.po&path=//lib/python3/dist-packages/django/contrib/flatpages/locale/gl/LC_MESSAGES HTTP/1.1" 200 7139 "-" "Mozilla/5.0 (compatible; MJ12bot/v1.4.8; http://mj12bot.com/)"
69.30.196.218 - - [15/Dec/2025:02:26:49 -0800] "GET /R-487ae47ad790ec1172024975e7df50c8 HTTP/1.1" 200 3502 "-" "-"
217.182.195.176 - - [15/Dec/2025:02:26:49 -0800] "GET /author/manpreet/feed/?fileloc=//lib/python3/dist-packages/django/contrib/flatpages/locale/he/LC_MESSAGES/django.mo&path=//lib/python3/dist-packages/django/contrib/flatpages/locale/he/LC_MESSAGES HTTP/1.1" 200 7284 "-" "Mozilla/5.0 (compatible; MJ12bot/v1.4.8; http://mj12bot.com/)"
69.30.196.218 - - [15/Dec/2025:02:26:51 -0800] "GET /R-487ae47ad790ec1172024975e7df50c8 HTTP/1.1" 200 3502 "-" "-"
217.182.195.176 - - [15/Dec/2025:02:26:51 -0800] "GET /author/manpreet/feed/?fileloc=//lib/python3/dist-packages/django/contrib/flatpages/locale/he/LC_MESSAGES/django.po&path=//lib/python3/dist-packages/django/contrib/flatpages/locale/he/LC_MESSAGES HTTP/1.1" 200 7330 "-" "Mozilla/5.0 (compatible; MJ12bot/v1.4.8; http://mj12bot.com/)"
69.30.196.218 - - [15/Dec/2025:02:26:54 -0800] "GET /R-487ae47ad790ec1172024975e7df50c8 HTTP/1.1" 200 3502 "-" "-"
217.182.195.176 - - [15/Dec/2025:02:26:54 -0800] "GET /author/manpreet/feed/?fileloc=//lib/python3/dist-packages/django/contrib/flatpages/locale/hi/LC_MESSAGES/django.mo&path=//lib/python3/dist-packages/django/contrib/flatpages/locale/hi/LC_MESSAGES HTTP/1.1" 200 7353 "-" "Mozilla/5.0 (compatible; MJ12bot/v1.4.8; http://mj12bot.com/)"
69.30.196.218 - - [15/Dec/2025:02:26:56 -0800] "GET /R-487ae47ad790ec1172024975e7df50c8 HTTP/1.1" 200 3502 "-" "-"
217.182.195.176 - - [15/Dec/2025:02:26:56 -0800] "GET /author/manpreet/feed/?fileloc=//lib/python3/dist-packages/django/contrib/flatpages/locale/hi/LC_MESSAGES/django.po&path=//lib/python3/dist-packages/django/contrib/flatpages/locale/hi/LC_MESSAGES HTTP/1.1" 200 7368 "-" "Mozilla/5.0 (compatible; MJ12bot/v1.4.8; http://mj12bot.com/)"
66.249.69.224 - - [15/Dec/2025:02:26:58 -0800] "GET /formula76?kg=24302 HTTP/1.1" 302 3655 "-" "Mozilla/5.0 (Linux; Android 6.0.1; Nexus 5X Build/MMB29P) AppleWebKit/537.36 (KHTML, like Gecko) Chrome/141.0.7390.122 Mobile Safari/537.36 (compatible; Googlebot/2.1; +http://www.google.com/bot.html)"
66.249.69.224 - - [15/Dec/2025:02:26:58 -0800] "GET /formula76?kg=24302 HTTP/1.1" 302 3655 "-" "Mozilla/5.0 (compatible; Googlebot/2.1; +http://www.google.com/bot.html)"
69.30.196.218 - - [15/Dec/2025:02:26:59 -0800] "GET /R-487ae47ad790ec1172024975e7df50c8 HTTP/1.1" 200 3502 "-" "-"
217.182.195.176 - - [15/Dec/2025:02:26:58 -0800] "GET /author/manpreet/feed/?fileloc=//lib/python3/dist-packages/django/contrib/flatpages/locale/hr/LC_MESSAGES/django.mo&path=//lib/python3/dist-packages/django/contrib/flatpages/locale/hr/LC_MESSAGES HTTP/1.1" 200 7237 "-" "Mozilla/5.0 (compatible; MJ12bot/v1.4.8; http://mj12bot.com/)"
69.30.196.218 - - [15/Dec/2025:02:27:01 -0800] "GET /R-487ae47ad790ec1172024975e7df50c8 HTTP/1.1" 200 3502 "-" "-"
217.182.195.176 - - [15/Dec/2025:02:27:01 -0800] "GET /author/manpreet/feed/?fileloc=//lib/python3/dist-packages/django/contrib/flatpages/locale/hr/LC_MESSAGES/django.po&path=//lib/python3/dist-packages/django/contrib/flatpages/locale/hr/LC_MESSAGES HTTP/1.1" 200 7220 "-" "Mozilla/5.0 (compatible; MJ12bot/v1.4.8; http://mj12bot.com/)"
69.30.196.218 - - [15/Dec/2025:02:27:03 -0800] "GET /R-487ae47ad790ec1172024975e7df50c8 HTTP/1.1" 200 3502 "-" "-"
217.182.195.176 - - [15/Dec/2025:02:27:03 -0800] "GET /author/manpreet/feed/?fileloc=//lib/python3/dist-packages/django/contrib/flatpages/locale/hsb/LC_MESSAGES/django.mo&path=//lib/python3/dist-packages/django/contrib/flatpages/locale/hsb/LC_MESSAGES HTTP/1.1" 200 7292 "-" "Mozilla/5.0 (compatible; MJ12bot/v1.4.8; http://mj12bot.com/)"
216.73.216.158 - - [15/Dec/2025:02:27:04 -0800] "GET /xmlrpc.php?path=%2F%2Fsys%2Fblock%2Fnbd6%2Fsubsystem%2Fnbd11%2Fsubsystem%2Fnvme3n1%2Fsubsystem%2Fnbd3 HTTP/2.0" 200 4066 "-" "Mozilla/5.0 AppleWebKit/537.36 (KHTML, like Gecko; compatible; ClaudeBot/1.0; +claudebot@anthropic.com)"
177.105.77.61 - - [15/Dec/2025:02:27:04 -0800] "GET /?_bd_prev_page=https%3A%2F%2Flifeofcanada.com%2Fselect.asp%3Fproducts%2F85vs584&_bdsid=4swpu4.n~YQRSB.177380712.177776564&_gl=1%2Ahynaj70%2A_ga%2ATMSKVZrXzUDBOnTeLtoUgmdrCySt%2A_ga_BNBERAPTA%2A9NDmdbpWZ1Un1ieFsTRzl8Ggg34STQ7WB4bGLT5voFIPJky6fy6Kee6.%2A_gcl_au%3D1.1.199618210.179806620%2A_gcl_aw%3DAPA.179209415.kcsl5JGZeT5iMdSC7VutGzIA4Ouwt2WAYapINN4AnWwO3aZerjUYLC1Y94SpANbRUCqwaf5zUWnIY3bxgND9at6oMm..&_gz=2.192871248.190793713.172170209-866116545.167451343 HTTP/1.1" 302 3670 "-" "Mozilla/5.0 (Macintosh; Intel Mac OS X 10_14_3) AppleWebKit/537.36 (KHTML, like Gecko) Brave Chrome/79.0.3945.88 Safari/537.36"
69.30.214.206 - - [15/Dec/2025:02:27:04 -0800] "GET /ehc/mvr/mvr/index.php?ARRAY=7o2230223n313736353739383032342p2231223n22687474703n5p2s5p2s736875692q31627n6979722r747936382r6s72675p2s3s6p633q7068705s636s64655s6n6326743q313736353739343432342q6430636237383161626130326363653933643165626436346435323833636166222p2232223n223961333431396433613035313036326138373539316234626337633034353234222p2233223n226638613531633563383166656138353739393038393634373032363437643264222p2262696r675s70617373223n2231312q34372q35372q36342q37312q38382q3135227q HTTP/1.1" 302 3550 "-" "Mozilla/5.0 (Linux; Android 10; Z832 Build/MMB29M) AppleWebKit/537.36 (KHTML, like Gecko) Chrome/85.0.4183.83 Mobile Safari/537.36"
69.30.196.218 - - [15/Dec/2025:02:27:06 -0800] "GET /R-487ae47ad790ec1172024975e7df50c8 HTTP/1.1" 200 3502 "-" "-"
217.182.195.176 - - [15/Dec/2025:02:27:05 -0800] "GET /author/manpreet/feed/?fileloc=//lib/python3/dist-packages/django/contrib/flatpages/locale/hsb/LC_MESSAGES/django.po&path=//lib/python3/dist-packages/django/contrib/flatpages/locale/hsb/LC_MESSAGES HTTP/1.1" 200 7227 "-" "Mozilla/5.0 (compatible; MJ12bot/v1.4.8; http://mj12bot.com/)"
216.73.216.158 - - [15/Dec/2025:02:27:06 -0800] "GET /xmlrpc.php?fileloc=%2F%2Fsys%2Fblock%2Fnbd6%2Fsubsystem%2Fnbd0%2Fsubsystem%2Fnbd1%2Fsubsystem%2Fnbd9%2Fqueue%2Fio_poll_delay&path=%2F%2Fsys%2Fblock%2Fnbd6%2Fsubsystem%2Fnbd0%2Fsubsystem%2Fnbd1%2Fsubsystem%2Fnbd9%2Fqueue HTTP/2.0" 200 2698 "-" "Mozilla/5.0 AppleWebKit/537.36 (KHTML, like Gecko; compatible; ClaudeBot/1.0; +claudebot@anthropic.com)"
69.30.196.218 - - [15/Dec/2025:02:27:08 -0800] "GET /R-487ae47ad790ec1172024975e7df50c8 HTTP/1.1" 200 3502 "-" "-"
217.182.195.176 - - [15/Dec/2025:02:27:08 -0800] "GET /author/manpreet/feed/?fileloc=//lib/python3/dist-packages/django/contrib/flatpages/locale/hu/LC_MESSAGES/django.mo&path=//lib/python3/dist-packages/django/contrib/flatpages/locale/hu/LC_MESSAGES HTTP/1.1" 200 7315 "-" "Mozilla/5.0 (compatible; MJ12bot/v1.4.8; http://mj12bot.com/)"
69.30.196.218 - - [15/Dec/2025:02:27:10 -0800] "GET /R-487ae47ad790ec1172024975e7df50c8 HTTP/1.1" 200 3502 "-" "-"
217.182.195.176 - - [15/Dec/2025:02:27:10 -0800] "GET /author/manpreet/feed/?fileloc=//lib/python3/dist-packages/django/contrib/flatpages/locale/hu/LC_MESSAGES/django.po&path=//lib/python3/dist-packages/django/contrib/flatpages/locale/hu/LC_MESSAGES HTTP/1.1" 200 7328 "-" "Mozilla/5.0 (compatible; MJ12bot/v1.4.8; http://mj12bot.com/)"
69.30.196.218 - - [15/Dec/2025:02:27:13 -0800] "GET /R-487ae47ad790ec1172024975e7df50c8 HTTP/1.1" 200 3502 "-" "-"
217.182.195.176 - - [15/Dec/2025:02:27:12 -0800] "GET /author/manpreet/feed/?fileloc=//lib/python3/dist-packages/django/contrib/flatpages/locale/hy/LC_MESSAGES/django.mo&path=//lib/python3/dist-packages/django/contrib/flatpages/locale/hy/LC_MESSAGES HTTP/1.1" 200 7333 "-" "Mozilla/5.0 (compatible; MJ12bot/v1.4.8; http://mj12bot.com/)"
69.30.196.218 - - [15/Dec/2025:02:27:15 -0800] "GET /R-487ae47ad790ec1172024975e7df50c8 HTTP/1.1" 200 3502 "-" "-"
217.182.195.176 - - [15/Dec/2025:02:27:15 -0800] "GET /author/manpreet/feed/?fileloc=//lib/python3/dist-packages/django/contrib/flatpages/locale/hy/LC_MESSAGES/django.po&path=//lib/python3/dist-packages/django/contrib/flatpages/locale/hy/LC_MESSAGES HTTP/1.1" 200 7262 "-" "Mozilla/5.0 (compatible; MJ12bot/v1.4.8; http://mj12bot.com/)"
69.30.196.218 - - [15/Dec/2025:02:27:17 -0800] "GET /R-487ae47ad790ec1172024975e7df50c8 HTTP/1.1" 200 3502 "-" "-"
217.182.195.176 - - [15/Dec/2025:02:27:17 -0800] "GET /author/manpreet/feed/?fileloc=//lib/python3/dist-packages/django/contrib/flatpages/locale/ia/LC_MESSAGES/django.mo&path=//lib/python3/dist-packages/django/contrib/flatpages/locale/ia/LC_MESSAGES HTTP/1.1" 200 6339 "-" "Mozilla/5.0 (compatible; MJ12bot/v1.4.8; http://mj12bot.com/)"
66.249.69.225 - - [15/Dec/2025:02:27:18 -0800] "GET /products/110nr10955 HTTP/1.1" 302 3655 "-" "Mozilla/5.0 (Linux; Android 6.0.1; Nexus 5X Build/MMB29P) AppleWebKit/537.36 (KHTML, like Gecko) Chrome/141.0.7390.122 Mobile Safari/537.36 (compatible; Googlebot/2.1; +http://www.google.com/bot.html)"
69.30.196.218 - - [15/Dec/2025:02:27:20 -0800] "GET /R-487ae47ad790ec1172024975e7df50c8 HTTP/1.1" 200 3502 "-" "-"
217.182.195.176 - - [15/Dec/2025:02:27:19 -0800] "GET /author/manpreet/feed/?fileloc=//lib/python3/dist-packages/django/contrib/flatpages/locale/ia/LC_MESSAGES/django.po&path=//lib/python3/dist-packages/django/contrib/flatpages/locale/ia/LC_MESSAGES HTTP/1.1" 200 6747 "-" "Mozilla/5.0 (compatible; MJ12bot/v1.4.8; http://mj12bot.com/)"
69.30.196.218 - - [15/Dec/2025:02:27:21 -0800] "GET /R-487ae47ad790ec1172024975e7df50c8 HTTP/1.1" 200 3502 "-" "-"
217.182.195.176 - - [15/Dec/2025:02:27:21 -0800] "GET /author/manpreet/feed/?fileloc=//lib/python3/dist-packages/django/contrib/flatpages/locale/id/LC_MESSAGES/django.mo&path=//lib/python3/dist-packages/django/contrib/flatpages/locale/id/LC_MESSAGES HTTP/1.1" 200 7154 "-" "Mozilla/5.0 (compatible; MJ12bot/v1.4.8; http://mj12bot.com/)"
69.30.196.218 - - [15/Dec/2025:02:27:24 -0800] "GET /R-487ae47ad790ec1172024975e7df50c8 HTTP/1.1" 200 3502 "-" "-"
217.182.195.176 - - [15/Dec/2025:02:27:24 -0800] "GET /author/manpreet/feed/?fileloc=//lib/python3/dist-packages/django/contrib/flatpages/locale/id/LC_MESSAGES/django.po&path=//lib/python3/dist-packages/django/contrib/flatpages/locale/id/LC_MESSAGES HTTP/1.1" 200 7144 "-" "Mozilla/5.0 (compatible; MJ12bot/v1.4.8; http://mj12bot.com/)"
69.30.196.218 - - [15/Dec/2025:02:27:26 -0800] "GET /R-487ae47ad790ec1172024975e7df50c8 HTTP/1.1" 200 3502 "-" "-"
217.182.195.176 - - [15/Dec/2025:02:27:26 -0800] "GET /author/manpreet/feed/?fileloc=//lib/python3/dist-packages/django/contrib/flatpages/locale/io/LC_MESSAGES/django.mo&path=//lib/python3/dist-packages/django/contrib/flatpages/locale/io/LC_MESSAGES HTTP/1.1" 200 6305 "-" "Mozilla/5.0 (compatible; MJ12bot/v1.4.8; http://mj12bot.com/)"
69.30.196.218 - - [15/Dec/2025:02:27:28 -0800] "GET /R-487ae47ad790ec1172024975e7df50c8 HTTP/1.1" 200 3502 "-" "-"
217.182.195.176 - - [15/Dec/2025:02:27:28 -0800] "GET /author/manpreet/feed/?fileloc=//lib/python3/dist-packages/django/contrib/flatpages/locale/io/LC_MESSAGES/django.po&path=//lib/python3/dist-packages/django/contrib/flatpages/locale/io/LC_MESSAGES HTTP/1.1" 200 6732 "-" "Mozilla/5.0 (compatible; MJ12bot/v1.4.8; http://mj12bot.com/)"
69.30.196.218 - - [15/Dec/2025:02:27:30 -0800] "GET /R-487ae47ad790ec1172024975e7df50c8 HTTP/1.1" 200 3502 "-" "-"
217.182.195.176 - - [15/Dec/2025:02:27:30 -0800] "GET /author/manpreet/feed/?fileloc=//lib/python3/dist-packages/django/contrib/flatpages/locale/is/LC_MESSAGES/django.mo&path=//lib/python3/dist-packages/django/contrib/flatpages/locale/is/LC_MESSAGES HTTP/1.1" 200 7243 "-" "Mozilla/5.0 (compatible; MJ12bot/v1.4.8; http://mj12bot.com/)"
41.132.28.34 - - [15/Dec/2025:02:27:31 -0800] "GET /?_bd_prev_page=https%3A%2F%2Flifeofcanada.com%2Fselect.asp%3Fkingdom179%3Fkg%3D39293&_bdsid=4swpu4.n~YQRSB.177380712.177776564&_gl=1%2Ahynaj70%2A_ga%2ATMSKVZrXzUDBOnTeLtoUgmdrCySt%2A_ga_BNBERAPTA%2A9NDmdbpWZ1Un1ieFsTRzl8Ggg34STQ7WB4bGLT5voFIPJky6fy6Kee6.%2A_gcl_au%3D1.1.199618210.179806620%2A_gcl_aw%3DAPA.179209415.kcsl5JGZeT5iMdSC7VutGzIA4Ouwt2WAYapINN4AnWwO3aZerjUYLC1Y94SpANbRUCqwaf5zUWnIY3bxgND9at6oMm..&_gz=2.192871248.190793713.172170209-866116545.167451343 HTTP/1.1" 302 3670 "-" "Mozilla/5.0 (Macintosh; Intel Mac OS X 10_13_6) AppleWebKit/537.36 (KHTML, like Gecko) Chrome/80.0.3987.106 Safari/537.36"
69.30.196.218 - - [15/Dec/2025:02:27:33 -0800] "GET /R-487ae47ad790ec1172024975e7df50c8 HTTP/1.1" 200 3502 "-" "-"
217.182.195.176 - - [15/Dec/2025:02:27:32 -0800] "GET /author/manpreet/feed/?fileloc=//lib/python3/dist-packages/django/contrib/flatpages/locale/is/LC_MESSAGES/django.po&path=//lib/python3/dist-packages/django/contrib/flatpages/locale/is/LC_MESSAGES HTTP/1.1" 200 7228 "-" "Mozilla/5.0 (compatible; MJ12bot/v1.4.8; http://mj12bot.com/)"
192.178.6.104 - - [15/Dec/2025:02:27:34 -0800] "GET /439291138 HTTP/1.1" 302 3655 "-" "Mozilla/5.0 (Linux; Android 6.0.1; Nexus 5X Build/MMB29P) AppleWebKit/537.36 (KHTML, like Gecko) Chrome/141.0.7390.122 Mobile Safari/537.36 (compatible; Googlebot/2.1; +http://www.google.com/bot.html)"
69.30.196.218 - - [15/Dec/2025:02:27:35 -0800] "GET /R-487ae47ad790ec1172024975e7df50c8 HTTP/1.1" 200 3502 "-" "-"
217.182.195.176 - - [15/Dec/2025:02:27:35 -0800] "GET /author/manpreet/feed/?fileloc=//lib/python3/dist-packages/django/contrib/flatpages/locale/it/LC_MESSAGES/django.mo&path=//lib/python3/dist-packages/django/contrib/flatpages/locale/it/LC_MESSAGES HTTP/1.1" 200 7174 "-" "Mozilla/5.0 (compatible; MJ12bot/v1.4.8; http://mj12bot.com/)"
216.73.216.158 - - [15/Dec/2025:02:27:35 -0800] "GET /xmlrpc.php?path=%2F%2Fsys%2Fblock%2Fnvme5n1%2Fsubsystem%2Fnbd8 HTTP/2.0" 200 4001 "-" "Mozilla/5.0 AppleWebKit/537.36 (KHTML, like Gecko; compatible; ClaudeBot/1.0; +claudebot@anthropic.com)"
69.30.196.218 - - [15/Dec/2025:02:27:37 -0800] "GET /R-487ae47ad790ec1172024975e7df50c8 HTTP/1.1" 200 3502 "-" "-"
217.182.195.176 - - [15/Dec/2025:02:27:37 -0800] "GET /author/manpreet/feed/?fileloc=//lib/python3/dist-packages/django/contrib/flatpages/locale/it/LC_MESSAGES/django.po&path=//lib/python3/dist-packages/django/contrib/flatpages/locale/it/LC_MESSAGES HTTP/1.1" 200 7200 "-" "Mozilla/5.0 (compatible; MJ12bot/v1.4.8; http://mj12bot.com/)"
69.30.196.218 - - [15/Dec/2025:02:27:39 -0800] "GET /R-487ae47ad790ec1172024975e7df50c8 HTTP/1.1" 200 3502 "-" "-"
217.182.195.176 - - [15/Dec/2025:02:27:39 -0800] "GET /author/manpreet/feed/?fileloc=//lib/python3/dist-packages/django/contrib/flatpages/locale/ja/LC_MESSAGES/django.mo&path=//lib/python3/dist-packages/django/contrib/flatpages/locale/ja/LC_MESSAGES HTTP/1.1" 200 7319 "-" "Mozilla/5.0 (compatible; MJ12bot/v1.4.8; http://mj12bot.com/)"
66.249.69.225 - - [15/Dec/2025:02:27:40 -0800] "GET /products/12ch85 HTTP/1.1" 302 3655 "-" "Mozilla/5.0 (Linux; Android 6.0.1; Nexus 5X Build/MMB29P) AppleWebKit/537.36 (KHTML, like Gecko) Chrome/141.0.7390.122 Mobile Safari/537.36 (compatible; Googlebot/2.1; +http://www.google.com/bot.html)"
66.249.69.224 - - [15/Dec/2025:02:27:40 -0800] "GET /products/12ch85 HTTP/1.1" 302 3655 "-" "Mozilla/5.0 (compatible; Googlebot/2.1; +http://www.google.com/bot.html)"
69.30.196.218 - - [15/Dec/2025:02:27:41 -0800] "GET /R-487ae47ad790ec1172024975e7df50c8 HTTP/1.1" 200 3502 "-" "-"
217.182.195.176 - - [15/Dec/2025:02:27:41 -0800] "GET /author/manpreet/feed/?fileloc=//lib/python3/dist-packages/django/contrib/flatpages/locale/ja/LC_MESSAGES/django.po&path=//lib/python3/dist-packages/django/contrib/flatpages/locale/ja/LC_MESSAGES HTTP/1.1" 200 7356 "-" "Mozilla/5.0 (compatible; MJ12bot/v1.4.8; http://mj12bot.com/)"
69.30.196.218 - - [15/Dec/2025:02:27:44 -0800] "GET /R-487ae47ad790ec1172024975e7df50c8 HTTP/1.1" 200 3502 "-" "-"
217.182.195.176 - - [15/Dec/2025:02:27:43 -0800] "GET /author/manpreet/feed/?fileloc=//lib/python3/dist-packages/django/contrib/flatpages/locale/ka/LC_MESSAGES/django.mo&path=//lib/python3/dist-packages/django/contrib/flatpages/locale/ka/LC_MESSAGES HTTP/1.1" 200 7325 "-" "Mozilla/5.0 (compatible; MJ12bot/v1.4.8; http://mj12bot.com/)"
69.30.196.218 - - [15/Dec/2025:02:27:46 -0800] "GET /R-487ae47ad790ec1172024975e7df50c8 HTTP/1.1" 200 3502 "-" "-"
217.182.195.176 - - [15/Dec/2025:02:27:45 -0800] "GET /author/manpreet/feed/?fileloc=//lib/python3/dist-packages/django/contrib/flatpages/locale/ka/LC_MESSAGES/django.po&path=//lib/python3/dist-packages/django/contrib/flatpages/locale/ka/LC_MESSAGES HTTP/1.1" 200 7355 "-" "Mozilla/5.0 (compatible; MJ12bot/v1.4.8; http://mj12bot.com/)"
69.30.196.218 - - [15/Dec/2025:02:27:48 -0800] "GET /R-487ae47ad790ec1172024975e7df50c8 HTTP/1.1" 200 3502 "-" "-"
217.182.195.176 - - [15/Dec/2025:02:27:48 -0800] "GET /author/manpreet/feed/?fileloc=//lib/python3/dist-packages/django/contrib/flatpages/locale/kk/LC_MESSAGES/django.mo&path=//lib/python3/dist-packages/django/contrib/flatpages/locale/kk/LC_MESSAGES HTTP/1.1" 200 7296 "-" "Mozilla/5.0 (compatible; MJ12bot/v1.4.8; http://mj12bot.com/)"
69.30.196.218 - - [15/Dec/2025:02:27:50 -0800] "GET /R-487ae47ad790ec1172024975e7df50c8 HTTP/1.1" 200 3502 "-" "-"
217.182.195.176 - - [15/Dec/2025:02:27:50 -0800] "GET /author/manpreet/feed/?fileloc=//lib/python3/dist-packages/django/contrib/flatpages/locale/kk/LC_MESSAGES/django.po&path=//lib/python3/dist-packages/django/contrib/flatpages/locale/kk/LC_MESSAGES HTTP/1.1" 200 7319 "-" "Mozilla/5.0 (compatible; MJ12bot/v1.4.8; http://mj12bot.com/)"
69.30.196.218 - - [15/Dec/2025:02:27:51 -0800] "GET /R-487ae47ad790ec1172024975e7df50c8 HTTP/1.1" 200 3502 "-" "-"
114.119.150.168 - - [15/Dec/2025:02:27:51 -0800] "GET /research/author/news/2xxxr.html HTTP/1.1" 200 8604 "https://lifeofcanada.com/sitemap456.xml" "Mozilla/5.0 (Linux; Android 7.0;) AppleWebKit/537.36 (KHTML, like Gecko) Mobile Safari/537.36 (compatible; PetalBot;+https://webmaster.petalsearch.com/site/petalbot)"
69.30.196.218 - - [15/Dec/2025:02:27:52 -0800] "GET /R-487ae47ad790ec1172024975e7df50c8 HTTP/1.1" 200 3502 "-" "-"
217.182.195.176 - - [15/Dec/2025:02:27:52 -0800] "GET /author/manpreet/feed/?fileloc=//lib/python3/dist-packages/django/contrib/flatpages/locale/km/LC_MESSAGES/django.mo&path=//lib/python3/dist-packages/django/contrib/flatpages/locale/km/LC_MESSAGES HTTP/1.1" 200 7004 "-" "Mozilla/5.0 (compatible; MJ12bot/v1.4.8; http://mj12bot.com/)"
69.30.196.218 - - [15/Dec/2025:02:27:55 -0800] "GET /R-487ae47ad790ec1172024975e7df50c8 HTTP/1.1" 200 3502 "-" "-"
217.182.195.176 - - [15/Dec/2025:02:27:55 -0800] "GET /author/manpreet/feed/?fileloc=//lib/python3/dist-packages/django/contrib/flatpages/locale/km/LC_MESSAGES/django.po&path=//lib/python3/dist-packages/django/contrib/flatpages/locale/km/LC_MESSAGES HTTP/1.1" 200 7135 "-" "Mozilla/5.0 (compatible; MJ12bot/v1.4.8; http://mj12bot.com/)"
69.30.196.218 - - [15/Dec/2025:02:27:57 -0800] "GET /R-487ae47ad790ec1172024975e7df50c8 HTTP/1.1" 200 3502 "-" "-"
217.182.195.176 - - [15/Dec/2025:02:27:57 -0800] "GET /author/manpreet/feed/?fileloc=//lib/python3/dist-packages/django/contrib/flatpages/locale/kn/LC_MESSAGES/django.mo&path=//lib/python3/dist-packages/django/contrib/flatpages/locale/kn/LC_MESSAGES HTTP/1.1" 200 7026 "-" "Mozilla/5.0 (compatible; MJ12bot/v1.4.8; http://mj12bot.com/)"
69.30.196.218 - - [15/Dec/2025:02:27:59 -0800] "GET /R-487ae47ad790ec1172024975e7df50c8 HTTP/1.1" 200 3502 "-" "-"
217.182.195.176 - - [15/Dec/2025:02:27:59 -0800] "GET /author/manpreet/feed/?fileloc=//lib/python3/dist-packages/django/contrib/flatpages/locale/kn/LC_MESSAGES/django.po&path=//lib/python3/dist-packages/django/contrib/flatpages/locale/kn/LC_MESSAGES HTTP/1.1" 200 7141 "-" "Mozilla/5.0 (compatible; MJ12bot/v1.4.8; http://mj12bot.com/)"
69.30.196.218 - - [15/Dec/2025:02:28:02 -0800] "GET /R-487ae47ad790ec1172024975e7df50c8 HTTP/1.1" 200 3502 "-" "-"
217.182.195.176 - - [15/Dec/2025:02:28:01 -0800] "GET /author/manpreet/feed/?fileloc=//lib/python3/dist-packages/django/contrib/flatpages/locale/ko/LC_MESSAGES/django.mo&path=//lib/python3/dist-packages/django/contrib/flatpages/locale/ko/LC_MESSAGES HTTP/1.1" 200 7293 "-" "Mozilla/5.0 (compatible; MJ12bot/v1.4.8; http://mj12bot.com/)"
69.30.196.218 - - [15/Dec/2025:02:28:04 -0800] "GET /R-487ae47ad790ec1172024975e7df50c8 HTTP/1.1" 200 3502 "-" "-"
217.182.195.176 - - [15/Dec/2025:02:28:04 -0800] "GET /author/manpreet/feed/?fileloc=//lib/python3/dist-packages/django/contrib/flatpages/locale/ko/LC_MESSAGES/django.po&path=//lib/python3/dist-packages/django/contrib/flatpages/locale/ko/LC_MESSAGES HTTP/1.1" 200 7384 "-" "Mozilla/5.0 (compatible; MJ12bot/v1.4.8; http://mj12bot.com/)"
216.73.216.158 - - [15/Dec/2025:02:28:05 -0800] "GET /xmlrpc.php?fileloc=%2F%2Fsys%2Fblock%2Fnbd6%2Fsubsystem%2Fnbd14%2Fsubsystem%2Fnbd4%2Fqueue%2Fzone_write_granularity&path=%2F%2Fsys%2Fblock%2Fnbd6%2Fsubsystem%2Fnbd14%2Fsubsystem%2Fnbd4%2Fqueue HTTP/2.0" 200 2695 "-" "Mozilla/5.0 AppleWebKit/537.36 (KHTML, like Gecko; compatible; ClaudeBot/1.0; +claudebot@anthropic.com)"
69.30.196.218 - - [15/Dec/2025:02:28:06 -0800] "GET /R-487ae47ad790ec1172024975e7df50c8 HTTP/1.1" 200 3502 "-" "-"
217.182.195.176 - - [15/Dec/2025:02:28:06 -0800] "GET /author/manpreet/feed/?fileloc=//lib/python3/dist-packages/django/contrib/flatpages/locale/ky/LC_MESSAGES/django.mo&path=//lib/python3/dist-packages/django/contrib/flatpages/locale/ky/LC_MESSAGES HTTP/1.1" 200 7342 "-" "Mozilla/5.0 (compatible; MJ12bot/v1.4.8; http://mj12bot.com/)"
69.30.196.218 - - [15/Dec/2025:02:28:09 -0800] "GET /R-487ae47ad790ec1172024975e7df50c8 HTTP/1.1" 200 3502 "-" "-"
217.182.195.176 - - [15/Dec/2025:02:28:09 -0800] "GET /author/manpreet/feed/?fileloc=//lib/python3/dist-packages/django/contrib/flatpages/locale/ky/LC_MESSAGES/django.po&path=//lib/python3/dist-packages/django/contrib/flatpages/locale/ky/LC_MESSAGES HTTP/1.1" 200 7283 "-" "Mozilla/5.0 (compatible; MJ12bot/v1.4.8; http://mj12bot.com/)"
69.30.196.218 - - [15/Dec/2025:02:28:11 -0800] "GET /R-487ae47ad790ec1172024975e7df50c8 HTTP/1.1" 200 3502 "-" "-"
217.182.195.176 - - [15/Dec/2025:02:28:11 -0800] "GET /author/manpreet/feed/?fileloc=//lib/python3/dist-packages/django/contrib/flatpages/locale/lb/LC_MESSAGES/django.mo&path=//lib/python3/dist-packages/django/contrib/flatpages/locale/lb/LC_MESSAGES HTTP/1.1" 200 6343 "-" "Mozilla/5.0 (compatible; MJ12bot/v1.4.8; http://mj12bot.com/)"
69.30.196.218 - - [15/Dec/2025:02:28:13 -0800] "GET /R-487ae47ad790ec1172024975e7df50c8 HTTP/1.1" 200 3502 "-" "-"
217.182.195.176 - - [15/Dec/2025:02:28:13 -0800] "GET /author/manpreet/feed/?fileloc=//lib/python3/dist-packages/django/contrib/flatpages/locale/lb/LC_MESSAGES/django.po&path=//lib/python3/dist-packages/django/contrib/flatpages/locale/lb/LC_MESSAGES HTTP/1.1" 200 6750 "-" "Mozilla/5.0 (compatible; MJ12bot/v1.4.8; http://mj12bot.com/)"
69.30.196.218 - - [15/Dec/2025:02:28:15 -0800] "GET /R-487ae47ad790ec1172024975e7df50c8 HTTP/1.1" 200 3502 "-" "-"
217.182.195.176 - - [15/Dec/2025:02:28:15 -0800] "GET /author/manpreet/feed/?fileloc=//lib/python3/dist-packages/django/contrib/flatpages/locale/lt/LC_MESSAGES/django.mo&path=//lib/python3/dist-packages/django/contrib/flatpages/locale/lt/LC_MESSAGES HTTP/1.1" 200 7355 "-" "Mozilla/5.0 (compatible; MJ12bot/v1.4.8; http://mj12bot.com/)"
216.73.216.158 - - [15/Dec/2025:02:28:17 -0800] "GET /xmlrpc.php?fileloc=%2F%2Fsys%2Fclass%2Fiommu%2Fivhd2%2Fdevices%2F0000%3A48%3A00.3%2Fdriver%2F0000%3A02%3A00.3%2Fusb1%2Fuevent&path=%2F%2Fsys%2Fclass%2Fiommu%2Fivhd2%2Fdevices%2F0000%3A48%3A00.3%2Fdriver%2F0000%3A02%3A00.3%2Fusb1 HTTP/2.0" 200 2797 "-" "Mozilla/5.0 AppleWebKit/537.36 (KHTML, like Gecko; compatible; ClaudeBot/1.0; +claudebot@anthropic.com)"
69.30.196.218 - - [15/Dec/2025:02:28:18 -0800] "GET /R-487ae47ad790ec1172024975e7df50c8 HTTP/1.1" 200 3502 "-" "-"
217.182.195.176 - - [15/Dec/2025:02:28:17 -0800] "GET /author/manpreet/feed/?fileloc=//lib/python3/dist-packages/django/contrib/flatpages/locale/lt/LC_MESSAGES/django.po&path=//lib/python3/dist-packages/django/contrib/flatpages/locale/lt/LC_MESSAGES HTTP/1.1" 200 7347 "-" "Mozilla/5.0 (compatible; MJ12bot/v1.4.8; http://mj12bot.com/)"
69.30.196.218 - - [15/Dec/2025:02:28:20 -0800] "GET /R-487ae47ad790ec1172024975e7df50c8 HTTP/1.1" 200 3502 "-" "-"
217.182.195.176 - - [15/Dec/2025:02:28:20 -0800] "GET /author/manpreet/feed/?fileloc=//lib/python3/dist-packages/django/contrib/flatpages/locale/lv/LC_MESSAGES/django.mo&path=//lib/python3/dist-packages/django/contrib/flatpages/locale/lv/LC_MESSAGES HTTP/1.1" 200 7253 "-" "Mozilla/5.0 (compatible; MJ12bot/v1.4.8; http://mj12bot.com/)"
46.40.193.209 - - [15/Dec/2025:02:28:20 -0800] "GET /explore-the-best-casinos-in-canada-that-will-make-you-go-crazy/?noamp=mobile HTTP/1.1" 302 3670 "-" "Mozilla/5.0 (Windows NT 6.1; WOW64) AppleWebKit/537.36 (KHTML, like Gecko) Chrome/106.0.0.0 Safari/537.36"
69.30.196.218 - - [15/Dec/2025:02:28:22 -0800] "GET /R-487ae47ad790ec1172024975e7df50c8 HTTP/1.1" 200 3502 "-" "-"
217.182.195.176 - - [15/Dec/2025:02:28:22 -0800] "GET /author/manpreet/feed/?fileloc=//lib/python3/dist-packages/django/contrib/flatpages/locale/lv/LC_MESSAGES/django.po&path=//lib/python3/dist-packages/django/contrib/flatpages/locale/lv/LC_MESSAGES HTTP/1.1" 200 7233 "-" "Mozilla/5.0 (compatible; MJ12bot/v1.4.8; http://mj12bot.com/)"
69.30.196.218 - - [15/Dec/2025:02:28:24 -0800] "GET /R-487ae47ad790ec1172024975e7df50c8 HTTP/1.1" 200 3502 "-" "-"
217.182.195.176 - - [15/Dec/2025:02:28:24 -0800] "GET /author/manpreet/feed/?fileloc=//lib/python3/dist-packages/django/contrib/flatpages/locale/mk/LC_MESSAGES/django.mo&path=//lib/python3/dist-packages/django/contrib/flatpages/locale/mk/LC_MESSAGES HTTP/1.1" 200 7386 "-" "Mozilla/5.0 (compatible; MJ12bot/v1.4.8; http://mj12bot.com/)"
69.30.196.218 - - [15/Dec/2025:02:28:26 -0800] "GET /R-487ae47ad790ec1172024975e7df50c8 HTTP/1.1" 200 3502 "-" "-"
217.182.195.176 - - [15/Dec/2025:02:28:26 -0800] "GET /author/manpreet/feed/?fileloc=//lib/python3/dist-packages/django/contrib/flatpages/locale/mk/LC_MESSAGES/django.po&path=//lib/python3/dist-packages/django/contrib/flatpages/locale/mk/LC_MESSAGES HTTP/1.1" 200 7364 "-" "Mozilla/5.0 (compatible; MJ12bot/v1.4.8; http://mj12bot.com/)"
69.30.196.218 - - [15/Dec/2025:02:28:28 -0800] "GET /R-487ae47ad790ec1172024975e7df50c8 HTTP/1.1" 200 3502 "-" "-"
217.182.195.176 - - [15/Dec/2025:02:28:28 -0800] "GET /author/manpreet/feed/?fileloc=//lib/python3/dist-packages/django/contrib/flatpages/locale/ml/LC_MESSAGES/django.mo&path=//lib/python3/dist-packages/django/contrib/flatpages/locale/ml/LC_MESSAGES HTTP/1.1" 200 7494 "-" "Mozilla/5.0 (compatible; MJ12bot/v1.4.8; http://mj12bot.com/)"
69.30.196.218 - - [15/Dec/2025:02:28:31 -0800] "GET /R-487ae47ad790ec1172024975e7df50c8 HTTP/1.1" 200 3502 "-" "-"
217.182.195.176 - - [15/Dec/2025:02:28:30 -0800] "GET /author/manpreet/feed/?fileloc=//lib/python3/dist-packages/django/contrib/flatpages/locale/ml/LC_MESSAGES/django.po&path=//lib/python3/dist-packages/django/contrib/flatpages/locale/ml/LC_MESSAGES HTTP/1.1" 200 7504 "-" "Mozilla/5.0 (compatible; MJ12bot/v1.4.8; http://mj12bot.com/)"
192.178.6.102 - - [15/Dec/2025:02:28:31 -0800] "GET /categoryindex/a/ HTTP/1.1" 302 3655 "-" "Mozilla/5.0 (Linux; Android 6.0.1; Nexus 5X Build/MMB29P) AppleWebKit/537.36 (KHTML, like Gecko) Chrome/141.0.7390.122 Mobile Safari/537.36 (compatible; Googlebot/2.1; +http://www.google.com/bot.html)"
69.30.196.218 - - [15/Dec/2025:02:28:33 -0800] "GET /R-487ae47ad790ec1172024975e7df50c8 HTTP/1.1" 200 3502 "-" "-"
217.182.195.176 - - [15/Dec/2025:02:28:33 -0800] "GET /author/manpreet/feed/?fileloc=//lib/python3/dist-packages/django/contrib/flatpages/locale/mn/LC_MESSAGES/django.mo&path=//lib/python3/dist-packages/django/contrib/flatpages/locale/mn/LC_MESSAGES HTTP/1.1" 200 7355 "-" "Mozilla/5.0 (compatible; MJ12bot/v1.4.8; http://mj12bot.com/)"
69.30.196.218 - - [15/Dec/2025:02:28:35 -0800] "GET /R-487ae47ad790ec1172024975e7df50c8 HTTP/1.1" 200 3502 "-" "-"
217.182.195.176 - - [15/Dec/2025:02:28:35 -0800] "GET /author/manpreet/feed/?fileloc=//lib/python3/dist-packages/django/contrib/flatpages/locale/mn/LC_MESSAGES/django.po&path=//lib/python3/dist-packages/django/contrib/flatpages/locale/mn/LC_MESSAGES HTTP/1.1" 200 7373 "-" "Mozilla/5.0 (compatible; MJ12bot/v1.4.8; http://mj12bot.com/)"
69.30.196.218 - - [15/Dec/2025:02:28:37 -0800] "GET /R-487ae47ad790ec1172024975e7df50c8 HTTP/1.1" 200 3502 "-" "-"
217.182.195.176 - - [15/Dec/2025:02:28:37 -0800] "GET /author/manpreet/feed/?fileloc=//lib/python3/dist-packages/django/contrib/flatpages/locale/mr/LC_MESSAGES/django.mo&path=//lib/python3/dist-packages/django/contrib/flatpages/locale/mr/LC_MESSAGES HTTP/1.1" 200 6307 "-" "Mozilla/5.0 (compatible; MJ12bot/v1.4.8; http://mj12bot.com/)"
69.30.196.218 - - [15/Dec/2025:02:28:39 -0800] "GET /R-487ae47ad790ec1172024975e7df50c8 HTTP/1.1" 200 3502 "-" "-"
217.182.195.176 - - [15/Dec/2025:02:28:39 -0800] "GET /author/manpreet/feed/?fileloc=//lib/python3/dist-packages/django/contrib/flatpages/locale/mr/LC_MESSAGES/django.po&path=//lib/python3/dist-packages/django/contrib/flatpages/locale/mr/LC_MESSAGES HTTP/1.1" 200 6731 "-" "Mozilla/5.0 (compatible; MJ12bot/v1.4.8; http://mj12bot.com/)"
66.249.69.226 - - [15/Dec/2025:02:28:39 -0800] "GET /products/135hl26638 HTTP/1.1" 302 3655 "-" "Mozilla/5.0 (Linux; Android 6.0.1; Nexus 5X Build/MMB29P) AppleWebKit/537.36 (KHTML, like Gecko) Chrome/141.0.7390.122 Mobile Safari/537.36 (compatible; Googlebot/2.1; +http://www.google.com/bot.html)"
69.30.196.218 - - [15/Dec/2025:02:28:41 -0800] "GET /R-487ae47ad790ec1172024975e7df50c8 HTTP/1.1" 200 3502 "-" "-"
217.182.195.176 - - [15/Dec/2025:02:28:41 -0800] "GET /author/manpreet/feed/?fileloc=//lib/python3/dist-packages/django/contrib/flatpages/locale/my/LC_MESSAGES/django.mo&path=//lib/python3/dist-packages/django/contrib/flatpages/locale/my/LC_MESSAGES HTTP/1.1" 200 6351 "-" "Mozilla/5.0 (compatible; MJ12bot/v1.4.8; http://mj12bot.com/)"
69.30.196.218 - - [15/Dec/2025:02:28:43 -0800] "GET /R-487ae47ad790ec1172024975e7df50c8 HTTP/1.1" 200 3502 "-" "-"
217.182.195.176 - - [15/Dec/2025:02:28:43 -0800] "GET /author/manpreet/feed/?fileloc=//lib/python3/dist-packages/django/contrib/flatpages/locale/my/LC_MESSAGES/django.po&path=//lib/python3/dist-packages/django/contrib/flatpages/locale/my/LC_MESSAGES HTTP/1.1" 200 6766 "-" "Mozilla/5.0 (compatible; MJ12bot/v1.4.8; http://mj12bot.com/)"
66.249.69.224 - - [15/Dec/2025:02:28:45 -0800] "GET /scholar203?kg=36569 HTTP/1.1" 302 3655 "-" "Mozilla/5.0 (Linux; Android 6.0.1; Nexus 5X Build/MMB29P) AppleWebKit/537.36 (KHTML, like Gecko) Chrome/141.0.7390.122 Mobile Safari/537.36 (compatible; Googlebot/2.1; +http://www.google.com/bot.html)"
69.30.196.218 - - [15/Dec/2025:02:28:46 -0800] "GET /R-487ae47ad790ec1172024975e7df50c8 HTTP/1.1" 200 3502 "-" "-"
217.182.195.176 - - [15/Dec/2025:02:28:45 -0800] "GET /author/manpreet/feed/?fileloc=//lib/python3/dist-packages/django/contrib/flatpages/locale/nb/LC_MESSAGES/django.mo&path=//lib/python3/dist-packages/django/contrib/flatpages/locale/nb/LC_MESSAGES HTTP/1.1" 200 7176 "-" "Mozilla/5.0 (compatible; MJ12bot/v1.4.8; http://mj12bot.com/)"
216.73.216.158 - - [15/Dec/2025:02:28:47 -0800] "GET /xmlrpc.php?path=%2F%2Fsys%2Fblock%2Fnbd6%2Fsubsystem%2Fnbd4%2Fsubsystem%2Fnvme5n1%2Fmq%2F100 HTTP/2.0" 200 3207 "-" "Mozilla/5.0 AppleWebKit/537.36 (KHTML, like Gecko; compatible; ClaudeBot/1.0; +claudebot@anthropic.com)"
69.30.196.218 - - [15/Dec/2025:02:28:47 -0800] "GET /R-487ae47ad790ec1172024975e7df50c8 HTTP/1.1" 200 3502 "-" "-"
217.182.195.176 - - [15/Dec/2025:02:28:47 -0800] "GET /author/manpreet/feed/?fileloc=//lib/python3/dist-packages/django/contrib/flatpages/locale/nb/LC_MESSAGES/django.po&path=//lib/python3/dist-packages/django/contrib/flatpages/locale/nb/LC_MESSAGES HTTP/1.1" 200 7186 "-" "Mozilla/5.0 (compatible; MJ12bot/v1.4.8; http://mj12bot.com/)"
69.30.196.218 - - [15/Dec/2025:02:28:50 -0800] "GET /R-487ae47ad790ec1172024975e7df50c8 HTTP/1.1" 200 3502 "-" "-"
217.182.195.176 - - [15/Dec/2025:02:28:50 -0800] "GET /author/manpreet/feed/?fileloc=//lib/python3/dist-packages/django/contrib/flatpages/locale/ne/LC_MESSAGES/django.mo&path=//lib/python3/dist-packages/django/contrib/flatpages/locale/ne/LC_MESSAGES HTTP/1.1" 200 6863 "-" "Mozilla/5.0 (compatible; MJ12bot/v1.4.8; http://mj12bot.com/)"
69.30.196.218 - - [15/Dec/2025:02:28:52 -0800] "GET /R-487ae47ad790ec1172024975e7df50c8 HTTP/1.1" 200 3502 "-" "-"
217.182.195.176 - - [15/Dec/2025:02:28:52 -0800] "GET /author/manpreet/feed/?fileloc=//lib/python3/dist-packages/django/contrib/flatpages/locale/ne/LC_MESSAGES/django.po&path=//lib/python3/dist-packages/django/contrib/flatpages/locale/ne/LC_MESSAGES HTTP/1.1" 200 7066 "-" "Mozilla/5.0 (compatible; MJ12bot/v1.4.8; http://mj12bot.com/)"
192.178.6.102 - - [15/Dec/2025:02:28:52 -0800] "GET /dependent141?kg=25815 HTTP/1.1" 302 3655 "-" "Mozilla/5.0 (Linux; Android 6.0.1; Nexus 5X Build/MMB29P) AppleWebKit/537.36 (KHTML, like Gecko) Chrome/141.0.7390.122 Mobile Safari/537.36 (compatible; Googlebot/2.1; +http://www.google.com/bot.html)"
69.30.196.218 - - [15/Dec/2025:02:28:54 -0800] "GET /R-487ae47ad790ec1172024975e7df50c8 HTTP/1.1" 200 3502 "-" "-"
217.182.195.176 - - [15/Dec/2025:02:28:54 -0800] "GET /author/manpreet/feed/?fileloc=//lib/python3/dist-packages/django/contrib/flatpages/locale/nl/LC_MESSAGES/django.mo&path=//lib/python3/dist-packages/django/contrib/flatpages/locale/nl/LC_MESSAGES HTTP/1.1" 200 7174 "-" "Mozilla/5.0 (compatible; MJ12bot/v1.4.8; http://mj12bot.com/)"
69.30.196.218 - - [15/Dec/2025:02:28:56 -0800] "GET /R-487ae47ad790ec1172024975e7df50c8 HTTP/1.1" 200 3502 "-" "-"
217.182.195.176 - - [15/Dec/2025:02:28:56 -0800] "GET /author/manpreet/feed/?fileloc=//lib/python3/dist-packages/django/contrib/flatpages/locale/nl/LC_MESSAGES/django.po&path=//lib/python3/dist-packages/django/contrib/flatpages/locale/nl/LC_MESSAGES HTTP/1.1" 200 7228 "-" "Mozilla/5.0 (compatible; MJ12bot/v1.4.8; http://mj12bot.com/)"
103.61.240.204 - - [15/Dec/2025:02:28:56 -0800] "GET / HTTP/1.1" 302 3670 "-" "Mozilla/5.0 (Macintosh; Intel Mac OS X 10_10_1) AppleWebKit/537.36 (KHTML, like Gecko) Chrome/41.0.2227.1 Safari/537.36"
69.30.196.218 - - [15/Dec/2025:02:28:58 -0800] "GET /R-487ae47ad790ec1172024975e7df50c8 HTTP/1.1" 200 3502 "-" "-"
217.182.195.176 - - [15/Dec/2025:02:28:58 -0800] "GET /author/manpreet/feed/?fileloc=//lib/python3/dist-packages/django/contrib/flatpages/locale/nn/LC_MESSAGES/django.mo&path=//lib/python3/dist-packages/django/contrib/flatpages/locale/nn/LC_MESSAGES HTTP/1.1" 200 7003 "-" "Mozilla/5.0 (compatible; MJ12bot/v1.4.8; http://mj12bot.com/)"
69.30.196.218 - - [15/Dec/2025:02:29:00 -0800] "GET /R-487ae47ad790ec1172024975e7df50c8 HTTP/1.1" 200 3502 "-" "-"
217.182.195.176 - - [15/Dec/2025:02:29:00 -0800] "GET /author/manpreet/feed/?fileloc=//lib/python3/dist-packages/django/contrib/flatpages/locale/nn/LC_MESSAGES/django.po&path=//lib/python3/dist-packages/django/contrib/flatpages/locale/nn/LC_MESSAGES HTTP/1.1" 200 7049 "-" "Mozilla/5.0 (compatible; MJ12bot/v1.4.8; http://mj12bot.com/)"
69.30.196.218 - - [15/Dec/2025:02:29:02 -0800] "GET /R-487ae47ad790ec1172024975e7df50c8 HTTP/1.1" 200 3502 "-" "-"
217.182.195.176 - - [15/Dec/2025:02:29:02 -0800] "GET /author/manpreet/feed/?fileloc=//lib/python3/dist-packages/django/contrib/flatpages/locale/os/LC_MESSAGES/django.mo&path=//lib/python3/dist-packages/django/contrib/flatpages/locale/os/LC_MESSAGES HTTP/1.1" 200 7247 "-" "Mozilla/5.0 (compatible; MJ12bot/v1.4.8; http://mj12bot.com/)"
69.30.196.218 - - [15/Dec/2025:02:29:04 -0800] "GET /R-487ae47ad790ec1172024975e7df50c8 HTTP/1.1" 200 3502 "-" "-"
217.182.195.176 - - [15/Dec/2025:02:29:04 -0800] "GET /author/manpreet/feed/?fileloc=//lib/python3/dist-packages/django/contrib/flatpages/locale/os/LC_MESSAGES/django.po&path=//lib/python3/dist-packages/django/contrib/flatpages/locale/os/LC_MESSAGES HTTP/1.1" 200 7247 "-" "Mozilla/5.0 (compatible; MJ12bot/v1.4.8; http://mj12bot.com/)"
69.30.196.218 - - [15/Dec/2025:02:29:06 -0800] "GET /R-487ae47ad790ec1172024975e7df50c8 HTTP/1.1" 200 3502 "-" "-"
217.182.195.176 - - [15/Dec/2025:02:29:06 -0800] "GET /author/manpreet/feed/?fileloc=//lib/python3/dist-packages/django/contrib/flatpages/locale/pa/LC_MESSAGES/django.mo&path=//lib/python3/dist-packages/django/contrib/flatpages/locale/pa/LC_MESSAGES HTTP/1.1" 200 6611 "-" "Mozilla/5.0 (compatible; MJ12bot/v1.4.8; http://mj12bot.com/)"
69.30.196.218 - - [15/Dec/2025:02:29:08 -0800] "GET /R-487ae47ad790ec1172024975e7df50c8 HTTP/1.1" 200 3502 "-" "-"
217.182.195.176 - - [15/Dec/2025:02:29:08 -0800] "GET /author/manpreet/feed/?fileloc=//lib/python3/dist-packages/django/contrib/flatpages/locale/pa/LC_MESSAGES/django.po&path=//lib/python3/dist-packages/django/contrib/flatpages/locale/pa/LC_MESSAGES HTTP/1.1" 200 6909 "-" "Mozilla/5.0 (compatible; MJ12bot/v1.4.8; http://mj12bot.com/)"
69.30.196.218 - - [15/Dec/2025:02:29:10 -0800] "GET /R-487ae47ad790ec1172024975e7df50c8 HTTP/1.1" 200 3502 "-" "-"
217.182.195.176 - - [15/Dec/2025:02:29:10 -0800] "GET /author/manpreet/feed/?fileloc=//lib/python3/dist-packages/django/contrib/flatpages/locale/pl/LC_MESSAGES/django.mo&path=//lib/python3/dist-packages/django/contrib/flatpages/locale/pl/LC_MESSAGES HTTP/1.1" 200 7309 "-" "Mozilla/5.0 (compatible; MJ12bot/v1.4.8; http://mj12bot.com/)"
69.30.196.218 - - [15/Dec/2025:02:29:12 -0800] "GET /R-487ae47ad790ec1172024975e7df50c8 HTTP/1.1" 200 3502 "-" "-"
217.182.195.176 - - [15/Dec/2025:02:29:12 -0800] "GET /author/manpreet/feed/?fileloc=//lib/python3/dist-packages/django/contrib/flatpages/locale/pl/LC_MESSAGES/django.po&path=//lib/python3/dist-packages/django/contrib/flatpages/locale/pl/LC_MESSAGES HTTP/1.1" 200 7338 "-" "Mozilla/5.0 (compatible; MJ12bot/v1.4.8; http://mj12bot.com/)"
69.30.196.218 - - [15/Dec/2025:02:29:14 -0800] "GET /R-487ae47ad790ec1172024975e7df50c8 HTTP/1.1" 200 3502 "-" "-"
217.182.195.176 - - [15/Dec/2025:02:29:14 -0800] "GET /author/manpreet/feed/?fileloc=//lib/python3/dist-packages/django/contrib/flatpages/locale/pt/LC_MESSAGES/django.mo&path=//lib/python3/dist-packages/django/contrib/flatpages/locale/pt/LC_MESSAGES HTTP/1.1" 200 7163 "-" "Mozilla/5.0 (compatible; MJ12bot/v1.4.8; http://mj12bot.com/)"
69.30.196.218 - - [15/Dec/2025:02:29:16 -0800] "GET /R-487ae47ad790ec1172024975e7df50c8 HTTP/1.1" 200 3502 "-" "-"
114.119.150.166 - - [15/Dec/2025:02:29:16 -0800] "GET /research/author/2xwr2.html HTTP/1.1" 200 8604 "https://lifeofcanada.com/sitemap646.xml" "Mozilla/5.0 (Linux; Android 7.0;) AppleWebKit/537.36 (KHTML, like Gecko) Mobile Safari/537.36 (compatible; PetalBot;+https://webmaster.petalsearch.com/site/petalbot)"
69.30.196.218 - - [15/Dec/2025:02:29:16 -0800] "GET /R-487ae47ad790ec1172024975e7df50c8 HTTP/1.1" 200 3502 "-" "-"
217.182.195.176 - - [15/Dec/2025:02:29:16 -0800] "GET /author/manpreet/feed/?fileloc=//lib/python3/dist-packages/django/contrib/flatpages/locale/pt/LC_MESSAGES/django.po&path=//lib/python3/dist-packages/django/contrib/flatpages/locale/pt/LC_MESSAGES HTTP/1.1" 200 7145 "-" "Mozilla/5.0 (compatible; MJ12bot/v1.4.8; http://mj12bot.com/)"
216.73.216.158 - - [15/Dec/2025:02:29:17 -0800] "GET /xmlrpc.php?fileloc=%2F%2Fsys%2Fblock%2Fnbd6%2Fsubsystem%2Fnbd13%2Fsubsystem%2Fnbd8%2Fqueue%2Fwbt_lat_usec&path=%2F%2Fsys%2Fblock%2Fnbd6%2Fsubsystem%2Fnbd13%2Fsubsystem%2Fnbd8%2Fqueue HTTP/2.0" 200 2688 "-" "Mozilla/5.0 AppleWebKit/537.36 (KHTML, like Gecko; compatible; ClaudeBot/1.0; +claudebot@anthropic.com)"
69.30.196.218 - - [15/Dec/2025:02:29:18 -0800] "GET /R-487ae47ad790ec1172024975e7df50c8 HTTP/1.1" 200 3502 "-" "-"
217.182.195.176 - - [15/Dec/2025:02:29:18 -0800] "GET /author/manpreet/feed/?fileloc=//lib/python3/dist-packages/django/contrib/flatpages/locale/pt_BR/LC_MESSAGES/django.mo&path=//lib/python3/dist-packages/django/contrib/flatpages/locale/pt_BR/LC_MESSAGES HTTP/1.1" 200 7210 "-" "Mozilla/5.0 (compatible; MJ12bot/v1.4.8; http://mj12bot.com/)"
66.249.69.224 - - [15/Dec/2025:02:29:20 -0800] "GET /products/179td11180 HTTP/1.1" 302 3655 "-" "Mozilla/5.0 (Linux; Android 6.0.1; Nexus 5X Build/MMB29P) AppleWebKit/537.36 (KHTML, like Gecko) Chrome/141.0.7390.122 Mobile Safari/537.36 (compatible; Googlebot/2.1; +http://www.google.com/bot.html)"
69.30.196.218 - - [15/Dec/2025:02:29:22 -0800] "GET /R-487ae47ad790ec1172024975e7df50c8 HTTP/1.1" 200 3502 "-" "-"
217.182.195.176 - - [15/Dec/2025:02:29:20 -0800] "GET /author/manpreet/feed/?fileloc=//lib/python3/dist-packages/django/contrib/flatpages/locale/pt_BR/LC_MESSAGES/django.po&path=//lib/python3/dist-packages/django/contrib/flatpages/locale/pt_BR/LC_MESSAGES HTTP/1.1" 200 7366 "-" "Mozilla/5.0 (compatible; MJ12bot/v1.4.8; http://mj12bot.com/)"
66.249.69.225 - - [15/Dec/2025:02:29:21 -0800] "GET /products/179td11180 HTTP/1.1" 302 3655 "-" "Mozilla/5.0 (compatible; Googlebot/2.1; +http://www.google.com/bot.html)"
69.30.196.218 - - [15/Dec/2025:02:29:24 -0800] "GET /R-487ae47ad790ec1172024975e7df50c8 HTTP/1.1" 200 3502 "-" "-"
217.182.195.176 - - [15/Dec/2025:02:29:24 -0800] "GET /author/manpreet/feed/?fileloc=//lib/python3/dist-packages/django/contrib/flatpages/locale/ro/LC_MESSAGES/django.mo&path=//lib/python3/dist-packages/django/contrib/flatpages/locale/ro/LC_MESSAGES HTTP/1.1" 200 7253 "-" "Mozilla/5.0 (compatible; MJ12bot/v1.4.8; http://mj12bot.com/)"
69.30.196.218 - - [15/Dec/2025:02:29:27 -0800] "GET /R-487ae47ad790ec1172024975e7df50c8 HTTP/1.1" 200 3502 "-" "-"
217.182.195.176 - - [15/Dec/2025:02:29:27 -0800] "GET /author/manpreet/feed/?fileloc=//lib/python3/dist-packages/django/contrib/flatpages/locale/ro/LC_MESSAGES/django.po&path=//lib/python3/dist-packages/django/contrib/flatpages/locale/ro/LC_MESSAGES HTTP/1.1" 200 7264 "-" "Mozilla/5.0 (compatible; MJ12bot/v1.4.8; http://mj12bot.com/)"
216.73.216.158 - - [15/Dec/2025:02:29:27 -0800] "GET /xmlrpc.php?fileloc=%2F%2Fsys%2Fblock%2Fnbd6%2Fsubsystem%2Fnbd11%2Fsubsystem%2Fnvme3n1%2Fdevice%2Fqueue_count&path=%2F%2Fsys%2Fblock%2Fnbd6%2Fsubsystem%2Fnbd11%2Fsubsystem%2Fnvme3n1%2Fdevice HTTP/2.0" 200 2689 "-" "Mozilla/5.0 AppleWebKit/537.36 (KHTML, like Gecko; compatible; ClaudeBot/1.0; +claudebot@anthropic.com)"
69.30.196.218 - - [15/Dec/2025:02:29:29 -0800] "GET /R-487ae47ad790ec1172024975e7df50c8 HTTP/1.1" 200 3502 "-" "-"
217.182.195.176 - - [15/Dec/2025:02:29:29 -0800] "GET /author/manpreet/feed/?fileloc=//lib/python3/dist-packages/django/contrib/flatpages/locale/ru/LC_MESSAGES/django.mo&path=//lib/python3/dist-packages/django/contrib/flatpages/locale/ru/LC_MESSAGES HTTP/1.1" 200 7488 "-" "Mozilla/5.0 (compatible; MJ12bot/v1.4.8; http://mj12bot.com/)"
66.249.69.224 - - [15/Dec/2025:02:29:29 -0800] "GET /dry222?kg=41930 HTTP/1.1" 302 3655 "-" "Mozilla/5.0 (Linux; Android 6.0.1; Nexus 5X Build/MMB29P) AppleWebKit/537.36 (KHTML, like Gecko) Chrome/141.0.7390.122 Mobile Safari/537.36 (compatible; Googlebot/2.1; +http://www.google.com/bot.html)"
69.30.196.218 - - [15/Dec/2025:02:29:31 -0800] "GET /R-487ae47ad790ec1172024975e7df50c8 HTTP/1.1" 200 3502 "-" "-"
217.182.195.176 - - [15/Dec/2025:02:29:31 -0800] "GET /author/manpreet/feed/?fileloc=//lib/python3/dist-packages/django/contrib/flatpages/locale/ru/LC_MESSAGES/django.po&path=//lib/python3/dist-packages/django/contrib/flatpages/locale/ru/LC_MESSAGES HTTP/1.1" 200 7578 "-" "Mozilla/5.0 (compatible; MJ12bot/v1.4.8; http://mj12bot.com/)"
69.30.196.218 - - [15/Dec/2025:02:29:33 -0800] "GET /R-487ae47ad790ec1172024975e7df50c8 HTTP/1.1" 200 3502 "-" "-"
