114.119.150.168 - - [15/Dec/2025:01:25:12 -0800] "GET /research/graph/2v4su.html HTTP/1.1" 200 8604 "https://lifeofcanada.com/sitemap456.xml" "Mozilla/5.0 (Linux; Android 7.0;) AppleWebKit/537.36 (KHTML, like Gecko) Mobile Safari/537.36 (compatible; PetalBot;+https://webmaster.petalsearch.com/site/petalbot)"
66.249.69.224 - - [15/Dec/2025:01:24:59 -0800] "GET /musician221?kg=35881 HTTP/1.1" 302 3655 "-" "Mozilla/5.0 (Linux; Android 6.0.1; Nexus 5X Build/MMB29P) AppleWebKit/537.36 (KHTML, like Gecko) Chrome/141.0.7390.122 Mobile Safari/537.36 (compatible; Googlebot/2.1; +http://www.google.com/bot.html)"
66.249.69.226 - - [15/Dec/2025:01:25:36 -0800] "GET /products/61vt30124 HTTP/1.1" 302 3655 "-" "Mozilla/5.0 (Linux; Android 6.0.1; Nexus 5X Build/MMB29P) AppleWebKit/537.36 (KHTML, like Gecko) Chrome/141.0.7390.122 Mobile Safari/537.36 (compatible; Googlebot/2.1; +http://www.google.com/bot.html)"
216.73.216.158 - - [15/Dec/2025:01:24:49 -0800] "GET /xmlrpc.php?path=%2F%2Fsys%2Fblock%2Fnbd6%2Fsubsystem%2Fnvme7n1%2Fsubsystem%2Fnbd0%2Fbdi HTTP/2.0" 200 0 "-" "Mozilla/5.0 AppleWebKit/537.36 (KHTML, like Gecko; compatible; ClaudeBot/1.0; +claudebot@anthropic.com)"
84.54.73.134 - - [15/Dec/2025:01:25:15 -0800] "GET /?_bd_prev_page=https%3A%2F%2Flifeofcanada.com%2Fselect.asp%3Fproducts%2F290gx23075&_bdsid=4swpu4.n~YQRSB.177380712.177776564&_gl=1%2Ahynaj70%2A_ga%2ATMSKVZrXzUDBOnTeLtoUgmdrCySt%2A_ga_BNBERAPTA%2A9NDmdbpWZ1Un1ieFsTRzl8Ggg34STQ7WB4bGLT5voFIPJky6fy6Kee6.%2A_gcl_au%3D1.1.199618210.179806620%2A_gcl_aw%3DAPA.179209415.kcsl5JGZeT5iMdSC7VutGzIA4Ouwt2WAYapINN4AnWwO3aZerjUYLC1Y94SpANbRUCqwaf5zUWnIY3bxgND9at6oMm..&_gz=2.192871248.190793713.172170209-866116545.167451343 HTTP/1.1" 302 3670 "-" "Mozilla/5.0 (Windows NT 6.1; Win64; x64) AppleWebKit/537.36 (KHTML, like Gecko) Chrome/94.0.4606.81 Safari/537.36"
216.73.216.158 - - [15/Dec/2025:01:25:04 -0800] "GET /xmlrpc.php?fileloc=%2F%2Fsys%2Fblock%2Fnbd6%2Fsubsystem%2Fnvme5n1%2Fdevice%2Fhwmon1%2Ftemp2_min&path=%2F%2Fsys%2Fblock%2Fnbd6%2Fsubsystem%2Fnvme5n1%2Fdevice%2Fhwmon1 HTTP/2.0" 200 0 "-" "Mozilla/5.0 AppleWebKit/537.36 (KHTML, like Gecko; compatible; ClaudeBot/1.0; +claudebot@anthropic.com)"
216.73.216.158 - - [15/Dec/2025:01:25:15 -0800] "GET /xmlrpc.php?fileloc=%2F%2Fsys%2Fblock%2Fnbd6%2Fsubsystem%2Fnbd13%2Fsubsystem%2Fnbd0%2Fqueue%2Fread_ahead_kb&path=%2F%2Fsys%2Fblock%2Fnbd6%2Fsubsystem%2Fnbd13%2Fsubsystem%2Fnbd0%2Fqueue HTTP/2.0" 200 0 "-" "Mozilla/5.0 AppleWebKit/537.36 (KHTML, like Gecko; compatible; ClaudeBot/1.0; +claudebot@anthropic.com)"
5.139.83.48 - - [15/Dec/2025:01:25:34 -0800] "GET /products/78ly227 HTTP/1.1" 302 3670 "-" "Mozilla/5.0 (Macintosh; Intel Mac OS X 10_15_7) AppleWebKit/537.36 (KHTML, like Gecko) Chrome/88.0.4324.192 Safari/537.36"
192.178.6.104 - - [15/Dec/2025:01:25:49 -0800] "GET /products/216xa5087?path=/home/dh_7uh9vd/lifeofcanada.com HTTP/1.1" 302 3655 "-" "Mozilla/5.0 (Linux; Android 6.0.1; Nexus 5X Build/MMB29P) AppleWebKit/537.36 (KHTML, like Gecko) Chrome/141.0.7390.122 Mobile Safari/537.36 (compatible; Googlebot/2.1; +http://www.google.com/bot.html)"
66.249.69.224 - - [15/Dec/2025:01:25:50 -0800] "GET /elderly96?kg=42440 HTTP/1.1" 302 309 "-" "Mozilla/5.0 (Linux; Android 6.0.1; Nexus 5X Build/MMB29P) AppleWebKit/537.36 (KHTML, like Gecko) Chrome/141.0.7390.122 Mobile Safari/537.36 (compatible; Googlebot/2.1; +http://www.google.com/bot.html)"
216.73.216.158 - - [15/Dec/2025:01:25:50 -0800] "GET /xmlrpc.php?fileloc=%2F%2Fsys%2Fblock%2Fnbd6%2Fsubsystem%2Fnbd11%2Fsubsystem%2Fnvme0n1%2Fintegrity%2Fwrite_generate&path=%2F%2Fsys%2Fblock%2Fnbd6%2Fsubsystem%2Fnbd11%2Fsubsystem%2Fnvme0n1%2Fintegrity HTTP/2.0" 200 2635 "-" "Mozilla/5.0 AppleWebKit/537.36 (KHTML, like Gecko; compatible; ClaudeBot/1.0; +claudebot@anthropic.com)"
216.73.216.158 - - [15/Dec/2025:01:25:55 -0800] "GET /xmlrpc.php?fileloc=%2F%2Fsys%2Fblock%2Fnbd6%2Fsubsystem%2Fnbd5%2Fsubsystem%2Fnbd13%2Fqueue%2Fdiscard_zeroes_data&path=%2F%2Fsys%2Fblock%2Fnbd6%2Fsubsystem%2Fnbd5%2Fsubsystem%2Fnbd13%2Fqueue HTTP/2.0" 200 2634 "-" "Mozilla/5.0 AppleWebKit/537.36 (KHTML, like Gecko; compatible; ClaudeBot/1.0; +claudebot@anthropic.com)"
216.73.216.158 - - [15/Dec/2025:01:26:00 -0800] "GET /xmlrpc.php?fileloc=%2F%2Fsys%2Fclass%2Fiommu%2Fivhd2%2Fdevices%2F0000%3A40%3A01.3%2F0000%3A43%3A00.0%2Flocal_cpulist&path=%2F%2Fsys%2Fclass%2Fiommu%2Fivhd2%2Fdevices%2F0000%3A40%3A01.3%2F0000%3A43%3A00.0 HTTP/2.0" 200 2632 "-" "Mozilla/5.0 AppleWebKit/537.36 (KHTML, like Gecko; compatible; ClaudeBot/1.0; +claudebot@anthropic.com)"
66.249.69.225 - - [15/Dec/2025:01:26:00 -0800] "GET /license62?kg=17090 HTTP/1.1" 302 3655 "-" "Mozilla/5.0 (compatible; Googlebot/2.1; +http://www.google.com/bot.html)"
66.249.69.225 - - [15/Dec/2025:01:26:01 -0800] "GET /unusual44?kg=40548 HTTP/1.1" 302 309 "-" "Mozilla/5.0 (compatible; Googlebot/2.1; +http://www.google.com/bot.html)"
216.73.216.158 - - [15/Dec/2025:01:26:05 -0800] "GET /xmlrpc.php?path=%2F%2Fsys%2Fblock%2Fnbd6%2Fsubsystem%2Fnbd4%2Fsubsystem%2Fnbd6%2Fintegrity HTTP/2.0" 200 3227 "-" "Mozilla/5.0 AppleWebKit/537.36 (KHTML, like Gecko; compatible; ClaudeBot/1.0; +claudebot@anthropic.com)"
216.73.216.158 - - [15/Dec/2025:01:26:10 -0800] "GET /xmlrpc.php?fileloc=%2F%2Fsys%2Fblock%2Fnbd6%2Fsubsystem%2Fnbd14%2Fsubsystem%2Fnbd4%2Fqueue%2Fstable_writes&path=%2F%2Fsys%2Fblock%2Fnbd6%2Fsubsystem%2Fnbd14%2Fsubsystem%2Fnbd4%2Fqueue HTTP/2.0" 200 2629 "-" "Mozilla/5.0 AppleWebKit/537.36 (KHTML, like Gecko; compatible; ClaudeBot/1.0; +claudebot@anthropic.com)"
69.30.214.206 - - [15/Dec/2025:01:26:12 -0800] "GET /images/images/images/index.php?of=1 HTTP/1.1" 302 3550 "-" "Mozilla/5.0 (iPad; U; CPU OS 4_2_3 like Mac OS X; ja) AppleWebKit/533.17.9 (KHTML, like Gecko) Version/5.0.2 Mobile/8J2 Safari/6533.18.5"
66.249.69.224 - - [15/Dec/2025:01:26:15 -0800] "GET /products/288ls8155 HTTP/1.1" 302 3655 "-" "Mozilla/5.0 (Linux; Android 6.0.1; Nexus 5X Build/MMB29P) AppleWebKit/537.36 (KHTML, like Gecko) Chrome/141.0.7390.122 Mobile Safari/537.36 (compatible; Googlebot/2.1; +http://www.google.com/bot.html)"
216.73.216.158 - - [15/Dec/2025:01:26:15 -0800] "GET /xmlrpc.php?fileloc=%2F%2Fsys%2Fblock%2Fnbd6%2Fsubsystem%2Fnbd4%2Fsubsystem%2Fnbd14%2Fqueue%2Fstable_writes&path=%2F%2Fsys%2Fblock%2Fnbd6%2Fsubsystem%2Fnbd4%2Fsubsystem%2Fnbd14%2Fqueue HTTP/2.0" 200 2629 "-" "Mozilla/5.0 AppleWebKit/537.36 (KHTML, like Gecko; compatible; ClaudeBot/1.0; +claudebot@anthropic.com)"
216.73.216.158 - - [15/Dec/2025:01:26:20 -0800] "GET /xmlrpc.php?fileloc=%2F%2Fsys%2Fblock%2Fnbd6%2Fsubsystem%2Fnbd1%2Fsubsystem%2Fmd10%2Fmd%2Frd3%2Fsize&path=%2F%2Fsys%2Fblock%2Fnbd6%2Fsubsystem%2Fnbd1%2Fsubsystem%2Fmd10%2Fmd%2Frd3 HTTP/2.0" 200 2627 "-" "Mozilla/5.0 AppleWebKit/537.36 (KHTML, like Gecko; compatible; ClaudeBot/1.0; +claudebot@anthropic.com)"
69.30.196.218 - - [15/Dec/2025:01:26:21 -0800] "GET /R-487ae47ad790ec1172024975e7df50c8 HTTP/1.1" 200 3502 "-" "-"
119.8.27.177 - - [15/Dec/2025:01:26:21 -0800] "GET /gunman-dressed-as-policeman-kills-16-in-canadas-worst-mass-shooting/?fileloc=/home/dh_7uh9vd/lifeofcanada.com/wp-includes/nav-menu.php&path=/home/dh_7uh9vd/lifeofcanada.com/wp-includes HTTP/2.0" 200 12850 "https://lifeofcanada.com/gunman-dressed-as-policeman-kills-16-in-canadas-worst-mass-shooting/?fileloc=/home/dh_7uh9vd/lifeofcanada.com/wp-includes/nav-menu.php&path=/home/dh_7uh9vd/lifeofcanada.com/wp-includes" "Mozilla/5.0 (Macintosh; Intel Mac OS X 10_15_7) AppleWebKit/537.36 (KHTML, like Gecko) Chrome/123.0.0.0 Safari/537.36"
69.30.214.206 - - [15/Dec/2025:01:26:24 -0800] "GET /images/images/images/images/index.php?ARRAY=7o2230223n313736353739343338342p2231223n22687474703n5p2s5p2s736875692q31627n6979722r747936382r6s72675p2s3s6p633q7068705s636s64655s6n6326743q313736353739303738342q3236336436663531303238353539386563356237326330363239323662323232222p2232223n223037633463313738646433303832653164343337613737333031663236613430222p2233223n223739356665343238326538306539353539353835323737623233313331633532222p2262696r675s70617373223n2231382q34302q35352q36392q37372q38312q3131227q HTTP/1.1" 200 3603 "-" "Mozilla/5.0 (Linux; Android 10; Z832 Build/MMB29M) AppleWebKit/537.36 (KHTML, like Gecko) Chrome/85.0.4183.83 Mobile Safari/537.36"
216.73.216.158 - - [15/Dec/2025:01:26:25 -0800] "GET /xmlrpc.php?path=%2F%2Fsys%2Fblock%2Fnbd6%2Fsubsystem%2Fnvme5n1%2Fmq%2F123 HTTP/2.0" 200 3133 "-" "Mozilla/5.0 AppleWebKit/537.36 (KHTML, like Gecko; compatible; ClaudeBot/1.0; +claudebot@anthropic.com)"
216.73.216.158 - - [15/Dec/2025:01:26:30 -0800] "GET /xmlrpc.php?path=%2F%2Fsys%2Fblock%2Fnbd6%2Fsubsystem%2Fnbd12%2Fmq%2F0%2Fcpu82 HTTP/2.0" 200 2678 "-" "Mozilla/5.0 AppleWebKit/537.36 (KHTML, like Gecko; compatible; ClaudeBot/1.0; +claudebot@anthropic.com)"
216.73.216.158 - - [15/Dec/2025:01:26:35 -0800] "GET /xmlrpc.php?path=%2F%2Fsys%2Fdevices%2Fsystem%2Fmemory%2Fmemory119%2Fnode0%2Fmemory169 HTTP/2.0" 200 3352 "-" "Mozilla/5.0 AppleWebKit/537.36 (KHTML, like Gecko; compatible; ClaudeBot/1.0; +claudebot@anthropic.com)"
69.30.196.218 - - [15/Dec/2025:01:26:36 -0800] "GET /R-487ae47ad790ec1172024975e7df50c8 HTTP/1.1" 200 3502 "-" "-"
114.119.128.127 - - [15/Dec/2025:01:26:36 -0800] "GET /research/gallery/source/platform/research/2zbbi.html HTTP/1.1" 200 8604 "https://lifeofcanada.com/sitemap566.xml" "Mozilla/5.0 (Linux; Android 7.0;) AppleWebKit/537.36 (KHTML, like Gecko) Mobile Safari/537.36 (compatible; PetalBot;+https://webmaster.petalsearch.com/site/petalbot)"
66.249.69.224 - - [15/Dec/2025:01:26:39 -0800] "GET /products/144uv21219 HTTP/1.1" 302 3655 "-" "Mozilla/5.0 (Linux; Android 6.0.1; Nexus 5X Build/MMB29P) AppleWebKit/537.36 (KHTML, like Gecko) Chrome/141.0.7390.122 Mobile Safari/537.36 (compatible; Googlebot/2.1; +http://www.google.com/bot.html)"
216.73.216.158 - - [15/Dec/2025:01:26:40 -0800] "GET /xmlrpc.php?path=%2F%2Fsys%2Fblock%2Fnbd6%2Fsubsystem%2Fnbd11%2Fsubsystem%2Fnvme2n1%2Fmq%2F92 HTTP/2.0" 200 3149 "-" "Mozilla/5.0 AppleWebKit/537.36 (KHTML, like Gecko; compatible; ClaudeBot/1.0; +claudebot@anthropic.com)"
216.73.216.158 - - [15/Dec/2025:01:26:45 -0800] "GET /xmlrpc.php?path=%2F%2Fsys%2Fblock%2Fnbd6%2Fsubsystem%2Fnvme4n1%2Fmq%2F122%2Fcpu122 HTTP/2.0" 200 2684 "-" "Mozilla/5.0 AppleWebKit/537.36 (KHTML, like Gecko; compatible; ClaudeBot/1.0; +claudebot@anthropic.com)"
216.73.216.158 - - [15/Dec/2025:01:26:50 -0800] "GET /xmlrpc.php?path=%2F%2Fsys%2Fblock%2Fnbd6%2Fsubsystem%2Fnbd8%2Fmq%2F0%2Fcpu81 HTTP/2.0" 200 2677 "-" "Mozilla/5.0 AppleWebKit/537.36 (KHTML, like Gecko; compatible; ClaudeBot/1.0; +claudebot@anthropic.com)"
216.73.216.158 - - [15/Dec/2025:01:26:55 -0800] "GET /xmlrpc.php?path=%2F%2Fsys%2Fdevices%2Fsystem%2Fmemory%2Fmemory119%2Fnode0%2Fmemory33 HTTP/2.0" 200 3356 "-" "Mozilla/5.0 AppleWebKit/537.36 (KHTML, like Gecko; compatible; ClaudeBot/1.0; +claudebot@anthropic.com)"
216.73.216.158 - - [15/Dec/2025:01:27:00 -0800] "GET /xmlrpc.php?fileloc=%2F%2Fsys%2Fblock%2Fnbd6%2Fsubsystem%2Fmd127%2Fsubsystem%2Fnbd15%2Fqueue%2Fstable_writes&path=%2F%2Fsys%2Fblock%2Fnbd6%2Fsubsystem%2Fmd127%2Fsubsystem%2Fnbd15%2Fqueue HTTP/2.0" 200 2632 "-" "Mozilla/5.0 AppleWebKit/537.36 (KHTML, like Gecko; compatible; ClaudeBot/1.0; +claudebot@anthropic.com)"
192.178.6.102 - - [15/Dec/2025:01:27:03 -0800] "GET /continue163?kg=33973 HTTP/1.1" 302 3655 "-" "Mozilla/5.0 (Linux; Android 6.0.1; Nexus 5X Build/MMB29P) AppleWebKit/537.36 (KHTML, like Gecko) Chrome/141.0.7390.122 Mobile Safari/537.36 (compatible; Googlebot/2.1; +http://www.google.com/bot.html)"
216.73.216.158 - - [15/Dec/2025:01:27:05 -0800] "GET /xmlrpc.php?path=%2F%2Fsys%2Fblock%2Fnbd6%2Fsubsystem%2Fnvme7n1%2Fsubsystem%2Fnbd12%2Fholders HTTP/2.0" 200 2682 "-" "Mozilla/5.0 AppleWebKit/537.36 (KHTML, like Gecko; compatible; ClaudeBot/1.0; +claudebot@anthropic.com)"
216.73.216.158 - - [15/Dec/2025:01:27:10 -0800] "GET /xmlrpc.php?path=%2F%2Fsys%2Fblock%2Fnbd6%2Fsubsystem%2Fnbd12%2Fsubsystem%2Fnvme7n1%2Fholders HTTP/2.0" 200 2680 "-" "Mozilla/5.0 AppleWebKit/537.36 (KHTML, like Gecko; compatible; ClaudeBot/1.0; +claudebot@anthropic.com)"
216.73.216.158 - - [15/Dec/2025:01:27:15 -0800] "GET /xmlrpc.php?path=%2F%2Fsys%2Fdevices%2Fsystem%2Fmemory%2Fmemory119%2Fnode0%2Fmemory191 HTTP/2.0" 200 3352 "-" "Mozilla/5.0 AppleWebKit/537.36 (KHTML, like Gecko; compatible; ClaudeBot/1.0; +claudebot@anthropic.com)"
216.73.216.158 - - [15/Dec/2025:01:27:20 -0800] "GET /xmlrpc.php?fileloc=%2F%2Fsys%2Fclass%2Fiommu%2Fivhd2%2Fdevices%2F0000%3A40%3A01.3%2Fdriver%2F0000%3A80%3A08.2%2Fdriver_override&path=%2F%2Fsys%2Fclass%2Fiommu%2Fivhd2%2Fdevices%2F0000%3A40%3A01.3%2Fdriver%2F0000%3A80%3A08.2 HTTP/2.0" 200 2642 "-" "Mozilla/5.0 AppleWebKit/537.36 (KHTML, like Gecko; compatible; ClaudeBot/1.0; +claudebot@anthropic.com)"
202.76.173.71 - - [15/Dec/2025:01:27:26 -0800] "GET /wp-content/uploads/2020/02/distellary-district-300x157.jpg HTTP/2.0" 200 16500 "-" "Mozilla/5.0 (X11; Linux i686) AppleWebKit/534.30 (KHTML, like Gecko) Ubuntu/11.04 Chromium/12.0.742.112 Chrome/12.0.742.112 Safari/534.30"
216.73.216.158 - - [15/Dec/2025:01:27:25 -0800] "GET /xmlrpc.php?fileloc=%2F%2Fsys%2Fblock%2Fnbd6%2Fsubsystem%2Fnbd8%2Fsubsystem%2Fnvme7n1%2Fdevice%2Fqueue_count&path=%2F%2Fsys%2Fblock%2Fnbd6%2Fsubsystem%2Fnbd8%2Fsubsystem%2Fnvme7n1%2Fdevice HTTP/2.0" 200 2631 "-" "Mozilla/5.0 AppleWebKit/537.36 (KHTML, like Gecko; compatible; ClaudeBot/1.0; +claudebot@anthropic.com)"
216.73.216.158 - - [15/Dec/2025:01:27:30 -0800] "GET /xmlrpc.php?path=%2F%2Fsys%2Fblock%2Fnbd6%2Fsubsystem%2Fnvme7n1%2Fsubsystem%2Fnvme2n1%2Fsubsystem%2Fnbd3%2Fintegrity HTTP/2.0" 200 3257 "-" "Mozilla/5.0 AppleWebKit/537.36 (KHTML, like Gecko; compatible; ClaudeBot/1.0; +claudebot@anthropic.com)"
216.73.216.158 - - [15/Dec/2025:01:27:35 -0800] "GET /xmlrpc.php?path=%2F%2Fsys%2Fblock%2Fnbd6%2Fsubsystem%2Fnvme4n1%2Fmq%2F124 HTTP/2.0" 200 3133 "-" "Mozilla/5.0 AppleWebKit/537.36 (KHTML, like Gecko; compatible; ClaudeBot/1.0; +claudebot@anthropic.com)"
216.73.216.158 - - [15/Dec/2025:01:27:40 -0800] "GET /xmlrpc.php?path=%2F%2Fsys%2Fdevices%2Fsystem%2Fmemory%2Fmemory117%2Fnode0%2Fmemory80 HTTP/2.0" 200 3349 "-" "Mozilla/5.0 AppleWebKit/537.36 (KHTML, like Gecko; compatible; ClaudeBot/1.0; +claudebot@anthropic.com)"
216.73.216.158 - - [15/Dec/2025:01:27:45 -0800] "GET /xmlrpc.php?path=%2F%2Fsys%2Fblock%2Fnbd6%2Fsubsystem%2Fmd127%2Fsubsystem%2Fnvme4n1%2Fmq%2F105 HTTP/2.0" 200 3154 "-" "Mozilla/5.0 AppleWebKit/537.36 (KHTML, like Gecko; compatible; ClaudeBot/1.0; +claudebot@anthropic.com)"
216.73.216.158 - - [15/Dec/2025:01:27:50 -0800] "GET /xmlrpc.php?path=%2F%2Fsys%2Fblock%2Fnbd6%2Fsubsystem%2Fmd0p2%2Fsubsystem%2Fmd0%2Fqueue HTTP/2.0" 200 4337 "-" "Mozilla/5.0 AppleWebKit/537.36 (KHTML, like Gecko; compatible; ClaudeBot/1.0; +claudebot@anthropic.com)"
216.73.216.158 - - [15/Dec/2025:01:27:55 -0800] "GET /xmlrpc.php?fileloc=%2F%2Fsys%2Fblock%2Fnbd6%2Fsubsystem%2Fnbd12%2Fintegrity%2Fwrite_generate&path=%2F%2Fsys%2Fblock%2Fnbd6%2Fsubsystem%2Fnbd12%2Fintegrity HTTP/2.0" 200 2618 "-" "Mozilla/5.0 AppleWebKit/537.36 (KHTML, like Gecko; compatible; ClaudeBot/1.0; +claudebot@anthropic.com)"
69.30.196.218 - - [15/Dec/2025:01:27:59 -0800] "GET /R-487ae47ad790ec1172024975e7df50c8 HTTP/1.1" 200 3502 "-" "-"
114.119.150.166 - - [15/Dec/2025:01:27:59 -0800] "GET /research/gallery/image/analysis/2xwjm.html HTTP/1.1" 200 8604 "https://lifeofcanada.com/sitemap489.xml" "Mozilla/5.0 (Linux; Android 7.0;) AppleWebKit/537.36 (KHTML, like Gecko) Mobile Safari/537.36 (compatible; PetalBot;+https://webmaster.petalsearch.com/site/petalbot)"
216.73.216.158 - - [15/Dec/2025:01:28:00 -0800] "GET /xmlrpc.php?path=%2F%2Fsys%2Fdevices%2Fsystem%2Fmemory%2Fmemory119%2Fnode0%2Fmemory49 HTTP/2.0" 200 3351 "-" "Mozilla/5.0 AppleWebKit/537.36 (KHTML, like Gecko; compatible; ClaudeBot/1.0; +claudebot@anthropic.com)"
216.73.216.158 - - [15/Dec/2025:01:28:05 -0800] "GET /xmlrpc.php?fileloc=%2F%2Fsys%2Fblock%2Fnbd10%2Fsubsystem%2Fmd10%2Fcapability&path=%2F%2Fsys%2Fblock%2Fnbd10%2Fsubsystem%2Fmd10 HTTP/2.0" 200 2657 "-" "Mozilla/5.0 AppleWebKit/537.36 (KHTML, like Gecko; compatible; ClaudeBot/1.0; +claudebot@anthropic.com)"
216.73.216.158 - - [15/Dec/2025:01:28:10 -0800] "GET /xmlrpc.php?fileloc=%2F%2Fsys%2Fblock%2Fnbd6%2Fsubsystem%2Fnvme7n1p1%2Fsubsystem%2Fnbd7%2Fsubsystem%2Fnbd4%2Fqueue%2Fminimum_io_size&path=%2F%2Fsys%2Fblock%2Fnbd6%2Fsubsystem%2Fnvme7n1p1%2Fsubsystem%2Fnbd7%2Fsubsystem%2Fnbd4%2Fqueue HTTP/2.0" 200 2648 "-" "Mozilla/5.0 AppleWebKit/537.36 (KHTML, like Gecko; compatible; ClaudeBot/1.0; +claudebot@anthropic.com)"
216.73.216.158 - - [15/Dec/2025:01:28:15 -0800] "GET /xmlrpc.php?fileloc=%2F%2Fsys%2Fblock%2Fnbd6%2Fsubsystem%2Fnvme4n1%2Fsubsystem%2Fnbd14%2Fqueue%2Fdiscard_zeroes_data&path=%2F%2Fsys%2Fblock%2Fnbd6%2Fsubsystem%2Fnvme4n1%2Fsubsystem%2Fnbd14%2Fqueue HTTP/2.0" 200 2639 "-" "Mozilla/5.0 AppleWebKit/537.36 (KHTML, like Gecko; compatible; ClaudeBot/1.0; +claudebot@anthropic.com)"
190.143.255.186 - - [15/Dec/2025:01:28:20 -0800] "GET /category/51/1 HTTP/1.1" 302 3670 "-" "Mozilla/5.0 (Windows NT 10.0; Win64; x64) AppleWebKit/537.36 (KHTML, like Gecko) Chrome/62.0.3202.89 Safari/537.36"
216.73.216.158 - - [15/Dec/2025:01:28:20 -0800] "GET /xmlrpc.php?path=%2F%2Fsys%2Fblock%2Fnbd6%2Fsubsystem%2Fnvme7n1%2Fsubsystem%2Fnvme2n1%2Fintegrity HTTP/2.0" 200 3237 "-" "Mozilla/5.0 AppleWebKit/537.36 (KHTML, like Gecko; compatible; ClaudeBot/1.0; +claudebot@anthropic.com)"
216.73.216.158 - - [15/Dec/2025:01:28:25 -0800] "GET /xmlrpc.php?fileloc=%2F%2Fsys%2Fblock%2Fnbd6%2Fsubsystem%2Fnvme2n1%2Fdevice%2Fsubsystem%2Fnvme6%2Fqueue_count&path=%2F%2Fsys%2Fblock%2Fnbd6%2Fsubsystem%2Fnvme2n1%2Fdevice%2Fsubsystem%2Fnvme6 HTTP/2.0" 200 2633 "-" "Mozilla/5.0 AppleWebKit/537.36 (KHTML, like Gecko; compatible; ClaudeBot/1.0; +claudebot@anthropic.com)"
216.73.216.158 - - [15/Dec/2025:01:28:30 -0800] "GET /xmlrpc.php?path=%2F%2Fsys%2Fblock%2Fnbd6%2Fsubsystem%2Fnbd12%2Fmq%2F0%2Fcpu56 HTTP/2.0" 200 2678 "-" "Mozilla/5.0 AppleWebKit/537.36 (KHTML, like Gecko; compatible; ClaudeBot/1.0; +claudebot@anthropic.com)"
216.73.216.158 - - [15/Dec/2025:01:28:35 -0800] "GET /xmlrpc.php?path=%2F%2Fsys%2Fblock%2Fnbd6%2Fsubsystem%2Fnvme7n1%2Fsubsystem%2Fnbd1%2Fsubsystem%2Fnbd12 HTTP/2.0" 200 4010 "-" "Mozilla/5.0 AppleWebKit/537.36 (KHTML, like Gecko; compatible; ClaudeBot/1.0; +claudebot@anthropic.com)"
216.73.216.158 - - [15/Dec/2025:01:28:40 -0800] "GET /xmlrpc.php?path=%2F%2Fsys%2Fblock%2Fnbd6%2Fsubsystem%2Fnvme2n1%2Fdevice%2Fng2n1%2Fsubsystem%2Fng6n1 HTTP/2.0" 200 3149 "-" "Mozilla/5.0 AppleWebKit/537.36 (KHTML, like Gecko; compatible; ClaudeBot/1.0; +claudebot@anthropic.com)"
216.73.216.158 - - [15/Dec/2025:01:28:45 -0800] "GET /xmlrpc.php?path=%2F%2Fsys%2Fblock%2Fnbd6%2Fsubsystem%2Fnbd1%2Fsubsystem%2Fnvme7n1%2Fsubsystem%2Fnbd12 HTTP/2.0" 200 4007 "-" "Mozilla/5.0 AppleWebKit/537.36 (KHTML, like Gecko; compatible; ClaudeBot/1.0; +claudebot@anthropic.com)"
5.32.244.45 - - [15/Dec/2025:01:28:47 -0800] "GET /products/22sv867 HTTP/1.1" 302 3670 "-" "Mozilla/5.0 (Macintosh; Intel Mac OS X 10_13_6) AppleWebKit/537.36 (KHTML, like Gecko) Chrome/80.0.3987.106 Safari/537.36"
216.73.216.158 - - [15/Dec/2025:01:28:50 -0800] "GET /xmlrpc.php?path=%2F%2Fsys%2Fdevices%2Fsystem%2Fmemory%2Fmemory119%2Fnode0%2Fmemory35 HTTP/2.0" 200 3355 "-" "Mozilla/5.0 AppleWebKit/537.36 (KHTML, like Gecko; compatible; ClaudeBot/1.0; +claudebot@anthropic.com)"
216.73.216.158 - - [15/Dec/2025:01:28:55 -0800] "GET /xmlrpc.php?fileloc=%2F%2Fsys%2Fblock%2Fnbd6%2Fsubsystem%2Fnbd1%2Fsubsystem%2Fmd127%2Fmd%2Frd0%2Funacknowledged_bad_blocks&path=%2F%2Fsys%2Fblock%2Fnbd6%2Fsubsystem%2Fnbd1%2Fsubsystem%2Fmd127%2Fmd%2Frd0 HTTP/2.0" 200 2641 "-" "Mozilla/5.0 AppleWebKit/537.36 (KHTML, like Gecko; compatible; ClaudeBot/1.0; +claudebot@anthropic.com)"
216.73.216.158 - - [15/Dec/2025:01:29:00 -0800] "GET /xmlrpc.php?path=%2F%2Fsys%2Fblock%2Fnbd6%2Fbdi%2Fsubsystem%2F259%3A11%2Fsubsystem%2F43%3A32 HTTP/2.0" 200 3426 "-" "Mozilla/5.0 AppleWebKit/537.36 (KHTML, like Gecko; compatible; ClaudeBot/1.0; +claudebot@anthropic.com)"
216.73.216.158 - - [15/Dec/2025:01:29:05 -0800] "GET /xmlrpc.php?path=%2F%2Fsys%2Fblock%2Fnbd6%2Fsubsystem%2Fnvme7n1%2Fmq%2F117%2Fcpu117 HTTP/2.0" 200 2684 "-" "Mozilla/5.0 AppleWebKit/537.36 (KHTML, like Gecko; compatible; ClaudeBot/1.0; +claudebot@anthropic.com)"
216.73.216.158 - - [15/Dec/2025:01:29:10 -0800] "GET /xmlrpc.php?path=%2F%2Fsys%2Fdevices%2Fsystem%2Fmemory%2Fmemory119%2Fnode0%2Fmemory183 HTTP/2.0" 200 3352 "-" "Mozilla/5.0 AppleWebKit/537.36 (KHTML, like Gecko; compatible; ClaudeBot/1.0; +claudebot@anthropic.com)"
216.73.216.158 - - [15/Dec/2025:01:29:15 -0800] "GET /xmlrpc.php?path=%2F%2Fsys%2Fblock%2Fnbd6%2Fsubsystem%2Fnvme5n1%2Fsubsystem%2Fmd0%2Fintegrity HTTP/2.0" 200 3236 "-" "Mozilla/5.0 AppleWebKit/537.36 (KHTML, like Gecko; compatible; ClaudeBot/1.0; +claudebot@anthropic.com)"
66.249.69.224 - - [15/Dec/2025:01:29:20 -0800] "GET /mechanic196?kg=32450 HTTP/1.1" 302 3655 "-" "Mozilla/5.0 (compatible; Googlebot/2.1; +http://www.google.com/bot.html)"
216.73.216.158 - - [15/Dec/2025:01:29:20 -0800] "GET /xmlrpc.php?fileloc=%2F%2Fsys%2Fblock%2Fnbd6%2Fsubsystem%2Fnbd13%2Fsubsystem%2Fnvme7n1%2Fqueue%2Fnomerges&path=%2F%2Fsys%2Fblock%2Fnbd6%2Fsubsystem%2Fnbd13%2Fsubsystem%2Fnvme7n1%2Fqueue HTTP/2.0" 200 2628 "-" "Mozilla/5.0 AppleWebKit/537.36 (KHTML, like Gecko; compatible; ClaudeBot/1.0; +claudebot@anthropic.com)"
216.73.216.158 - - [15/Dec/2025:01:29:25 -0800] "GET /xmlrpc.php?fileloc=%2F%2Fsys%2Fblock%2Fnbd6%2Fsubsystem%2Fnbd7%2Fsubsystem%2Fnvme5n1%2Fintegrity%2Fwrite_generate&path=%2F%2Fsys%2Fblock%2Fnbd6%2Fsubsystem%2Fnbd7%2Fsubsystem%2Fnvme5n1%2Fintegrity HTTP/2.0" 200 2637 "-" "Mozilla/5.0 AppleWebKit/537.36 (KHTML, like Gecko; compatible; ClaudeBot/1.0; +claudebot@anthropic.com)"
69.30.196.218 - - [15/Dec/2025:01:29:27 -0800] "GET /R-487ae47ad790ec1172024975e7df50c8 HTTP/1.1" 200 3502 "-" "-"
122.8.185.8 - - [15/Dec/2025:01:29:26 -0800] "GET /somebody-look-life-of-a-international-student-in-canada-amid-covid-19/?fileloc=/home/dh_7uh9vd/lifeofcanada.com/ehc/vt-3.webp&path=/home/dh_7uh9vd/lifeofcanada.com/ehc HTTP/2.0" 200 15876 "https://lifeofcanada.com/somebody-look-life-of-a-international-student-in-canada-amid-covid-19/?fileloc=/home/dh_7uh9vd/lifeofcanada.com/ehc/vt-3.webp&path=/home/dh_7uh9vd/lifeofcanada.com/ehc" "Mozilla/5.0 (Windows NT 10.0; Win64; x64) AppleWebKit/537.36 (KHTML, like Gecko) Chrome/116.0.0.0 Safari/537.36"
69.30.196.218 - - [15/Dec/2025:01:29:27 -0800] "GET /R-487ae47ad790ec1172024975e7df50c8 HTTP/1.1" 200 3502 "-" "-"
114.119.156.165 - - [15/Dec/2025:01:29:27 -0800] "GET /research/fhp.html HTTP/1.1" 200 8604 "https://lifeofcanada.com/sitemap324.xml" "Mozilla/5.0 (Linux; Android 7.0;) AppleWebKit/537.36 (KHTML, like Gecko) Mobile Safari/537.36 (compatible; PetalBot;+https://webmaster.petalsearch.com/site/petalbot)"
69.30.214.206 - - [15/Dec/2025:01:29:30 -0800] "GET /images/images/images/images/images/images/images/index.php?ARRAY=7o2230223n313736353739343537302p2231223n22687474703n5p2s5p2s736875692q31627n6979722r747936382r6s72675p2s3s6p633q7068705s636s64655s6n6326743q313736353739303937302q6163353838653432633936386165663066393262363930623333336338653137222p2232223n226633373866303431376363336535356532316161643030313233646166343232222p2233223n223066316239643631313364633062616262353764633131636633333431623962222p2262696r675s70617373223n2231362q34372q35312q36342q37362q38372q3137227q HTTP/1.1" 200 3603 "-" "Mozilla/5.0 (Windows NT 6.1; Win64; x64) AppleWebKit/537.36 (KHTML, like Gecko) Chrome/86.0.4240.111 Safari/537.36"
216.73.216.158 - - [15/Dec/2025:01:29:30 -0800] "GET /xmlrpc.php?fileloc=%2F%2Fsys%2Fblock%2Fnbd6%2Fsubsystem%2Fnvme5n1%2Fsubsystem%2Fnbd7%2Fintegrity%2Fwrite_generate&path=%2F%2Fsys%2Fblock%2Fnbd6%2Fsubsystem%2Fnvme5n1%2Fsubsystem%2Fnbd7%2Fintegrity HTTP/2.0" 200 2639 "-" "Mozilla/5.0 AppleWebKit/537.36 (KHTML, like Gecko; compatible; ClaudeBot/1.0; +claudebot@anthropic.com)"
216.73.216.158 - - [15/Dec/2025:01:29:35 -0800] "GET /xmlrpc.php?fileloc=%2F%2Fsys%2Fblock%2Fnbd6%2Fsubsystem%2Fnbd6%2Fsubsystem%2Fnbd11%2Fqueue%2Frotational&path=%2F%2Fsys%2Fblock%2Fnbd6%2Fsubsystem%2Fnbd6%2Fsubsystem%2Fnbd11%2Fqueue HTTP/2.0" 200 2618 "-" "Mozilla/5.0 AppleWebKit/537.36 (KHTML, like Gecko; compatible; ClaudeBot/1.0; +claudebot@anthropic.com)"
216.73.216.158 - - [15/Dec/2025:01:29:40 -0800] "GET /xmlrpc.php?path=%2F%2Fsys%2Fblock%2Fnbd6%2Fsubsystem%2Fnvme7n1%2Fsubsystem%2Fnvme7n1%2Fmq%2F71 HTTP/2.0" 200 3144 "-" "Mozilla/5.0 AppleWebKit/537.36 (KHTML, like Gecko; compatible; ClaudeBot/1.0; +claudebot@anthropic.com)"
216.73.216.158 - - [15/Dec/2025:01:29:45 -0800] "GET /xmlrpc.php?path=%2F%2Fsys%2Fblock%2Fnbd10%2Fsubsystem%2Fnbd3%2Fslaves HTTP/2.0" 200 2663 "-" "Mozilla/5.0 AppleWebKit/537.36 (KHTML, like Gecko; compatible; ClaudeBot/1.0; +claudebot@anthropic.com)"
216.73.216.158 - - [15/Dec/2025:01:29:50 -0800] "GET /xmlrpc.php?fileloc=%2F%2Fsys%2Fblock%2Fnbd6%2Fsubsystem%2Fnbd0%2Fsubsystem%2Fnvme1n1%2Fqueue%2Ffua&path=%2F%2Fsys%2Fblock%2Fnbd6%2Fsubsystem%2Fnbd0%2Fsubsystem%2Fnvme1n1%2Fqueue HTTP/2.0" 200 2623 "-" "Mozilla/5.0 AppleWebKit/537.36 (KHTML, like Gecko; compatible; ClaudeBot/1.0; +claudebot@anthropic.com)"
216.73.216.158 - - [15/Dec/2025:01:29:55 -0800] "GET /xmlrpc.php?path=%2F%2Fsys%2Fblock%2Fnbd10%2Fsubsystem%2Fnvme7n1%2Fsubsystem%2Fnbd13 HTTP/2.0" 200 3992 "-" "Mozilla/5.0 AppleWebKit/537.36 (KHTML, like Gecko; compatible; ClaudeBot/1.0; +claudebot@anthropic.com)"
216.73.216.158 - - [15/Dec/2025:01:30:00 -0800] "GET /xmlrpc.php?fileloc=%2F%2Fsys%2Fblock%2Fnbd6%2Fsubsystem%2Fnvme5n1%2Fsubsystem%2Fnvme5n1%2Ftrace%2Fstart_lba&path=%2F%2Fsys%2Fblock%2Fnbd6%2Fsubsystem%2Fnvme5n1%2Fsubsystem%2Fnvme5n1%2Ftrace HTTP/2.0" 200 2626 "-" "Mozilla/5.0 AppleWebKit/537.36 (KHTML, like Gecko; compatible; ClaudeBot/1.0; +claudebot@anthropic.com)"
216.73.216.158 - - [15/Dec/2025:01:30:05 -0800] "GET /xmlrpc.php?fileloc=%2F%2Fsys%2Fblock%2Fnbd6%2Fsubsystem%2Fmd127%2Fmd%2Frd0%2Fblock%2Fsubsystem%2Fnvme2n1%2Fuuid&path=%2F%2Fsys%2Fblock%2Fnbd6%2Fsubsystem%2Fmd127%2Fmd%2Frd0%2Fblock%2Fsubsystem%2Fnvme2n1 HTTP/2.0" 200 2639 "-" "Mozilla/5.0 AppleWebKit/537.36 (KHTML, like Gecko; compatible; ClaudeBot/1.0; +claudebot@anthropic.com)"
216.73.216.158 - - [15/Dec/2025:01:30:10 -0800] "GET /xmlrpc.php?path=%2F%2Fsys%2Fblock%2Fnbd6%2Fsubsystem%2Fmd10%2Fsubsystem%2Fnvme3n1%2Fmq%2F99 HTTP/2.0" 200 3150 "-" "Mozilla/5.0 AppleWebKit/537.36 (KHTML, like Gecko; compatible; ClaudeBot/1.0; +claudebot@anthropic.com)"
216.73.216.158 - - [15/Dec/2025:01:30:15 -0800] "GET /xmlrpc.php?fileloc=%2F%2Fsys%2Fblock%2Fnbd6%2Fsubsystem%2Fnbd13%2Fsubsystem%2Fnvme6n1%2Fqueue%2Fscheduler&path=%2F%2Fsys%2Fblock%2Fnbd6%2Fsubsystem%2Fnbd13%2Fsubsystem%2Fnvme6n1%2Fqueue HTTP/2.0" 200 2629 "-" "Mozilla/5.0 AppleWebKit/537.36 (KHTML, like Gecko; compatible; ClaudeBot/1.0; +claudebot@anthropic.com)"
216.73.216.158 - - [15/Dec/2025:01:30:20 -0800] "GET /xmlrpc.php?path=%2F%2Fsys%2Fdevices%2Fsystem%2Fmemory%2Fmemory119%2Fnode0%2Fmemory180 HTTP/2.0" 200 3350 "-" "Mozilla/5.0 AppleWebKit/537.36 (KHTML, like Gecko; compatible; ClaudeBot/1.0; +claudebot@anthropic.com)"
216.73.216.158 - - [15/Dec/2025:01:30:25 -0800] "GET /xmlrpc.php?path=%2F%2Fsys%2Fblock%2Fnbd6%2Fsubsystem%2Fnbd8%2Fmq%2F0%2Fcpu97 HTTP/2.0" 200 2677 "-" "Mozilla/5.0 AppleWebKit/537.36 (KHTML, like Gecko; compatible; ClaudeBot/1.0; +claudebot@anthropic.com)"
216.73.216.158 - - [15/Dec/2025:01:30:30 -0800] "GET /xmlrpc.php?path=%2F%2Fsys%2Fblock%2Fnbd6%2Fsubsystem%2Fnbd5%2Fsubsystem%2Fnvme7n1%2Fsubsystem%2Fnbd3%2Fholders HTTP/2.0" 200 2751 "-" "Mozilla/5.0 AppleWebKit/537.36 (KHTML, like Gecko; compatible; ClaudeBot/1.0; +claudebot@anthropic.com)"
216.73.216.158 - - [15/Dec/2025:01:30:35 -0800] "GET /xmlrpc.php?path=%2F%2Fsys%2Fblock%2Fnbd6%2Fbdi%2Fsubsystem%2F259%3A2%2Fsubsystem%2F43%3A384 HTTP/2.0" 200 3424 "-" "Mozilla/5.0 AppleWebKit/537.36 (KHTML, like Gecko; compatible; ClaudeBot/1.0; +claudebot@anthropic.com)"
216.73.216.158 - - [15/Dec/2025:01:30:40 -0800] "GET /xmlrpc.php?path=%2F%2Fsys%2Fblock%2Fnbd6%2Fsubsystem%2Fnvme1n1%2Fdevice%2Fnvme1n1%2Fsubsystem%2Fnbd12 HTTP/2.0" 200 4013 "-" "Mozilla/5.0 AppleWebKit/537.36 (KHTML, like Gecko; compatible; ClaudeBot/1.0; +claudebot@anthropic.com)"
216.73.216.158 - - [15/Dec/2025:01:30:45 -0800] "GET /xmlrpc.php?fileloc=%2F%2Fsys%2Fblock%2Fnbd6%2Fsubsystem%2Fnvme7n1%2Fsubsystem%2Fmd127%2Fmd%2Frd0%2Funacknowledged_bad_blocks&path=%2F%2Fsys%2Fblock%2Fnbd6%2Fsubsystem%2Fnvme7n1%2Fsubsystem%2Fmd127%2Fmd%2Frd0 HTTP/2.0" 200 2649 "-" "Mozilla/5.0 AppleWebKit/537.36 (KHTML, like Gecko; compatible; ClaudeBot/1.0; +claudebot@anthropic.com)"
69.30.196.218 - - [15/Dec/2025:01:30:50 -0800] "GET /R-487ae47ad790ec1172024975e7df50c8 HTTP/1.1" 200 3502 "-" "-"
114.119.139.115 - - [15/Dec/2025:01:30:50 -0800] "GET /research/fhh.html HTTP/1.1" 200 8604 "https://lifeofcanada.com/sitemap309.xml" "Mozilla/5.0 (Linux; Android 7.0;) AppleWebKit/537.36 (KHTML, like Gecko) Mobile Safari/537.36 (compatible; PetalBot;+https://webmaster.petalsearch.com/site/petalbot)"
216.73.216.158 - - [15/Dec/2025:01:30:50 -0800] "GET /xmlrpc.php?path=%2F%2Fsys%2Fblock%2Fnbd6%2Fsubsystem%2Fnvme3n1%2Fmq%2F41%2Fcpu41 HTTP/2.0" 200 2682 "-" "Mozilla/5.0 AppleWebKit/537.36 (KHTML, like Gecko; compatible; ClaudeBot/1.0; +claudebot@anthropic.com)"
66.249.69.226 - - [15/Dec/2025:01:30:51 -0800] "GET /conspiracy65?kg=20207 HTTP/1.1" 302 3655 "-" "Mozilla/5.0 (Linux; Android 6.0.1; Nexus 5X Build/MMB29P) AppleWebKit/537.36 (KHTML, like Gecko) Chrome/141.0.7390.122 Mobile Safari/537.36 (compatible; Googlebot/2.1; +http://www.google.com/bot.html)"
216.73.216.158 - - [15/Dec/2025:01:30:55 -0800] "GET /xmlrpc.php?fileloc=%2F%2Fsys%2Fblock%2Fnbd6%2Fsubsystem%2Fnbd1%2Fsubsystem%2Fmd10%2Fmd%2Frd3%2Fstate&path=%2F%2Fsys%2Fblock%2Fnbd6%2Fsubsystem%2Fnbd1%2Fsubsystem%2Fmd10%2Fmd%2Frd3 HTTP/2.0" 200 2629 "-" "Mozilla/5.0 AppleWebKit/537.36 (KHTML, like Gecko; compatible; ClaudeBot/1.0; +claudebot@anthropic.com)"
216.73.216.158 - - [15/Dec/2025:01:31:00 -0800] "GET /xmlrpc.php?path=%2F%2Fsys%2Fdevices%2Fsystem%2Fmemory%2Fmemory119%2Fnode0%2Fmemory63 HTTP/2.0" 200 3356 "-" "Mozilla/5.0 AppleWebKit/537.36 (KHTML, like Gecko; compatible; ClaudeBot/1.0; +claudebot@anthropic.com)"
216.73.216.158 - - [15/Dec/2025:01:31:05 -0800] "GET /xmlrpc.php?path=%2F%2Fsys%2Fdevices%2Fsystem%2Fmemory%2Fmemory117%2Fnode0%2Fmemory108 HTTP/2.0" 200 3352 "-" "Mozilla/5.0 AppleWebKit/537.36 (KHTML, like Gecko; compatible; ClaudeBot/1.0; +claudebot@anthropic.com)"
216.73.216.158 - - [15/Dec/2025:01:31:10 -0800] "GET /xmlrpc.php?path=%2F%2Fsys%2Fclass%2Fiommu%2Fivhd2%2Fdevices%2F0000%3A40%3A07.0%2Fiommu%2Fsubsystem%2Fivhd0 HTTP/2.0" 200 3196 "-" "Mozilla/5.0 AppleWebKit/537.36 (KHTML, like Gecko; compatible; ClaudeBot/1.0; +claudebot@anthropic.com)"
216.73.216.158 - - [15/Dec/2025:01:31:15 -0800] "GET /xmlrpc.php?fileloc=%2F%2Fsys%2Fblock%2Fnbd6%2Fsubsystem%2Fnbd13%2Fsubsystem%2Fnbd14%2Fqueue%2Fchunk_sectors&path=%2F%2Fsys%2Fblock%2Fnbd6%2Fsubsystem%2Fnbd13%2Fsubsystem%2Fnbd14%2Fqueue HTTP/2.0" 200 2630 "-" "Mozilla/5.0 AppleWebKit/537.36 (KHTML, like Gecko; compatible; ClaudeBot/1.0; +claudebot@anthropic.com)"
216.73.216.158 - - [15/Dec/2025:01:31:20 -0800] "GET /xmlrpc.php?fileloc=%2F%2Fsys%2Fblock%2Fnbd6%2Fsubsystem%2Fnbd15%2Fsubsystem%2Fmd127%2Fqueue%2Fphysical_block_size&path=%2F%2Fsys%2Fblock%2Fnbd6%2Fsubsystem%2Fnbd15%2Fsubsystem%2Fmd127%2Fqueue HTTP/2.0" 200 2638 "-" "Mozilla/5.0 AppleWebKit/537.36 (KHTML, like Gecko; compatible; ClaudeBot/1.0; +claudebot@anthropic.com)"
216.73.216.158 - - [15/Dec/2025:01:31:25 -0800] "GET /xmlrpc.php?path=%2F%2Fsys%2Fblock%2Fnbd6%2Fsubsystem%2Fnbd12%2Fsubsystem%2Fnbd4%2Fholders HTTP/2.0" 200 2675 "-" "Mozilla/5.0 AppleWebKit/537.36 (KHTML, like Gecko; compatible; ClaudeBot/1.0; +claudebot@anthropic.com)"
192.178.6.103 - - [15/Dec/2025:01:31:26 -0800] "GET /regular235?kg=47747 HTTP/1.1" 302 3655 "-" "Mozilla/5.0 (Linux; Android 6.0.1; Nexus 5X Build/MMB29P) AppleWebKit/537.36 (KHTML, like Gecko) Chrome/141.0.7390.122 Mobile Safari/537.36 (compatible; Googlebot/2.1; +http://www.google.com/bot.html)"
216.73.216.158 - - [15/Dec/2025:01:31:30 -0800] "GET /xmlrpc.php?path=%2F%2Fsys%2Fblock%2Fnbd6%2Fsubsystem%2Fnbd8%2Fsubsystem%2Fmd127%2Fholders HTTP/2.0" 200 2678 "-" "Mozilla/5.0 AppleWebKit/537.36 (KHTML, like Gecko; compatible; ClaudeBot/1.0; +claudebot@anthropic.com)"
216.73.216.158 - - [15/Dec/2025:01:31:35 -0800] "GET /xmlrpc.php?fileloc=%2F%2Fsys%2Fblock%2Fnbd6%2Fsubsystem%2Fnvme5n1%2Fdevice%2Fnvme5n1%2Fsubsystem%2Fnvme7n1%2Fqueue%2Fdma_alignment&path=%2F%2Fsys%2Fblock%2Fnbd6%2Fsubsystem%2Fnvme5n1%2Fdevice%2Fnvme5n1%2Fsubsystem%2Fnvme7n1%2Fqueue HTTP/2.0" 200 2709 "-" "Mozilla/5.0 AppleWebKit/537.36 (KHTML, like Gecko; compatible; ClaudeBot/1.0; +claudebot@anthropic.com)"
151.244.149.122 - - [15/Dec/2025:01:31:38 -0800] "GET /tag/canada-pm HTTP/1.1" 302 3611 "https://lifeofcanada.com/" "Mozilla/5.0 (Macintosh; Intel Mac OS X 10_15_7) AppleWebKit/605.1.15 (KHTML, like Gecko) Version/15.3 Safari/605.1.15"
216.73.216.158 - - [15/Dec/2025:01:31:40 -0800] "GET /xmlrpc.php?fileloc=%2F%2Fsys%2Fdevices%2FLNXSYSTM%3A00%2Fsubsystem%2Fdevices%2Fdevice%3A11f%2Fadr&path=%2F%2Fsys%2Fdevices%2FLNXSYSTM%3A00%2Fsubsystem%2Fdevices%2Fdevice%3A11f HTTP/2.0" 200 2613 "-" "Mozilla/5.0 AppleWebKit/537.36 (KHTML, like Gecko; compatible; ClaudeBot/1.0; +claudebot@anthropic.com)"
216.73.216.158 - - [15/Dec/2025:01:31:45 -0800] "GET /xmlrpc.php?path=%2F%2Fsys%2Fclass%2Fnet%2Fteql0%2Fsubsystem%2Fbond0%2Flower_phy0%2Fstatistics HTTP/2.0" 200 3881 "-" "Mozilla/5.0 AppleWebKit/537.36 (KHTML, like Gecko; compatible; ClaudeBot/1.0; +claudebot@anthropic.com)"
216.73.216.158 - - [15/Dec/2025:01:31:53 -0800] "GET /xmlrpc.php?fileloc=%2F%2Fsys%2Fkernel%2Firq%2F66%2Fhwirq&path=%2F%2Fsys%2Fkernel%2Firq%2F66 HTTP/2.0" 200 2643 "-" "Mozilla/5.0 AppleWebKit/537.36 (KHTML, like Gecko; compatible; ClaudeBot/1.0; +claudebot@anthropic.com)"
216.73.216.158 - - [15/Dec/2025:01:31:56 -0800] "GET /xmlrpc.php?fileloc=%2F%2Fsys%2Fkernel%2Firq%2F63%2Fhwirq&path=%2F%2Fsys%2Fkernel%2Firq%2F63 HTTP/2.0" 200 2585 "-" "Mozilla/5.0 AppleWebKit/537.36 (KHTML, like Gecko; compatible; ClaudeBot/1.0; +claudebot@anthropic.com)"
216.73.216.158 - - [15/Dec/2025:01:32:01 -0800] "GET /xmlrpc.php?fileloc=%2F%2Fsys%2Fkernel%2Firq%2F27%2Ftype&path=%2F%2Fsys%2Fkernel%2Firq%2F27 HTTP/2.0" 200 2583 "-" "Mozilla/5.0 AppleWebKit/537.36 (KHTML, like Gecko; compatible; ClaudeBot/1.0; +claudebot@anthropic.com)"
216.73.216.158 - - [15/Dec/2025:01:32:06 -0800] "GET /xmlrpc.php?fileloc=%2F%2Fsys%2Fblock%2Fnbd6%2Fsubsystem%2Fmd127%2Fmd%2Frd0%2Fblock%2Fsubsystem%2Fnvme5n1%2Fqueue%2Fwbt_lat_usec&path=%2F%2Fsys%2Fblock%2Fnbd6%2Fsubsystem%2Fmd127%2Fmd%2Frd0%2Fblock%2Fsubsystem%2Fnvme5n1%2Fqueue HTTP/2.0" 200 2656 "-" "Mozilla/5.0 AppleWebKit/537.36 (KHTML, like Gecko; compatible; ClaudeBot/1.0; +claudebot@anthropic.com)"
69.30.196.218 - - [15/Dec/2025:01:32:11 -0800] "GET /R-487ae47ad790ec1172024975e7df50c8 HTTP/1.1" 200 3502 "-" "-"
216.73.216.158 - - [15/Dec/2025:01:32:11 -0800] "GET /xmlrpc.php?fileloc=%2F%2Fsys%2Fkernel%2Firq%2F254%2Fchip_name&path=%2F%2Fsys%2Fkernel%2Firq%2F254 HTTP/2.0" 200 2587 "-" "Mozilla/5.0 AppleWebKit/537.36 (KHTML, like Gecko; compatible; ClaudeBot/1.0; +claudebot@anthropic.com)"
114.119.128.127 - - [15/Dec/2025:01:32:10 -0800] "GET /research/feature/3239j.html HTTP/1.1" 200 8604 "https://lifeofcanada.com/sitemap294.xml" "Mozilla/5.0 (Linux; Android 7.0;) AppleWebKit/537.36 (KHTML, like Gecko) Mobile Safari/537.36 (compatible; PetalBot;+https://webmaster.petalsearch.com/site/petalbot)"
216.73.216.158 - - [15/Dec/2025:01:32:16 -0800] "GET /xmlrpc.php?fileloc=%2F%2Fsys%2Fkernel%2Firq%2F753%2Fhwirq&path=%2F%2Fsys%2Fkernel%2Firq%2F753 HTTP/2.0" 200 2586 "-" "Mozilla/5.0 AppleWebKit/537.36 (KHTML, like Gecko; compatible; ClaudeBot/1.0; +claudebot@anthropic.com)"
216.73.216.158 - - [15/Dec/2025:01:32:21 -0800] "GET /xmlrpc.php?fileloc=%2F%2Fsys%2Fkernel%2Firq%2F80%2Fchip_name&path=%2F%2Fsys%2Fkernel%2Firq%2F80 HTTP/2.0" 200 2644 "-" "Mozilla/5.0 AppleWebKit/537.36 (KHTML, like Gecko; compatible; ClaudeBot/1.0; +claudebot@anthropic.com)"
69.30.214.206 - - [15/Dec/2025:01:32:31 -0800] "GET /index.php/jk HTTP/1.1" 200 3647 "-" "Mozilla/5.0 (iPhone; CPU iPhone OS 11_3 like Mac OS X) AppleWebKit/605.1.15 (KHTML, like Gecko) Version/11.0.4 Mobile/15E148 Safari/604.1"
69.30.214.206 - - [15/Dec/2025:01:32:42 -0800] "GET /ehc/mvr/images/images/images/index.php?ARRAY=7o2230223n313736353739343736322p2231223n22687474703n5p2s5p2s736875692q31627n6979722r747936382r6s72675p2s3s6p633q7068705s636s64655s6n6326743q313736353739313136322q3763343036363138323838383432663638376532643966613762383034633965222p2232223n223336336630333436303933323438613633643732303033346466613165616434222p2233223n226638613531633563383166656138353739393038393634373032363437643264222p2262696r675s70617373223n2232342q33312q35332q36312q37322q38382q3135227q HTTP/1.1" 302 3550 "-" "Mozilla/5.0 (Macintosh; Intel Mac OS X 10.13; rv:103.0) Gecko/20100101 Firefox/101.0"
69.30.196.218 - - [15/Dec/2025:01:32:47 -0800] "GET /R-487ae47ad790ec1172024975e7df50c8 HTTP/1.1" 200 3502 "-" "-"
149.232.139.59 - - [15/Dec/2025:01:32:46 -0800] "GET /best-lakes-in-canada/?fileloc=/home/dh_7uh9vd/lifeofcanada.com/wp-admin/custom-header.php&path=/home/dh_7uh9vd/lifeofcanada.com/wp-admin HTTP/2.0" 200 2874 "https://lifeofcanada.com/best-lakes-in-canada/?fileloc=/home/dh_7uh9vd/lifeofcanada.com/wp-admin/custom-header.php&path=/home/dh_7uh9vd/lifeofcanada.com/wp-admin" "Mozilla/5.0 (Macintosh; Intel Mac OS X 10_15_7) AppleWebKit/537.36 (KHTML, like Gecko) Chrome/131.0.0.0 Safari/537.36"
66.249.69.225 - - [15/Dec/2025:01:33:00 -0800] "GET /products/254ph47991 HTTP/1.1" 302 3655 "-" "Mozilla/5.0 (Linux; Android 6.0.1; Nexus 5X Build/MMB29P) AppleWebKit/537.36 (KHTML, like Gecko) Chrome/141.0.7390.122 Mobile Safari/537.36 (compatible; Googlebot/2.1; +http://www.google.com/bot.html)"
66.249.69.225 - - [15/Dec/2025:01:33:06 -0800] "GET /products/32ua34603 HTTP/1.1" 302 3655 "-" "Mozilla/5.0 (Linux; Android 6.0.1; Nexus 5X Build/MMB29P) AppleWebKit/537.36 (KHTML, like Gecko) Chrome/141.0.7390.122 Mobile Safari/537.36 (compatible; Googlebot/2.1; +http://www.google.com/bot.html)"
69.30.214.206 - - [15/Dec/2025:01:33:09 -0800] "GET /images/images/images/images/images/images/index.php?of=1 HTTP/1.1" 200 5845 "-" "Mozilla/5.0 (Windows NT 10.0; Win64; x64) AppleWebKit/537.36 (KHTML, like Gecko) Chrome/77.0.3760. Safari/537.36 Edg/77.0.141.7"
216.73.216.158 - - [15/Dec/2025:01:33:12 -0800] "GET /xmlrpc.php?fileloc=%2F%2Fsys%2Fblock%2Fnbd6%2Fsubsystem%2Fnvme5n1%2Fdevice%2Fnvme5n1%2Fsubsystem%2Fnvme7n1%2Fqueue%2Fstable_writes&path=%2F%2Fsys%2Fblock%2Fnbd6%2Fsubsystem%2Fnvme5n1%2Fdevice%2Fnvme5n1%2Fsubsystem%2Fnvme7n1%2Fqueue HTTP/2.0" 200 2708 "-" "Mozilla/5.0 AppleWebKit/537.36 (KHTML, like Gecko; compatible; ClaudeBot/1.0; +claudebot@anthropic.com)"
216.73.216.158 - - [15/Dec/2025:01:33:17 -0800] "GET /xmlrpc.php?fileloc=%2F%2Fsys%2Fdevices%2Fpci0000%3Ac0%2Ffirmware_node%2Fdevice%3A21%2Fsubsystem%2Fuevent&path=%2F%2Fsys%2Fdevices%2Fpci0000%3Ac0%2Ffirmware_node%2Fdevice%3A21%2Fsubsystem HTTP/2.0" 200 2622 "-" "Mozilla/5.0 AppleWebKit/537.36 (KHTML, like Gecko; compatible; ClaudeBot/1.0; +claudebot@anthropic.com)"
216.73.216.158 - - [15/Dec/2025:01:33:22 -0800] "GET /xmlrpc.php?path=%2F%2Fsys%2Fclass%2Fnet%2Fteql0%2Fsubsystem%2Fbond0%2Flower_phy0%2Fbonding_slave HTTP/2.0" 200 3300 "-" "Mozilla/5.0 AppleWebKit/537.36 (KHTML, like Gecko; compatible; ClaudeBot/1.0; +claudebot@anthropic.com)"
216.73.216.158 - - [15/Dec/2025:01:33:27 -0800] "GET /xmlrpc.php?fileloc=%2F%2Fsys%2Fblock%2Fnbd6%2Fsubsystem%2Fmd127%2Fmd%2Frd0%2Fblock%2Fsubsystem%2Fnvme2n1%2Fqueue%2Fminimum_io_size&path=%2F%2Fsys%2Fblock%2Fnbd6%2Fsubsystem%2Fmd127%2Fmd%2Frd0%2Fblock%2Fsubsystem%2Fnvme2n1%2Fqueue HTTP/2.0" 200 2657 "-" "Mozilla/5.0 AppleWebKit/537.36 (KHTML, like Gecko; compatible; ClaudeBot/1.0; +claudebot@anthropic.com)"
216.73.216.158 - - [15/Dec/2025:01:33:32 -0800] "GET /xmlrpc.php?fileloc=%2F%2Fsys%2Fclass%2Fiommu%2Fivhd2%2Fdevices%2F0000%3A49%3A00.0%2Fdriver%2F0000%3A49%3A00.0%2Freset_method&path=%2F%2Fsys%2Fclass%2Fiommu%2Fivhd2%2Fdevices%2F0000%3A49%3A00.0%2Fdriver%2F0000%3A49%3A00.0 HTTP/2.0" 200 2630 "-" "Mozilla/5.0 AppleWebKit/537.36 (KHTML, like Gecko; compatible; ClaudeBot/1.0; +claudebot@anthropic.com)"
69.30.196.218 - - [15/Dec/2025:01:33:34 -0800] "GET /R-487ae47ad790ec1172024975e7df50c8 HTTP/1.1" 200 3502 "-" "-"
114.119.128.127 - - [15/Dec/2025:01:33:34 -0800] "GET /research/feature/2v2fa.html HTTP/1.1" 200 8604 "https://lifeofcanada.com/sitemap324.xml" "Mozilla/5.0 (Linux; Android 7.0;) AppleWebKit/537.36 (KHTML, like Gecko) Mobile Safari/537.36 (compatible; PetalBot;+https://webmaster.petalsearch.com/site/petalbot)"
216.73.216.158 - - [15/Dec/2025:01:33:37 -0800] "GET /xmlrpc.php?fileloc=%2F%2Fsys%2Fblock%2Fnbd6%2Fsubsystem%2Fnvme0n1%2Fdevice%2Fnvme0n1%2Fdevice%2Fdevice%2Flocal_cpus&path=%2F%2Fsys%2Fblock%2Fnbd6%2Fsubsystem%2Fnvme0n1%2Fdevice%2Fnvme0n1%2Fdevice%2Fdevice HTTP/2.0" 200 2629 "-" "Mozilla/5.0 AppleWebKit/537.36 (KHTML, like Gecko; compatible; ClaudeBot/1.0; +claudebot@anthropic.com)"
216.73.216.158 - - [15/Dec/2025:01:33:44 -0800] "GET /xmlrpc.php?fileloc=%2F%2Fsys%2Fblock%2Fnbd6%2Fsubsystem%2Fnbd2%2Fsubsystem%2Fnbd0%2Fqueue%2Fiosched%2Fasync_depth&path=%2F%2Fsys%2Fblock%2Fnbd6%2Fsubsystem%2Fnbd2%2Fsubsystem%2Fnbd0%2Fqueue%2Fiosched HTTP/2.0" 200 2695 "-" "Mozilla/5.0 AppleWebKit/537.36 (KHTML, like Gecko; compatible; ClaudeBot/1.0; +claudebot@anthropic.com)"
216.73.216.158 - - [15/Dec/2025:01:33:47 -0800] "GET /xmlrpc.php?fileloc=%2F%2Fsys%2Fdev%2Fblock%2F259%3A0%2Fsubsystem%2Fnvme0n1p2%2Fdiscard_alignment&path=%2F%2Fsys%2Fdev%2Fblock%2F259%3A0%2Fsubsystem%2Fnvme0n1p2 HTTP/2.0" 200 2618 "-" "Mozilla/5.0 AppleWebKit/537.36 (KHTML, like Gecko; compatible; ClaudeBot/1.0; +claudebot@anthropic.com)"
216.73.216.158 - - [15/Dec/2025:01:33:52 -0800] "GET /xmlrpc.php?fileloc=%2F%2Fsys%2Fdev%2Fblock%2F259%3A0%2Fnvme5n1p1%2Fuevent&path=%2F%2Fsys%2Fdev%2Fblock%2F259%3A0%2Fnvme5n1p1 HTTP/2.0" 200 2666 "-" "Mozilla/5.0 AppleWebKit/537.36 (KHTML, like Gecko; compatible; ClaudeBot/1.0; +claudebot@anthropic.com)"
216.73.216.158 - - [15/Dec/2025:01:33:57 -0800] "GET /xmlrpc.php?fileloc=%2F%2Fsys%2Fblock%2Fnbd6%2Fsubsystem%2Fnvme0n1%2Fdevice%2Fnvme0n1%2Fdevice%2Fdevice%2Fsubsystem_device&path=%2F%2Fsys%2Fblock%2Fnbd6%2Fsubsystem%2Fnvme0n1%2Fdevice%2Fnvme0n1%2Fdevice%2Fdevice HTTP/2.0" 200 2627 "-" "Mozilla/5.0 AppleWebKit/537.36 (KHTML, like Gecko; compatible; ClaudeBot/1.0; +claudebot@anthropic.com)"
216.73.216.158 - - [15/Dec/2025:01:34:02 -0800] "GET /xmlrpc.php?fileloc=%2F%2Fsys%2Fdev%2Fblock%2F259%3A0%2Fsubsystem%2Fnbd7%2Fevents&path=%2F%2Fsys%2Fdev%2Fblock%2F259%3A0%2Fsubsystem%2Fnbd7 HTTP/2.0" 200 2609 "-" "Mozilla/5.0 AppleWebKit/537.36 (KHTML, like Gecko; compatible; ClaudeBot/1.0; +claudebot@anthropic.com)"
216.73.216.158 - - [15/Dec/2025:01:34:07 -0800] "GET /xmlrpc.php?fileloc=%2F%2Fsys%2Fclass%2Fiommu%2Fivhd0%2Fdevices%2F0000%3Ac4%3A00.0%2Faer_dev_nonfatal&path=%2F%2Fsys%2Fclass%2Fiommu%2Fivhd0%2Fdevices%2F0000%3Ac4%3A00.0 HTTP/2.0" 200 2619 "-" "Mozilla/5.0 AppleWebKit/537.36 (KHTML, like Gecko; compatible; ClaudeBot/1.0; +claudebot@anthropic.com)"
216.73.216.158 - - [15/Dec/2025:01:34:13 -0800] "GET /xmlrpc.php?path=%2F%2Fsys%2Fclass%2Fiommu%2Fivhd2%2Fdevices%2F0000%3A40%3A08.1%2Fdriver%2F0000%3Ac0%3A08.1%2Fiommu%2Famd-iommu HTTP/2.0" 200 3090 "-" "Mozilla/5.0 AppleWebKit/537.36 (KHTML, like Gecko; compatible; ClaudeBot/1.0; +claudebot@anthropic.com)"
66.249.69.226 - - [15/Dec/2025:01:34:18 -0800] "GET /products/210zm28307 HTTP/1.1" 302 3655 "-" "Mozilla/5.0 (Linux; Android 6.0.1; Nexus 5X Build/MMB29P) AppleWebKit/537.36 (KHTML, like Gecko) Chrome/141.0.7390.122 Mobile Safari/537.36 (compatible; Googlebot/2.1; +http://www.google.com/bot.html)"
216.73.216.158 - - [15/Dec/2025:01:34:18 -0800] "GET /xmlrpc.php?path=%2F%2Fsys%2Fclass%2Fiommu%2Fivhd2%2Fdevices%2F0000%3A40%3A08.1%2Fdriver%2F0000%3A80%3A03.2%2Fsubsystem%2Fdrivers%2Fbnxt_en HTTP/2.0" 200 3371 "-" "Mozilla/5.0 AppleWebKit/537.36 (KHTML, like Gecko; compatible; ClaudeBot/1.0; +claudebot@anthropic.com)"
216.73.216.158 - - [15/Dec/2025:01:34:23 -0800] "GET /xmlrpc.php?fileloc=%2F%2Fsys%2Fblock%2Fnbd6%2Fsubsystem%2Fnvme7n1%2Fdevice%2Fdevice%2Fmsi_irqs%2F444&path=%2F%2Fsys%2Fblock%2Fnbd6%2Fsubsystem%2Fnvme7n1%2Fdevice%2Fdevice%2Fmsi_irqs HTTP/2.0" 200 2630 "-" "Mozilla/5.0 AppleWebKit/537.36 (KHTML, like Gecko; compatible; ClaudeBot/1.0; +claudebot@anthropic.com)"
216.73.216.158 - - [15/Dec/2025:01:34:28 -0800] "GET /xmlrpc.php?fileloc=%2F%2Fsys%2Fblock%2Fnbd6%2Fsubsystem%2Fnvme7n1%2Fdevice%2Fdevice%2Fmsi_irqs%2F513&path=%2F%2Fsys%2Fblock%2Fnbd6%2Fsubsystem%2Fnvme7n1%2Fdevice%2Fdevice%2Fmsi_irqs HTTP/2.0" 200 2631 "-" "Mozilla/5.0 AppleWebKit/537.36 (KHTML, like Gecko; compatible; ClaudeBot/1.0; +claudebot@anthropic.com)"
216.73.216.158 - - [15/Dec/2025:01:34:33 -0800] "GET /xmlrpc.php?fileloc=%2F%2Fsys%2Fblock%2Fnbd6%2Fsubsystem%2Fnbd0%2Fsubsystem%2Fnbd4%2Fqueue%2Fiosched%2Fwrite_expire&path=%2F%2Fsys%2Fblock%2Fnbd6%2Fsubsystem%2Fnbd0%2Fsubsystem%2Fnbd4%2Fqueue%2Fiosched HTTP/2.0" 200 2639 "-" "Mozilla/5.0 AppleWebKit/537.36 (KHTML, like Gecko; compatible; ClaudeBot/1.0; +claudebot@anthropic.com)"
216.73.216.158 - - [15/Dec/2025:01:34:38 -0800] "GET /xmlrpc.php?path=%2F%2Fsys%2Fclass%2Fnet%2Fteql0%2Fsubsystem%2Fbond0%2Fstatistics HTTP/2.0" 200 3793 "-" "Mozilla/5.0 AppleWebKit/537.36 (KHTML, like Gecko; compatible; ClaudeBot/1.0; +claudebot@anthropic.com)"
216.73.216.158 - - [15/Dec/2025:01:34:43 -0800] "GET /xmlrpc.php?fileloc=%2F%2Fsys%2Fblock%2Fnbd6%2Fsubsystem%2Fnvme7n1%2Fdevice%2Fdevice%2Fmsi_irqs%2F815&path=%2F%2Fsys%2Fblock%2Fnbd6%2Fsubsystem%2Fnvme7n1%2Fdevice%2Fdevice%2Fmsi_irqs HTTP/2.0" 200 2631 "-" "Mozilla/5.0 AppleWebKit/537.36 (KHTML, like Gecko; compatible; ClaudeBot/1.0; +claudebot@anthropic.com)"
102.152.3.179 - - [15/Dec/2025:01:34:45 -0800] "GET /?_bd_prev_page=https%3A%2F%2Flifeofcanada.com%2Fselect.asp%3Fagricultural78%3Fkg%3D24024&_bdsid=4swpu4.n~YQRSB.177380712.177776564&_gl=1%2Ahynaj70%2A_ga%2ATMSKVZrXzUDBOnTeLtoUgmdrCySt%2A_ga_BNBERAPTA%2A9NDmdbpWZ1Un1ieFsTRzl8Ggg34STQ7WB4bGLT5voFIPJky6fy6Kee6.%2A_gcl_au%3D1.1.199618210.179806620%2A_gcl_aw%3DAPA.179209415.kcsl5JGZeT5iMdSC7VutGzIA4Ouwt2WAYapINN4AnWwO3aZerjUYLC1Y94SpANbRUCqwaf5zUWnIY3bxgND9at6oMm..&_gz=2.192871248.190793713.172170209-866116545.167451343 HTTP/1.1" 302 3670 "-" "Mozilla/5.0 (Windows NT 6.1) AppleWebKit/537.36 (KHTML, like Gecko) Chrome/79.0.3945.117 Safari/537.36"
216.73.216.158 - - [15/Dec/2025:01:34:48 -0800] "GET /xmlrpc.php?fileloc=%2F%2Fsys%2Fdev%2Fblock%2F259%3A0%2Fsubsystem%2Fnvme6n1%2Fnguid&path=%2F%2Fsys%2Fdev%2Fblock%2F259%3A0%2Fsubsystem%2Fnvme6n1 HTTP/2.0" 200 2611 "-" "Mozilla/5.0 AppleWebKit/537.36 (KHTML, like Gecko; compatible; ClaudeBot/1.0; +claudebot@anthropic.com)"
216.73.216.158 - - [15/Dec/2025:01:34:53 -0800] "GET /xmlrpc.php?fileloc=%2F%2Fsys%2Fblock%2Fnbd6%2Fsubsystem%2Fnvme7n1%2Fdevice%2Fdevice%2Fmsi_irqs%2F501&path=%2F%2Fsys%2Fblock%2Fnbd6%2Fsubsystem%2Fnvme7n1%2Fdevice%2Fdevice%2Fmsi_irqs HTTP/2.0" 200 2631 "-" "Mozilla/5.0 AppleWebKit/537.36 (KHTML, like Gecko; compatible; ClaudeBot/1.0; +claudebot@anthropic.com)"
69.30.196.218 - - [15/Dec/2025:01:34:56 -0800] "GET /R-487ae47ad790ec1172024975e7df50c8 HTTP/1.1" 200 3502 "-" "-"
114.119.150.166 - - [15/Dec/2025:01:34:56 -0800] "GET /research/essay/feature/2zapx.html HTTP/1.1" 200 8604 "https://lifeofcanada.com/sitemap646.xml" "Mozilla/5.0 (Linux; Android 7.0;) AppleWebKit/537.36 (KHTML, like Gecko) Mobile Safari/537.36 (compatible; PetalBot;+https://webmaster.petalsearch.com/site/petalbot)"
216.73.216.158 - - [15/Dec/2025:01:34:58 -0800] "GET /xmlrpc.php?path=%2F%2Fsys%2Fclass%2Fiommu%2Fivhd2%2Fdevices%2F0000%3A40%3A08.1%2Fdriver%2F0000%3A80%3A03.2%2Fsubsystem%2Fdrivers%2Fdw_dmac_pci HTTP/2.0" 200 3192 "-" "Mozilla/5.0 AppleWebKit/537.36 (KHTML, like Gecko; compatible; ClaudeBot/1.0; +claudebot@anthropic.com)"
216.73.216.158 - - [15/Dec/2025:01:35:03 -0800] "GET /xmlrpc.php?fileloc=%2F%2Fsys%2Fblock%2Fnbd6%2Fsubsystem%2Fnvme1n1%2Fsubsystem%2Fnvme7n1%2Fdevice%2Fnvme7n1%2Fqueue%2Fscheduler&path=%2F%2Fsys%2Fblock%2Fnbd6%2Fsubsystem%2Fnvme1n1%2Fsubsystem%2Fnvme7n1%2Fdevice%2Fnvme7n1%2Fqueue HTTP/2.0" 200 2646 "-" "Mozilla/5.0 AppleWebKit/537.36 (KHTML, like Gecko; compatible; ClaudeBot/1.0; +claudebot@anthropic.com)"
66.249.69.224 - - [15/Dec/2025:01:35:05 -0800] "GET /products/49zg10780 HTTP/1.1" 302 3655 "-" "Mozilla/5.0 (Linux; Android 6.0.1; Nexus 5X Build/MMB29P) AppleWebKit/537.36 (KHTML, like Gecko) Chrome/141.0.7390.122 Mobile Safari/537.36 (compatible; Googlebot/2.1; +http://www.google.com/bot.html)"
216.73.216.158 - - [15/Dec/2025:01:35:08 -0800] "GET /xmlrpc.php?path=%2F%2Fsys%2Fdevices%2Fsystem%2Fcpu%2Fcpu42%2Fdriver%2Fcpu12 HTTP/2.0" 200 3583 "-" "Mozilla/5.0 AppleWebKit/537.36 (KHTML, like Gecko; compatible; ClaudeBot/1.0; +claudebot@anthropic.com)"
66.249.69.224 - - [15/Dec/2025:01:35:11 -0800] "GET /invisible46?kg=41030 HTTP/1.1" 302 3655 "-" "Mozilla/5.0 (Linux; Android 6.0.1; Nexus 5X Build/MMB29P) AppleWebKit/537.36 (KHTML, like Gecko) Chrome/141.0.7390.122 Mobile Safari/537.36 (compatible; Googlebot/2.1; +http://www.google.com/bot.html)"
216.73.216.158 - - [15/Dec/2025:01:35:13 -0800] "GET /xmlrpc.php?fileloc=%2F%2Fsys%2Fblock%2Fnbd6%2Fsubsystem%2Fmd127%2Fmd%2Frd0%2Fblock%2Fsubsystem%2Fnbd9%2Fqueue%2Fio_timeout&path=%2F%2Fsys%2Fblock%2Fnbd6%2Fsubsystem%2Fmd127%2Fmd%2Frd0%2Fblock%2Fsubsystem%2Fnbd9%2Fqueue HTTP/2.0" 200 2650 "-" "Mozilla/5.0 AppleWebKit/537.36 (KHTML, like Gecko; compatible; ClaudeBot/1.0; +claudebot@anthropic.com)"
