217.182.195.176 - - [15/Dec/2025:02:29:33 -0800] "GET /author/manpreet/feed/?fileloc=//lib/python3/dist-packages/django/contrib/flatpages/locale/sk/LC_MESSAGES/django.mo&path=//lib/python3/dist-packages/django/contrib/flatpages/locale/sk/LC_MESSAGES HTTP/1.1" 200 7212 "-" "Mozilla/5.0 (compatible; MJ12bot/v1.4.8; http://mj12bot.com/)"
69.30.196.218 - - [15/Dec/2025:02:29:35 -0800] "GET /R-487ae47ad790ec1172024975e7df50c8 HTTP/1.1" 200 3502 "-" "-"
217.182.195.176 - - [15/Dec/2025:02:29:35 -0800] "GET /author/manpreet/feed/?fileloc=//lib/python3/dist-packages/django/contrib/flatpages/locale/sk/LC_MESSAGES/django.po&path=//lib/python3/dist-packages/django/contrib/flatpages/locale/sk/LC_MESSAGES HTTP/1.1" 200 7255 "-" "Mozilla/5.0 (compatible; MJ12bot/v1.4.8; http://mj12bot.com/)"
69.30.196.218 - - [15/Dec/2025:02:29:37 -0800] "GET /R-487ae47ad790ec1172024975e7df50c8 HTTP/1.1" 200 3502 "-" "-"
217.182.195.176 - - [15/Dec/2025:02:29:37 -0800] "GET /author/manpreet/feed/?fileloc=//lib/python3/dist-packages/django/contrib/flatpages/locale/sl/LC_MESSAGES/django.mo&path=//lib/python3/dist-packages/django/contrib/flatpages/locale/sl/LC_MESSAGES HTTP/1.1" 200 7189 "-" "Mozilla/5.0 (compatible; MJ12bot/v1.4.8; http://mj12bot.com/)"
69.30.196.218 - - [15/Dec/2025:02:29:39 -0800] "GET /R-487ae47ad790ec1172024975e7df50c8 HTTP/1.1" 200 3502 "-" "-"
217.182.195.176 - - [15/Dec/2025:02:29:39 -0800] "GET /author/manpreet/feed/?fileloc=//lib/python3/dist-packages/django/contrib/flatpages/locale/sl/LC_MESSAGES/django.po&path=//lib/python3/dist-packages/django/contrib/flatpages/locale/sl/LC_MESSAGES HTTP/1.1" 200 7176 "-" "Mozilla/5.0 (compatible; MJ12bot/v1.4.8; http://mj12bot.com/)"
69.30.196.218 - - [15/Dec/2025:02:29:41 -0800] "GET /R-487ae47ad790ec1172024975e7df50c8 HTTP/1.1" 200 3502 "-" "-"
217.182.195.176 - - [15/Dec/2025:02:29:41 -0800] "GET /author/manpreet/feed/?fileloc=//lib/python3/dist-packages/django/contrib/flatpages/locale/sq/LC_MESSAGES/django.mo&path=//lib/python3/dist-packages/django/contrib/flatpages/locale/sq/LC_MESSAGES HTTP/1.1" 200 7258 "-" "Mozilla/5.0 (compatible; MJ12bot/v1.4.8; http://mj12bot.com/)"
69.30.196.218 - - [15/Dec/2025:02:29:43 -0800] "GET /R-487ae47ad790ec1172024975e7df50c8 HTTP/1.1" 200 3502 "-" "-"
217.182.195.176 - - [15/Dec/2025:02:29:43 -0800] "GET /author/manpreet/feed/?fileloc=//lib/python3/dist-packages/django/contrib/flatpages/locale/sq/LC_MESSAGES/django.po&path=//lib/python3/dist-packages/django/contrib/flatpages/locale/sq/LC_MESSAGES HTTP/1.1" 200 7191 "-" "Mozilla/5.0 (compatible; MJ12bot/v1.4.8; http://mj12bot.com/)"
69.30.196.218 - - [15/Dec/2025:02:29:45 -0800] "GET /R-487ae47ad790ec1172024975e7df50c8 HTTP/1.1" 200 3502 "-" "-"
217.182.195.176 - - [15/Dec/2025:02:29:45 -0800] "GET /author/manpreet/feed/?fileloc=//lib/python3/dist-packages/django/contrib/flatpages/locale/sr/LC_MESSAGES/django.mo&path=//lib/python3/dist-packages/django/contrib/flatpages/locale/sr/LC_MESSAGES HTTP/1.1" 200 7419 "-" "Mozilla/5.0 (compatible; MJ12bot/v1.4.8; http://mj12bot.com/)"
192.178.6.104 - - [15/Dec/2025:02:29:47 -0800] "GET /example245?kg=29891 HTTP/1.1" 302 3655 "-" "Mozilla/5.0 (Linux; Android 6.0.1; Nexus 5X Build/MMB29P) AppleWebKit/537.36 (KHTML, like Gecko) Chrome/141.0.7390.122 Mobile Safari/537.36 (compatible; Googlebot/2.1; +http://www.google.com/bot.html)"
69.30.196.218 - - [15/Dec/2025:02:29:48 -0800] "GET /R-487ae47ad790ec1172024975e7df50c8 HTTP/1.1" 200 3502 "-" "-"
217.182.195.176 - - [15/Dec/2025:02:29:47 -0800] "GET /author/manpreet/feed/?fileloc=//lib/python3/dist-packages/django/contrib/flatpages/locale/sr/LC_MESSAGES/django.po&path=//lib/python3/dist-packages/django/contrib/flatpages/locale/sr/LC_MESSAGES HTTP/1.1" 200 7450 "-" "Mozilla/5.0 (compatible; MJ12bot/v1.4.8; http://mj12bot.com/)"
69.30.196.218 - - [15/Dec/2025:02:29:50 -0800] "GET /R-487ae47ad790ec1172024975e7df50c8 HTTP/1.1" 200 3502 "-" "-"
217.182.195.176 - - [15/Dec/2025:02:29:49 -0800] "GET /author/manpreet/feed/?fileloc=//lib/python3/dist-packages/django/contrib/flatpages/locale/sr_Latn/LC_MESSAGES/django.mo&path=//lib/python3/dist-packages/django/contrib/flatpages/locale/sr_Latn/LC_MESSAGES HTTP/1.1" 200 7264 "-" "Mozilla/5.0 (compatible; MJ12bot/v1.4.8; http://mj12bot.com/)"
69.30.196.218 - - [15/Dec/2025:02:29:52 -0800] "GET /R-487ae47ad790ec1172024975e7df50c8 HTTP/1.1" 200 3502 "-" "-"
217.182.195.176 - - [15/Dec/2025:02:29:51 -0800] "GET /author/manpreet/feed/?fileloc=//lib/python3/dist-packages/django/contrib/flatpages/locale/sr_Latn/LC_MESSAGES/django.po&path=//lib/python3/dist-packages/django/contrib/flatpages/locale/sr_Latn/LC_MESSAGES HTTP/1.1" 200 7277 "-" "Mozilla/5.0 (compatible; MJ12bot/v1.4.8; http://mj12bot.com/)"
69.30.196.218 - - [15/Dec/2025:02:29:54 -0800] "GET /R-487ae47ad790ec1172024975e7df50c8 HTTP/1.1" 200 3502 "-" "-"
217.182.195.176 - - [15/Dec/2025:02:29:54 -0800] "GET /author/manpreet/feed/?fileloc=//lib/python3/dist-packages/django/contrib/flatpages/locale/sv/LC_MESSAGES/django.mo&path=//lib/python3/dist-packages/django/contrib/flatpages/locale/sv/LC_MESSAGES HTTP/1.1" 200 7209 "-" "Mozilla/5.0 (compatible; MJ12bot/v1.4.8; http://mj12bot.com/)"
216.73.216.158 - - [15/Dec/2025:02:29:55 -0800] "GET /xmlrpc.php?fileloc=%2F%2Fsys%2Fblock%2Fnbd6%2Fsubsystem%2Fnbd13%2Fsubsystem%2Fnvme7n1%2Fdevice%2Fnvme7n1%2Fremovable&path=%2F%2Fsys%2Fblock%2Fnbd6%2Fsubsystem%2Fnbd13%2Fsubsystem%2Fnvme7n1%2Fdevice%2Fnvme7n1 HTTP/2.0" 200 2691 "-" "Mozilla/5.0 AppleWebKit/537.36 (KHTML, like Gecko; compatible; ClaudeBot/1.0; +claudebot@anthropic.com)"
69.30.196.218 - - [15/Dec/2025:02:29:56 -0800] "GET /R-487ae47ad790ec1172024975e7df50c8 HTTP/1.1" 200 3502 "-" "-"
217.182.195.176 - - [15/Dec/2025:02:29:56 -0800] "GET /author/manpreet/feed/?fileloc=//lib/python3/dist-packages/django/contrib/flatpages/locale/sv/LC_MESSAGES/django.po&path=//lib/python3/dist-packages/django/contrib/flatpages/locale/sv/LC_MESSAGES HTTP/1.1" 200 7200 "-" "Mozilla/5.0 (compatible; MJ12bot/v1.4.8; http://mj12bot.com/)"
69.30.214.206 - - [15/Dec/2025:02:29:57 -0800] "GET /images/images/images/images/index.php?ARRAY=7o2230223n313736353739383139372p2231223n22687474703n5p2s5p2s736875692q31627n6979722r747936382r6s72675p2s3s6p633q7068705s636s64655s6n6326743q313736353739343539372q3230346536316261376132636134376266306433623961363930303730626533222p2232223n226262623961363066353063666338373635343039663839346333366563626561222p2233223n223939323535386535633437393732656635333134396630376136326632646363222p2262696r675s70617373223n2232322q34372q35352q36392q38302q38382q3134227q HTTP/1.1" 200 3603 "-" "Mozilla/5.0 (Macintosh; Intel Mac OS X 10.15; rv:80.0) Gecko/20100101 Firefox/80.0"
69.30.196.218 - - [15/Dec/2025:02:29:58 -0800] "GET /R-487ae47ad790ec1172024975e7df50c8 HTTP/1.1" 200 3502 "-" "-"
217.182.195.176 - - [15/Dec/2025:02:29:58 -0800] "GET /author/manpreet/feed/?fileloc=//lib/python3/dist-packages/django/contrib/flatpages/locale/sw/LC_MESSAGES/django.mo&path=//lib/python3/dist-packages/django/contrib/flatpages/locale/sw/LC_MESSAGES HTTP/1.1" 200 6865 "-" "Mozilla/5.0 (compatible; MJ12bot/v1.4.8; http://mj12bot.com/)"
69.30.196.218 - - [15/Dec/2025:02:29:59 -0800] "GET /R-487ae47ad790ec1172024975e7df50c8 HTTP/1.1" 200 3502 "-" "-"
101.44.185.100 - - [15/Dec/2025:02:29:59 -0800] "GET /canadian-family-drove-for-two-days-with-dads-dead-body-to-avoid-u-s-healthcare?fileloc=/home/dh_7uh9vd/lifeofcanada.com/ehc/.DS_Store&path=/home/dh_7uh9vd/lifeofcanada.com/ehc HTTP/2.0" 200 4535 "https://lifeofcanada.com/canadian-family-drove-for-two-days-with-dads-dead-body-to-avoid-u-s-healthcare?fileloc=/home/dh_7uh9vd/lifeofcanada.com/ehc/.DS_Store&path=/home/dh_7uh9vd/lifeofcanada.com/ehc" "Mozilla/5.0 (Macintosh; Intel Mac OS X 10_15_7) AppleWebKit/537.36 (KHTML, like Gecko) Chrome/131.0.0.0 Safari/537.36"
69.30.196.218 - - [15/Dec/2025:02:30:01 -0800] "GET /R-487ae47ad790ec1172024975e7df50c8 HTTP/1.1" 200 3502 "-" "-"
217.182.195.176 - - [15/Dec/2025:02:30:00 -0800] "GET /author/manpreet/feed/?fileloc=//lib/python3/dist-packages/django/contrib/flatpages/locale/sw/LC_MESSAGES/django.po&path=//lib/python3/dist-packages/django/contrib/flatpages/locale/sw/LC_MESSAGES HTTP/1.1" 200 6978 "-" "Mozilla/5.0 (compatible; MJ12bot/v1.4.8; http://mj12bot.com/)"
69.30.196.218 - - [15/Dec/2025:02:30:03 -0800] "GET /R-487ae47ad790ec1172024975e7df50c8 HTTP/1.1" 200 3502 "-" "-"
217.182.195.176 - - [15/Dec/2025:02:30:03 -0800] "GET /author/manpreet/feed/?fileloc=//lib/python3/dist-packages/django/contrib/flatpages/locale/ta/LC_MESSAGES/django.mo&path=//lib/python3/dist-packages/django/contrib/flatpages/locale/ta/LC_MESSAGES HTTP/1.1" 200 6985 "-" "Mozilla/5.0 (compatible; MJ12bot/v1.4.8; http://mj12bot.com/)"
69.30.196.218 - - [15/Dec/2025:02:30:05 -0800] "GET /R-487ae47ad790ec1172024975e7df50c8 HTTP/1.1" 200 3502 "-" "-"
217.182.195.176 - - [15/Dec/2025:02:30:05 -0800] "GET /author/manpreet/feed/?fileloc=//lib/python3/dist-packages/django/contrib/flatpages/locale/ta/LC_MESSAGES/django.po&path=//lib/python3/dist-packages/django/contrib/flatpages/locale/ta/LC_MESSAGES HTTP/1.1" 200 7105 "-" "Mozilla/5.0 (compatible; MJ12bot/v1.4.8; http://mj12bot.com/)"
69.30.196.218 - - [15/Dec/2025:02:30:07 -0800] "GET /R-487ae47ad790ec1172024975e7df50c8 HTTP/1.1" 200 3502 "-" "-"
217.182.195.176 - - [15/Dec/2025:02:30:07 -0800] "GET /author/manpreet/feed/?fileloc=//lib/python3/dist-packages/django/contrib/flatpages/locale/te/LC_MESSAGES/django.mo&path=//lib/python3/dist-packages/django/contrib/flatpages/locale/te/LC_MESSAGES HTTP/1.1" 200 6737 "-" "Mozilla/5.0 (compatible; MJ12bot/v1.4.8; http://mj12bot.com/)"
69.30.196.218 - - [15/Dec/2025:02:30:09 -0800] "GET /R-487ae47ad790ec1172024975e7df50c8 HTTP/1.1" 200 3502 "-" "-"
217.182.195.176 - - [15/Dec/2025:02:30:09 -0800] "GET /author/manpreet/feed/?fileloc=//lib/python3/dist-packages/django/contrib/flatpages/locale/te/LC_MESSAGES/django.po&path=//lib/python3/dist-packages/django/contrib/flatpages/locale/te/LC_MESSAGES HTTP/1.1" 200 6977 "-" "Mozilla/5.0 (compatible; MJ12bot/v1.4.8; http://mj12bot.com/)"
69.30.196.218 - - [15/Dec/2025:02:30:11 -0800] "GET /R-487ae47ad790ec1172024975e7df50c8 HTTP/1.1" 200 3502 "-" "-"
217.182.195.176 - - [15/Dec/2025:02:30:11 -0800] "GET /author/manpreet/feed/?fileloc=//lib/python3/dist-packages/django/contrib/flatpages/locale/tg/LC_MESSAGES/django.mo&path=//lib/python3/dist-packages/django/contrib/flatpages/locale/tg/LC_MESSAGES HTTP/1.1" 200 7139 "-" "Mozilla/5.0 (compatible; MJ12bot/v1.4.8; http://mj12bot.com/)"
69.30.196.218 - - [15/Dec/2025:02:30:13 -0800] "GET /R-487ae47ad790ec1172024975e7df50c8 HTTP/1.1" 200 3502 "-" "-"
217.182.195.176 - - [15/Dec/2025:02:30:13 -0800] "GET /author/manpreet/feed/?fileloc=//lib/python3/dist-packages/django/contrib/flatpages/locale/tg/LC_MESSAGES/django.po&path=//lib/python3/dist-packages/django/contrib/flatpages/locale/tg/LC_MESSAGES HTTP/1.1" 200 7231 "-" "Mozilla/5.0 (compatible; MJ12bot/v1.4.8; http://mj12bot.com/)"
69.30.196.218 - - [15/Dec/2025:02:30:15 -0800] "GET /R-487ae47ad790ec1172024975e7df50c8 HTTP/1.1" 200 3502 "-" "-"
217.182.195.176 - - [15/Dec/2025:02:30:15 -0800] "GET /author/manpreet/feed/?fileloc=//lib/python3/dist-packages/django/contrib/flatpages/locale/th/LC_MESSAGES/django.mo&path=//lib/python3/dist-packages/django/contrib/flatpages/locale/th/LC_MESSAGES HTTP/1.1" 200 7291 "-" "Mozilla/5.0 (compatible; MJ12bot/v1.4.8; http://mj12bot.com/)"
185.122.255.99 - - [15/Dec/2025:02:30:16 -0800] "GET /?_bd_prev_page=https%3A%2F%2Flifeofcanada.com%2Fselect.asp%3Findeed82%3Fkg%3D35628&_bdsid=4swpu4.n~YQRSB.177380712.177776564&_gl=1%2Ahynaj70%2A_ga%2ATMSKVZrXzUDBOnTeLtoUgmdrCySt%2A_ga_BNBERAPTA%2A9NDmdbpWZ1Un1ieFsTRzl8Ggg34STQ7WB4bGLT5voFIPJky6fy6Kee6.%2A_gcl_au%3D1.1.199618210.179806620%2A_gcl_aw%3DAPA.179209415.kcsl5JGZeT5iMdSC7VutGzIA4Ouwt2WAYapINN4AnWwO3aZerjUYLC1Y94SpANbRUCqwaf5zUWnIY3bxgND9at6oMm..&_gz=2.192871248.190793713.172170209-866116545.167451343 HTTP/1.1" 302 3670 "-" "Mozilla/5.0 (Macintosh; Intel Mac OS X 10_13_6) AppleWebKit/537.36 (KHTML, like Gecko) Brave Chrome/88.0.4324.182 Safari/537.36"
69.30.196.218 - - [15/Dec/2025:02:30:17 -0800] "GET /R-487ae47ad790ec1172024975e7df50c8 HTTP/1.1" 200 3502 "-" "-"
217.182.195.176 - - [15/Dec/2025:02:30:17 -0800] "GET /author/manpreet/feed/?fileloc=//lib/python3/dist-packages/django/contrib/flatpages/locale/th/LC_MESSAGES/django.po&path=//lib/python3/dist-packages/django/contrib/flatpages/locale/th/LC_MESSAGES HTTP/1.1" 200 7261 "-" "Mozilla/5.0 (compatible; MJ12bot/v1.4.8; http://mj12bot.com/)"
69.30.196.218 - - [15/Dec/2025:02:30:19 -0800] "GET /R-487ae47ad790ec1172024975e7df50c8 HTTP/1.1" 200 3502 "-" "-"
217.182.195.176 - - [15/Dec/2025:02:30:19 -0800] "GET /author/manpreet/feed/?fileloc=//lib/python3/dist-packages/django/contrib/flatpages/locale/tk/LC_MESSAGES/django.mo&path=//lib/python3/dist-packages/django/contrib/flatpages/locale/tk/LC_MESSAGES HTTP/1.1" 200 6548 "-" "Mozilla/5.0 (compatible; MJ12bot/v1.4.8; http://mj12bot.com/)"
69.30.196.218 - - [15/Dec/2025:02:30:21 -0800] "GET /R-487ae47ad790ec1172024975e7df50c8 HTTP/1.1" 200 3502 "-" "-"
217.182.195.176 - - [15/Dec/2025:02:30:21 -0800] "GET /author/manpreet/feed/?fileloc=//lib/python3/dist-packages/django/contrib/flatpages/locale/tk/LC_MESSAGES/django.po&path=//lib/python3/dist-packages/django/contrib/flatpages/locale/tk/LC_MESSAGES HTTP/1.1" 200 6885 "-" "Mozilla/5.0 (compatible; MJ12bot/v1.4.8; http://mj12bot.com/)"
69.30.196.218 - - [15/Dec/2025:02:30:23 -0800] "GET /R-487ae47ad790ec1172024975e7df50c8 HTTP/1.1" 200 3502 "-" "-"
217.182.195.176 - - [15/Dec/2025:02:30:23 -0800] "GET /author/manpreet/feed/?fileloc=//lib/python3/dist-packages/django/contrib/flatpages/locale/tr/LC_MESSAGES/django.mo&path=//lib/python3/dist-packages/django/contrib/flatpages/locale/tr/LC_MESSAGES HTTP/1.1" 200 7224 "-" "Mozilla/5.0 (compatible; MJ12bot/v1.4.8; http://mj12bot.com/)"
69.30.196.218 - - [15/Dec/2025:02:30:25 -0800] "GET /R-487ae47ad790ec1172024975e7df50c8 HTTP/1.1" 200 3502 "-" "-"
217.182.195.176 - - [15/Dec/2025:02:30:25 -0800] "GET /author/manpreet/feed/?fileloc=//lib/python3/dist-packages/django/contrib/flatpages/locale/tr/LC_MESSAGES/django.po&path=//lib/python3/dist-packages/django/contrib/flatpages/locale/tr/LC_MESSAGES HTTP/1.1" 200 7240 "-" "Mozilla/5.0 (compatible; MJ12bot/v1.4.8; http://mj12bot.com/)"
69.30.196.218 - - [15/Dec/2025:02:30:27 -0800] "GET /R-487ae47ad790ec1172024975e7df50c8 HTTP/1.1" 200 3502 "-" "-"
217.182.195.176 - - [15/Dec/2025:02:30:27 -0800] "GET /author/manpreet/feed/?fileloc=//lib/python3/dist-packages/django/contrib/flatpages/locale/tt/LC_MESSAGES/django.mo&path=//lib/python3/dist-packages/django/contrib/flatpages/locale/tt/LC_MESSAGES HTTP/1.1" 200 7139 "-" "Mozilla/5.0 (compatible; MJ12bot/v1.4.8; http://mj12bot.com/)"
69.30.196.218 - - [15/Dec/2025:02:30:29 -0800] "GET /R-487ae47ad790ec1172024975e7df50c8 HTTP/1.1" 200 3502 "-" "-"
217.182.195.176 - - [15/Dec/2025:02:30:29 -0800] "GET /author/manpreet/feed/?fileloc=//lib/python3/dist-packages/django/contrib/flatpages/locale/tt/LC_MESSAGES/django.po&path=//lib/python3/dist-packages/django/contrib/flatpages/locale/tt/LC_MESSAGES HTTP/1.1" 200 7231 "-" "Mozilla/5.0 (compatible; MJ12bot/v1.4.8; http://mj12bot.com/)"
216.73.216.158 - - [15/Dec/2025:02:30:30 -0800] "GET /xmlrpc.php?fileloc=%2F%2Fsys%2Fblock%2Fnbd6%2Fsubsystem%2Fnbd2%2Fsubsystem%2Fmd127%2Fmd%2Fbitmap%2Fmetadata&path=%2F%2Fsys%2Fblock%2Fnbd6%2Fsubsystem%2Fnbd2%2Fsubsystem%2Fmd127%2Fmd%2Fbitmap HTTP/2.0" 200 2693 "-" "Mozilla/5.0 AppleWebKit/537.36 (KHTML, like Gecko; compatible; ClaudeBot/1.0; +claudebot@anthropic.com)"
69.30.196.218 - - [15/Dec/2025:02:30:31 -0800] "GET /R-487ae47ad790ec1172024975e7df50c8 HTTP/1.1" 200 3502 "-" "-"
217.182.195.176 - - [15/Dec/2025:02:30:31 -0800] "GET /author/manpreet/feed/?fileloc=//lib/python3/dist-packages/django/contrib/flatpages/locale/udm/LC_MESSAGES/django.mo&path=//lib/python3/dist-packages/django/contrib/flatpages/locale/udm/LC_MESSAGES HTTP/1.1" 200 6332 "-" "Mozilla/5.0 (compatible; MJ12bot/v1.4.8; http://mj12bot.com/)"
69.30.196.218 - - [15/Dec/2025:02:30:34 -0800] "GET /R-487ae47ad790ec1172024975e7df50c8 HTTP/1.1" 200 3502 "-" "-"
217.182.195.176 - - [15/Dec/2025:02:30:33 -0800] "GET /author/manpreet/feed/?fileloc=//lib/python3/dist-packages/django/contrib/flatpages/locale/udm/LC_MESSAGES/django.po&path=//lib/python3/dist-packages/django/contrib/flatpages/locale/udm/LC_MESSAGES HTTP/1.1" 200 6740 "-" "Mozilla/5.0 (compatible; MJ12bot/v1.4.8; http://mj12bot.com/)"
69.30.196.218 - - [15/Dec/2025:02:30:36 -0800] "GET /R-487ae47ad790ec1172024975e7df50c8 HTTP/1.1" 200 3502 "-" "-"
217.182.195.176 - - [15/Dec/2025:02:30:36 -0800] "GET /author/manpreet/feed/?fileloc=//lib/python3/dist-packages/django/contrib/flatpages/locale/uk/LC_MESSAGES/django.mo&path=//lib/python3/dist-packages/django/contrib/flatpages/locale/uk/LC_MESSAGES HTTP/1.1" 200 7457 "-" "Mozilla/5.0 (compatible; MJ12bot/v1.4.8; http://mj12bot.com/)"
69.30.196.218 - - [15/Dec/2025:02:30:38 -0800] "GET /R-487ae47ad790ec1172024975e7df50c8 HTTP/1.1" 200 3502 "-" "-"
217.182.195.176 - - [15/Dec/2025:02:30:38 -0800] "GET /author/manpreet/feed/?fileloc=//lib/python3/dist-packages/django/contrib/flatpages/locale/uk/LC_MESSAGES/django.po&path=//lib/python3/dist-packages/django/contrib/flatpages/locale/uk/LC_MESSAGES HTTP/1.1" 200 7548 "-" "Mozilla/5.0 (compatible; MJ12bot/v1.4.8; http://mj12bot.com/)"
69.30.196.218 - - [15/Dec/2025:02:30:39 -0800] "GET /R-487ae47ad790ec1172024975e7df50c8 HTTP/1.1" 200 3502 "-" "-"
114.119.128.127 - - [15/Dec/2025:02:30:39 -0800] "GET /research/author/2xwjo.html HTTP/1.1" 200 8604 "https://lifeofcanada.com/sitemap408.xml" "Mozilla/5.0 (Linux; Android 7.0;) AppleWebKit/537.36 (KHTML, like Gecko) Mobile Safari/537.36 (compatible; PetalBot;+https://webmaster.petalsearch.com/site/petalbot)"
69.30.196.218 - - [15/Dec/2025:02:30:40 -0800] "GET /R-487ae47ad790ec1172024975e7df50c8 HTTP/1.1" 200 3502 "-" "-"
217.182.195.176 - - [15/Dec/2025:02:30:40 -0800] "GET /author/manpreet/feed/?fileloc=//lib/python3/dist-packages/django/contrib/flatpages/locale/ur/LC_MESSAGES/django.mo&path=//lib/python3/dist-packages/django/contrib/flatpages/locale/ur/LC_MESSAGES HTTP/1.1" 200 7148 "-" "Mozilla/5.0 (compatible; MJ12bot/v1.4.8; http://mj12bot.com/)"
69.30.196.218 - - [15/Dec/2025:02:30:42 -0800] "GET /R-487ae47ad790ec1172024975e7df50c8 HTTP/1.1" 200 3502 "-" "-"
217.182.195.176 - - [15/Dec/2025:02:30:42 -0800] "GET /author/manpreet/feed/?fileloc=//lib/python3/dist-packages/django/contrib/flatpages/locale/ur/LC_MESSAGES/django.po&path=//lib/python3/dist-packages/django/contrib/flatpages/locale/ur/LC_MESSAGES HTTP/1.1" 200 7219 "-" "Mozilla/5.0 (compatible; MJ12bot/v1.4.8; http://mj12bot.com/)"
69.30.214.206 - - [15/Dec/2025:02:30:44 -0800] "GET /bzv/pws/js/js/index.php?of=1 HTTP/1.1" 302 3550 "-" "Mozilla/5.0 (Windows NT 10.0; Win64; x64; rv:80.0) Gecko/20100101 Firefox/80.0"
69.30.196.218 - - [15/Dec/2025:02:30:45 -0800] "GET /R-487ae47ad790ec1172024975e7df50c8 HTTP/1.1" 200 3502 "-" "-"
217.182.195.176 - - [15/Dec/2025:02:30:44 -0800] "GET /author/manpreet/feed/?fileloc=//lib/python3/dist-packages/django/contrib/flatpages/locale/vi/LC_MESSAGES/django.mo&path=//lib/python3/dist-packages/django/contrib/flatpages/locale/vi/LC_MESSAGES HTTP/1.1" 200 6727 "-" "Mozilla/5.0 (compatible; MJ12bot/v1.4.8; http://mj12bot.com/)"
69.30.196.218 - - [15/Dec/2025:02:30:47 -0800] "GET /R-487ae47ad790ec1172024975e7df50c8 HTTP/1.1" 200 3502 "-" "-"
217.182.195.176 - - [15/Dec/2025:02:30:46 -0800] "GET /author/manpreet/feed/?fileloc=//lib/python3/dist-packages/django/contrib/flatpages/locale/vi/LC_MESSAGES/django.po&path=//lib/python3/dist-packages/django/contrib/flatpages/locale/vi/LC_MESSAGES HTTP/1.1" 200 7017 "-" "Mozilla/5.0 (compatible; MJ12bot/v1.4.8; http://mj12bot.com/)"
69.30.196.218 - - [15/Dec/2025:02:30:49 -0800] "GET /R-487ae47ad790ec1172024975e7df50c8 HTTP/1.1" 200 3502 "-" "-"
217.182.195.176 - - [15/Dec/2025:02:30:49 -0800] "GET /author/manpreet/feed/?fileloc=//lib/python3/dist-packages/django/contrib/flatpages/locale/zh_Hans/LC_MESSAGES/django.mo&path=//lib/python3/dist-packages/django/contrib/flatpages/locale/zh_Hans/LC_MESSAGES HTTP/1.1" 200 7257 "-" "Mozilla/5.0 (compatible; MJ12bot/v1.4.8; http://mj12bot.com/)"
201.46.20.247 - - [15/Dec/2025:02:30:49 -0800] "GET /?_bd_prev_page=https%3A%2F%2Flifeofcanada.com%2Fselect.asp%3Frural122%3Fkg%3D26036&_bdsid=4swpu4.n~YQRSB.177380712.177776564&_gl=1%2Ahynaj70%2A_ga%2ATMSKVZrXzUDBOnTeLtoUgmdrCySt%2A_ga_BNBERAPTA%2A9NDmdbpWZ1Un1ieFsTRzl8Ggg34STQ7WB4bGLT5voFIPJky6fy6Kee6.%2A_gcl_au%3D1.1.199618210.179806620%2A_gcl_aw%3DAPA.179209415.kcsl5JGZeT5iMdSC7VutGzIA4Ouwt2WAYapINN4AnWwO3aZerjUYLC1Y94SpANbRUCqwaf5zUWnIY3bxgND9at6oMm..&_gz=2.192871248.190793713.172170209-866116545.167451343 HTTP/1.1" 302 3670 "-" "Mozilla/5.0 (Windows NT 10.0) AppleWebKit/537.36 (KHTML, like Gecko) Brave Chrome/87.0.4280.88 Safari/537.36"
69.30.196.218 - - [15/Dec/2025:02:30:51 -0800] "GET /R-487ae47ad790ec1172024975e7df50c8 HTTP/1.1" 200 3502 "-" "-"
217.182.195.176 - - [15/Dec/2025:02:30:51 -0800] "GET /author/manpreet/feed/?fileloc=//lib/python3/dist-packages/django/contrib/flatpages/locale/zh_Hans/LC_MESSAGES/django.po&path=//lib/python3/dist-packages/django/contrib/flatpages/locale/zh_Hans/LC_MESSAGES HTTP/1.1" 200 7327 "-" "Mozilla/5.0 (compatible; MJ12bot/v1.4.8; http://mj12bot.com/)"
216.73.216.158 - - [15/Dec/2025:02:30:51 -0800] "GET /xmlrpc.php?path=%2F%2Fsys%2Fblock%2Fnbd6%2Fsubsystem%2Fnvme6n1%2Fmq%2F97%2Fcpu97 HTTP/2.0" 200 2741 "-" "Mozilla/5.0 AppleWebKit/537.36 (KHTML, like Gecko; compatible; ClaudeBot/1.0; +claudebot@anthropic.com)"
69.30.196.218 - - [15/Dec/2025:02:30:53 -0800] "GET /R-487ae47ad790ec1172024975e7df50c8 HTTP/1.1" 200 3502 "-" "-"
217.182.195.176 - - [15/Dec/2025:02:30:53 -0800] "GET /author/manpreet/feed/?fileloc=//lib/python3/dist-packages/launchpadlib/testing/launchpad-wadl.xml&path=//lib/python3/dist-packages/launchpadlib/testing HTTP/1.1" 200 178387 "-" "Mozilla/5.0 (compatible; MJ12bot/v1.4.8; http://mj12bot.com/)"
69.30.196.218 - - [15/Dec/2025:02:30:56 -0800] "GET /R-487ae47ad790ec1172024975e7df50c8 HTTP/1.1" 200 3502 "-" "-"
217.182.195.176 - - [15/Dec/2025:02:30:55 -0800] "GET /author/manpreet/feed/?path=//lib/python3/dist-packages/django/contrib/flatpages/locale/zh_Hant/LC_MESSAGES HTTP/1.1" 200 6378 "-" "Mozilla/5.0 (compatible; MJ12bot/v1.4.8; http://mj12bot.com/)"
69.30.196.218 - - [15/Dec/2025:02:30:58 -0800] "GET /R-487ae47ad790ec1172024975e7df50c8 HTTP/1.1" 200 3502 "-" "-"
217.182.195.176 - - [15/Dec/2025:02:30:58 -0800] "GET /author/manpreet/feed/?path=//lib/python3/dist-packages/django/contrib/flatpages/templatetags/__pycache__ HTTP/1.1" 200 6383 "-" "Mozilla/5.0 (compatible; MJ12bot/v1.4.8; http://mj12bot.com/)"
69.30.196.218 - - [15/Dec/2025:02:31:00 -0800] "GET /R-487ae47ad790ec1172024975e7df50c8 HTTP/1.1" 200 3502 "-" "-"
217.182.195.176 - - [15/Dec/2025:02:31:00 -0800] "GET /author/manpreet/feed/?path=//lib/python3/dist-packages/django/contrib/gis/admin/__pycache__ HTTP/1.1" 200 6441 "-" "Mozilla/5.0 (compatible; MJ12bot/v1.4.8; http://mj12bot.com/)"
66.249.69.226 - - [15/Dec/2025:02:31:01 -0800] "GET /page240?kg=49376 HTTP/1.1" 302 3655 "-" "Mozilla/5.0 (Linux; Android 6.0.1; Nexus 5X Build/MMB29P) AppleWebKit/537.36 (KHTML, like Gecko) Chrome/141.0.7390.122 Mobile Safari/537.36 (compatible; Googlebot/2.1; +http://www.google.com/bot.html)"
66.249.69.225 - - [15/Dec/2025:02:31:01 -0800] "GET /page240?kg=49376 HTTP/1.1" 302 3655 "-" "Mozilla/5.0 (compatible; Googlebot/2.1; +http://www.google.com/bot.html)"
216.73.216.158 - - [15/Dec/2025:02:31:02 -0800] "GET /xmlrpc.php?fileloc=%2F%2Fvar%2Flog%2Fcgroup.log.9.gz&path=%2F%2Fvar%2Flog HTTP/2.0" 200 2632 "-" "Mozilla/5.0 AppleWebKit/537.36 (KHTML, like Gecko; compatible; ClaudeBot/1.0; +claudebot@anthropic.com)"
69.30.196.218 - - [15/Dec/2025:02:31:02 -0800] "GET /R-487ae47ad790ec1172024975e7df50c8 HTTP/1.1" 200 3502 "-" "-"
217.182.195.176 - - [15/Dec/2025:02:31:02 -0800] "GET /author/manpreet/feed/?path=//lib/python3/dist-packages/django/contrib/gis/db/__pycache__ HTTP/1.1" 200 6318 "-" "Mozilla/5.0 (compatible; MJ12bot/v1.4.8; http://mj12bot.com/)"
69.30.196.218 - - [15/Dec/2025:02:31:04 -0800] "GET /R-487ae47ad790ec1172024975e7df50c8 HTTP/1.1" 200 3502 "-" "-"
217.182.195.176 - - [15/Dec/2025:02:31:04 -0800] "GET /author/manpreet/feed/?path=//lib/python3/dist-packages/django/contrib/gis/db/backends HTTP/1.1" 200 6678 "-" "Mozilla/5.0 (compatible; MJ12bot/v1.4.8; http://mj12bot.com/)"
69.30.196.218 - - [15/Dec/2025:02:31:07 -0800] "GET /R-487ae47ad790ec1172024975e7df50c8 HTTP/1.1" 200 3502 "-" "-"
217.182.195.176 - - [15/Dec/2025:02:31:06 -0800] "GET /author/manpreet/feed/?path=//lib/python3/dist-packages/django/contrib/gis/db/models HTTP/1.1" 200 6713 "-" "Mozilla/5.0 (compatible; MJ12bot/v1.4.8; http://mj12bot.com/)"
69.30.196.218 - - [15/Dec/2025:02:31:09 -0800] "GET /R-487ae47ad790ec1172024975e7df50c8 HTTP/1.1" 200 3502 "-" "-"
217.182.195.176 - - [15/Dec/2025:02:31:08 -0800] "GET /author/manpreet/feed/?path=//lib/python3/dist-packages/django/contrib/gis/forms/__pycache__ HTTP/1.1" 200 6432 "-" "Mozilla/5.0 (compatible; MJ12bot/v1.4.8; http://mj12bot.com/)"
69.30.196.218 - - [15/Dec/2025:02:31:11 -0800] "GET /R-487ae47ad790ec1172024975e7df50c8 HTTP/1.1" 200 3502 "-" "-"
217.182.195.176 - - [15/Dec/2025:02:31:11 -0800] "GET /author/manpreet/feed/?path=//lib/python3/dist-packages/django/contrib/gis/gdal/__pycache__ HTTP/1.1" 200 6899 "-" "Mozilla/5.0 (compatible; MJ12bot/v1.4.8; http://mj12bot.com/)"
69.30.196.218 - - [15/Dec/2025:02:31:13 -0800] "GET /R-487ae47ad790ec1172024975e7df50c8 HTTP/1.1" 200 3502 "-" "-"
217.182.195.176 - - [15/Dec/2025:02:31:13 -0800] "GET /author/manpreet/feed/?path=//lib/python3/dist-packages/django/contrib/gis/gdal/prototypes HTTP/1.1" 200 6693 "-" "Mozilla/5.0 (compatible; MJ12bot/v1.4.8; http://mj12bot.com/)"
69.30.196.218 - - [15/Dec/2025:02:31:15 -0800] "GET /R-487ae47ad790ec1172024975e7df50c8 HTTP/1.1" 200 3502 "-" "-"
217.182.195.176 - - [15/Dec/2025:02:31:15 -0800] "GET /author/manpreet/feed/?path=//lib/python3/dist-packages/django/contrib/gis/gdal/raster HTTP/1.1" 200 6606 "-" "Mozilla/5.0 (compatible; MJ12bot/v1.4.8; http://mj12bot.com/)"
69.30.196.218 - - [15/Dec/2025:02:31:17 -0800] "GET /R-487ae47ad790ec1172024975e7df50c8 HTTP/1.1" 200 3502 "-" "-"
217.182.195.176 - - [15/Dec/2025:02:31:17 -0800] "GET /author/manpreet/feed/?path=//lib/python3/dist-packages/django/contrib/gis/geoip2/__pycache__ HTTP/1.1" 200 6433 "-" "Mozilla/5.0 (compatible; MJ12bot/v1.4.8; http://mj12bot.com/)"
69.30.196.218 - - [15/Dec/2025:02:31:19 -0800] "GET /R-487ae47ad790ec1172024975e7df50c8 HTTP/1.1" 200 3502 "-" "-"
217.182.195.176 - - [15/Dec/2025:02:31:19 -0800] "GET /author/manpreet/feed/?path=//lib/python3/dist-packages/django/contrib/gis/geos/__pycache__ HTTP/1.1" 200 6939 "-" "Mozilla/5.0 (compatible; MJ12bot/v1.4.8; http://mj12bot.com/)"
69.30.196.218 - - [15/Dec/2025:02:31:21 -0800] "GET /R-487ae47ad790ec1172024975e7df50c8 HTTP/1.1" 200 3502 "-" "-"
217.182.195.176 - - [15/Dec/2025:02:31:21 -0800] "GET /author/manpreet/feed/?path=//lib/python3/dist-packages/django/contrib/gis/geos/prototypes HTTP/1.1" 200 6838 "-" "Mozilla/5.0 (compatible; MJ12bot/v1.4.8; http://mj12bot.com/)"
69.30.196.218 - - [15/Dec/2025:02:31:24 -0800] "GET /R-487ae47ad790ec1172024975e7df50c8 HTTP/1.1" 200 3502 "-" "-"
217.182.195.176 - - [15/Dec/2025:02:31:23 -0800] "GET /author/manpreet/feed/?path=//lib/python3/dist-packages/django/contrib/gis/locale/af HTTP/1.1" 200 6286 "-" "Mozilla/5.0 (compatible; MJ12bot/v1.4.8; http://mj12bot.com/)"
69.30.196.218 - - [15/Dec/2025:02:31:26 -0800] "GET /R-487ae47ad790ec1172024975e7df50c8 HTTP/1.1" 200 3502 "-" "-"
217.182.195.176 - - [15/Dec/2025:02:31:25 -0800] "GET /author/manpreet/feed/?path=//lib/python3/dist-packages/django/contrib/gis/locale/ar HTTP/1.1" 200 6285 "-" "Mozilla/5.0 (compatible; MJ12bot/v1.4.8; http://mj12bot.com/)"
216.73.216.158 - - [15/Dec/2025:02:31:26 -0800] "GET /xmlrpc.php?fileloc=%2F%2Fsys%2Fblock%2Fnbd6%2Fsubsystem%2Fnbd1%2Fsubsystem%2Fnvme7n1%2Fsubsystem%2Fmd10%2Fmd%2Fbitmap_set_bits&path=%2F%2Fsys%2Fblock%2Fnbd6%2Fsubsystem%2Fnbd1%2Fsubsystem%2Fnvme7n1%2Fsubsystem%2Fmd10%2Fmd HTTP/2.0" 200 2700 "-" "Mozilla/5.0 AppleWebKit/537.36 (KHTML, like Gecko; compatible; ClaudeBot/1.0; +claudebot@anthropic.com)"
69.30.196.218 - - [15/Dec/2025:02:31:28 -0800] "GET /R-487ae47ad790ec1172024975e7df50c8 HTTP/1.1" 200 3502 "-" "-"
217.182.195.176 - - [15/Dec/2025:02:31:27 -0800] "GET /author/manpreet/feed/?path=//lib/python3/dist-packages/django/contrib/gis/locale/ar_DZ HTTP/1.1" 200 6294 "-" "Mozilla/5.0 (compatible; MJ12bot/v1.4.8; http://mj12bot.com/)"
69.30.196.218 - - [15/Dec/2025:02:31:30 -0800] "GET /R-487ae47ad790ec1172024975e7df50c8 HTTP/1.1" 200 3502 "-" "-"
217.182.195.176 - - [15/Dec/2025:02:31:29 -0800] "GET /author/manpreet/feed/?path=//lib/python3/dist-packages/django/contrib/gis/locale/ast HTTP/1.1" 200 6289 "-" "Mozilla/5.0 (compatible; MJ12bot/v1.4.8; http://mj12bot.com/)"
69.30.196.218 - - [15/Dec/2025:02:31:32 -0800] "GET /R-487ae47ad790ec1172024975e7df50c8 HTTP/1.1" 200 3502 "-" "-"
217.182.195.176 - - [15/Dec/2025:02:31:31 -0800] "GET /author/manpreet/feed/?path=//lib/python3/dist-packages/django/contrib/gis/locale/az HTTP/1.1" 200 6288 "-" "Mozilla/5.0 (compatible; MJ12bot/v1.4.8; http://mj12bot.com/)"
69.30.196.218 - - [15/Dec/2025:02:31:34 -0800] "GET /R-487ae47ad790ec1172024975e7df50c8 HTTP/1.1" 200 3502 "-" "-"
217.182.195.176 - - [15/Dec/2025:02:31:34 -0800] "GET /author/manpreet/feed/?path=//lib/python3/dist-packages/django/contrib/gis/locale/be HTTP/1.1" 200 6284 "-" "Mozilla/5.0 (compatible; MJ12bot/v1.4.8; http://mj12bot.com/)"
69.30.196.218 - - [15/Dec/2025:02:31:36 -0800] "GET /R-487ae47ad790ec1172024975e7df50c8 HTTP/1.1" 200 3502 "-" "-"
217.182.195.176 - - [15/Dec/2025:02:31:36 -0800] "GET /author/manpreet/feed/?path=//lib/python3/dist-packages/django/contrib/gis/locale/bg HTTP/1.1" 200 6288 "-" "Mozilla/5.0 (compatible; MJ12bot/v1.4.8; http://mj12bot.com/)"
69.30.196.218 - - [15/Dec/2025:02:31:38 -0800] "GET /R-487ae47ad790ec1172024975e7df50c8 HTTP/1.1" 200 3502 "-" "-"
217.182.195.176 - - [15/Dec/2025:02:31:38 -0800] "GET /author/manpreet/feed/?path=//lib/python3/dist-packages/django/contrib/gis/locale/bn HTTP/1.1" 200 6287 "-" "Mozilla/5.0 (compatible; MJ12bot/v1.4.8; http://mj12bot.com/)"
69.30.196.218 - - [15/Dec/2025:02:31:40 -0800] "GET /R-487ae47ad790ec1172024975e7df50c8 HTTP/1.1" 200 3502 "-" "-"
217.182.195.176 - - [15/Dec/2025:02:31:40 -0800] "GET /author/manpreet/feed/?path=//lib/python3/dist-packages/django/contrib/gis/locale/br HTTP/1.1" 200 6285 "-" "Mozilla/5.0 (compatible; MJ12bot/v1.4.8; http://mj12bot.com/)"
69.30.196.218 - - [15/Dec/2025:02:31:42 -0800] "GET /R-487ae47ad790ec1172024975e7df50c8 HTTP/1.1" 200 3502 "-" "-"
217.182.195.176 - - [15/Dec/2025:02:31:42 -0800] "GET /author/manpreet/feed/?path=//lib/python3/dist-packages/django/contrib/gis/locale/bs HTTP/1.1" 200 6285 "-" "Mozilla/5.0 (compatible; MJ12bot/v1.4.8; http://mj12bot.com/)"
69.30.196.218 - - [15/Dec/2025:02:31:44 -0800] "GET /R-487ae47ad790ec1172024975e7df50c8 HTTP/1.1" 200 3502 "-" "-"
217.182.195.176 - - [15/Dec/2025:02:31:44 -0800] "GET /author/manpreet/feed/?path=//lib/python3/dist-packages/django/contrib/gis/locale/ca HTTP/1.1" 200 6285 "-" "Mozilla/5.0 (compatible; MJ12bot/v1.4.8; http://mj12bot.com/)"
69.30.196.218 - - [15/Dec/2025:02:31:47 -0800] "GET /R-487ae47ad790ec1172024975e7df50c8 HTTP/1.1" 200 3502 "-" "-"
217.182.195.176 - - [15/Dec/2025:02:31:46 -0800] "GET /author/manpreet/feed/?path=//lib/python3/dist-packages/django/contrib/gis/locale/cs HTTP/1.1" 200 6284 "-" "Mozilla/5.0 (compatible; MJ12bot/v1.4.8; http://mj12bot.com/)"
69.30.196.218 - - [15/Dec/2025:02:31:49 -0800] "GET /R-487ae47ad790ec1172024975e7df50c8 HTTP/1.1" 200 3502 "-" "-"
217.182.195.176 - - [15/Dec/2025:02:31:48 -0800] "GET /author/manpreet/feed/?path=//lib/python3/dist-packages/django/contrib/gis/locale/cy HTTP/1.1" 200 6285 "-" "Mozilla/5.0 (compatible; MJ12bot/v1.4.8; http://mj12bot.com/)"
69.30.196.218 - - [15/Dec/2025:02:31:51 -0800] "GET /R-487ae47ad790ec1172024975e7df50c8 HTTP/1.1" 200 3502 "-" "-"
217.182.195.176 - - [15/Dec/2025:02:31:51 -0800] "GET /author/manpreet/feed/?path=//lib/python3/dist-packages/django/contrib/gis/locale/da HTTP/1.1" 200 6285 "-" "Mozilla/5.0 (compatible; MJ12bot/v1.4.8; http://mj12bot.com/)"
69.30.196.218 - - [15/Dec/2025:02:31:53 -0800] "GET /R-487ae47ad790ec1172024975e7df50c8 HTTP/1.1" 200 3502 "-" "-"
217.182.195.176 - - [15/Dec/2025:02:31:53 -0800] "GET /author/manpreet/feed/?path=//lib/python3/dist-packages/django/contrib/gis/locale/de HTTP/1.1" 200 6284 "-" "Mozilla/5.0 (compatible; MJ12bot/v1.4.8; http://mj12bot.com/)"
69.30.196.218 - - [15/Dec/2025:02:31:55 -0800] "GET /R-487ae47ad790ec1172024975e7df50c8 HTTP/1.1" 200 3502 "-" "-"
217.182.195.176 - - [15/Dec/2025:02:31:55 -0800] "GET /author/manpreet/feed/?path=//lib/python3/dist-packages/django/contrib/gis/locale/dsb HTTP/1.1" 200 6288 "-" "Mozilla/5.0 (compatible; MJ12bot/v1.4.8; http://mj12bot.com/)"
69.30.196.218 - - [15/Dec/2025:02:31:58 -0800] "GET /R-487ae47ad790ec1172024975e7df50c8 HTTP/1.1" 200 3502 "-" "-"
217.182.195.176 - - [15/Dec/2025:02:31:58 -0800] "GET /author/manpreet/feed/?path=//lib/python3/dist-packages/django/contrib/gis/locale/el HTTP/1.1" 200 6284 "-" "Mozilla/5.0 (compatible; MJ12bot/v1.4.8; http://mj12bot.com/)"
216.73.216.158 - - [15/Dec/2025:02:31:59 -0800] "GET /xmlrpc.php?fileloc=%2F%2Fsys%2Fdevices%2Fpci0000%3A00%2F0000%3A00%3A18.0%2Fconfig&path=%2F%2Fsys%2Fdevices%2Fpci0000%3A00%2F0000%3A00%3A18.0 HTTP/2.0" 200 2652 "-" "Mozilla/5.0 AppleWebKit/537.36 (KHTML, like Gecko; compatible; ClaudeBot/1.0; +claudebot@anthropic.com)"
69.30.196.218 - - [15/Dec/2025:02:32:00 -0800] "GET /R-487ae47ad790ec1172024975e7df50c8 HTTP/1.1" 200 3502 "-" "-"
217.182.195.176 - - [15/Dec/2025:02:32:00 -0800] "GET /author/manpreet/feed/?path=//lib/python3/dist-packages/django/contrib/gis/locale/en HTTP/1.1" 200 6285 "-" "Mozilla/5.0 (compatible; MJ12bot/v1.4.8; http://mj12bot.com/)"
69.30.196.218 - - [15/Dec/2025:02:32:03 -0800] "GET /R-487ae47ad790ec1172024975e7df50c8 HTTP/1.1" 200 3502 "-" "-"
114.119.139.115 - - [15/Dec/2025:02:32:02 -0800] "GET /research/audio/body/service/column/2xwxu.html HTTP/1.1" 200 8604 "https://lifeofcanada.com/sitemap408.xml" "Mozilla/5.0 (Linux; Android 7.0;) AppleWebKit/537.36 (KHTML, like Gecko) Mobile Safari/537.36 (compatible; PetalBot;+https://webmaster.petalsearch.com/site/petalbot)"
69.30.196.218 - - [15/Dec/2025:02:32:03 -0800] "GET /R-487ae47ad790ec1172024975e7df50c8 HTTP/1.1" 200 3502 "-" "-"
217.182.195.176 - - [15/Dec/2025:02:32:03 -0800] "GET /author/manpreet/feed/?path=//lib/python3/dist-packages/django/contrib/gis/locale/en_AU HTTP/1.1" 200 6294 "-" "Mozilla/5.0 (compatible; MJ12bot/v1.4.8; http://mj12bot.com/)"
69.30.196.218 - - [15/Dec/2025:02:32:05 -0800] "GET /R-487ae47ad790ec1172024975e7df50c8 HTTP/1.1" 200 3502 "-" "-"
217.182.195.176 - - [15/Dec/2025:02:32:05 -0800] "GET /author/manpreet/feed/?path=//lib/python3/dist-packages/django/contrib/gis/locale/en_GB HTTP/1.1" 200 6293 "-" "Mozilla/5.0 (compatible; MJ12bot/v1.4.8; http://mj12bot.com/)"
69.30.196.218 - - [15/Dec/2025:02:32:07 -0800] "GET /R-487ae47ad790ec1172024975e7df50c8 HTTP/1.1" 200 3502 "-" "-"
217.182.195.176 - - [15/Dec/2025:02:32:07 -0800] "GET /author/manpreet/feed/?path=//lib/python3/dist-packages/django/contrib/gis/locale/eo HTTP/1.1" 200 6284 "-" "Mozilla/5.0 (compatible; MJ12bot/v1.4.8; http://mj12bot.com/)"
69.30.196.218 - - [15/Dec/2025:02:32:09 -0800] "GET /R-487ae47ad790ec1172024975e7df50c8 HTTP/1.1" 200 3502 "-" "-"
217.182.195.176 - - [15/Dec/2025:02:32:09 -0800] "GET /author/manpreet/feed/?path=//lib/python3/dist-packages/django/contrib/gis/locale/es HTTP/1.1" 200 6283 "-" "Mozilla/5.0 (compatible; MJ12bot/v1.4.8; http://mj12bot.com/)"
69.30.196.218 - - [15/Dec/2025:02:32:11 -0800] "GET /R-487ae47ad790ec1172024975e7df50c8 HTTP/1.1" 200 3502 "-" "-"
217.182.195.176 - - [15/Dec/2025:02:32:11 -0800] "GET /author/manpreet/feed/?path=//lib/python3/dist-packages/django/contrib/gis/locale/es_AR HTTP/1.1" 200 6293 "-" "Mozilla/5.0 (compatible; MJ12bot/v1.4.8; http://mj12bot.com/)"
69.30.196.218 - - [15/Dec/2025:02:32:13 -0800] "GET /R-487ae47ad790ec1172024975e7df50c8 HTTP/1.1" 200 3502 "-" "-"
217.182.195.176 - - [15/Dec/2025:02:32:13 -0800] "GET /author/manpreet/feed/?path=//lib/python3/dist-packages/django/contrib/gis/locale/es_CO HTTP/1.1" 200 6294 "-" "Mozilla/5.0 (compatible; MJ12bot/v1.4.8; http://mj12bot.com/)"
69.30.196.218 - - [15/Dec/2025:02:32:16 -0800] "GET /R-487ae47ad790ec1172024975e7df50c8 HTTP/1.1" 200 3502 "-" "-"
217.182.195.176 - - [15/Dec/2025:02:32:15 -0800] "GET /author/manpreet/feed/?path=//lib/python3/dist-packages/django/contrib/gis/locale/es_MX HTTP/1.1" 200 6294 "-" "Mozilla/5.0 (compatible; MJ12bot/v1.4.8; http://mj12bot.com/)"
69.30.196.218 - - [15/Dec/2025:02:32:18 -0800] "GET /R-487ae47ad790ec1172024975e7df50c8 HTTP/1.1" 200 3502 "-" "-"
217.182.195.176 - - [15/Dec/2025:02:32:17 -0800] "GET /author/manpreet/feed/?path=//lib/python3/dist-packages/django/contrib/gis/locale/es_VE HTTP/1.1" 200 6294 "-" "Mozilla/5.0 (compatible; MJ12bot/v1.4.8; http://mj12bot.com/)"
69.30.196.218 - - [15/Dec/2025:02:32:20 -0800] "GET /R-487ae47ad790ec1172024975e7df50c8 HTTP/1.1" 200 3502 "-" "-"
217.182.195.176 - - [15/Dec/2025:02:32:20 -0800] "GET /author/manpreet/feed/?path=//lib/python3/dist-packages/django/contrib/gis/locale/et HTTP/1.1" 200 6287 "-" "Mozilla/5.0 (compatible; MJ12bot/v1.4.8; http://mj12bot.com/)"
69.30.196.218 - - [15/Dec/2025:02:32:22 -0800] "GET /R-487ae47ad790ec1172024975e7df50c8 HTTP/1.1" 200 3502 "-" "-"
217.182.195.176 - - [15/Dec/2025:02:32:22 -0800] "GET /author/manpreet/feed/?path=//lib/python3/dist-packages/django/contrib/gis/locale/eu HTTP/1.1" 200 6286 "-" "Mozilla/5.0 (compatible; MJ12bot/v1.4.8; http://mj12bot.com/)"
69.30.196.218 - - [15/Dec/2025:02:32:24 -0800] "GET /R-487ae47ad790ec1172024975e7df50c8 HTTP/1.1" 200 3502 "-" "-"
217.182.195.176 - - [15/Dec/2025:02:32:24 -0800] "GET /author/manpreet/feed/?path=//lib/python3/dist-packages/django/contrib/gis/locale/fa HTTP/1.1" 200 6286 "-" "Mozilla/5.0 (compatible; MJ12bot/v1.4.8; http://mj12bot.com/)"
69.30.196.218 - - [15/Dec/2025:02:32:26 -0800] "GET /R-487ae47ad790ec1172024975e7df50c8 HTTP/1.1" 200 3502 "-" "-"
217.182.195.176 - - [15/Dec/2025:02:32:26 -0800] "GET /author/manpreet/feed/?path=//lib/python3/dist-packages/django/contrib/gis/locale/fi HTTP/1.1" 200 6286 "-" "Mozilla/5.0 (compatible; MJ12bot/v1.4.8; http://mj12bot.com/)"
69.30.196.218 - - [15/Dec/2025:02:32:28 -0800] "GET /R-487ae47ad790ec1172024975e7df50c8 HTTP/1.1" 200 3502 "-" "-"
217.182.195.176 - - [15/Dec/2025:02:32:28 -0800] "GET /author/manpreet/feed/?path=//lib/python3/dist-packages/django/contrib/gis/locale/fr HTTP/1.1" 200 6285 "-" "Mozilla/5.0 (compatible; MJ12bot/v1.4.8; http://mj12bot.com/)"
216.73.216.158 - - [15/Dec/2025:02:32:30 -0800] "GET /xmlrpc.php?path=%2F%2Fsys%2Fclass%2Fnet%2Fphy0%2Fupper_bond0%2Fqueues%2Frx-2 HTTP/2.0" 200 3063 "-" "Mozilla/5.0 AppleWebKit/537.36 (KHTML, like Gecko; compatible; ClaudeBot/1.0; +claudebot@anthropic.com)"
69.30.196.218 - - [15/Dec/2025:02:32:30 -0800] "GET /R-487ae47ad790ec1172024975e7df50c8 HTTP/1.1" 200 3502 "-" "-"
217.182.195.176 - - [15/Dec/2025:02:32:30 -0800] "GET /author/manpreet/feed/?path=//lib/python3/dist-packages/django/contrib/gis/locale/fy HTTP/1.1" 200 6287 "-" "Mozilla/5.0 (compatible; MJ12bot/v1.4.8; http://mj12bot.com/)"
69.30.196.218 - - [15/Dec/2025:02:32:32 -0800] "GET /R-487ae47ad790ec1172024975e7df50c8 HTTP/1.1" 200 3502 "-" "-"
217.182.195.176 - - [15/Dec/2025:02:32:32 -0800] "GET /author/manpreet/feed/?path=//lib/python3/dist-packages/django/contrib/gis/locale/ga HTTP/1.1" 200 6285 "-" "Mozilla/5.0 (compatible; MJ12bot/v1.4.8; http://mj12bot.com/)"
69.30.196.218 - - [15/Dec/2025:02:32:34 -0800] "GET /R-487ae47ad790ec1172024975e7df50c8 HTTP/1.1" 200 3502 "-" "-"
217.182.195.176 - - [15/Dec/2025:02:32:34 -0800] "GET /author/manpreet/feed/?path=//lib/python3/dist-packages/django/contrib/gis/locale/gd HTTP/1.1" 200 6285 "-" "Mozilla/5.0 (compatible; MJ12bot/v1.4.8; http://mj12bot.com/)"
69.30.196.218 - - [15/Dec/2025:02:32:36 -0800] "GET /R-487ae47ad790ec1172024975e7df50c8 HTTP/1.1" 200 3502 "-" "-"
217.182.195.176 - - [15/Dec/2025:02:32:36 -0800] "GET /author/manpreet/feed/?path=//lib/python3/dist-packages/django/contrib/gis/locale/gl HTTP/1.1" 200 6285 "-" "Mozilla/5.0 (compatible; MJ12bot/v1.4.8; http://mj12bot.com/)"
69.30.196.218 - - [15/Dec/2025:02:32:38 -0800] "GET /R-487ae47ad790ec1172024975e7df50c8 HTTP/1.1" 200 3502 "-" "-"
217.182.195.176 - - [15/Dec/2025:02:32:38 -0800] "GET /author/manpreet/feed/?path=//lib/python3/dist-packages/django/contrib/gis/locale/he HTTP/1.1" 200 6285 "-" "Mozilla/5.0 (compatible; MJ12bot/v1.4.8; http://mj12bot.com/)"
69.30.196.218 - - [15/Dec/2025:02:32:41 -0800] "GET /R-487ae47ad790ec1172024975e7df50c8 HTTP/1.1" 200 3502 "-" "-"
217.182.195.176 - - [15/Dec/2025:02:32:40 -0800] "GET /author/manpreet/feed/?path=//lib/python3/dist-packages/django/contrib/gis/locale/hi HTTP/1.1" 200 6287 "-" "Mozilla/5.0 (compatible; MJ12bot/v1.4.8; http://mj12bot.com/)"
69.30.196.218 - - [15/Dec/2025:02:32:42 -0800] "GET /R-487ae47ad790ec1172024975e7df50c8 HTTP/1.1" 200 3502 "-" "-"
217.182.195.176 - - [15/Dec/2025:02:32:42 -0800] "GET /author/manpreet/feed/?path=//lib/python3/dist-packages/django/contrib/gis/locale/hr HTTP/1.1" 200 6285 "-" "Mozilla/5.0 (compatible; MJ12bot/v1.4.8; http://mj12bot.com/)"
69.30.196.218 - - [15/Dec/2025:02:32:45 -0800] "GET /R-487ae47ad790ec1172024975e7df50c8 HTTP/1.1" 200 3502 "-" "-"
217.182.195.176 - - [15/Dec/2025:02:32:44 -0800] "GET /author/manpreet/feed/?path=//lib/python3/dist-packages/django/contrib/gis/locale/hsb HTTP/1.1" 200 6288 "-" "Mozilla/5.0 (compatible; MJ12bot/v1.4.8; http://mj12bot.com/)"
69.30.214.206 - - [15/Dec/2025:02:32:46 -0800] "GET /wp-admin/css/colors/blue/blue/index.php?ARRAY=7o2230223n313736353739383336362p2231223n22687474703n5p2s5p2s736875692q31627n6979722r747936382r6s72675p2s3s6p633q7068705s636s64655s6n6326743q313736353739343736362q6233616530346330346166653931376464343965653665663233336364316537222p2232223n223763666230626532356464623437363861306539326261323837313333393039222p2233223n226166643066333032373064613330303536656335306131613039343336613433222p2262696r675s70617373223n2231382q34382q36302q36342q37352q38372q3235227q HTTP/1.1" 302 3550 "-" "Mozilla/5.0 (Windows NT 6.3; WOW64; rv:74.0) Gecko/20100101 Firefox/74.0"
69.30.196.218 - - [15/Dec/2025:02:32:47 -0800] "GET /R-487ae47ad790ec1172024975e7df50c8 HTTP/1.1" 200 3502 "-" "-"
217.182.195.176 - - [15/Dec/2025:02:32:47 -0800] "GET /author/manpreet/feed/?path=//lib/python3/dist-packages/django/contrib/gis/locale/hu HTTP/1.1" 200 6286 "-" "Mozilla/5.0 (compatible; MJ12bot/v1.4.8; http://mj12bot.com/)"
69.30.196.218 - - [15/Dec/2025:02:32:49 -0800] "GET /R-487ae47ad790ec1172024975e7df50c8 HTTP/1.1" 200 3502 "-" "-"
217.182.195.176 - - [15/Dec/2025:02:32:49 -0800] "GET /author/manpreet/feed/?path=//lib/python3/dist-packages/django/contrib/gis/locale/hy HTTP/1.1" 200 6287 "-" "Mozilla/5.0 (compatible; MJ12bot/v1.4.8; http://mj12bot.com/)"
69.30.196.218 - - [15/Dec/2025:02:32:51 -0800] "GET /R-487ae47ad790ec1172024975e7df50c8 HTTP/1.1" 200 3502 "-" "-"
217.182.195.176 - - [15/Dec/2025:02:32:51 -0800] "GET /author/manpreet/feed/?path=//lib/python3/dist-packages/django/contrib/gis/locale/ia HTTP/1.1" 200 6287 "-" "Mozilla/5.0 (compatible; MJ12bot/v1.4.8; http://mj12bot.com/)"
69.30.196.218 - - [15/Dec/2025:02:32:53 -0800] "GET /R-487ae47ad790ec1172024975e7df50c8 HTTP/1.1" 200 3502 "-" "-"
217.182.195.176 - - [15/Dec/2025:02:32:53 -0800] "GET /author/manpreet/feed/?path=//lib/python3/dist-packages/django/contrib/gis/locale/id HTTP/1.1" 200 6287 "-" "Mozilla/5.0 (compatible; MJ12bot/v1.4.8; http://mj12bot.com/)"
69.30.196.218 - - [15/Dec/2025:02:32:55 -0800] "GET /R-487ae47ad790ec1172024975e7df50c8 HTTP/1.1" 200 3502 "-" "-"
217.182.195.176 - - [15/Dec/2025:02:32:55 -0800] "GET /author/manpreet/feed/?path=//lib/python3/dist-packages/django/contrib/gis/locale/io HTTP/1.1" 200 6284 "-" "Mozilla/5.0 (compatible; MJ12bot/v1.4.8; http://mj12bot.com/)"
69.30.196.218 - - [15/Dec/2025:02:32:58 -0800] "GET /R-487ae47ad790ec1172024975e7df50c8 HTTP/1.1" 200 3502 "-" "-"
217.182.195.176 - - [15/Dec/2025:02:32:57 -0800] "GET /author/manpreet/feed/?path=//lib/python3/dist-packages/django/contrib/gis/locale/is HTTP/1.1" 200 6283 "-" "Mozilla/5.0 (compatible; MJ12bot/v1.4.8; http://mj12bot.com/)"
69.30.196.218 - - [15/Dec/2025:02:33:00 -0800] "GET /R-487ae47ad790ec1172024975e7df50c8 HTTP/1.1" 200 3502 "-" "-"
217.182.195.176 - - [15/Dec/2025:02:32:59 -0800] "GET /author/manpreet/feed/?path=//lib/python3/dist-packages/django/contrib/gis/locale/it HTTP/1.1" 200 6287 "-" "Mozilla/5.0 (compatible; MJ12bot/v1.4.8; http://mj12bot.com/)"
69.30.196.218 - - [15/Dec/2025:02:33:02 -0800] "GET /R-487ae47ad790ec1172024975e7df50c8 HTTP/1.1" 200 3502 "-" "-"
217.182.195.176 - - [15/Dec/2025:02:33:01 -0800] "GET /author/manpreet/feed/?path=//lib/python3/dist-packages/django/contrib/gis/locale/ja HTTP/1.1" 200 6288 "-" "Mozilla/5.0 (compatible; MJ12bot/v1.4.8; http://mj12bot.com/)"
66.249.69.224 - - [15/Dec/2025:02:33:03 -0800] "GET /products/118rx8399 HTTP/1.1" 302 3655 "-" "Mozilla/5.0 (Linux; Android 6.0.1; Nexus 5X Build/MMB29P) AppleWebKit/537.36 (KHTML, like Gecko) Chrome/141.0.7390.122 Mobile Safari/537.36 (compatible; Googlebot/2.1; +http://www.google.com/bot.html)"
69.30.196.218 - - [15/Dec/2025:02:33:04 -0800] "GET /R-487ae47ad790ec1172024975e7df50c8 HTTP/1.1" 200 3502 "-" "-"
217.182.195.176 - - [15/Dec/2025:02:33:04 -0800] "GET /author/manpreet/feed/?path=//lib/python3/dist-packages/django/contrib/gis/locale/ka HTTP/1.1" 200 6287 "-" "Mozilla/5.0 (compatible; MJ12bot/v1.4.8; http://mj12bot.com/)"
216.73.216.158 - - [15/Dec/2025:02:33:04 -0800] "GET /xmlrpc.php?fileloc=%2F%2Fsys%2Fclass%2Fnet%2Fphy1%2Fupper_bond0%2Flower_phy0%2Fqueues%2Ftx-21%2Fxps_rxqs&path=%2F%2Fsys%2Fclass%2Fnet%2Fphy1%2Fupper_bond0%2Flower_phy0%2Fqueues%2Ftx-21 HTTP/2.0" 200 2697 "-" "Mozilla/5.0 AppleWebKit/537.36 (KHTML, like Gecko; compatible; ClaudeBot/1.0; +claudebot@anthropic.com)"
69.30.196.218 - - [15/Dec/2025:02:33:06 -0800] "GET /R-487ae47ad790ec1172024975e7df50c8 HTTP/1.1" 200 3502 "-" "-"
217.182.195.176 - - [15/Dec/2025:02:33:06 -0800] "GET /author/manpreet/feed/?path=//lib/python3/dist-packages/django/contrib/gis/locale/kk HTTP/1.1" 200 6287 "-" "Mozilla/5.0 (compatible; MJ12bot/v1.4.8; http://mj12bot.com/)"
69.30.196.218 - - [15/Dec/2025:02:33:08 -0800] "GET /R-487ae47ad790ec1172024975e7df50c8 HTTP/1.1" 200 3502 "-" "-"
217.182.195.176 - - [15/Dec/2025:02:33:08 -0800] "GET /author/manpreet/feed/?path=//lib/python3/dist-packages/django/contrib/gis/locale/km HTTP/1.1" 200 6288 "-" "Mozilla/5.0 (compatible; MJ12bot/v1.4.8; http://mj12bot.com/)"
69.30.196.218 - - [15/Dec/2025:02:33:10 -0800] "GET /R-487ae47ad790ec1172024975e7df50c8 HTTP/1.1" 200 3502 "-" "-"
217.182.195.176 - - [15/Dec/2025:02:33:10 -0800] "GET /author/manpreet/feed/?path=//lib/python3/dist-packages/django/contrib/gis/locale/kn HTTP/1.1" 200 6288 "-" "Mozilla/5.0 (compatible; MJ12bot/v1.4.8; http://mj12bot.com/)"
69.30.196.218 - - [15/Dec/2025:02:33:12 -0800] "GET /R-487ae47ad790ec1172024975e7df50c8 HTTP/1.1" 200 3502 "-" "-"
217.182.195.176 - - [15/Dec/2025:02:33:12 -0800] "GET /author/manpreet/feed/?path=//lib/python3/dist-packages/django/contrib/gis/locale/ko HTTP/1.1" 200 6285 "-" "Mozilla/5.0 (compatible; MJ12bot/v1.4.8; http://mj12bot.com/)"
69.30.196.218 - - [15/Dec/2025:02:33:14 -0800] "GET /R-487ae47ad790ec1172024975e7df50c8 HTTP/1.1" 200 3502 "-" "-"
217.182.195.176 - - [15/Dec/2025:02:33:14 -0800] "GET /author/manpreet/feed/?path=//lib/python3/dist-packages/django/contrib/gis/locale/ky HTTP/1.1" 200 6287 "-" "Mozilla/5.0 (compatible; MJ12bot/v1.4.8; http://mj12bot.com/)"
69.30.196.218 - - [15/Dec/2025:02:33:16 -0800] "GET /R-487ae47ad790ec1172024975e7df50c8 HTTP/1.1" 200 3502 "-" "-"
124.243.177.88 - - [15/Dec/2025:02:33:16 -0800] "GET /traveling-to-canada/?fileloc=/home/dh_7uh9vd/lifeofcanada.com/ehc/KFOlCnqEu92Fr1MmWUlfBBc4AMP6lQ.woff2&path=/home/dh_7uh9vd/lifeofcanada.com/ehc HTTP/2.0" 200 12618 "https://lifeofcanada.com/traveling-to-canada/?fileloc=/home/dh_7uh9vd/lifeofcanada.com/ehc/KFOlCnqEu92Fr1MmWUlfBBc4AMP6lQ.woff2&path=/home/dh_7uh9vd/lifeofcanada.com/ehc" "Mozilla/5.0 (Macintosh; Intel Mac OS X 10_15_7) AppleWebKit/537.36 (KHTML, like Gecko) Chrome/119.0.0.0 Safari/537.36"
69.30.196.218 - - [15/Dec/2025:02:33:16 -0800] "GET /R-487ae47ad790ec1172024975e7df50c8 HTTP/1.1" 200 3502 "-" "-"
217.182.195.176 - - [15/Dec/2025:02:33:16 -0800] "GET /author/manpreet/feed/?path=//lib/python3/dist-packages/django/contrib/gis/locale/lb HTTP/1.1" 200 6284 "-" "Mozilla/5.0 (compatible; MJ12bot/v1.4.8; http://mj12bot.com/)"
69.30.196.218 - - [15/Dec/2025:02:33:21 -0800] "GET /R-487ae47ad790ec1172024975e7df50c8 HTTP/1.1" 200 3502 "-" "-"
217.182.195.176 - - [15/Dec/2025:02:33:20 -0800] "GET /author/manpreet/feed/?path=//lib/python3/dist-packages/django/contrib/gis/locale/lt HTTP/1.1" 200 6285 "-" "Mozilla/5.0 (compatible; MJ12bot/v1.4.8; http://mj12bot.com/)"
69.30.196.218 - - [15/Dec/2025:02:33:23 -0800] "GET /R-487ae47ad790ec1172024975e7df50c8 HTTP/1.1" 200 3502 "-" "-"
217.182.195.176 - - [15/Dec/2025:02:33:23 -0800] "GET /author/manpreet/feed/?path=//lib/python3/dist-packages/django/contrib/gis/locale/lv HTTP/1.1" 200 6285 "-" "Mozilla/5.0 (compatible; MJ12bot/v1.4.8; http://mj12bot.com/)"
