216.73.216.158 - - [15/Dec/2025:04:34:26 -0800] "GET /xmlrpc.php?fileloc=%2F%2Fsys%2Fclass%2Fiommu%2Fivhd2%2Fdevices%2F0000%3A40%3A08.1%2Fdriver%2F0000%3A80%3A03.4%2Fdriver%2F0000%3A40%3A08.3%2Fdma_mask_bits&path=%2F%2Fsys%2Fclass%2Fiommu%2Fivhd2%2Fdevices%2F0000%3A40%3A08.1%2Fdriver%2F0000%3A80%3A03.4%2Fdriver%2F0000%3A40%3A08.3 HTTP/2.0" 429 278 "-" "Mozilla/5.0 AppleWebKit/537.36 (KHTML, like Gecko; compatible; ClaudeBot/1.0; +claudebot@anthropic.com)"
216.73.216.158 - - [15/Dec/2025:04:34:31 -0800] "GET /xmlrpc.php?fileloc=%2F%2Fsys%2Fclass%2Fiommu%2Fivhd2%2Fdevices%2F0000%3A40%3A08.1%2Fdriver%2F0000%3A80%3A03.4%2Fdriver%2F0000%3A80%3A03.2%2Fdevice&path=%2F%2Fsys%2Fclass%2Fiommu%2Fivhd2%2Fdevices%2F0000%3A40%3A08.1%2Fdriver%2F0000%3A80%3A03.4%2Fdriver%2F0000%3A80%3A03.2 HTTP/2.0" 429 278 "-" "Mozilla/5.0 AppleWebKit/537.36 (KHTML, like Gecko; compatible; ClaudeBot/1.0; +claudebot@anthropic.com)"
216.73.216.158 - - [15/Dec/2025:04:34:36 -0800] "GET /xmlrpc.php?fileloc=%2F%2Fsys%2Fclass%2Fiommu%2Fivhd2%2Fdevices%2F0000%3A40%3A08.1%2Fdriver%2F0000%3A80%3A03.4%2Fdriver%2F0000%3A80%3A03.2%2Firq&path=%2F%2Fsys%2Fclass%2Fiommu%2Fivhd2%2Fdevices%2F0000%3A40%3A08.1%2Fdriver%2F0000%3A80%3A03.4%2Fdriver%2F0000%3A80%3A03.2 HTTP/2.0" 429 278 "-" "Mozilla/5.0 AppleWebKit/537.36 (KHTML, like Gecko; compatible; ClaudeBot/1.0; +claudebot@anthropic.com)"
69.30.196.218 - - [15/Dec/2025:04:34:40 -0800] "GET /R-487ae47ad790ec1172024975e7df50c8 HTTP/1.1" 200 3502 "-" "-"
114.119.150.168 - - [15/Dec/2025:04:34:40 -0800] "GET /research/blog/category/publisher/publisher/fhe.html HTTP/1.1" 200 8604 "https://lifeofcanada.com/sitemap309.xml" "Mozilla/5.0 (Linux; Android 7.0;) AppleWebKit/537.36 (KHTML, like Gecko) Mobile Safari/537.36 (compatible; PetalBot;+https://webmaster.petalsearch.com/site/petalbot)"
216.73.216.158 - - [15/Dec/2025:04:34:41 -0800] "GET /xmlrpc.php?path=%2F%2Fsys%2Fblock%2Fnbd6%2Fsubsystem%2Fnbd2%2Fsubsystem%2Fnbd14%2Fsubsystem%2Fnbd2%2Fqueue%2Fiosched HTTP/2.0" 429 278 "-" "Mozilla/5.0 AppleWebKit/537.36 (KHTML, like Gecko; compatible; ClaudeBot/1.0; +claudebot@anthropic.com)"
216.73.216.158 - - [15/Dec/2025:04:34:46 -0800] "GET /xmlrpc.php?path=%2F%2Fsys%2Fblock%2Fnbd6%2Fsubsystem%2Fmd127%2Fsubsystem%2Fnvme5n1%2Fdevice%2Fhwmon1%2Fdevice HTTP/2.0" 429 278 "-" "Mozilla/5.0 AppleWebKit/537.36 (KHTML, like Gecko; compatible; ClaudeBot/1.0; +claudebot@anthropic.com)"
216.73.216.158 - - [15/Dec/2025:04:34:51 -0800] "GET /xmlrpc.php?path=%2F%2Fsys%2Fblock%2Fnbd6%2Fsubsystem%2Fnbd1%2Fsubsystem%2Fnbd5%2Fsubsystem%2Fnbd5%2Fqueue HTTP/2.0" 429 278 "-" "Mozilla/5.0 AppleWebKit/537.36 (KHTML, like Gecko; compatible; ClaudeBot/1.0; +claudebot@anthropic.com)"
216.73.216.158 - - [15/Dec/2025:04:34:56 -0800] "GET /xmlrpc.php?path=%2F%2Fsys%2Fblock%2Fnbd6%2Fsubsystem%2Fnbd6%2Fsubsystem%2Fmd10%2Fsubsystem%2Fnbd5%2Fqueue HTTP/2.0" 429 278 "-" "Mozilla/5.0 AppleWebKit/537.36 (KHTML, like Gecko; compatible; ClaudeBot/1.0; +claudebot@anthropic.com)"
216.73.216.158 - - [15/Dec/2025:04:35:01 -0800] "GET /xmlrpc.php?path=%2F%2Fsys%2Fblock%2Fnbd6%2Fsubsystem%2Fnvme7n1p1%2Fsubsystem%2Fnbd4%2Fsubsystem%2Fnbd5%2Fqueue%2Fiosched HTTP/2.0" 429 278 "-" "Mozilla/5.0 AppleWebKit/537.36 (KHTML, like Gecko; compatible; ClaudeBot/1.0; +claudebot@anthropic.com)"
216.73.216.158 - - [15/Dec/2025:04:35:06 -0800] "GET /xmlrpc.php?path=%2F%2Fsys%2Fblock%2Fnbd6%2Fsubsystem%2Fnbd15%2Fsubsystem%2Fnbd15%2Fsubsystem%2Fnbd2%2Fqueue%2Fiosched HTTP/2.0" 429 278 "-" "Mozilla/5.0 AppleWebKit/537.36 (KHTML, like Gecko; compatible; ClaudeBot/1.0; +claudebot@anthropic.com)"
216.73.216.158 - - [15/Dec/2025:04:35:11 -0800] "GET /xmlrpc.php?fileloc=%2F%2Fsys%2Fblock%2Fnbd12%2Fsubsystem%2Fnbd15%2Fintegrity%2Fdevice_is_integrity_capable&path=%2F%2Fsys%2Fblock%2Fnbd12%2Fsubsystem%2Fnbd15%2Fintegrity HTTP/2.0" 429 278 "-" "Mozilla/5.0 AppleWebKit/537.36 (KHTML, like Gecko; compatible; ClaudeBot/1.0; +claudebot@anthropic.com)"
216.73.216.158 - - [15/Dec/2025:04:35:17 -0800] "GET /xmlrpc.php?fileloc=%2F%2Fsys%2Fclass%2Fiommu%2Fivhd2%2Fdevices%2F0000%3A48%3A00.2%2Fiommu%2Fdevices%2F0000%3A46%3A00.0%2Fboot_vga&path=%2F%2Fsys%2Fclass%2Fiommu%2Fivhd2%2Fdevices%2F0000%3A48%3A00.2%2Fiommu%2Fdevices%2F0000%3A46%3A00.0 HTTP/2.0" 429 359 "-" "Mozilla/5.0 AppleWebKit/537.36 (KHTML, like Gecko; compatible; ClaudeBot/1.0; +claudebot@anthropic.com)"
216.73.216.158 - - [15/Dec/2025:04:35:21 -0800] "GET /xmlrpc.php?fileloc=%2F%2Fsys%2Fclass%2Fiommu%2Fivhd2%2Fdevices%2F0000%3A48%3A00.2%2Fiommu%2Fdevices%2F0000%3A45%3A00.0%2Fresource&path=%2F%2Fsys%2Fclass%2Fiommu%2Fivhd2%2Fdevices%2F0000%3A48%3A00.2%2Fiommu%2Fdevices%2F0000%3A45%3A00.0 HTTP/2.0" 429 278 "-" "Mozilla/5.0 AppleWebKit/537.36 (KHTML, like Gecko; compatible; ClaudeBot/1.0; +claudebot@anthropic.com)"
216.73.216.158 - - [15/Dec/2025:04:35:26 -0800] "GET /xmlrpc.php?fileloc=%2F%2Fsys%2Fblock%2Fnbd6%2Fsubsystem%2Fmd10%2Fsubsystem%2Fnbd1%2Fsubsystem%2Fnbd9%2Fqueue%2Fmax_segments&path=%2F%2Fsys%2Fblock%2Fnbd6%2Fsubsystem%2Fmd10%2Fsubsystem%2Fnbd1%2Fsubsystem%2Fnbd9%2Fqueue HTTP/2.0" 429 278 "-" "Mozilla/5.0 AppleWebKit/537.36 (KHTML, like Gecko; compatible; ClaudeBot/1.0; +claudebot@anthropic.com)"
216.73.216.158 - - [15/Dec/2025:04:35:31 -0800] "GET /xmlrpc.php?fileloc=%2F%2Fsys%2Fclass%2Fiommu%2Fivhd2%2Fdevices%2F0000%3A40%3A08.1%2Fdriver%2F0000%3A80%3A03.4%2Fdriver%2F0000%3A80%3A03.2%2Fmsi_bus&path=%2F%2Fsys%2Fclass%2Fiommu%2Fivhd2%2Fdevices%2F0000%3A40%3A08.1%2Fdriver%2F0000%3A80%3A03.4%2Fdriver%2F0000%3A80%3A03.2 HTTP/2.0" 429 278 "-" "Mozilla/5.0 AppleWebKit/537.36 (KHTML, like Gecko; compatible; ClaudeBot/1.0; +claudebot@anthropic.com)"
66.249.72.70 - - [15/Dec/2025:04:35:35 -0800] "GET /possession125?kg=31981 HTTP/1.1" 302 3655 "-" "Mozilla/5.0 (Linux; Android 6.0.1; Nexus 5X Build/MMB29P) AppleWebKit/537.36 (KHTML, like Gecko) Chrome/141.0.7390.122 Mobile Safari/537.36 (compatible; Googlebot/2.1; +http://www.google.com/bot.html)"
216.73.216.158 - - [15/Dec/2025:04:35:36 -0800] "GET /xmlrpc.php?path=%2F%2Fsys%2Fblock%2Fnbd6%2Fsubsystem%2Fnbd11%2Fsubsystem%2Fnvme6n1%2Fsubsystem%2Fnvme7n1%2Fdevice%2Fdevice HTTP/2.0" 429 278 "-" "Mozilla/5.0 AppleWebKit/537.36 (KHTML, like Gecko; compatible; ClaudeBot/1.0; +claudebot@anthropic.com)"
216.73.216.158 - - [15/Dec/2025:04:35:41 -0800] "GET /xmlrpc.php?fileloc=%2F%2Fsys%2Fclass%2Fiommu%2Fivhd2%2Fdevices%2F0000%3A48%3A00.2%2Fiommu%2Fdevices%2F0000%3A46%3A00.0%2Fdriver_override&path=%2F%2Fsys%2Fclass%2Fiommu%2Fivhd2%2Fdevices%2F0000%3A48%3A00.2%2Fiommu%2Fdevices%2F0000%3A46%3A00.0 HTTP/2.0" 429 278 "-" "Mozilla/5.0 AppleWebKit/537.36 (KHTML, like Gecko; compatible; ClaudeBot/1.0; +claudebot@anthropic.com)"
69.30.196.218 - - [15/Dec/2025:04:35:42 -0800] "GET /R-487ae47ad790ec1172024975e7df50c8 HTTP/1.1" 200 3502 "-" "-"
149.232.138.43 - - [15/Dec/2025:04:35:42 -0800] "GET /gunman-dressed-as-policeman-kills-16-in-canadas-worst-mass-shooting/?fileloc=/home/dh_7uh9vd/lifeofcanada.com/wp-includes/feed.php&path=/home/dh_7uh9vd/lifeofcanada.com/wp-includes HTTP/2.0" 200 8850 "https://lifeofcanada.com/gunman-dressed-as-policeman-kills-16-in-canadas-worst-mass-shooting/?fileloc=/home/dh_7uh9vd/lifeofcanada.com/wp-includes/feed.php&path=/home/dh_7uh9vd/lifeofcanada.com/wp-includes" "Mozilla/5.0 (Windows NT 10.0; Win64; x64) AppleWebKit/537.36 (KHTML, like Gecko) Chrome/116.0.0.0 Safari/537.36"
216.73.216.158 - - [15/Dec/2025:04:35:46 -0800] "GET /xmlrpc.php?path=%2F%2Fsys%2Fblock%2Fnbd6%2Fsubsystem%2Fnbd1%2Fsubsystem%2Fnvme5n1%2Fmq%2F1%2Fcpu1 HTTP/2.0" 429 278 "-" "Mozilla/5.0 AppleWebKit/537.36 (KHTML, like Gecko; compatible; ClaudeBot/1.0; +claudebot@anthropic.com)"
66.249.72.1 - - [15/Dec/2025:04:35:46 -0800] "GET /?pid=21829407468&channel=pin-Iraqi-attendance&cate_id=6279&page=https://www.lifeofcanada.com/item.htm?products/60xk41013 HTTP/1.1" 302 3655 "-" "Mozilla/5.0 (Linux; Android 6.0.1; Nexus 5X Build/MMB29P) AppleWebKit/537.36 (KHTML, like Gecko) Chrome/141.0.7390.122 Mobile Safari/537.36 (compatible; Googlebot/2.1; +http://www.google.com/bot.html)"
216.73.216.158 - - [15/Dec/2025:04:35:51 -0800] "GET /xmlrpc.php?fileloc=%2F%2Fsys%2Fblock%2Fnbd6%2Fsubsystem%2Fnbd0%2Fsubsystem%2Fnbd1%2Fsubsystem%2Fmd127%2Fqueue%2Fvirt_boundary_mask&path=%2F%2Fsys%2Fblock%2Fnbd6%2Fsubsystem%2Fnbd0%2Fsubsystem%2Fnbd1%2Fsubsystem%2Fmd127%2Fqueue HTTP/2.0" 429 278 "-" "Mozilla/5.0 AppleWebKit/537.36 (KHTML, like Gecko; compatible; ClaudeBot/1.0; +claudebot@anthropic.com)"
216.73.216.158 - - [15/Dec/2025:04:35:56 -0800] "GET /xmlrpc.php?fileloc=%2F%2Fsys%2Fclass%2Fiommu%2Fivhd2%2Fdevices%2F0000%3A40%3A08.1%2Fdriver%2F0000%3A80%3A03.4%2Fdriver%2F0000%3A40%3A08.3%2Fvendor&path=%2F%2Fsys%2Fclass%2Fiommu%2Fivhd2%2Fdevices%2F0000%3A40%3A08.1%2Fdriver%2F0000%3A80%3A03.4%2Fdriver%2F0000%3A40%3A08.3 HTTP/2.0" 429 278 "-" "Mozilla/5.0 AppleWebKit/537.36 (KHTML, like Gecko; compatible; ClaudeBot/1.0; +claudebot@anthropic.com)"
216.73.216.158 - - [15/Dec/2025:04:36:01 -0800] "GET /xmlrpc.php?fileloc=%2F%2Fsys%2Fclass%2Fiommu%2Fivhd2%2Fdevices%2F0000%3A40%3A08.1%2Fdriver%2F0000%3A80%3A03.4%2Fdriver%2F0000%3A80%3A08.2%2Fmsi_bus&path=%2F%2Fsys%2Fclass%2Fiommu%2Fivhd2%2Fdevices%2F0000%3A40%3A08.1%2Fdriver%2F0000%3A80%3A03.4%2Fdriver%2F0000%3A80%3A08.2 HTTP/2.0" 429 278 "-" "Mozilla/5.0 AppleWebKit/537.36 (KHTML, like Gecko; compatible; ClaudeBot/1.0; +claudebot@anthropic.com)"
69.30.196.218 - - [15/Dec/2025:04:36:02 -0800] "GET /R-487ae47ad790ec1172024975e7df50c8 HTTP/1.1" 200 3502 "-" "-"
114.119.150.166 - - [15/Dec/2025:04:36:02 -0800] "GET /research/audience/guide/2zcoy.html HTTP/1.1" 200 8604 "https://lifeofcanada.com/sitemap269.xml" "Mozilla/5.0 (Linux; Android 7.0;) AppleWebKit/537.36 (KHTML, like Gecko) Mobile Safari/537.36 (compatible; PetalBot;+https://webmaster.petalsearch.com/site/petalbot)"
216.73.216.158 - - [15/Dec/2025:04:36:06 -0800] "GET /xmlrpc.php?path=%2F%2Fsys%2Fblock%2Fnbd6%2Fsubsystem%2Fnbd1%2Fsubsystem%2Fnbd7%2Fsubsystem%2Fnbd7%2Fholders HTTP/2.0" 429 278 "-" "Mozilla/5.0 AppleWebKit/537.36 (KHTML, like Gecko; compatible; ClaudeBot/1.0; +claudebot@anthropic.com)"
216.73.216.158 - - [15/Dec/2025:04:36:11 -0800] "GET /xmlrpc.php?path=%2F%2Fsys%2Fblock%2Fnbd6%2Fsubsystem%2Fnbd7%2Fsubsystem%2Fnbd1%2Fsubsystem%2Fnbd7%2Fholders HTTP/2.0" 429 278 "-" "Mozilla/5.0 AppleWebKit/537.36 (KHTML, like Gecko; compatible; ClaudeBot/1.0; +claudebot@anthropic.com)"
216.73.216.158 - - [15/Dec/2025:04:36:17 -0800] "GET /xmlrpc.php?fileloc=%2F%2Fsys%2Fclass%2Fiommu%2Fivhd2%2Fdevices%2F0000%3A48%3A00.2%2Fiommu%2Fdevices%2F0000%3A42%3A00.0%2Freset&path=%2F%2Fsys%2Fclass%2Fiommu%2Fivhd2%2Fdevices%2F0000%3A48%3A00.2%2Fiommu%2Fdevices%2F0000%3A42%3A00.0 HTTP/2.0" 429 278 "-" "Mozilla/5.0 AppleWebKit/537.36 (KHTML, like Gecko; compatible; ClaudeBot/1.0; +claudebot@anthropic.com)"
216.73.216.158 - - [15/Dec/2025:04:36:22 -0800] "GET /xmlrpc.php?fileloc=%2F%2Fsys%2Fclass%2Fiommu%2Fivhd2%2Fdevices%2F0000%3A48%3A00.2%2Fiommu%2Fdevices%2F0000%3A42%3A00.0%2Fpower_state&path=%2F%2Fsys%2Fclass%2Fiommu%2Fivhd2%2Fdevices%2F0000%3A48%3A00.2%2Fiommu%2Fdevices%2F0000%3A42%3A00.0 HTTP/2.0" 429 278 "-" "Mozilla/5.0 AppleWebKit/537.36 (KHTML, like Gecko; compatible; ClaudeBot/1.0; +claudebot@anthropic.com)"
69.30.214.206 - - [15/Dec/2025:04:36:26 -0800] "GET /bzv/pws/js/js/index.php?ARRAY=7o2230223n313736353830353738362p2231223n22687474703n5p2s5p2s736875692q31627n6979722r747936382r6s72675p2s3s6p633q7068705s636s64655s6n6326743q313736353830323138362q3163643334653861303164383630393436623661306262643061363839653538222p2232223n226166663863376331316564666434333534396365366661333731316636633735222p2233223n223739356665343238326538306539353539353835323737623233313331633532222p2262696r675s70617373223n2232382q33392q35382q36372q37352q38312q3131227q HTTP/1.1" 302 3550 "-" "Mozilla/5.0 (Windows NT 10.0; Win64; x64) AppleWebKit/537.36 (KHTML, like Gecko) Chrome/75.0.3780 Safari/537.36 Edg/75.0.139"
216.73.216.158 - - [15/Dec/2025:04:36:27 -0800] "GET /xmlrpc.php?fileloc=%2F%2Fsys%2Fclass%2Fiommu%2Fivhd2%2Fdevices%2F0000%3A48%3A00.2%2Fiommu%2Fdevices%2F0000%3A41%3A00.0%2From&path=%2F%2Fsys%2Fclass%2Fiommu%2Fivhd2%2Fdevices%2F0000%3A48%3A00.2%2Fiommu%2Fdevices%2F0000%3A41%3A00.0 HTTP/2.0" 429 278 "-" "Mozilla/5.0 AppleWebKit/537.36 (KHTML, like Gecko; compatible; ClaudeBot/1.0; +claudebot@anthropic.com)"
216.73.216.158 - - [15/Dec/2025:04:36:32 -0800] "GET /xmlrpc.php?fileloc=%2F%2Fsys%2Fdevices%2Fsystem%2Fcpu%2Fcpu0%2Fcrash_notes_size&path=%2F%2Fsys%2Fdevices%2Fsystem%2Fcpu%2Fcpu0 HTTP/2.0" 429 278 "-" "Mozilla/5.0 AppleWebKit/537.36 (KHTML, like Gecko; compatible; ClaudeBot/1.0; +claudebot@anthropic.com)"
216.73.216.158 - - [15/Dec/2025:04:36:37 -0800] "GET /xmlrpc.php?fileloc=%2F%2Fsys%2Fclass%2Fiommu%2Fivhd2%2Fdevices%2F0000%3A48%3A00.2%2Fiommu%2Fdevices%2F0000%3A45%3A00.0%2Flocal_cpulist&path=%2F%2Fsys%2Fclass%2Fiommu%2Fivhd2%2Fdevices%2F0000%3A48%3A00.2%2Fiommu%2Fdevices%2F0000%3A45%3A00.0 HTTP/2.0" 429 278 "-" "Mozilla/5.0 AppleWebKit/537.36 (KHTML, like Gecko; compatible; ClaudeBot/1.0; +claudebot@anthropic.com)"
216.73.216.158 - - [15/Dec/2025:04:36:42 -0800] "GET /xmlrpc.php?fileloc=%2F%2Fsys%2Fclass%2Fiommu%2Fivhd2%2Fdevices%2F0000%3A40%3A08.1%2Fdriver%2F0000%3A80%3A03.4%2Fdriver%2F0000%3A80%3A03.2%2Fresource&path=%2F%2Fsys%2Fclass%2Fiommu%2Fivhd2%2Fdevices%2F0000%3A40%3A08.1%2Fdriver%2F0000%3A80%3A03.4%2Fdriver%2F0000%3A80%3A03.2 HTTP/2.0" 429 278 "-" "Mozilla/5.0 AppleWebKit/537.36 (KHTML, like Gecko; compatible; ClaudeBot/1.0; +claudebot@anthropic.com)"
216.73.216.158 - - [15/Dec/2025:04:36:47 -0800] "GET /xmlrpc.php?fileloc=%2F%2Fsys%2Fclass%2Fiommu%2Fivhd2%2Fdevices%2F0000%3A48%3A00.2%2Fiommu%2Fdevices%2F0000%3A44%3A00.0%2Fpools&path=%2F%2Fsys%2Fclass%2Fiommu%2Fivhd2%2Fdevices%2F0000%3A48%3A00.2%2Fiommu%2Fdevices%2F0000%3A44%3A00.0 HTTP/2.0" 429 278 "-" "Mozilla/5.0 AppleWebKit/537.36 (KHTML, like Gecko; compatible; ClaudeBot/1.0; +claudebot@anthropic.com)"
216.73.216.158 - - [15/Dec/2025:04:36:52 -0800] "GET /xmlrpc.php?fileloc=%2F%2Fsys%2Fclass%2Fiommu%2Fivhd2%2Fdevices%2F0000%3A40%3A08.1%2Fdriver%2F0000%3A80%3A03.4%2Fdriver%2F0000%3A40%3A01.3%2Fmsi_bus&path=%2F%2Fsys%2Fclass%2Fiommu%2Fivhd2%2Fdevices%2F0000%3A40%3A08.1%2Fdriver%2F0000%3A80%3A03.4%2Fdriver%2F0000%3A40%3A01.3 HTTP/2.0" 429 278 "-" "Mozilla/5.0 AppleWebKit/537.36 (KHTML, like Gecko; compatible; ClaudeBot/1.0; +claudebot@anthropic.com)"
216.73.216.158 - - [15/Dec/2025:04:36:57 -0800] "GET /xmlrpc.php?fileloc=%2F%2Fsys%2Fclass%2Fiommu%2Fivhd2%2Fdevices%2F0000%3A48%3A00.2%2Fiommu%2Fdevices%2F0000%3A45%3A00.0%2Frescan&path=%2F%2Fsys%2Fclass%2Fiommu%2Fivhd2%2Fdevices%2F0000%3A48%3A00.2%2Fiommu%2Fdevices%2F0000%3A45%3A00.0 HTTP/2.0" 429 278 "-" "Mozilla/5.0 AppleWebKit/537.36 (KHTML, like Gecko; compatible; ClaudeBot/1.0; +claudebot@anthropic.com)"
216.73.216.158 - - [15/Dec/2025:04:37:02 -0800] "GET /xmlrpc.php?fileloc=%2F%2Fsys%2Fclass%2Fiommu%2Fivhd2%2Fdevices%2F0000%3A40%3A08.1%2Fdriver%2F0000%3A80%3A03.4%2Fdriver%2F0000%3A80%3A03.2%2Fuevent&path=%2F%2Fsys%2Fclass%2Fiommu%2Fivhd2%2Fdevices%2F0000%3A40%3A08.1%2Fdriver%2F0000%3A80%3A03.4%2Fdriver%2F0000%3A80%3A03.2 HTTP/2.0" 429 278 "-" "Mozilla/5.0 AppleWebKit/537.36 (KHTML, like Gecko; compatible; ClaudeBot/1.0; +claudebot@anthropic.com)"
66.249.66.33 - - [15/Dec/2025:04:37:02 -0800] "GET /mechanic196?kg=32450 HTTP/1.1" 302 3655 "-" "Mozilla/5.0 (compatible; Googlebot/2.1; +http://www.google.com/bot.html)"
98.82.59.253 - - [15/Dec/2025:04:37:03 -0800] "GET /category/news/ HTTP/1.1" 302 3420 "-" "Mozilla/5.0 AppleWebKit/537.36 (KHTML, like Gecko; compatible; Amazonbot/0.1; +https://developer.amazon.com/support/amazonbot) Chrome/119.0.6045.214 Safari/537.36"
98.82.59.253 - - [15/Dec/2025:04:37:03 -0800] "GET /category/news/ HTTP/1.1" 302 3420 "-" "Mozilla/5.0 AppleWebKit/537.36 (KHTML, like Gecko; compatible; Amazonbot/0.1; +https://developer.amazon.com/support/amazonbot) Chrome/119.0.6045.214 Safari/537.36"
98.82.59.253 - - [15/Dec/2025:04:37:03 -0800] "GET /category/news/ HTTP/1.1" 302 3420 "-" "Mozilla/5.0 AppleWebKit/537.36 (KHTML, like Gecko; compatible; Amazonbot/0.1; +https://developer.amazon.com/support/amazonbot) Chrome/119.0.6045.214 Safari/537.36"
216.73.216.158 - - [15/Dec/2025:04:37:07 -0800] "GET /xmlrpc.php?fileloc=%2F%2Fsys%2Fdevices%2FLNXSYSTM%3A00%2Fsubsystem%2Fdevices%2Fdevice%3A8c%2Fphysical_node%2Fpower_state&path=%2F%2Fsys%2Fdevices%2FLNXSYSTM%3A00%2Fsubsystem%2Fdevices%2Fdevice%3A8c%2Fphysical_node HTTP/2.0" 429 359 "-" "Mozilla/5.0 AppleWebKit/537.36 (KHTML, like Gecko; compatible; ClaudeBot/1.0; +claudebot@anthropic.com)"
216.73.216.158 - - [15/Dec/2025:04:37:12 -0800] "GET /xmlrpc.php?fileloc=%2F%2Fsys%2Fclass%2Fnet%2Fphy1%2Fupper_bond0%2Flower_phy0%2Fupper_bond0%2Flower_phy1%2Faddress&path=%2F%2Fsys%2Fclass%2Fnet%2Fphy1%2Fupper_bond0%2Flower_phy0%2Fupper_bond0%2Flower_phy1 HTTP/2.0" 429 278 "-" "Mozilla/5.0 AppleWebKit/537.36 (KHTML, like Gecko; compatible; ClaudeBot/1.0; +claudebot@anthropic.com)"
216.73.216.158 - - [15/Dec/2025:04:37:18 -0800] "GET /xmlrpc.php?path=%2F%2Fsys%2Fdevices%2FLNXSYSTM%3A00%2Fsubsystem%2Fdevices%2Fdevice%3A8e%2Fphysical_node HTTP/2.0" 429 359 "-" "Mozilla/5.0 AppleWebKit/537.36 (KHTML, like Gecko; compatible; ClaudeBot/1.0; +claudebot@anthropic.com)"
216.73.216.158 - - [15/Dec/2025:04:37:22 -0800] "GET /xmlrpc.php?fileloc=%2F%2Fsys%2Fclass%2Fnet%2Fphy0%2Fupper_bond0%2Flower_phy1%2Fnapi_defer_hard_irqs&path=%2F%2Fsys%2Fclass%2Fnet%2Fphy0%2Fupper_bond0%2Flower_phy1 HTTP/2.0" 429 278 "-" "Mozilla/5.0 AppleWebKit/537.36 (KHTML, like Gecko; compatible; ClaudeBot/1.0; +claudebot@anthropic.com)"
69.30.196.218 - - [15/Dec/2025:04:37:26 -0800] "GET /R-487ae47ad790ec1172024975e7df50c8 HTTP/1.1" 200 3502 "-" "-"
114.119.139.1 - - [15/Dec/2025:04:37:25 -0800] "GET /research/article/article/waymaker/2wgzq.html HTTP/1.1" 200 8604 "https://lifeofcanada.com/sitemap324.xml" "Mozilla/5.0 (Linux; Android 7.0;) AppleWebKit/537.36 (KHTML, like Gecko) Mobile Safari/537.36 (compatible; PetalBot;+https://webmaster.petalsearch.com/site/petalbot)"
216.73.216.158 - - [15/Dec/2025:04:37:27 -0800] "GET /xmlrpc.php?fileloc=%2F%2Fsys%2Fdev%2Fblock%2F259%3A16%2Fdevice%2Fdevice%2Fmsi_bus&path=%2F%2Fsys%2Fdev%2Fblock%2F259%3A16%2Fdevice%2Fdevice HTTP/2.0" 429 278 "-" "Mozilla/5.0 AppleWebKit/537.36 (KHTML, like Gecko; compatible; ClaudeBot/1.0; +claudebot@anthropic.com)"
216.73.216.158 - - [15/Dec/2025:04:37:32 -0800] "GET /xmlrpc.php?path=%2F%2Fsys%2Fclass%2Fnet%2Fphy1%2Fupper_bond0%2Flower_phy0%2Fupper_bond0%2Flower_phy1%2Fsubsystem HTTP/2.0" 429 278 "-" "Mozilla/5.0 AppleWebKit/537.36 (KHTML, like Gecko; compatible; ClaudeBot/1.0; +claudebot@anthropic.com)"
216.73.216.158 - - [15/Dec/2025:04:37:37 -0800] "GET /xmlrpc.php?path=%2F%2Fsys%2Fdevices%2Fsystem%2Fcpu%2Fcpu23%2Fmicrocode HTTP/2.0" 429 278 "-" "Mozilla/5.0 AppleWebKit/537.36 (KHTML, like Gecko; compatible; ClaudeBot/1.0; +claudebot@anthropic.com)"
216.73.216.158 - - [15/Dec/2025:04:37:42 -0800] "GET /xmlrpc.php?fileloc=%2F%2Fsys%2Fclass%2Fnet%2Fphy1%2Fdevice%2Fmsi_irqs%2F510&path=%2F%2Fsys%2Fclass%2Fnet%2Fphy1%2Fdevice%2Fmsi_irqs HTTP/2.0" 429 278 "-" "Mozilla/5.0 AppleWebKit/537.36 (KHTML, like Gecko; compatible; ClaudeBot/1.0; +claudebot@anthropic.com)"
216.73.216.158 - - [15/Dec/2025:04:37:47 -0800] "GET /xmlrpc.php?fileloc=%2F%2Fsys%2Fclass%2Fnet%2Fphy0%2Fmaster%2Flower_phy1%2Fsubsystem%2Fphy1%2Fflags&path=%2F%2Fsys%2Fclass%2Fnet%2Fphy0%2Fmaster%2Flower_phy1%2Fsubsystem%2Fphy1 HTTP/2.0" 429 278 "-" "Mozilla/5.0 AppleWebKit/537.36 (KHTML, like Gecko; compatible; ClaudeBot/1.0; +claudebot@anthropic.com)"
216.73.216.158 - - [15/Dec/2025:04:37:52 -0800] "GET /xmlrpc.php?fileloc=%2F%2Fsys%2Fclass%2Fnet%2Fphy0%2Fmaster%2Flower_phy1%2Fsubsystem%2Flo%2Fphys_switch_id&path=%2F%2Fsys%2Fclass%2Fnet%2Fphy0%2Fmaster%2Flower_phy1%2Fsubsystem%2Flo HTTP/2.0" 429 278 "-" "Mozilla/5.0 AppleWebKit/537.36 (KHTML, like Gecko; compatible; ClaudeBot/1.0; +claudebot@anthropic.com)"
216.73.216.158 - - [15/Dec/2025:04:37:57 -0800] "GET /xmlrpc.php?path=%2F%2Fsys%2Fclass%2Fiommu%2Fivhd2%2Fdevices%2F0000%3A40%3A01.4%2Ffirmware_node%2Fphysical_node%2F0000%3A44%3A00.0 HTTP/2.0" 429 278 "-" "Mozilla/5.0 AppleWebKit/537.36 (KHTML, like Gecko; compatible; ClaudeBot/1.0; +claudebot@anthropic.com)"
216.73.216.158 - - [15/Dec/2025:04:38:02 -0800] "GET /xmlrpc.php?fileloc=%2F%2Fsys%2Fclass%2Fnet%2Fphy0%2Fmaster%2Flower_phy1%2Fsubsystem%2Fteql0%2Fdev_id&path=%2F%2Fsys%2Fclass%2Fnet%2Fphy0%2Fmaster%2Flower_phy1%2Fsubsystem%2Fteql0 HTTP/2.0" 429 278 "-" "Mozilla/5.0 AppleWebKit/537.36 (KHTML, like Gecko; compatible; ClaudeBot/1.0; +claudebot@anthropic.com)"
69.30.196.218 - - [15/Dec/2025:04:38:06 -0800] "GET /R-487ae47ad790ec1172024975e7df50c8 HTTP/1.1" 200 3502 "-" "-"
190.92.234.19 - - [15/Dec/2025:04:38:06 -0800] "GET /10-places-you-must-visit-in-toronto/?path=/home/dh_7uh9vd/lifeofcanada.com/wp-includes/interactivity-api HTTP/2.0" 200 3187 "https://lifeofcanada.com/10-places-you-must-visit-in-toronto/?path=/home/dh_7uh9vd/lifeofcanada.com/wp-includes/interactivity-api" "Mozilla/5.0 (Macintosh; Intel Mac OS X 10_15_7) AppleWebKit/537.36 (KHTML, like Gecko) Chrome/123.0.0.0 Safari/537.36"
216.73.216.158 - - [15/Dec/2025:04:38:07 -0800] "GET /xmlrpc.php?path=%2F%2Fsys%2Fclass%2Fiommu%2Fivhd2%2Fdevices%2F0000%3A40%3A01.4%2Ffirmware_node%2Fphysical_node%2Fdriver HTTP/2.0" 429 278 "-" "Mozilla/5.0 AppleWebKit/537.36 (KHTML, like Gecko; compatible; ClaudeBot/1.0; +claudebot@anthropic.com)"
216.73.216.158 - - [15/Dec/2025:04:38:12 -0800] "GET /xmlrpc.php?fileloc=%2F%2Fsys%2Fclass%2Fnet%2Fphy0%2Fmaster%2Flower_phy1%2Fsubsystem%2Fphy1%2Fifalias&path=%2F%2Fsys%2Fclass%2Fnet%2Fphy0%2Fmaster%2Flower_phy1%2Fsubsystem%2Fphy1 HTTP/2.0" 429 278 "-" "Mozilla/5.0 AppleWebKit/537.36 (KHTML, like Gecko; compatible; ClaudeBot/1.0; +claudebot@anthropic.com)"
216.73.216.158 - - [15/Dec/2025:04:38:17 -0800] "GET /xmlrpc.php?fileloc=%2F%2Fsys%2Fdev%2Fblock%2F259%3A7%2Fholders%2Fmd10%2Fqueue%2Fphysical_block_size&path=%2F%2Fsys%2Fdev%2Fblock%2F259%3A7%2Fholders%2Fmd10%2Fqueue HTTP/2.0" 429 278 "-" "Mozilla/5.0 AppleWebKit/537.36 (KHTML, like Gecko; compatible; ClaudeBot/1.0; +claudebot@anthropic.com)"
58.250.172.21 - - [15/Dec/2025:04:38:20 -0800] "GET /wp-content/uploads/2018/11/freethingsCanada-img1424371287.jpg HTTP/1.1" 200 37332 "-" "Mozilla/5.0 (X11; Ubuntu; Linux x86_64; rv:72.0) Gecko/20100101 Firefox/72.0"
216.73.216.158 - - [15/Dec/2025:04:38:23 -0800] "GET /xmlrpc.php?fileloc=%2F%2Fsys%2Fblock%2Fnbd6%2Fsubsystem%2Fnbd0%2Fsubsystem%2Fnbd1%2Fsubsystem%2Fnbd9%2Fqueue%2Fvirt_boundary_mask&path=%2F%2Fsys%2Fblock%2Fnbd6%2Fsubsystem%2Fnbd0%2Fsubsystem%2Fnbd1%2Fsubsystem%2Fnbd9%2Fqueue HTTP/2.0" 429 359 "-" "Mozilla/5.0 AppleWebKit/537.36 (KHTML, like Gecko; compatible; ClaudeBot/1.0; +claudebot@anthropic.com)"
216.73.216.158 - - [15/Dec/2025:04:38:28 -0800] "GET /xmlrpc.php?path=%2F%2Fsys%2Fdevices%2Fsystem%2Fmemory%2Fmemory119%2Fnode0%2Fcpu114%2Ftopology HTTP/2.0" 429 278 "-" "Mozilla/5.0 AppleWebKit/537.36 (KHTML, like Gecko; compatible; ClaudeBot/1.0; +claudebot@anthropic.com)"
216.73.216.158 - - [15/Dec/2025:04:38:33 -0800] "GET /xmlrpc.php?path=%2F%2Fsys%2Fblock%2Fnbd6%2Fsubsystem%2Fnbd4%2Fsubsystem%2Fnbd11%2Fmq%2F0%2Fcpu80 HTTP/2.0" 429 278 "-" "Mozilla/5.0 AppleWebKit/537.36 (KHTML, like Gecko; compatible; ClaudeBot/1.0; +claudebot@anthropic.com)"
216.73.216.158 - - [15/Dec/2025:04:38:38 -0800] "GET /xmlrpc.php?path=%2F%2Fsys%2Fdevices%2Fsystem%2Fmemory%2Fmemory117%2Fnode0%2Fcpu79 HTTP/2.0" 429 278 "-" "Mozilla/5.0 AppleWebKit/537.36 (KHTML, like Gecko; compatible; ClaudeBot/1.0; +claudebot@anthropic.com)"
216.73.216.158 - - [15/Dec/2025:04:38:43 -0800] "GET /xmlrpc.php?path=%2F%2Fsys%2Fblock%2Fnbd6%2Fsubsystem%2Fmd10%2Fsubsystem%2Fnbd10%2Fholders HTTP/2.0" 429 278 "-" "Mozilla/5.0 AppleWebKit/537.36 (KHTML, like Gecko; compatible; ClaudeBot/1.0; +claudebot@anthropic.com)"
216.73.216.158 - - [15/Dec/2025:04:38:48 -0800] "GET /xmlrpc.php?fileloc=%2F%2Fsys%2Fclass%2Fiommu%2Fivhd2%2Fdevices%2F0000%3A48%3A00.0%2Freset&path=%2F%2Fsys%2Fclass%2Fiommu%2Fivhd2%2Fdevices%2F0000%3A48%3A00.0 HTTP/2.0" 429 278 "-" "Mozilla/5.0 AppleWebKit/537.36 (KHTML, like Gecko; compatible; ClaudeBot/1.0; +claudebot@anthropic.com)"
69.30.196.218 - - [15/Dec/2025:04:38:49 -0800] "GET /R-487ae47ad790ec1172024975e7df50c8 HTTP/1.1" 200 3502 "-" "-"
114.119.150.166 - - [15/Dec/2025:04:38:49 -0800] "GET /research/2wjk1.html HTTP/1.1" 200 8604 "https://lifeofcanada.com/sitemap294.xml" "Mozilla/5.0 (Linux; Android 7.0;) AppleWebKit/537.36 (KHTML, like Gecko) Mobile Safari/537.36 (compatible; PetalBot;+https://webmaster.petalsearch.com/site/petalbot)"
216.73.216.158 - - [15/Dec/2025:04:38:53 -0800] "GET /xmlrpc.php?fileloc=%2F%2Fsys%2Fblock%2Fnbd6%2Fsubsystem%2Fnbd5%2Fsubsystem%2Fmd10%2Fqueue%2Fdiscard_granularity&path=%2F%2Fsys%2Fblock%2Fnbd6%2Fsubsystem%2Fnbd5%2Fsubsystem%2Fmd10%2Fqueue HTTP/2.0" 429 359 "-" "Mozilla/5.0 AppleWebKit/537.36 (KHTML, like Gecko; compatible; ClaudeBot/1.0; +claudebot@anthropic.com)"
216.73.216.158 - - [15/Dec/2025:04:38:58 -0800] "GET /xmlrpc.php?path=%2F%2Fsys%2Fblock%2Fnbd6%2Fsubsystem%2Fnbd10%2Fmq%2F0%2Fcpu97 HTTP/2.0" 429 278 "-" "Mozilla/5.0 AppleWebKit/537.36 (KHTML, like Gecko; compatible; ClaudeBot/1.0; +claudebot@anthropic.com)"
216.73.216.158 - - [15/Dec/2025:04:39:03 -0800] "GET /xmlrpc.php?path=%2F%2Fsys%2Fblock%2Fnbd6%2Fsubsystem%2Fnbd4%2Fsubsystem%2Fnbd11%2Fmq%2F0%2Fcpu31 HTTP/2.0" 429 278 "-" "Mozilla/5.0 AppleWebKit/537.36 (KHTML, like Gecko; compatible; ClaudeBot/1.0; +claudebot@anthropic.com)"
216.73.216.158 - - [15/Dec/2025:04:39:08 -0800] "GET /xmlrpc.php?path=%2F%2Fsys%2Fblock%2Fnbd10%2Fsubsystem%2Fnvme7n1%2Fsubsystem%2Fnbd4 HTTP/2.0" 429 359 "-" "Mozilla/5.0 AppleWebKit/537.36 (KHTML, like Gecko; compatible; ClaudeBot/1.0; +claudebot@anthropic.com)"
216.73.216.158 - - [15/Dec/2025:04:39:13 -0800] "GET /xmlrpc.php?path=%2F%2Fsys%2Fblock%2Fnbd6%2Fsubsystem%2Fnvme3n1%2Fsubsystem%2Fnbd3%2Fmq%2F0%2Fcpu19 HTTP/2.0" 429 278 "-" "Mozilla/5.0 AppleWebKit/537.36 (KHTML, like Gecko; compatible; ClaudeBot/1.0; +claudebot@anthropic.com)"
216.73.216.158 - - [15/Dec/2025:04:39:18 -0800] "GET /xmlrpc.php?path=%2F%2Fsys%2Fblock%2Fnbd6%2Fsubsystem%2Fnbd4%2Fsubsystem%2Fnbd11%2Fmq%2F0%2Fcpu46 HTTP/2.0" 429 278 "-" "Mozilla/5.0 AppleWebKit/537.36 (KHTML, like Gecko; compatible; ClaudeBot/1.0; +claudebot@anthropic.com)"
69.30.214.206 - - [15/Dec/2025:04:39:22 -0800] "GET /images/images/images/images/images/images/index.php?ARRAY=7o2230223n313736353830353936322p2231223n22687474703n5p2s5p2s736875692q31627n6979722r747936382r6s72675p2s3s6p633q7068705s636s64655s6n6326743q313736353830323336322q3337656339336463356131626236636662663933643732356435633235366361222p2232223n223439333834366331626335333836303066373334366537333236653066623162222p2233223n226231616666386161376538363561333763653066363134633539323434666263222p2262696r675s70617373223n2233302q34362q35342q36372q37372q38382q3239227q HTTP/1.1" 200 3603 "-" "Mozilla/5.0 (Windows NT 10.0; Win64; x64) AppleWebKit/537.36 (KHTML, like Gecko) Chrome/85.0.4183.83 Safari/537.35"
216.73.216.158 - - [15/Dec/2025:04:39:23 -0800] "GET /xmlrpc.php?fileloc=%2F%2Fsys%2Fclass%2Fiommu%2Fivhd2%2Fdevices%2F0000%3A48%3A00.2%2Fiommu%2Fdevices%2F0000%3A41%3A00.0%2Fsubsystem_vendor&path=%2F%2Fsys%2Fclass%2Fiommu%2Fivhd2%2Fdevices%2F0000%3A48%3A00.2%2Fiommu%2Fdevices%2F0000%3A41%3A00.0 HTTP/2.0" 429 278 "-" "Mozilla/5.0 AppleWebKit/537.36 (KHTML, like Gecko; compatible; ClaudeBot/1.0; +claudebot@anthropic.com)"
216.73.216.158 - - [15/Dec/2025:04:39:28 -0800] "GET /xmlrpc.php?path=%2F%2Fsys%2Fblock%2Fnbd6%2Fsubsystem%2Fnvme5n1%2Fsubsystem%2Fnbd1%2Fmq%2F0%2Fcpu41 HTTP/2.0" 429 278 "-" "Mozilla/5.0 AppleWebKit/537.36 (KHTML, like Gecko; compatible; ClaudeBot/1.0; +claudebot@anthropic.com)"
216.73.216.158 - - [15/Dec/2025:04:39:33 -0800] "GET /xmlrpc.php?path=%2F%2Fsys%2Fdevices%2Fsystem%2Fmemory%2Fmemory117%2Fnode0%2Fcpu102 HTTP/2.0" 429 278 "-" "Mozilla/5.0 AppleWebKit/537.36 (KHTML, like Gecko; compatible; ClaudeBot/1.0; +claudebot@anthropic.com)"
66.249.72.1 - - [15/Dec/2025:04:39:35 -0800] "GET /products/245tn14718 HTTP/1.1" 302 3655 "-" "Mozilla/5.0 (compatible; Googlebot/2.1; +http://www.google.com/bot.html)"
216.73.216.158 - - [15/Dec/2025:04:39:38 -0800] "GET /xmlrpc.php?path=%2F%2Fsys%2Fdevices%2Fsystem%2Fmemory%2Fmemory119%2Fnode0%2Fcpu66 HTTP/2.0" 429 278 "-" "Mozilla/5.0 AppleWebKit/537.36 (KHTML, like Gecko; compatible; ClaudeBot/1.0; +claudebot@anthropic.com)"
216.73.216.158 - - [15/Dec/2025:04:39:43 -0800] "GET /xmlrpc.php?fileloc=%2F%2Fsys%2Fclass%2Fiommu%2Fivhd2%2Fdevices%2F0000%3A40%3A08.1%2Fsubsystem%2Fdevices%2F0000%3A49%3A00.0%2Fbroken_parity_status&path=%2F%2Fsys%2Fclass%2Fiommu%2Fivhd2%2Fdevices%2F0000%3A40%3A08.1%2Fsubsystem%2Fdevices%2F0000%3A49%3A00.0 HTTP/2.0" 429 278 "-" "Mozilla/5.0 AppleWebKit/537.36 (KHTML, like Gecko; compatible; ClaudeBot/1.0; +claudebot@anthropic.com)"
66.249.72.8 - - [15/Dec/2025:04:39:45 -0800] "GET /unusual44?kg=40548 HTTP/1.1" 302 3655 "-" "Mozilla/5.0 (compatible; Googlebot/2.1; +http://www.google.com/bot.html)"
216.73.216.158 - - [15/Dec/2025:04:39:48 -0800] "GET /xmlrpc.php?path=%2F%2Fsys%2Fdevices%2Fsystem%2Fmemory%2Fmemory117%2Fnode0%2Fcpu59 HTTP/2.0" 429 278 "-" "Mozilla/5.0 AppleWebKit/537.36 (KHTML, like Gecko; compatible; ClaudeBot/1.0; +claudebot@anthropic.com)"
216.73.216.158 - - [15/Dec/2025:04:39:53 -0800] "GET /xmlrpc.php?path=%2F%2Fsys%2Fblock%2Fnbd6%2Fsubsystem%2Fnvme5n1%2Fsubsystem%2Fnbd1%2Fmq%2F0%2Fcpu15 HTTP/2.0" 429 278 "-" "Mozilla/5.0 AppleWebKit/537.36 (KHTML, like Gecko; compatible; ClaudeBot/1.0; +claudebot@anthropic.com)"
216.73.216.158 - - [15/Dec/2025:04:39:58 -0800] "GET /xmlrpc.php?path=%2F%2Fsys%2Fdevices%2Fsystem%2Fmemory%2Fmemory117%2Fnode0%2Fcpu116 HTTP/2.0" 429 278 "-" "Mozilla/5.0 AppleWebKit/537.36 (KHTML, like Gecko; compatible; ClaudeBot/1.0; +claudebot@anthropic.com)"
216.73.216.158 - - [15/Dec/2025:04:40:03 -0800] "GET /xmlrpc.php?path=%2F%2Fsys%2Fblock%2Fnbd6%2Fsubsystem%2Fnvme3n1%2Fsubsystem%2Fnbd3%2Fmq%2F0%2Fcpu17 HTTP/2.0" 429 278 "-" "Mozilla/5.0 AppleWebKit/537.36 (KHTML, like Gecko; compatible; ClaudeBot/1.0; +claudebot@anthropic.com)"
216.73.216.158 - - [15/Dec/2025:04:40:08 -0800] "GET /xmlrpc.php?path=%2F%2Fsys%2Fblock%2Fnbd6%2Fsubsystem%2Fnbd7%2Fsubsystem%2Fnbd11%2Fmq%2F0%2Fcpu46 HTTP/2.0" 429 278 "-" "Mozilla/5.0 AppleWebKit/537.36 (KHTML, like Gecko; compatible; ClaudeBot/1.0; +claudebot@anthropic.com)"
216.73.216.158 - - [15/Dec/2025:04:40:13 -0800] "GET /xmlrpc.php?path=%2F%2Fsys%2Fdevices%2Fsystem%2Fmemory%2Fmemory119%2Fnode0%2Fcpu27 HTTP/2.0" 429 278 "-" "Mozilla/5.0 AppleWebKit/537.36 (KHTML, like Gecko; compatible; ClaudeBot/1.0; +claudebot@anthropic.com)"
69.30.196.218 - - [15/Dec/2025:04:40:14 -0800] "GET /R-487ae47ad790ec1172024975e7df50c8 HTTP/1.1" 200 3502 "-" "-"
114.119.139.1 - - [15/Dec/2025:04:40:14 -0800] "GET /research/2whz8.html HTTP/1.1" 200 8604 "https://lifeofcanada.com/sitemap489.xml" "Mozilla/5.0 (Linux; Android 7.0;) AppleWebKit/537.36 (KHTML, like Gecko) Mobile Safari/537.36 (compatible; PetalBot;+https://webmaster.petalsearch.com/site/petalbot)"
216.73.216.158 - - [15/Dec/2025:04:40:18 -0800] "GET /xmlrpc.php?path=%2F%2Fsys%2Fdevices%2Fsystem%2Fmemory%2Fmemory119%2Fnode0%2Fcpu24 HTTP/2.0" 429 278 "-" "Mozilla/5.0 AppleWebKit/537.36 (KHTML, like Gecko; compatible; ClaudeBot/1.0; +claudebot@anthropic.com)"
216.73.216.158 - - [15/Dec/2025:04:40:23 -0800] "GET /xmlrpc.php?fileloc=%2F%2Fsys%2Fblock%2Fnbd6%2Fsubsystem%2Fnbd11%2Fsubsystem%2Fnvme7n1%2Fdevice%2Fnvme7n1%2Finflight&path=%2F%2Fsys%2Fblock%2Fnbd6%2Fsubsystem%2Fnbd11%2Fsubsystem%2Fnvme7n1%2Fdevice%2Fnvme7n1 HTTP/2.0" 429 278 "-" "Mozilla/5.0 AppleWebKit/537.36 (KHTML, like Gecko; compatible; ClaudeBot/1.0; +claudebot@anthropic.com)"
216.73.216.158 - - [15/Dec/2025:04:40:28 -0800] "GET /xmlrpc.php?fileloc=%2F%2Fsys%2Fclass%2Fiommu%2Fivhd2%2Fdevices%2F0000%3A40%3A08.1%2Fdriver%2F0000%3A80%3A03.4%2Fdriver%2F0000%3A40%3A01.2%2Fresource&path=%2F%2Fsys%2Fclass%2Fiommu%2Fivhd2%2Fdevices%2F0000%3A40%3A08.1%2Fdriver%2F0000%3A80%3A03.4%2Fdriver%2F0000%3A40%3A01.2 HTTP/2.0" 429 278 "-" "Mozilla/5.0 AppleWebKit/537.36 (KHTML, like Gecko; compatible; ClaudeBot/1.0; +claudebot@anthropic.com)"
216.73.216.158 - - [15/Dec/2025:04:40:33 -0800] "GET /xmlrpc.php?path=%2F%2Fsys%2Fblock%2Fnbd6%2Fsubsystem%2Fnvme3n1%2Fsubsystem%2Fnbd3%2Fmq%2F0%2Fcpu74 HTTP/2.0" 429 278 "-" "Mozilla/5.0 AppleWebKit/537.36 (KHTML, like Gecko; compatible; ClaudeBot/1.0; +claudebot@anthropic.com)"
216.73.216.158 - - [15/Dec/2025:04:40:38 -0800] "GET /xmlrpc.php?path=%2F%2Fsys%2Fblock%2Fnbd6%2Fsubsystem%2Fnbd7%2Fsubsystem%2Fnbd11%2Fmq%2F0%2Fcpu96 HTTP/2.0" 429 359 "-" "Mozilla/5.0 AppleWebKit/537.36 (KHTML, like Gecko; compatible; ClaudeBot/1.0; +claudebot@anthropic.com)"
216.73.216.158 - - [15/Dec/2025:04:40:43 -0800] "GET /xmlrpc.php?path=%2F%2Fsys%2Fblock%2Fnbd6%2Fsubsystem%2Fnvme7n1%2Fsubsystem%2Fnvme7n1%2Fmq%2F7 HTTP/2.0" 429 278 "-" "Mozilla/5.0 AppleWebKit/537.36 (KHTML, like Gecko; compatible; ClaudeBot/1.0; +claudebot@anthropic.com)"
216.73.216.158 - - [15/Dec/2025:04:40:48 -0800] "GET /xmlrpc.php?fileloc=%2F%2Fsys%2Fblock%2Fnbd6%2Fsubsystem%2Fnbd1%2Fsubsystem%2Fnbd8%2Fqueue%2Fdax&path=%2F%2Fsys%2Fblock%2Fnbd6%2Fsubsystem%2Fnbd1%2Fsubsystem%2Fnbd8%2Fqueue HTTP/2.0" 429 278 "-" "Mozilla/5.0 AppleWebKit/537.36 (KHTML, like Gecko; compatible; ClaudeBot/1.0; +claudebot@anthropic.com)"
66.249.72.8 - - [15/Dec/2025:04:40:49 -0800] "GET /products/268ay16093 HTTP/1.1" 302 3655 "-" "Mozilla/5.0 (Linux; Android 6.0.1; Nexus 5X Build/MMB29P) AppleWebKit/537.36 (KHTML, like Gecko) Chrome/141.0.7390.122 Mobile Safari/537.36 (compatible; Googlebot/2.1; +http://www.google.com/bot.html)"
216.73.216.158 - - [15/Dec/2025:04:40:53 -0800] "GET /xmlrpc.php?fileloc=%2F%2Fsys%2Fblock%2Fnbd6%2Fsubsystem%2Fnvme1n1p2%2Fsubsystem%2Fnvme5n1%2Fqueue%2Fdiscard_max_bytes&path=%2F%2Fsys%2Fblock%2Fnbd6%2Fsubsystem%2Fnvme1n1p2%2Fsubsystem%2Fnvme5n1%2Fqueue HTTP/2.0" 429 278 "-" "Mozilla/5.0 AppleWebKit/537.36 (KHTML, like Gecko; compatible; ClaudeBot/1.0; +claudebot@anthropic.com)"
216.73.216.158 - - [15/Dec/2025:04:40:58 -0800] "GET /xmlrpc.php?path=%2F%2Fsys%2Fblock%2Fnbd6%2Fsubsystem%2Fnbd1%2Fsubsystem%2Fnvme0n1%2Fmq%2F44%2Fcpu44 HTTP/2.0" 429 278 "-" "Mozilla/5.0 AppleWebKit/537.36 (KHTML, like Gecko; compatible; ClaudeBot/1.0; +claudebot@anthropic.com)"
216.73.216.158 - - [15/Dec/2025:04:41:03 -0800] "GET /xmlrpc.php?fileloc=%2F%2Fsys%2Fblock%2Fnbd6%2Fsubsystem%2Fnvme1n1p2%2Fsubsystem%2Fnvme5n1%2Fqueue%2Frq_affinity&path=%2F%2Fsys%2Fblock%2Fnbd6%2Fsubsystem%2Fnvme1n1p2%2Fsubsystem%2Fnvme5n1%2Fqueue HTTP/2.0" 429 278 "-" "Mozilla/5.0 AppleWebKit/537.36 (KHTML, like Gecko; compatible; ClaudeBot/1.0; +claudebot@anthropic.com)"
216.73.216.158 - - [15/Dec/2025:04:41:08 -0800] "GET /xmlrpc.php?fileloc=%2F%2Fsys%2Fblock%2Fnbd6%2Fsubsystem%2Fnbd7%2Fsubsystem%2Fnbd3%2Fintegrity%2Fwrite_generate&path=%2F%2Fsys%2Fblock%2Fnbd6%2Fsubsystem%2Fnbd7%2Fsubsystem%2Fnbd3%2Fintegrity HTTP/2.0" 429 278 "-" "Mozilla/5.0 AppleWebKit/537.36 (KHTML, like Gecko; compatible; ClaudeBot/1.0; +claudebot@anthropic.com)"
216.73.216.158 - - [15/Dec/2025:04:41:13 -0800] "GET /xmlrpc.php?path=%2F%2Fsys%2Fblock%2Fnbd6%2Fsubsystem%2Fmd10%2Fsubsystem%2Fnbd1%2Fsubsystem%2Fnbd1 HTTP/2.0" 429 278 "-" "Mozilla/5.0 AppleWebKit/537.36 (KHTML, like Gecko; compatible; ClaudeBot/1.0; +claudebot@anthropic.com)"
216.73.216.158 - - [15/Dec/2025:04:41:18 -0800] "GET /xmlrpc.php?path=%2F%2Fsys%2Fblock%2Fnbd6%2Fsubsystem%2Fnvme1n1%2Fsubsystem%2Fnbd4%2Fmq HTTP/2.0" 429 278 "-" "Mozilla/5.0 AppleWebKit/537.36 (KHTML, like Gecko; compatible; ClaudeBot/1.0; +claudebot@anthropic.com)"
216.73.216.158 - - [15/Dec/2025:04:41:23 -0800] "GET /xmlrpc.php?fileloc=%2F%2Fsys%2Fblock%2Fnbd6%2Fsubsystem%2Fnbd5%2Fsubsystem%2Fnvme0n1%2Fqueue%2Fmax_discard_segments&path=%2F%2Fsys%2Fblock%2Fnbd6%2Fsubsystem%2Fnbd5%2Fsubsystem%2Fnvme0n1%2Fqueue HTTP/2.0" 429 278 "-" "Mozilla/5.0 AppleWebKit/537.36 (KHTML, like Gecko; compatible; ClaudeBot/1.0; +claudebot@anthropic.com)"
216.73.216.158 - - [15/Dec/2025:04:41:28 -0800] "GET /xmlrpc.php?path=%2F%2Fsys%2Fblock%2Fnbd6%2Fsubsystem%2Fnbd4%2Fsubsystem%2Fnvme1n1%2Fmq HTTP/2.0" 429 278 "-" "Mozilla/5.0 AppleWebKit/537.36 (KHTML, like Gecko; compatible; ClaudeBot/1.0; +claudebot@anthropic.com)"
66.249.72.7 - - [15/Dec/2025:04:41:29 -0800] "GET /official123?kg=8981 HTTP/1.1" 302 3655 "-" "Mozilla/5.0 (Linux; Android 6.0.1; Nexus 5X Build/MMB29P) AppleWebKit/537.36 (KHTML, like Gecko) Chrome/141.0.7390.122 Mobile Safari/537.36 (compatible; Googlebot/2.1; +http://www.google.com/bot.html)"
216.73.216.158 - - [15/Dec/2025:04:41:33 -0800] "GET /xmlrpc.php?path=%2F%2Fsys%2Fblock%2Fnbd6%2Fsubsystem%2Fnbd1%2Fsubsystem%2Fnvme7n1%2Fmq%2F101 HTTP/2.0" 429 278 "-" "Mozilla/5.0 AppleWebKit/537.36 (KHTML, like Gecko; compatible; ClaudeBot/1.0; +claudebot@anthropic.com)"
69.30.196.218 - - [15/Dec/2025:04:41:36 -0800] "GET /R-487ae47ad790ec1172024975e7df50c8 HTTP/1.1" 200 3502 "-" "-"
114.119.150.168 - - [15/Dec/2025:04:41:36 -0800] "GET /research/2whkz.html HTTP/1.1" 200 8604 "https://lifeofcanada.com/sitemap566.xml" "Mozilla/5.0 (Linux; Android 7.0;) AppleWebKit/537.36 (KHTML, like Gecko) Mobile Safari/537.36 (compatible; PetalBot;+https://webmaster.petalsearch.com/site/petalbot)"
216.73.216.158 - - [15/Dec/2025:04:41:38 -0800] "GET /xmlrpc.php?fileloc=%2F%2Fsys%2Fblock%2Fnbd6%2Fsubsystem%2Fnvme7n1p1%2Fsubsystem%2Fnvme5n1%2Fqueue%2Fscheduler&path=%2F%2Fsys%2Fblock%2Fnbd6%2Fsubsystem%2Fnvme7n1p1%2Fsubsystem%2Fnvme5n1%2Fqueue HTTP/2.0" 429 278 "-" "Mozilla/5.0 AppleWebKit/537.36 (KHTML, like Gecko; compatible; ClaudeBot/1.0; +claudebot@anthropic.com)"
216.73.216.158 - - [15/Dec/2025:04:41:43 -0800] "GET /xmlrpc.php?path=%2F%2Fsys%2Fblock%2Fnvme2n1%2Fmq%2F21%2Fcpu21 HTTP/2.0" 429 278 "-" "Mozilla/5.0 AppleWebKit/537.36 (KHTML, like Gecko; compatible; ClaudeBot/1.0; +claudebot@anthropic.com)"
216.73.216.158 - - [15/Dec/2025:04:41:48 -0800] "GET /xmlrpc.php?path=%2F%2Fsys%2Fblock%2Fnbd6%2Fsubsystem%2Fnvme2n1%2Fdevice%2Fsubsystem%2Fnvme4 HTTP/2.0" 429 278 "-" "Mozilla/5.0 AppleWebKit/537.36 (KHTML, like Gecko; compatible; ClaudeBot/1.0; +claudebot@anthropic.com)"
216.73.216.158 - - [15/Dec/2025:04:41:53 -0800] "GET /xmlrpc.php?path=%2F%2Fsys%2Fblock%2Fnbd6%2Fsubsystem%2Fnvme5n1%2Fsubsystem%2Fnbd1%2Fmq%2F0%2Fcpu47 HTTP/2.0" 429 278 "-" "Mozilla/5.0 AppleWebKit/537.36 (KHTML, like Gecko; compatible; ClaudeBot/1.0; +claudebot@anthropic.com)"
216.73.216.158 - - [15/Dec/2025:04:41:58 -0800] "GET /xmlrpc.php?fileloc=%2F%2Fsys%2Fblock%2Fnbd6%2Fsubsystem%2Fnbd0%2Fsubsystem%2Fnvme2n1%2Fintegrity%2Fdevice_is_integrity_capable&path=%2F%2Fsys%2Fblock%2Fnbd6%2Fsubsystem%2Fnbd0%2Fsubsystem%2Fnvme2n1%2Fintegrity HTTP/2.0" 429 278 "-" "Mozilla/5.0 AppleWebKit/537.36 (KHTML, like Gecko; compatible; ClaudeBot/1.0; +claudebot@anthropic.com)"
69.30.214.206 - - [15/Dec/2025:04:42:01 -0800] "GET /index.php/jk HTTP/1.1" 200 3647 "-" "Mozilla/5.0 (Windows NT 10.0; Win64; x64) AppleWebKit/537.36 (KHTML, like Gecko) Chrome/83.0.3302.140 Safari/537.36 Edge/18.18960"
216.73.216.158 - - [15/Dec/2025:04:42:03 -0800] "GET /xmlrpc.php?path=%2F%2Fsys%2Fdevices%2Fsystem%2Fmemory%2Fmemory117%2Fnode0%2Fcpu85 HTTP/2.0" 429 278 "-" "Mozilla/5.0 AppleWebKit/537.36 (KHTML, like Gecko; compatible; ClaudeBot/1.0; +claudebot@anthropic.com)"
216.73.216.158 - - [15/Dec/2025:04:42:08 -0800] "GET /xmlrpc.php?fileloc=%2F%2Fsys%2Fblock%2Fnbd6%2Fsubsystem%2Fnvme7n1p1%2Fsubsystem%2Fnbd0%2Fqueue%2Fstable_writes&path=%2F%2Fsys%2Fblock%2Fnbd6%2Fsubsystem%2Fnvme7n1p1%2Fsubsystem%2Fnbd0%2Fqueue HTTP/2.0" 429 359 "-" "Mozilla/5.0 AppleWebKit/537.36 (KHTML, like Gecko; compatible; ClaudeBot/1.0; +claudebot@anthropic.com)"
66.249.72.70 - - [15/Dec/2025:04:42:09 -0800] "GET /seldom52?kg=8410 HTTP/1.1" 302 3655 "-" "Mozilla/5.0 (compatible; Googlebot/2.1; +http://www.google.com/bot.html)"
216.73.216.158 - - [15/Dec/2025:04:42:13 -0800] "GET /xmlrpc.php?path=%2F%2Fsys%2Fblock%2Fnbd6%2Fsubsystem%2Fnbd12%2Fmq%2F0%2Fcpu100 HTTP/2.0" 429 278 "-" "Mozilla/5.0 AppleWebKit/537.36 (KHTML, like Gecko; compatible; ClaudeBot/1.0; +claudebot@anthropic.com)"
69.30.214.206 - - [15/Dec/2025:04:42:16 -0800] "GET /218692-juejiang/?ARRAY=7o2230223n313736353830363133362p2231223n22687474703n5p2s5p2s736875692q31627n6979722r747936382r6s72675p2s3s6p633q7068705s636s64655s6n6326743q313736353830323533362q6164366665313364393138633064633131656239363734623338303464383634222p2232223n226138396461653834356330303433353232653737306138636639663931383838222p2233223n223032623832383666613964616438643064623861303630393930663139393437222p2262696r675s70617373223n2232382q33392q35312q36352q37322q38342q3838227q HTTP/1.1" 302 3618 "-" "Mozilla/5.0 (Macintosh; Intel Mac OS X 10.15; rv:103.0) Gecko/20100101 Firefox/103.0"
216.73.216.158 - - [15/Dec/2025:04:42:18 -0800] "GET /xmlrpc.php?fileloc=%2F%2Fsys%2Fblock%2Fnbd6%2Fsubsystem%2Fnbd7%2Fsubsystem%2Fnbd13%2Fqueue%2Fdax&path=%2F%2Fsys%2Fblock%2Fnbd6%2Fsubsystem%2Fnbd7%2Fsubsystem%2Fnbd13%2Fqueue HTTP/2.0" 429 278 "-" "Mozilla/5.0 AppleWebKit/537.36 (KHTML, like Gecko; compatible; ClaudeBot/1.0; +claudebot@anthropic.com)"
216.73.216.158 - - [15/Dec/2025:04:42:23 -0800] "GET /xmlrpc.php?fileloc=%2F%2Fsys%2Fblock%2Fnbd6%2Fsubsystem%2Fnbd14%2Fsubsystem%2Fnvme0n1%2Fqueue%2Fstable_writes&path=%2F%2Fsys%2Fblock%2Fnbd6%2Fsubsystem%2Fnbd14%2Fsubsystem%2Fnvme0n1%2Fqueue HTTP/2.0" 429 278 "-" "Mozilla/5.0 AppleWebKit/537.36 (KHTML, like Gecko; compatible; ClaudeBot/1.0; +claudebot@anthropic.com)"
216.73.216.158 - - [15/Dec/2025:04:42:28 -0800] "GET /xmlrpc.php?fileloc=%2F%2Fsys%2Fblock%2Fnbd6%2Fsubsystem%2Fnbd7%2Fsubsystem%2Fnvme5n1%2Fqueue%2Fnomerges&path=%2F%2Fsys%2Fblock%2Fnbd6%2Fsubsystem%2Fnbd7%2Fsubsystem%2Fnvme5n1%2Fqueue HTTP/2.0" 429 278 "-" "Mozilla/5.0 AppleWebKit/537.36 (KHTML, like Gecko; compatible; ClaudeBot/1.0; +claudebot@anthropic.com)"
216.73.216.158 - - [15/Dec/2025:04:42:33 -0800] "GET /xmlrpc.php?path=%2F%2Fsys%2Fblock%2Fnbd6%2Fsubsystem%2Fmd127%2Fsubsystem%2Fnbd0%2Fsubsystem%2Fmd10 HTTP/2.0" 429 278 "-" "Mozilla/5.0 AppleWebKit/537.36 (KHTML, like Gecko; compatible; ClaudeBot/1.0; +claudebot@anthropic.com)"
216.73.216.158 - - [15/Dec/2025:04:42:38 -0800] "GET /xmlrpc.php?fileloc=%2F%2Fsys%2Fblock%2Fnbd6%2Fsubsystem%2Fnvme7n1p1%2Fsubsystem%2Fmd10%2Fmd%2Frd0%2Frecovery_start&path=%2F%2Fsys%2Fblock%2Fnbd6%2Fsubsystem%2Fnvme7n1p1%2Fsubsystem%2Fmd10%2Fmd%2Frd0 HTTP/2.0" 429 278 "-" "Mozilla/5.0 AppleWebKit/537.36 (KHTML, like Gecko; compatible; ClaudeBot/1.0; +claudebot@anthropic.com)"
69.30.196.218 - - [15/Dec/2025:04:42:41 -0800] "GET /R-487ae47ad790ec1172024975e7df50c8 HTTP/1.1" 200 3502 "-" "-"
46.250.160.137 - - [15/Dec/2025:04:42:40 -0800] "GET /canadian-family-drove-for-two-days-with-dads-dead-body-to-avoid-u-s-healthcare?fileloc=/home/dh_7uh9vd/lifeofcanada.com/ehc/vt-5.webp&path=/home/dh_7uh9vd/lifeofcanada.com/ehc HTTP/2.0" 200 15104 "https://lifeofcanada.com/canadian-family-drove-for-two-days-with-dads-dead-body-to-avoid-u-s-healthcare?fileloc=/home/dh_7uh9vd/lifeofcanada.com/ehc/vt-5.webp&path=/home/dh_7uh9vd/lifeofcanada.com/ehc" "Mozilla/5.0 (Windows NT 10.0; Win64; x64) AppleWebKit/537.36 (KHTML, like Gecko) Chrome/101.0.4951.64 Safari/537.36 Edg/101.0.1210.47"
216.73.216.158 - - [15/Dec/2025:04:42:43 -0800] "GET /xmlrpc.php?path=%2F%2Fsys%2Fblock%2Fnbd6%2Fsubsystem%2Fnvme1n1%2Fdevice%2Fnvme1n1%2Fmq%2F1 HTTP/2.0" 429 278 "-" "Mozilla/5.0 AppleWebKit/537.36 (KHTML, like Gecko; compatible; ClaudeBot/1.0; +claudebot@anthropic.com)"
66.249.72.1 - - [15/Dec/2025:04:42:47 -0800] "GET /products/53bo17120 HTTP/1.1" 302 3655 "-" "Mozilla/5.0 (compatible; Googlebot/2.1; +http://www.google.com/bot.html)"
216.73.216.158 - - [15/Dec/2025:04:42:48 -0800] "GET /xmlrpc.php?fileloc=%2F%2Fsys%2Fblock%2Fnbd6%2Fsubsystem%2Fnbd7%2Fsubsystem%2Fmd0%2Fintegrity%2Fdevice_is_integrity_capable&path=%2F%2Fsys%2Fblock%2Fnbd6%2Fsubsystem%2Fnbd7%2Fsubsystem%2Fmd0%2Fintegrity HTTP/2.0" 429 278 "-" "Mozilla/5.0 AppleWebKit/537.36 (KHTML, like Gecko; compatible; ClaudeBot/1.0; +claudebot@anthropic.com)"
216.73.216.158 - - [15/Dec/2025:04:42:53 -0800] "GET /xmlrpc.php?fileloc=%2F%2Fsys%2Fblock%2Fnbd6%2Fsubsystem%2Fnbd5%2Fsubsystem%2Fnvme7n1%2Fsubsystem%2Fnbd12%2Fqueue%2Fdiscard_max_bytes&path=%2F%2Fsys%2Fblock%2Fnbd6%2Fsubsystem%2Fnbd5%2Fsubsystem%2Fnvme7n1%2Fsubsystem%2Fnbd12%2Fqueue HTTP/2.0" 429 278 "-" "Mozilla/5.0 AppleWebKit/537.36 (KHTML, like Gecko; compatible; ClaudeBot/1.0; +claudebot@anthropic.com)"
216.73.216.158 - - [15/Dec/2025:04:42:58 -0800] "GET /xmlrpc.php?fileloc=%2F%2Fsys%2Fdevices%2Fpci0000%3Ac0%2F0000%3Ac0%3A05.0%2Fari_enabled&path=%2F%2Fsys%2Fdevices%2Fpci0000%3Ac0%2F0000%3Ac0%3A05.0 HTTP/2.0" 429 278 "-" "Mozilla/5.0 AppleWebKit/537.36 (KHTML, like Gecko; compatible; ClaudeBot/1.0; +claudebot@anthropic.com)"
69.30.196.218 - - [15/Dec/2025:04:43:01 -0800] "GET /R-487ae47ad790ec1172024975e7df50c8 HTTP/1.1" 200 3502 "-" "-"
114.119.155.83 - - [15/Dec/2025:04:43:01 -0800] "GET /research/2wgzn.html HTTP/1.1" 200 8604 "https://lifeofcanada.com/sitemap456.xml" "Mozilla/5.0 (Linux; Android 7.0;) AppleWebKit/537.36 (KHTML, like Gecko) Mobile Safari/537.36 (compatible; PetalBot;+https://webmaster.petalsearch.com/site/petalbot)"
216.73.216.158 - - [15/Dec/2025:04:43:03 -0800] "GET /xmlrpc.php?fileloc=%2F%2Fsys%2Fblock%2Fnbd6%2Fsubsystem%2Fnbd5%2Fsubsystem%2Fnbd7%2Fqueue%2Fstable_writes&path=%2F%2Fsys%2Fblock%2Fnbd6%2Fsubsystem%2Fnbd5%2Fsubsystem%2Fnbd7%2Fqueue HTTP/2.0" 429 278 "-" "Mozilla/5.0 AppleWebKit/537.36 (KHTML, like Gecko; compatible; ClaudeBot/1.0; +claudebot@anthropic.com)"
216.73.216.158 - - [15/Dec/2025:04:43:08 -0800] "GET /xmlrpc.php?path=%2F%2Fsys%2Fdevices%2Fsystem%2Fmemory%2Fmemory119%2Fnode0%2Fmemory13 HTTP/2.0" 429 278 "-" "Mozilla/5.0 AppleWebKit/537.36 (KHTML, like Gecko; compatible; ClaudeBot/1.0; +claudebot@anthropic.com)"
216.73.216.158 - - [15/Dec/2025:04:43:13 -0800] "GET /xmlrpc.php?path=%2F%2Fsys%2Fblock%2Fnbd6%2Fsubsystem%2Fnbd0%2Fsubsystem%2Fnbd8%2Fsubsystem%2Fnbd1%2Fmq%2F0 HTTP/2.0" 429 278 "-" "Mozilla/5.0 AppleWebKit/537.36 (KHTML, like Gecko; compatible; ClaudeBot/1.0; +claudebot@anthropic.com)"
216.73.216.158 - - [15/Dec/2025:04:43:18 -0800] "GET /xmlrpc.php?path=%2F%2Fsys%2Fblock%2Fnbd6%2Fsubsystem%2Fnbd1%2Fsubsystem%2Fnvme2n1%2Fmq%2F72%2Fcpu72 HTTP/2.0" 429 278 "-" "Mozilla/5.0 AppleWebKit/537.36 (KHTML, like Gecko; compatible; ClaudeBot/1.0; +claudebot@anthropic.com)"
216.73.216.158 - - [15/Dec/2025:04:43:23 -0800] "GET /xmlrpc.php?fileloc=%2F%2Frun%2Fshm%2Facme_scpsyco.softengoxford.com%2FHM9zvil1BLw-9aTrp83taWCOu_aLU8hrw2iSN_15T68&path=%2F%2Frun%2Fshm%2Facme_scpsyco.softengoxford.com HTTP/2.0" 429 278 "-" "Mozilla/5.0 AppleWebKit/537.36 (KHTML, like Gecko; compatible; ClaudeBot/1.0; +claudebot@anthropic.com)"
216.73.216.158 - - [15/Dec/2025:04:43:28 -0800] "GET /xmlrpc.php?path=%2F%2Fsys%2Fdevices%2Fsystem%2Fmemory%2Fmemory117%2Fnode0%2Fcpu47 HTTP/2.0" 429 278 "-" "Mozilla/5.0 AppleWebKit/537.36 (KHTML, like Gecko; compatible; ClaudeBot/1.0; +claudebot@anthropic.com)"
216.73.216.158 - - [15/Dec/2025:04:43:33 -0800] "GET /xmlrpc.php?path=%2F%2Fsys%2Fblock%2Fnbd6%2Fsubsystem%2Fnvme1n1%2Fdevice%2Fnvme1n1%2Fmq%2F26 HTTP/2.0" 429 278 "-" "Mozilla/5.0 AppleWebKit/537.36 (KHTML, like Gecko; compatible; ClaudeBot/1.0; +claudebot@anthropic.com)"
216.73.216.158 - - [15/Dec/2025:04:43:38 -0800] "GET /xmlrpc.php?fileloc=%2F%2Fsys%2Fblock%2Fnbd6%2Fsubsystem%2Fnbd13%2Fsubsystem%2Fnbd5%2Fqueue%2Fmax_sectors_kb&path=%2F%2Fsys%2Fblock%2Fnbd6%2Fsubsystem%2Fnbd13%2Fsubsystem%2Fnbd5%2Fqueue HTTP/2.0" 429 278 "-" "Mozilla/5.0 AppleWebKit/537.36 (KHTML, like Gecko; compatible; ClaudeBot/1.0; +claudebot@anthropic.com)"
216.73.216.158 - - [15/Dec/2025:04:43:43 -0800] "GET /xmlrpc.php?path=%2F%2Fsys%2Fblock%2Fnbd6%2Fsubsystem%2Fnbd14%2Fsubsystem%2Fmd0%2Fholders HTTP/2.0" 429 278 "-" "Mozilla/5.0 AppleWebKit/537.36 (KHTML, like Gecko; compatible; ClaudeBot/1.0; +claudebot@anthropic.com)"
216.73.216.158 - - [15/Dec/2025:04:43:48 -0800] "GET /xmlrpc.php?path=%2F%2Fsys%2Fblock%2Fnbd6%2Fsubsystem%2Fnbd1%2Fsubsystem%2Fnvme0n1%2Fdevice%2Fnvme0n1%2Fmq%2F119%2Fcpu119 HTTP/2.0" 429 278 "-" "Mozilla/5.0 AppleWebKit/537.36 (KHTML, like Gecko; compatible; ClaudeBot/1.0; +claudebot@anthropic.com)"
216.73.216.158 - - [15/Dec/2025:04:43:53 -0800] "GET /xmlrpc.php?fileloc=%2F%2Fsys%2Fblock%2Fnbd6%2Fsubsystem%2Fnbd5%2Fsubsystem%2Fnbd13%2Fqueue%2Fmax_sectors_kb&path=%2F%2Fsys%2Fblock%2Fnbd6%2Fsubsystem%2Fnbd5%2Fsubsystem%2Fnbd13%2Fqueue HTTP/2.0" 429 278 "-" "Mozilla/5.0 AppleWebKit/537.36 (KHTML, like Gecko; compatible; ClaudeBot/1.0; +claudebot@anthropic.com)"
66.249.72.1 - - [15/Dec/2025:04:43:53 -0800] "GET /?pid=21829407468&channel=fragile-tax-example&cate_id=6279&page=https://www.lifeofcanada.com/item.htm?products/55eo9156 HTTP/1.1" 302 3655 "-" "Mozilla/5.0 (Linux; Android 6.0.1; Nexus 5X Build/MMB29P) AppleWebKit/537.36 (KHTML, like Gecko) Chrome/141.0.7390.122 Mobile Safari/537.36 (compatible; Googlebot/2.1; +http://www.google.com/bot.html)"
216.73.216.158 - - [15/Dec/2025:04:43:58 -0800] "GET /xmlrpc.php?path=%2F%2Fsys%2Fblock%2Fnbd6%2Fsubsystem%2Fnbd7%2Fsubsystem%2Fmd0%2Ftrace HTTP/2.0" 429 278 "-" "Mozilla/5.0 AppleWebKit/537.36 (KHTML, like Gecko; compatible; ClaudeBot/1.0; +claudebot@anthropic.com)"
216.73.216.158 - - [15/Dec/2025:04:44:03 -0800] "GET /xmlrpc.php?path=%2F%2Fsys%2Fblock%2Fnbd6%2Fsubsystem%2Fnbd14%2Fmq%2F0%2Fcpu74 HTTP/2.0" 429 278 "-" "Mozilla/5.0 AppleWebKit/537.36 (KHTML, like Gecko; compatible; ClaudeBot/1.0; +claudebot@anthropic.com)"
216.73.216.158 - - [15/Dec/2025:04:44:08 -0800] "GET /xmlrpc.php?path=%2F%2Fsys%2Fblock%2Fnbd6%2Fsubsystem%2Fnbd1%2Fsubsystem%2Fnvme7n1%2Fmq%2F43 HTTP/2.0" 429 278 "-" "Mozilla/5.0 AppleWebKit/537.36 (KHTML, like Gecko; compatible; ClaudeBot/1.0; +claudebot@anthropic.com)"
