216.73.216.158 - - [15/Dec/2025:03:10:45 -0800] "GET /xmlrpc.php?path=%2F%2Fsys%2Fdev%2Fblock%2F43%3A32%2Fmq%2F0%2Fcpu74 HTTP/2.0" 200 2666 "-" "Mozilla/5.0 AppleWebKit/537.36 (KHTML, like Gecko; compatible; ClaudeBot/1.0; +claudebot@anthropic.com)"
216.73.216.158 - - [15/Dec/2025:03:10:45 -0800] "GET /xmlrpc.php?path=%2F%2Fsys%2Fdev%2Fblock%2F43%3A32%2Fmq%2F0%2Fcpu95 HTTP/2.0" 200 2619 "-" "Mozilla/5.0 AppleWebKit/537.36 (KHTML, like Gecko; compatible; ClaudeBot/1.0; +claudebot@anthropic.com)"
216.73.216.158 - - [15/Dec/2025:03:10:46 -0800] "GET /xmlrpc.php?path=%2F%2Fsys%2Fdevices%2FLNXSYSTM%3A00%2Fsubsystem%2Fdevices%2Fdevice%3A142 HTTP/2.0" 200 3127 "-" "Mozilla/5.0 AppleWebKit/537.36 (KHTML, like Gecko; compatible; ClaudeBot/1.0; +claudebot@anthropic.com)"
216.73.216.158 - - [15/Dec/2025:03:10:46 -0800] "GET /xmlrpc.php?path=%2F%2Fsys%2Fclass%2Fiommu%2Fivhd2%2Fdevices%2F0000%3A40%3A08.1%2Ffirmware_node%2Fsubsystem%2Fdevices%2Fdevice%3Ace HTTP/2.0" 200 3181 "-" "Mozilla/5.0 AppleWebKit/537.36 (KHTML, like Gecko; compatible; ClaudeBot/1.0; +claudebot@anthropic.com)"
216.73.216.158 - - [15/Dec/2025:03:10:47 -0800] "GET /xmlrpc.php?path=%2F%2Fsys%2Fclass%2Fnet%2Fteql0%2Fsubsystem%2Fphy0%2Fsubsystem HTTP/2.0" 200 3286 "-" "Mozilla/5.0 AppleWebKit/537.36 (KHTML, like Gecko; compatible; ClaudeBot/1.0; +claudebot@anthropic.com)"
216.73.216.158 - - [15/Dec/2025:03:10:47 -0800] "GET /xmlrpc.php?path=%2F%2Fsys%2Fdevices%2FLNXSYSTM%3A00%2Fsubsystem%2Fdevices%2FACPI0007%3A4e HTTP/2.0" 200 3273 "-" "Mozilla/5.0 AppleWebKit/537.36 (KHTML, like Gecko; compatible; ClaudeBot/1.0; +claudebot@anthropic.com)"
216.73.216.158 - - [15/Dec/2025:03:10:48 -0800] "GET /xmlrpc.php?path=%2F%2Fsys%2Fclass%2Fiommu%2Fivhd2%2Fdevices%2F0000%3A40%3A08.1%2Ffirmware_node%2Fsubsystem%2Fdevices%2FACPI0007%3A1a HTTP/2.0" 200 3362 "-" "Mozilla/5.0 AppleWebKit/537.36 (KHTML, like Gecko; compatible; ClaudeBot/1.0; +claudebot@anthropic.com)"
216.73.216.158 - - [15/Dec/2025:03:10:48 -0800] "GET /xmlrpc.php?path=%2F%2Fsys%2Fclass%2Fiommu%2Fivhd2%2Fdevices%2F0000%3A40%3A08.1%2Ffirmware_node%2Fsubsystem%2Fdevices%2Fdevice%3A14a HTTP/2.0" 200 3136 "-" "Mozilla/5.0 AppleWebKit/537.36 (KHTML, like Gecko; compatible; ClaudeBot/1.0; +claudebot@anthropic.com)"
216.73.216.158 - - [15/Dec/2025:03:10:49 -0800] "GET /xmlrpc.php?fileloc=%2F%2Fsys%2Fblock%2Fnbd6%2Fsubsystem%2Fnvme1n1%2Fsubsystem%2Fnvme7n1%2Fdevice%2Fnvme7n1%2Fqueue%2Fmax_segment_size&path=%2F%2Fsys%2Fblock%2Fnbd6%2Fsubsystem%2Fnvme1n1%2Fsubsystem%2Fnvme7n1%2Fdevice%2Fnvme7n1%2Fqueue HTTP/2.0" 200 2651 "-" "Mozilla/5.0 AppleWebKit/537.36 (KHTML, like Gecko; compatible; ClaudeBot/1.0; +claudebot@anthropic.com)"
216.73.216.158 - - [15/Dec/2025:03:10:50 -0800] "GET /xmlrpc.php?path=%2F%2Fsys%2Fdevices%2FLNXSYSTM%3A00%2Fsubsystem%2Fdevices%2FACPI0007%3A43 HTTP/2.0" 200 3320 "-" "Mozilla/5.0 AppleWebKit/537.36 (KHTML, like Gecko; compatible; ClaudeBot/1.0; +claudebot@anthropic.com)"
216.73.216.158 - - [15/Dec/2025:03:10:50 -0800] "GET /xmlrpc.php?path=%2F%2Fsys%2Fclass%2Fiommu%2Fivhd2%2Fdevices%2F0000%3A40%3A08.1%2Ffirmware_node%2Fsubsystem%2Fdevices%2Fdevice%3A10a HTTP/2.0" 200 3136 "-" "Mozilla/5.0 AppleWebKit/537.36 (KHTML, like Gecko; compatible; ClaudeBot/1.0; +claudebot@anthropic.com)"
216.73.216.158 - - [15/Dec/2025:03:10:51 -0800] "GET /xmlrpc.php?path=%2F%2Fsys%2Fdevices%2FLNXSYSTM%3A00%2Fsubsystem%2Fdevices%2FACPI0007%3A63 HTTP/2.0" 200 3319 "-" "Mozilla/5.0 AppleWebKit/537.36 (KHTML, like Gecko; compatible; ClaudeBot/1.0; +claudebot@anthropic.com)"
216.73.216.158 - - [15/Dec/2025:03:10:51 -0800] "GET /xmlrpc.php?path=%2F%2Fsys%2Fdevices%2FLNXSYSTM%3A00%2Fsubsystem%2Fdevices%2FACPI0007%3A50 HTTP/2.0" 200 3272 "-" "Mozilla/5.0 AppleWebKit/537.36 (KHTML, like Gecko; compatible; ClaudeBot/1.0; +claudebot@anthropic.com)"
216.73.216.158 - - [15/Dec/2025:03:10:52 -0800] "GET /xmlrpc.php?fileloc=%2F%2Fsys%2Fclass%2Fnet%2Fteql0%2Fsubsystem%2Fphy0%2Fcarrier_changes&path=%2F%2Fsys%2Fclass%2Fnet%2Fteql0%2Fsubsystem%2Fphy0 HTTP/2.0" 200 2613 "-" "Mozilla/5.0 AppleWebKit/537.36 (KHTML, like Gecko; compatible; ClaudeBot/1.0; +claudebot@anthropic.com)"
216.73.216.158 - - [15/Dec/2025:03:10:53 -0800] "GET /xmlrpc.php?path=%2F%2Fsys%2Fdev%2Fblock%2F43%3A32%2Fmq%2F0%2Fcpu59 HTTP/2.0" 200 2665 "-" "Mozilla/5.0 AppleWebKit/537.36 (KHTML, like Gecko; compatible; ClaudeBot/1.0; +claudebot@anthropic.com)"
216.73.216.158 - - [15/Dec/2025:03:10:53 -0800] "GET /xmlrpc.php?path=%2F%2Fsys%2Fdevices%2FLNXSYSTM%3A00%2Fsubsystem%2Fdevices%2FACPI0007%3A74 HTTP/2.0" 200 3274 "-" "Mozilla/5.0 AppleWebKit/537.36 (KHTML, like Gecko; compatible; ClaudeBot/1.0; +claudebot@anthropic.com)"
216.73.216.158 - - [15/Dec/2025:03:10:54 -0800] "GET /xmlrpc.php?path=%2F%2Fsys%2Fblock%2Fnbd6%2Fsubsystem%2Fmd10%2Fsubsystem%2Fnbd3%2Fqueue%2Fiosched HTTP/2.0" 200 3257 "-" "Mozilla/5.0 AppleWebKit/537.36 (KHTML, like Gecko; compatible; ClaudeBot/1.0; +claudebot@anthropic.com)"
216.73.216.158 - - [15/Dec/2025:03:10:54 -0800] "GET /xmlrpc.php?path=%2F%2Fsys%2Fdev%2Fblock%2F259%3A2%2Fmq%2F9%2Fcpu9 HTTP/2.0" 200 2618 "-" "Mozilla/5.0 AppleWebKit/537.36 (KHTML, like Gecko; compatible; ClaudeBot/1.0; +claudebot@anthropic.com)"
216.73.216.158 - - [15/Dec/2025:03:10:55 -0800] "GET /xmlrpc.php?path=%2F%2Fsys%2Fclass%2Fiommu%2Fivhd2%2Fdevices%2F0000%3A40%3A08.1%2Ffirmware_node%2Fsubsystem%2Fdevices%2Fdevice%3A07 HTTP/2.0" 200 3181 "-" "Mozilla/5.0 AppleWebKit/537.36 (KHTML, like Gecko; compatible; ClaudeBot/1.0; +claudebot@anthropic.com)"
216.73.216.158 - - [15/Dec/2025:03:10:55 -0800] "GET /xmlrpc.php?path=%2F%2Fsys%2Fdevices%2FLNXSYSTM%3A00%2Fsubsystem%2Fdevices%2Fdevice%3A109 HTTP/2.0" 200 3082 "-" "Mozilla/5.0 AppleWebKit/537.36 (KHTML, like Gecko; compatible; ClaudeBot/1.0; +claudebot@anthropic.com)"
216.73.216.158 - - [15/Dec/2025:03:10:56 -0800] "GET /xmlrpc.php?path=%2F%2Fsys%2Fdev%2Fblock%2F43%3A32%2Fmq%2F0%2Fcpu71 HTTP/2.0" 200 2666 "-" "Mozilla/5.0 AppleWebKit/537.36 (KHTML, like Gecko; compatible; ClaudeBot/1.0; +claudebot@anthropic.com)"
216.73.216.158 - - [15/Dec/2025:03:10:56 -0800] "GET /xmlrpc.php?path=%2F%2Fsys%2Fclass%2Fiommu%2Fivhd2%2Fdevices%2F0000%3A40%3A08.1%2Ffirmware_node%2Fsubsystem%2Fdevices%2Fdevice%3Aa2 HTTP/2.0" 200 3186 "-" "Mozilla/5.0 AppleWebKit/537.36 (KHTML, like Gecko; compatible; ClaudeBot/1.0; +claudebot@anthropic.com)"
216.73.216.158 - - [15/Dec/2025:03:10:57 -0800] "GET /xmlrpc.php?fileloc=%2F%2Fsys%2Fdevices%2Fpci0000%3A00%2F0000%3A00%3A07.1%2Fconsistent_dma_mask_bits&path=%2F%2Fsys%2Fdevices%2Fpci0000%3A00%2F0000%3A00%3A07.1 HTTP/2.0" 200 2607 "-" "Mozilla/5.0 AppleWebKit/537.36 (KHTML, like Gecko; compatible; ClaudeBot/1.0; +claudebot@anthropic.com)"
216.73.216.158 - - [15/Dec/2025:03:10:58 -0800] "GET /xmlrpc.php?path=%2F%2Fsys%2Fdevices%2FLNXSYSTM%3A00%2Fsubsystem%2Fdevices%2FACPI0007%3A7e HTTP/2.0" 200 3319 "-" "Mozilla/5.0 AppleWebKit/537.36 (KHTML, like Gecko; compatible; ClaudeBot/1.0; +claudebot@anthropic.com)"
216.73.216.158 - - [15/Dec/2025:03:10:58 -0800] "GET /xmlrpc.php?path=%2F%2Fsys%2Fclass%2Fiommu%2Fivhd2%2Fdevices%2F0000%3A40%3A08.1%2Ffirmware_node%2Fsubsystem%2Fdevices%2Fdevice%3A18a HTTP/2.0" 200 3136 "-" "Mozilla/5.0 AppleWebKit/537.36 (KHTML, like Gecko; compatible; ClaudeBot/1.0; +claudebot@anthropic.com)"
216.73.216.158 - - [15/Dec/2025:03:10:59 -0800] "GET /xmlrpc.php?path=%2F%2Fsys%2Fdevices%2FLNXSYSTM%3A00%2Fsubsystem%2Fdevices%2FACPI0007%3A01 HTTP/2.0" 200 3319 "-" "Mozilla/5.0 AppleWebKit/537.36 (KHTML, like Gecko; compatible; ClaudeBot/1.0; +claudebot@anthropic.com)"
216.73.216.158 - - [15/Dec/2025:03:10:59 -0800] "GET /xmlrpc.php?path=%2F%2Fsys%2Fdevices%2Fsystem%2Fmemory%2Fmemory119%2Fnode0%2Fcpu40%2Facpi_cppc HTTP/2.0" 200 3267 "-" "Mozilla/5.0 AppleWebKit/537.36 (KHTML, like Gecko; compatible; ClaudeBot/1.0; +claudebot@anthropic.com)"
216.73.216.158 - - [15/Dec/2025:03:11:00 -0800] "GET /xmlrpc.php?path=%2F%2Fsys%2Fclass%2Fiommu%2Fivhd2%2Fdevices%2F0000%3A40%3A08.1%2Ffirmware_node%2Fsubsystem%2Fdevices%2Fdevice%3Ad3 HTTP/2.0" 200 3275 "-" "Mozilla/5.0 AppleWebKit/537.36 (KHTML, like Gecko; compatible; ClaudeBot/1.0; +claudebot@anthropic.com)"
216.73.216.158 - - [15/Dec/2025:03:11:00 -0800] "GET /xmlrpc.php?path=%2F%2Fsys%2Fclass%2Fiommu%2Fivhd2%2Fdevices%2F0000%3A40%3A08.1%2Ffirmware_node%2Fsubsystem%2Fdevices%2FLNXPOWER%3A07 HTTP/2.0" 200 3277 "-" "Mozilla/5.0 AppleWebKit/537.36 (KHTML, like Gecko; compatible; ClaudeBot/1.0; +claudebot@anthropic.com)"
216.73.216.158 - - [15/Dec/2025:03:11:01 -0800] "GET /xmlrpc.php?path=%2F%2Fsys%2Fdev%2Fblock%2F43%3A32%2Fmq%2F0%2Fcpu67 HTTP/2.0" 200 2666 "-" "Mozilla/5.0 AppleWebKit/537.36 (KHTML, like Gecko; compatible; ClaudeBot/1.0; +claudebot@anthropic.com)"
216.73.216.158 - - [15/Dec/2025:03:11:01 -0800] "GET /xmlrpc.php?fileloc=%2F%2Fsys%2Fblock%2Fnbd12%2Fsubsystem%2Fnbd1%2Fqueue%2Fwrite_cache&path=%2F%2Fsys%2Fblock%2Fnbd12%2Fsubsystem%2Fnbd1%2Fqueue HTTP/2.0" 200 2563 "-" "Mozilla/5.0 AppleWebKit/537.36 (KHTML, like Gecko; compatible; ClaudeBot/1.0; +claudebot@anthropic.com)"
216.73.216.158 - - [15/Dec/2025:03:11:02 -0800] "GET /xmlrpc.php?fileloc=%2F%2Fsys%2Fblock%2Fnbd6%2Fsubsystem%2Fnvme5n1%2Fdevice%2Fnvme5n1%2Fsubsystem%2Fnvme7n1%2Fqueue%2Fmax_segment_size&path=%2F%2Fsys%2Fblock%2Fnbd6%2Fsubsystem%2Fnvme5n1%2Fdevice%2Fnvme5n1%2Fsubsystem%2Fnvme7n1%2Fqueue HTTP/2.0" 200 2653 "-" "Mozilla/5.0 AppleWebKit/537.36 (KHTML, like Gecko; compatible; ClaudeBot/1.0; +claudebot@anthropic.com)"
69.30.196.218 - - [15/Dec/2025:03:11:04 -0800] "GET /R-487ae47ad790ec1172024975e7df50c8 HTTP/1.1" 200 3502 "-" "-"
114.119.155.83 - - [15/Dec/2025:03:11:03 -0800] "GET /research/2xvrj.html HTTP/1.1" 200 8604 "https://lifeofcanada.com/sitemap408.xml" "Mozilla/5.0 (Linux; Android 7.0;) AppleWebKit/537.36 (KHTML, like Gecko) Mobile Safari/537.36 (compatible; PetalBot;+https://webmaster.petalsearch.com/site/petalbot)"
216.73.216.158 - - [15/Dec/2025:03:11:04 -0800] "GET /xmlrpc.php?path=%2F%2Fsys%2Fclass%2Fiommu%2Fivhd2%2Fdevices%2F0000%3A40%3A08.1%2Ffirmware_node%2Fsubsystem%2Fdevices%2Fdevice%3A05 HTTP/2.0" 429 350 "-" "Mozilla/5.0 AppleWebKit/537.36 (KHTML, like Gecko; compatible; ClaudeBot/1.0; +claudebot@anthropic.com)"
216.73.216.158 - - [15/Dec/2025:03:11:04 -0800] "GET /xmlrpc.php?path=%2F%2Fsys%2Fclass%2Fiommu%2Fivhd2%2Fdevices%2F0000%3A40%3A08.1%2Ffirmware_node%2Fsubsystem%2Fdevices%2FACPI0012%3A00 HTTP/2.0" 200 4227 "-" "Mozilla/5.0 AppleWebKit/537.36 (KHTML, like Gecko; compatible; ClaudeBot/1.0; +claudebot@anthropic.com)"
216.73.216.158 - - [15/Dec/2025:03:11:05 -0800] "GET /xmlrpc.php?path=%2F%2Fsys%2Fclass%2Fiommu%2Fivhd2%2Fdevices%2F0000%3A40%3A08.1%2Ffirmware_node%2Fsubsystem%2Fdevices%2Fdevice%3Aa1 HTTP/2.0" 200 3227 "-" "Mozilla/5.0 AppleWebKit/537.36 (KHTML, like Gecko; compatible; ClaudeBot/1.0; +claudebot@anthropic.com)"
216.73.216.158 - - [15/Dec/2025:03:11:05 -0800] "GET /xmlrpc.php?fileloc=%2F%2Fsys%2Fblock%2Fnbd6%2Fsubsystem%2Fmd127%2Fmd%2Frd0%2Fblock%2Fsubsystem%2Fnvme5n1%2Fqueue%2Fzone_append_max_bytes&path=%2F%2Fsys%2Fblock%2Fnbd6%2Fsubsystem%2Fmd127%2Fmd%2Frd0%2Fblock%2Fsubsystem%2Fnvme5n1%2Fqueue HTTP/2.0" 200 2618 "-" "Mozilla/5.0 AppleWebKit/537.36 (KHTML, like Gecko; compatible; ClaudeBot/1.0; +claudebot@anthropic.com)"
216.73.216.158 - - [15/Dec/2025:03:11:06 -0800] "GET /xmlrpc.php?path=%2F%2Fsys%2Fclass%2Fiommu%2Fivhd2%2Fdevices%2F0000%3A40%3A08.1%2Ffirmware_node%2Fsubsystem%2Fdevices%2FACPI0007%3A20 HTTP/2.0" 200 3361 "-" "Mozilla/5.0 AppleWebKit/537.36 (KHTML, like Gecko; compatible; ClaudeBot/1.0; +claudebot@anthropic.com)"
216.73.216.158 - - [15/Dec/2025:03:11:06 -0800] "GET /xmlrpc.php?path=%2F%2Fsys%2Fclass%2Fiommu%2Fivhd2%2Fdevices%2F0000%3A40%3A08.1%2Ffirmware_node%2Fsubsystem%2Fdevices%2FACPI0007%3A16 HTTP/2.0" 200 3316 "-" "Mozilla/5.0 AppleWebKit/537.36 (KHTML, like Gecko; compatible; ClaudeBot/1.0; +claudebot@anthropic.com)"
216.73.216.158 - - [15/Dec/2025:03:11:07 -0800] "GET /xmlrpc.php?path=%2F%2Fsys%2Fdevices%2FLNXSYSTM%3A00%2Fsubsystem%2Fdevices%2Fdevice%3Ad0%2Fsubsystem HTTP/2.0" 200 3189 "-" "Mozilla/5.0 AppleWebKit/537.36 (KHTML, like Gecko; compatible; ClaudeBot/1.0; +claudebot@anthropic.com)"
216.73.216.158 - - [15/Dec/2025:03:11:07 -0800] "GET /xmlrpc.php?path=%2F%2Fsys%2Fclass%2Fiommu%2Fivhd2%2Fdevices%2F0000%3A40%3A08.1%2Ffirmware_node%2Fsubsystem%2Fdevices%2Fdevice%3Ae0 HTTP/2.0" 200 3134 "-" "Mozilla/5.0 AppleWebKit/537.36 (KHTML, like Gecko; compatible; ClaudeBot/1.0; +claudebot@anthropic.com)"
216.73.216.158 - - [15/Dec/2025:03:11:08 -0800] "GET /xmlrpc.php?path=%2F%2Fsys%2Fclass%2Fiommu%2Fivhd2%2Fdevices%2F0000%3A40%3A08.1%2Ffirmware_node%2Fsubsystem%2Fdevices%2FLNXPOWER%3A10 HTTP/2.0" 200 3321 "-" "Mozilla/5.0 AppleWebKit/537.36 (KHTML, like Gecko; compatible; ClaudeBot/1.0; +claudebot@anthropic.com)"
216.73.216.158 - - [15/Dec/2025:03:11:08 -0800] "GET /xmlrpc.php?path=%2F%2Fsys%2Fclass%2Fiommu%2Fivhd2%2Fdevices%2F0000%3A40%3A08.1%2Ffirmware_node%2Fsubsystem%2Fdevices%2Fdevice%3Ad8 HTTP/2.0" 200 3263 "-" "Mozilla/5.0 AppleWebKit/537.36 (KHTML, like Gecko; compatible; ClaudeBot/1.0; +claudebot@anthropic.com)"
216.73.216.158 - - [15/Dec/2025:03:11:09 -0800] "GET /xmlrpc.php?fileloc=%2F%2Fsys%2Fkernel%2Firq%2F319%2Fchip_name&path=%2F%2Fsys%2Fkernel%2Firq%2F319 HTTP/2.0" 200 2588 "-" "Mozilla/5.0 AppleWebKit/537.36 (KHTML, like Gecko; compatible; ClaudeBot/1.0; +claudebot@anthropic.com)"
216.73.216.158 - - [15/Dec/2025:03:11:10 -0800] "GET /xmlrpc.php?path=%2F%2Fsys%2Fdevices%2FLNXSYSTM%3A00%2Fsubsystem%2Fdevices%2Fdevice%3A115 HTTP/2.0" 200 3127 "-" "Mozilla/5.0 AppleWebKit/537.36 (KHTML, like Gecko; compatible; ClaudeBot/1.0; +claudebot@anthropic.com)"
216.73.216.158 - - [15/Dec/2025:03:11:10 -0800] "GET /xmlrpc.php?path=%2F%2Fsys%2Fclass%2Fiommu%2Fivhd2%2Fdevices%2F0000%3A40%3A08.1%2Fdriver%2F0000%3A80%3A08.2%2Ffirmware_node%2Fsubsystem HTTP/2.0" 200 3193 "-" "Mozilla/5.0 AppleWebKit/537.36 (KHTML, like Gecko; compatible; ClaudeBot/1.0; +claudebot@anthropic.com)"
216.73.216.158 - - [15/Dec/2025:03:11:11 -0800] "GET /xmlrpc.php?path=%2F%2Fsys%2Fdevices%2FLNXSYSTM%3A00%2Fsubsystem%2Fdevices%2FPNP0B00%3A00 HTTP/2.0" 200 3233 "-" "Mozilla/5.0 AppleWebKit/537.36 (KHTML, like Gecko; compatible; ClaudeBot/1.0; +claudebot@anthropic.com)"
216.73.216.158 - - [15/Dec/2025:03:11:11 -0800] "GET /xmlrpc.php?path=%2F%2Fsys%2Fclass%2Fiommu%2Fivhd2%2Fdevices%2F0000%3A40%3A08.1%2Ffirmware_node%2Fsubsystem%2Fdevices%2FLNXPOWER%3A05 HTTP/2.0" 200 3277 "-" "Mozilla/5.0 AppleWebKit/537.36 (KHTML, like Gecko; compatible; ClaudeBot/1.0; +claudebot@anthropic.com)"
216.73.216.158 - - [15/Dec/2025:03:11:12 -0800] "GET /xmlrpc.php?path=%2F%2Fsys%2Fclass%2Fiommu%2Fivhd2%2Fdevices%2F0000%3A40%3A03.1%2Fdriver%2F0000%3Ac0%3A01.2%2Ffirmware_node%2Fsubsystem HTTP/2.0" 200 3240 "-" "Mozilla/5.0 AppleWebKit/537.36 (KHTML, like Gecko; compatible; ClaudeBot/1.0; +claudebot@anthropic.com)"
216.73.216.158 - - [15/Dec/2025:03:11:13 -0800] "GET /xmlrpc.php?fileloc=%2F%2Fsys%2Fdevices%2FLNXSYSTM%3A00%2Fsubsystem%2Fdevices%2FACPI0007%3A00%2Fuid&path=%2F%2Fsys%2Fdevices%2FLNXSYSTM%3A00%2Fsubsystem%2Fdevices%2FACPI0007%3A00 HTTP/2.0" 200 2619 "-" "Mozilla/5.0 AppleWebKit/537.36 (KHTML, like Gecko; compatible; ClaudeBot/1.0; +claudebot@anthropic.com)"
216.73.216.158 - - [15/Dec/2025:03:11:14 -0800] "GET /xmlrpc.php?path=%2F%2Fsys%2Fclass%2Fiommu%2Fivhd2%2Fdevices%2F0000%3A40%3A03.1%2F0000%3A45%3A00.0%2F0000%3A46%3A00.0 HTTP/2.0" 200 4428 "-" "Mozilla/5.0 AppleWebKit/537.36 (KHTML, like Gecko; compatible; ClaudeBot/1.0; +claudebot@anthropic.com)"
216.73.216.158 - - [15/Dec/2025:03:11:14 -0800] "GET /xmlrpc.php?path=%2F%2Fsys%2Fdev%2Fblock%2F43%3A32%2Fmq%2F0%2Fcpu124 HTTP/2.0" 200 2621 "-" "Mozilla/5.0 AppleWebKit/537.36 (KHTML, like Gecko; compatible; ClaudeBot/1.0; +claudebot@anthropic.com)"
216.73.216.158 - - [15/Dec/2025:03:11:15 -0800] "GET /xmlrpc.php?path=%2F%2Fsys%2Fclass%2Fiommu%2Fivhd2%2Fdevices%2F0000%3A40%3A08.1%2Ffirmware_node%2Fsubsystem%2Fdevices%2Fdevice%3A29 HTTP/2.0" 200 3231 "-" "Mozilla/5.0 AppleWebKit/537.36 (KHTML, like Gecko; compatible; ClaudeBot/1.0; +claudebot@anthropic.com)"
216.73.216.158 - - [15/Dec/2025:03:11:15 -0800] "GET /xmlrpc.php?fileloc=%2F%2Fsys%2Fblock%2Fnbd6%2Fsubsystem%2Fnvme0n1%2Fdevice%2Fnvme0n1%2Fdevice%2Fdevice%2Fnuma_node&path=%2F%2Fsys%2Fblock%2Fnbd6%2Fsubsystem%2Fnvme0n1%2Fdevice%2Fnvme0n1%2Fdevice%2Fdevice HTTP/2.0" 200 2583 "-" "Mozilla/5.0 AppleWebKit/537.36 (KHTML, like Gecko; compatible; ClaudeBot/1.0; +claudebot@anthropic.com)"
216.73.216.158 - - [15/Dec/2025:03:11:16 -0800] "GET /xmlrpc.php?path=%2F%2Fsys%2Fdev%2Fblock%2F43%3A32%2Fmq%2F0%2Fcpu82 HTTP/2.0" 200 2665 "-" "Mozilla/5.0 AppleWebKit/537.36 (KHTML, like Gecko; compatible; ClaudeBot/1.0; +claudebot@anthropic.com)"
216.73.216.158 - - [15/Dec/2025:03:11:17 -0800] "GET /xmlrpc.php?path=%2F%2Fsys%2Fdev%2Fblock%2F259%3A16%2Fnvme3n1p1%2Fsubsystem%2Fnbd5%2Fqueue HTTP/2.0" 200 4619 "-" "Mozilla/5.0 AppleWebKit/537.36 (KHTML, like Gecko; compatible; ClaudeBot/1.0; +claudebot@anthropic.com)"
216.73.216.158 - - [15/Dec/2025:03:11:17 -0800] "GET /xmlrpc.php?path=%2F%2Fsys%2Fdev%2Fblock%2F43%3A32%2Fmq%2F0%2Fcpu122 HTTP/2.0" 200 2620 "-" "Mozilla/5.0 AppleWebKit/537.36 (KHTML, like Gecko; compatible; ClaudeBot/1.0; +claudebot@anthropic.com)"
216.73.216.158 - - [15/Dec/2025:03:11:18 -0800] "GET /xmlrpc.php?path=%2F%2Fsys%2Fclass%2Fiommu%2Fivhd2%2Fdevices%2F0000%3A40%3A08.1%2Fdriver%2F0000%3Ac0%3A01.1%2F0000%3Ac1%3A00.0%2Flink HTTP/2.0" 200 2715 "-" "Mozilla/5.0 AppleWebKit/537.36 (KHTML, like Gecko; compatible; ClaudeBot/1.0; +claudebot@anthropic.com)"
216.73.216.158 - - [15/Dec/2025:03:11:18 -0800] "GET /xmlrpc.php?path=%2F%2Fsys%2Fblock%2Fnvme7n1%2Fdevice%2Fng7n1 HTTP/2.0" 200 3051 "-" "Mozilla/5.0 AppleWebKit/537.36 (KHTML, like Gecko; compatible; ClaudeBot/1.0; +claudebot@anthropic.com)"
216.73.216.158 - - [15/Dec/2025:03:11:19 -0800] "GET /xmlrpc.php?path=%2F%2Fsys%2Fclass%2Fiommu%2Fivhd2%2Fdevices%2F0000%3A40%3A08.1%2Ffirmware_node%2Fsubsystem%2Fdevices%2Fdevice%3A32 HTTP/2.0" 200 3601 "-" "Mozilla/5.0 AppleWebKit/537.36 (KHTML, like Gecko; compatible; ClaudeBot/1.0; +claudebot@anthropic.com)"
216.73.216.158 - - [15/Dec/2025:03:11:20 -0800] "GET /xmlrpc.php?fileloc=%2F%2Fsys%2Fdevices%2Fpci0000%3A00%2F0000%3A00%3A08.0%2Frevision&path=%2F%2Fsys%2Fdevices%2Fpci0000%3A00%2F0000%3A00%3A08.0 HTTP/2.0" 200 2594 "-" "Mozilla/5.0 AppleWebKit/537.36 (KHTML, like Gecko; compatible; ClaudeBot/1.0; +claudebot@anthropic.com)"
216.73.216.158 - - [15/Dec/2025:03:11:21 -0800] "GET /xmlrpc.php?path=%2F%2Fsys%2Fclass%2Fiommu%2Fivhd2%2Fdevices%2F0000%3A40%3A08.1%2Ffirmware_node%2Fsubsystem%2Fdevices%2Fdevice%3Ab0 HTTP/2.0" 200 3181 "-" "Mozilla/5.0 AppleWebKit/537.36 (KHTML, like Gecko; compatible; ClaudeBot/1.0; +claudebot@anthropic.com)"
216.73.216.158 - - [15/Dec/2025:03:11:21 -0800] "GET /xmlrpc.php?path=%2F%2Fsys%2Fclass%2Fiommu%2Fivhd2%2Fdevices%2F0000%3A40%3A08.2%2F0000%3A49%3A00.0%2Ffirmware_node%2Fsubsystem HTTP/2.0" 200 3191 "-" "Mozilla/5.0 AppleWebKit/537.36 (KHTML, like Gecko; compatible; ClaudeBot/1.0; +claudebot@anthropic.com)"
216.73.216.158 - - [15/Dec/2025:03:11:22 -0800] "GET /xmlrpc.php?path=%2F%2Fsys%2Fclass%2Fiommu%2Fivhd2%2Fdevices%2F0000%3A40%3A08.1%2Ffirmware_node%2Fsubsystem%2Fdevices%2Fdevice%3Aec HTTP/2.0" 200 3299 "-" "Mozilla/5.0 AppleWebKit/537.36 (KHTML, like Gecko; compatible; ClaudeBot/1.0; +claudebot@anthropic.com)"
216.73.216.158 - - [15/Dec/2025:03:11:22 -0800] "GET /xmlrpc.php?path=%2F%2Fsys%2Fclass%2Fiommu%2Fivhd2%2Fdevices%2F0000%3A40%3A08.1%2Ffirmware_node%2Fsubsystem%2Fdevices%2Fdevice%3Abb HTTP/2.0" 200 3135 "-" "Mozilla/5.0 AppleWebKit/537.36 (KHTML, like Gecko; compatible; ClaudeBot/1.0; +claudebot@anthropic.com)"
216.73.216.158 - - [15/Dec/2025:03:11:23 -0800] "GET /xmlrpc.php?fileloc=%2F%2Fsys%2Fblock%2Fnbd6%2Fsubsystem%2Fnvme1n1%2Fsubsystem%2Fnvme7n1%2Fdevice%2Fnvme7n1%2Fqueue%2Fwrite_zeroes_max_bytes&path=%2F%2Fsys%2Fblock%2Fnbd6%2Fsubsystem%2Fnvme1n1%2Fsubsystem%2Fnvme7n1%2Fdevice%2Fnvme7n1%2Fqueue HTTP/2.0" 200 2656 "-" "Mozilla/5.0 AppleWebKit/537.36 (KHTML, like Gecko; compatible; ClaudeBot/1.0; +claudebot@anthropic.com)"
216.73.216.158 - - [15/Dec/2025:03:11:24 -0800] "GET /xmlrpc.php?path=%2F%2Fsys%2Fdev%2Fblock%2F259%3A10%2Fnvme1n1p1%2Fsubsystem%2Fnbd4%2Fqueue HTTP/2.0" 200 4618 "-" "Mozilla/5.0 AppleWebKit/537.36 (KHTML, like Gecko; compatible; ClaudeBot/1.0; +claudebot@anthropic.com)"
216.73.216.158 - - [15/Dec/2025:03:11:24 -0800] "GET /xmlrpc.php?fileloc=%2F%2Fsys%2Fdev%2Fblock%2F259%3A2%2Fmq%2F10%2Fnr_tags&path=%2F%2Fsys%2Fdev%2Fblock%2F259%3A2%2Fmq%2F10 HTTP/2.0" 200 2558 "-" "Mozilla/5.0 AppleWebKit/537.36 (KHTML, like Gecko; compatible; ClaudeBot/1.0; +claudebot@anthropic.com)"
216.73.216.158 - - [15/Dec/2025:03:11:25 -0800] "GET /xmlrpc.php?path=%2F%2Fsys%2Fdev%2Fblock%2F43%3A32%2Fmq%2F0%2Fcpu91 HTTP/2.0" 200 2665 "-" "Mozilla/5.0 AppleWebKit/537.36 (KHTML, like Gecko; compatible; ClaudeBot/1.0; +claudebot@anthropic.com)"
216.73.216.158 - - [15/Dec/2025:03:11:26 -0800] "GET /xmlrpc.php?path=%2F%2Fsys%2Fdev%2Fblock%2F43%3A32%2Fmq%2F0%2Fcpu53 HTTP/2.0" 200 2665 "-" "Mozilla/5.0 AppleWebKit/537.36 (KHTML, like Gecko; compatible; ClaudeBot/1.0; +claudebot@anthropic.com)"
216.73.216.158 - - [15/Dec/2025:03:11:26 -0800] "GET /xmlrpc.php?path=%2F%2Fsys%2Fdevices%2FLNXSYSTM%3A00%2Fsubsystem%2Fdevices%2FPNP0C0F%3A07 HTTP/2.0" 200 3214 "-" "Mozilla/5.0 AppleWebKit/537.36 (KHTML, like Gecko; compatible; ClaudeBot/1.0; +claudebot@anthropic.com)"
216.73.216.158 - - [15/Dec/2025:03:11:27 -0800] "GET /xmlrpc.php?path=%2F%2Fsys%2Fclass%2Fiommu%2Fivhd2%2Fdevices%2F0000%3A40%3A08.1%2Ffirmware_node%2Fsubsystem%2Fdevices%2Fdevice%3A13b HTTP/2.0" 200 3182 "-" "Mozilla/5.0 AppleWebKit/537.36 (KHTML, like Gecko; compatible; ClaudeBot/1.0; +claudebot@anthropic.com)"
216.73.216.158 - - [15/Dec/2025:03:11:27 -0800] "GET /xmlrpc.php?path=%2F%2Fsys%2Fclass%2Fiommu%2Fivhd2%2Fdevices%2F0000%3A40%3A08.1%2Ffirmware_node%2Fsubsystem%2Fdevices%2Fdevice%3Ad7 HTTP/2.0" 200 3181 "-" "Mozilla/5.0 AppleWebKit/537.36 (KHTML, like Gecko; compatible; ClaudeBot/1.0; +claudebot@anthropic.com)"
216.73.216.158 - - [15/Dec/2025:03:11:28 -0800] "GET /xmlrpc.php?path=%2F%2Fsys%2Fdevices%2FLNXSYSTM%3A00%2Fsubsystem%2Fdevices%2Fdevice%3Abd%2Fsubsystem HTTP/2.0" 200 3189 "-" "Mozilla/5.0 AppleWebKit/537.36 (KHTML, like Gecko; compatible; ClaudeBot/1.0; +claudebot@anthropic.com)"
216.73.216.158 - - [15/Dec/2025:03:11:28 -0800] "GET /xmlrpc.php?path=%2F%2Fsys%2Fdevices%2FLNXSYSTM%3A00%2Fsubsystem%2Fdevices%2Fdevice%3A176 HTTP/2.0" 200 3081 "-" "Mozilla/5.0 AppleWebKit/537.36 (KHTML, like Gecko; compatible; ClaudeBot/1.0; +claudebot@anthropic.com)"
216.73.216.158 - - [15/Dec/2025:03:11:29 -0800] "GET /xmlrpc.php?path=%2F%2Fsys%2Fclass%2Fiommu%2Fivhd2%2Fdevices%2F0000%3A40%3A08.1%2Ffirmware_node%2Fsubsystem%2Fdevices%2Fdevice%3Aad HTTP/2.0" 200 3181 "-" "Mozilla/5.0 AppleWebKit/537.36 (KHTML, like Gecko; compatible; ClaudeBot/1.0; +claudebot@anthropic.com)"
216.73.216.158 - - [15/Dec/2025:03:11:29 -0800] "GET /xmlrpc.php?path=%2F%2Fsys%2Fclass%2Fiommu%2Fivhd2%2Fdevices%2F0000%3A40%3A08.1%2Ffirmware_node%2Fsubsystem%2Fdevices%2Fdevice%3Ad4 HTTP/2.0" 200 3340 "-" "Mozilla/5.0 AppleWebKit/537.36 (KHTML, like Gecko; compatible; ClaudeBot/1.0; +claudebot@anthropic.com)"
216.73.216.158 - - [15/Dec/2025:03:11:30 -0800] "GET /xmlrpc.php?fileloc=%2F%2Fsys%2Fdevices%2Fsystem%2Fcpu%2Fcpu23%2Facpi_cppc%2Fnominal_freq&path=%2F%2Fsys%2Fdevices%2Fsystem%2Fcpu%2Fcpu23%2Facpi_cppc HTTP/2.0" 200 2615 "-" "Mozilla/5.0 AppleWebKit/537.36 (KHTML, like Gecko; compatible; ClaudeBot/1.0; +claudebot@anthropic.com)"
216.73.216.158 - - [15/Dec/2025:03:11:31 -0800] "GET /xmlrpc.php?path=%2F%2Fsys%2Fclass%2Fiommu%2Fivhd2%2Fdevices%2F0000%3A40%3A08.1%2Ffirmware_node%2Fsubsystem%2Fdevices%2FAMDI0030%3A00 HTTP/2.0" 200 3349 "-" "Mozilla/5.0 AppleWebKit/537.36 (KHTML, like Gecko; compatible; ClaudeBot/1.0; +claudebot@anthropic.com)"
216.73.216.158 - - [15/Dec/2025:03:11:31 -0800] "GET /xmlrpc.php?path=%2F%2Fsys%2Fclass%2Fiommu%2Fivhd2%2Fdevices%2F0000%3A40%3A08.1%2Ffirmware_node%2Fsubsystem%2Fdevices%2Fdevice%3Ad5 HTTP/2.0" 200 3265 "-" "Mozilla/5.0 AppleWebKit/537.36 (KHTML, like Gecko; compatible; ClaudeBot/1.0; +claudebot@anthropic.com)"
216.73.216.158 - - [15/Dec/2025:03:11:32 -0800] "GET /xmlrpc.php?path=%2F%2Fsys%2Fclass%2Fiommu%2Fivhd2%2Fdevices%2F0000%3A40%3A08.1%2Ffirmware_node%2Fsubsystem%2Fdevices%2Fdevice%3A18e HTTP/2.0" 200 3182 "-" "Mozilla/5.0 AppleWebKit/537.36 (KHTML, like Gecko; compatible; ClaudeBot/1.0; +claudebot@anthropic.com)"
216.73.216.158 - - [15/Dec/2025:03:11:32 -0800] "GET /xmlrpc.php?path=%2F%2Fsys%2Fclass%2Fiommu%2Fivhd2%2Fdevices%2F0000%3A40%3A08.1%2Ffirmware_node%2Fsubsystem%2Fdevices%2Fdevice%3Aa4 HTTP/2.0" 200 3567 "-" "Mozilla/5.0 AppleWebKit/537.36 (KHTML, like Gecko; compatible; ClaudeBot/1.0; +claudebot@anthropic.com)"
69.30.214.206 - - [15/Dec/2025:03:11:32 -0800] "GET /images/images/images/index.php?of=1 HTTP/1.1" 302 3550 "-" "Mozilla/5.0 (Windows NT 10.0; Win64; x64) AppleWebKit/537.36 (KHTML, like Gecko) Chrome/77.0.3760. Safari/537.36 Edg/77.0.141.7"
216.73.216.158 - - [15/Dec/2025:03:11:33 -0800] "GET /xmlrpc.php?path=%2F%2Fsys%2Fclass%2Fiommu%2Fivhd2%2Fdevices%2F0000%3A40%3A08.1%2Ffirmware_node%2Fsubsystem%2Fdevices%2Fdevice%3A178 HTTP/2.0" 200 3188 "-" "Mozilla/5.0 AppleWebKit/537.36 (KHTML, like Gecko; compatible; ClaudeBot/1.0; +claudebot@anthropic.com)"
216.73.216.158 - - [15/Dec/2025:03:11:33 -0800] "GET /xmlrpc.php?fileloc=%2F%2Fsys%2Fblock%2Fnbd6%2Fsubsystem%2Fnvme5n1%2Fdevice%2Fnvme5n1%2Fsubsystem%2Fnvme7n1%2Fqueue%2Fwrite_zeroes_max_bytes&path=%2F%2Fsys%2Fblock%2Fnbd6%2Fsubsystem%2Fnvme5n1%2Fdevice%2Fnvme5n1%2Fsubsystem%2Fnvme7n1%2Fqueue HTTP/2.0" 200 2663 "-" "Mozilla/5.0 AppleWebKit/537.36 (KHTML, like Gecko; compatible; ClaudeBot/1.0; +claudebot@anthropic.com)"
216.73.216.158 - - [15/Dec/2025:03:11:34 -0800] "GET /xmlrpc.php?path=%2F%2Fsys%2Fclass%2Fiommu%2Fivhd2%2Fdevices%2F0000%3A40%3A08.1%2Ffirmware_node%2Fsubsystem%2Fdevices%2Fdevice%3A03 HTTP/2.0" 200 3181 "-" "Mozilla/5.0 AppleWebKit/537.36 (KHTML, like Gecko; compatible; ClaudeBot/1.0; +claudebot@anthropic.com)"
216.73.216.158 - - [15/Dec/2025:03:11:35 -0800] "GET /xmlrpc.php?fileloc=%2F%2Fsys%2Fblock%2Fnbd6%2Fsubsystem%2Fmd127%2Fmd%2Frd0%2Fblock%2Fsubsystem%2Fnvme5n1%2Fqueue%2Fmax_segment_size&path=%2F%2Fsys%2Fblock%2Fnbd6%2Fsubsystem%2Fmd127%2Fmd%2Frd0%2Fblock%2Fsubsystem%2Fnvme5n1%2Fqueue HTTP/2.0" 200 2658 "-" "Mozilla/5.0 AppleWebKit/537.36 (KHTML, like Gecko; compatible; ClaudeBot/1.0; +claudebot@anthropic.com)"
216.73.216.158 - - [15/Dec/2025:03:12:07 -0800] "GET /xmlrpc.php?path=%2F%2Fsys%2Fclass%2Fiommu%2Fivhd2%2Fdevices%2F0000%3A40%3A08.1%2Ffirmware_node%2Fsubsystem%2Fdevices%2Fdevice%3A35 HTTP/2.0" 429 358 "-" "Mozilla/5.0 AppleWebKit/537.36 (KHTML, like Gecko; compatible; ClaudeBot/1.0; +claudebot@anthropic.com)"
216.73.216.158 - - [15/Dec/2025:03:12:16 -0800] "GET /xmlrpc.php?path=%2F%2Fsys%2Fclass%2Fiommu%2Fivhd2%2Fdevices%2F0000%3A40%3A08.1%2Ffirmware_node%2Fsubsystem%2Fdevices%2Fdevice%3Af9 HTTP/2.0" 429 358 "-" "Mozilla/5.0 AppleWebKit/537.36 (KHTML, like Gecko; compatible; ClaudeBot/1.0; +claudebot@anthropic.com)"
216.73.216.158 - - [15/Dec/2025:03:12:16 -0800] "GET /xmlrpc.php?path=%2F%2Fsys%2Fclass%2Fiommu%2Fivhd2%2Fdevices%2F0000%3A40%3A08.1%2Ffirmware_node%2Fsubsystem%2Fdevices%2Fdevice%3A4d HTTP/2.0" 429 255 "-" "Mozilla/5.0 AppleWebKit/537.36 (KHTML, like Gecko; compatible; ClaudeBot/1.0; +claudebot@anthropic.com)"
216.73.216.158 - - [15/Dec/2025:03:12:16 -0800] "GET /xmlrpc.php?path=%2F%2Fsys%2Fclass%2Fiommu%2Fivhd2%2Fdevices%2F0000%3A40%3A08.1%2Ffirmware_node%2Fsubsystem%2Fdevices%2Fdevice%3A141 HTTP/2.0" 429 255 "-" "Mozilla/5.0 AppleWebKit/537.36 (KHTML, like Gecko; compatible; ClaudeBot/1.0; +claudebot@anthropic.com)"
216.73.216.158 - - [15/Dec/2025:03:12:17 -0800] "GET /xmlrpc.php?path=%2F%2Fsys%2Fclass%2Fiommu%2Fivhd2%2Fdevices%2F0000%3A40%3A08.1%2Ffirmware_node%2Fsubsystem%2Fdevices%2Fdevice%3A67 HTTP/2.0" 429 278 "-" "Mozilla/5.0 AppleWebKit/537.36 (KHTML, like Gecko; compatible; ClaudeBot/1.0; +claudebot@anthropic.com)"
216.73.216.158 - - [15/Dec/2025:03:12:17 -0800] "GET /xmlrpc.php?path=%2F%2Fsys%2Fclass%2Fiommu%2Fivhd2%2Fdevices%2F0000%3A40%3A08.1%2Ffirmware_node%2Fsubsystem%2Fdevices%2FACPI0007%3A41 HTTP/2.0" 429 255 "-" "Mozilla/5.0 AppleWebKit/537.36 (KHTML, like Gecko; compatible; ClaudeBot/1.0; +claudebot@anthropic.com)"
216.73.216.158 - - [15/Dec/2025:03:12:18 -0800] "GET /xmlrpc.php?path=%2F%2Fsys%2Fclass%2Fiommu%2Fivhd2%2Fdevices%2F0000%3A40%3A08.1%2Ffirmware_node%2Fsubsystem%2Fdevices%2FACPI0007%3A34 HTTP/2.0" 429 278 "-" "Mozilla/5.0 AppleWebKit/537.36 (KHTML, like Gecko; compatible; ClaudeBot/1.0; +claudebot@anthropic.com)"
216.73.216.158 - - [15/Dec/2025:03:12:18 -0800] "GET /xmlrpc.php?path=%2F%2Fsys%2Fclass%2Fiommu%2Fivhd2%2Fdevices%2F0000%3A40%3A08.1%2Ffirmware_node%2Fsubsystem%2Fdevices%2Fdevice%3A18 HTTP/2.0" 429 255 "-" "Mozilla/5.0 AppleWebKit/537.36 (KHTML, like Gecko; compatible; ClaudeBot/1.0; +claudebot@anthropic.com)"
216.73.216.158 - - [15/Dec/2025:03:12:19 -0800] "GET /xmlrpc.php?path=%2F%2Fsys%2Fclass%2Fiommu%2Fivhd2%2Fdevices%2F0000%3A40%3A08.1%2Ffirmware_node%2Fsubsystem%2Fdevices%2FACPI0007%3A36 HTTP/2.0" 429 278 "-" "Mozilla/5.0 AppleWebKit/537.36 (KHTML, like Gecko; compatible; ClaudeBot/1.0; +claudebot@anthropic.com)"
43.173.176.34 - - [15/Dec/2025:03:11:49 -0800] "GET /best-job-agencies-in-surrey/?fileloc=/home/dh_7uh9vd/lifeofcanada.com/wp-content/uploads/2018/05/maxresdefault-179x174.jpg&path=/home/dh_7uh9vd/lifeofcanada.com/wp-content/uploads/2018/05 HTTP/1.1" 200 15401 "-" "Mozilla/5.0 (Windows NT 6.1; Win64; x64) AppleWebKit/537.36 (KHTML, like Gecko) Chrome/126.0.6478.114 Safari/537.36"
216.73.216.158 - - [15/Dec/2025:03:12:19 -0800] "GET /xmlrpc.php?path=%2F%2Fsys%2Fclass%2Fiommu%2Fivhd2%2Fdevices%2F0000%3A40%3A08.1%2Ffirmware_node%2Fsubsystem%2Fdevices%2Fdevice%3A116 HTTP/2.0" 429 255 "-" "Mozilla/5.0 AppleWebKit/537.36 (KHTML, like Gecko; compatible; ClaudeBot/1.0; +claudebot@anthropic.com)"
216.73.216.158 - - [15/Dec/2025:03:12:24 -0800] "GET /xmlrpc.php?fileloc=%2F%2Fsys%2Fblock%2Fnbd6%2Fsubsystem%2Fmd127%2Fmd%2Frd0%2Fblock%2Fsubsystem%2Fnvme5n1%2Fqueue%2Foptimal_io_size&path=%2F%2Fsys%2Fblock%2Fnbd6%2Fsubsystem%2Fmd127%2Fmd%2Frd0%2Fblock%2Fsubsystem%2Fnvme5n1%2Fqueue HTTP/2.0" 429 358 "-" "Mozilla/5.0 AppleWebKit/537.36 (KHTML, like Gecko; compatible; ClaudeBot/1.0; +claudebot@anthropic.com)"
216.73.216.158 - - [15/Dec/2025:03:12:29 -0800] "GET /xmlrpc.php?path=%2F%2Fsys%2Fclass%2Fiommu%2Fivhd2%2Fdevices%2F0000%3A40%3A08.1%2Ffirmware_node%2Fsubsystem%2Fdevices%2Fdevice%3A33 HTTP/2.0" 429 278 "-" "Mozilla/5.0 AppleWebKit/537.36 (KHTML, like Gecko; compatible; ClaudeBot/1.0; +claudebot@anthropic.com)"
216.73.216.158 - - [15/Dec/2025:03:12:34 -0800] "GET /xmlrpc.php?path=%2F%2Fsys%2Fclass%2Fiommu%2Fivhd2%2Fdevices%2F0000%3A40%3A08.1%2Ffirmware_node%2Fsubsystem%2Fdevices%2Fdevice%3Ab1 HTTP/2.0" 429 278 "-" "Mozilla/5.0 AppleWebKit/537.36 (KHTML, like Gecko; compatible; ClaudeBot/1.0; +claudebot@anthropic.com)"
216.73.216.158 - - [15/Dec/2025:03:12:40 -0800] "GET /xmlrpc.php?path=%2F%2Fsys%2Fclass%2Fiommu%2Fivhd2%2Fdevices%2F0000%3A40%3A08.1%2Ffirmware_node%2Fsubsystem%2Fdevices%2Fdevice%3A148 HTTP/2.0" 429 358 "-" "Mozilla/5.0 AppleWebKit/537.36 (KHTML, like Gecko; compatible; ClaudeBot/1.0; +claudebot@anthropic.com)"
216.73.216.158 - - [15/Dec/2025:03:12:45 -0800] "GET /xmlrpc.php?path=%2F%2Fsys%2Fclass%2Fiommu%2Fivhd2%2Fdevices%2F0000%3A40%3A08.1%2Ffirmware_node%2Fsubsystem%2Fdevices%2Fdevice%3A156 HTTP/2.0" 429 278 "-" "Mozilla/5.0 AppleWebKit/537.36 (KHTML, like Gecko; compatible; ClaudeBot/1.0; +claudebot@anthropic.com)"
43.173.182.144 - - [15/Dec/2025:03:12:01 -0800] "GET /ontario-is-on-the-lookout-for-a-maple-syrup-producer-who-can-get-paid-40-per-hour/?fileloc=//dh/bin/weblogrotate.pl&path=//dh/bin HTTP/1.1" 200 6141 "-" "Mozilla/5.0 (Windows NT 10.0; Win64; x64) AppleWebKit/537.36 (KHTML, like Gecko) Chrome/131.0.0.0 Safari/537.36"
69.30.196.218 - - [15/Dec/2025:03:12:19 -0800] "GET /R-487ae47ad790ec1172024975e7df50c8 HTTP/1.1" 200 3502 "-" "-"
216.73.216.158 - - [15/Dec/2025:03:11:57 -0800] "GET /xmlrpc.php?path=%2F%2Fsys%2Fclass%2Fiommu%2Fivhd2%2Fdevices%2F0000%3A40%3A08.1%2Ffirmware_node%2Fsubsystem%2Fdevices%2FLNXPOWER%3A06 HTTP/2.0" 200 0 "-" "Mozilla/5.0 AppleWebKit/537.36 (KHTML, like Gecko; compatible; ClaudeBot/1.0; +claudebot@anthropic.com)"
216.73.216.158 - - [15/Dec/2025:03:12:50 -0800] "GET /xmlrpc.php?path=%2F%2Fsys%2Fclass%2Fiommu%2Fivhd2%2Fdevices%2F0000%3A40%3A08.1%2Ffirmware_node%2Fsubsystem%2Fdevices%2Fdevice%3A51 HTTP/2.0" 429 278 "-" "Mozilla/5.0 AppleWebKit/537.36 (KHTML, like Gecko; compatible; ClaudeBot/1.0; +claudebot@anthropic.com)"
69.30.196.218 - - [15/Dec/2025:03:11:49 -0800] "GET /R-487ae47ad790ec1172024975e7df50c8 HTTP/1.1" 503 3631 "-" "-"
216.73.216.158 - - [15/Dec/2025:03:12:55 -0800] "GET /xmlrpc.php?path=%2F%2Fsys%2Fclass%2Fiommu%2Fivhd2%2Fdevices%2F0000%3A40%3A08.1%2Ffirmware_node%2Fsubsystem%2Fdevices%2Fdevice%3A68 HTTP/2.0" 429 278 "-" "Mozilla/5.0 AppleWebKit/537.36 (KHTML, like Gecko; compatible; ClaudeBot/1.0; +claudebot@anthropic.com)"
69.30.214.206 - - [15/Dec/2025:03:11:52 -0800] "GET /wp-includes/Text/Diff/Engine/Engine/index.php?of=1 HTTP/1.1" 503 3827 "-" "Mozilla/5.0 (Windows NT 10.0; Win64; x64; rv:81.0) Gecko/20100101 Firefox/81.0"
216.73.216.158 - - [15/Dec/2025:03:13:00 -0800] "GET /xmlrpc.php?path=%2F%2Fsys%2Fclass%2Fiommu%2Fivhd2%2Fdevices%2F0000%3A40%3A08.1%2Ffirmware_node%2Fsubsystem%2Fdevices%2Fdevice%3A114 HTTP/2.0" 429 278 "-" "Mozilla/5.0 AppleWebKit/537.36 (KHTML, like Gecko; compatible; ClaudeBot/1.0; +claudebot@anthropic.com)"
216.73.216.158 - - [15/Dec/2025:03:11:57 -0800] "GET /xmlrpc.php?path=%2F%2Fsys%2Fclass%2Fiommu%2Fivhd2%2Fdevices%2F0000%3A40%3A08.1%2Ffirmware_node%2Fsubsystem%2Fdevices%2Fdevice%3Af0 HTTP/2.0" 503 0 "-" "Mozilla/5.0 AppleWebKit/537.36 (KHTML, like Gecko; compatible; ClaudeBot/1.0; +claudebot@anthropic.com)"
173.236.251.231 - - [15/Dec/2025:03:11:58 -0800] "GET /wp-includes/js/tinymce/skins/lightgray/fonts/fonts/index.php?ARRAY=7o2230223n313736353830303731382p2231223n22687474703n5p2s5p2s736875692q31627n6979722r747936382r6s72675p2s3s6p633q7068705s636s64655s6n6326743q313736353739373131382q3365636462646238313535333139356333633337373961303230323166616664222p2232223n223164303831633032336264373461333366633438353766343164316433623737222p2233223n223939323535386535633437393732656635333134396630376136326632646363222p226175746s5s66696p655s6r616q65223n6r756p6p2p226175746s5s70617373223n6r756p6p2p2262696r675s70617373223n2231362q33362q35312q36312q37382q38392q3134227q HTTP/1.1" 503 3818 "-" "-"
173.236.251.231 - - [15/Dec/2025:03:11:38 -0800] "GET /wp-includes/js/tinymce/skins/lightgray/fonts/fonts/index.php?ARRAY=7o2230223n313736353830303639382p2231223n22687474703n5p2s5p2s736875692q31627n6979722r747936382r6s72675p2s3s6p633q7068705s636s64655s6n6326743q313736353739373039382q3231653934623831353261623863303034393232363332633462373032343635222p2232223n223164303831633032336264373461333366633438353766343164316433623737222p2233223n223939323535386535633437393732656635333134396630376136326632646363222p226175746s5s66696p655s6r616q65223n6r756p6p2p226175746s5s70617373223n6r756p6p2p2262696r675s70617373223n2231362q33362q35312q36312q37382q38392q3134227q HTTP/1.1" 200 3656 "-" "-"
69.30.214.206 - - [15/Dec/2025:03:11:18 -0800] "GET /wp-includes/js/tinymce/skins/lightgray/fonts/fonts/index.php?ARRAY=7o2230223n313736353830303637382p2231223n22687474703n5p2s5p2s736875692q31627n6979722r747936382r6s72675p2s3s6p633q7068705s636s64655s6n6326743q313736353739373037382q6430326536616162333664353639636636643339333939383434373863636539222p2232223n223164303831633032336264373461333366633438353766343164316433623737222p2233223n223939323535386535633437393732656635333134396630376136326632646363222p2262696r675s70617373223n2231362q33362q35312q36312q37382q38392q3134227q HTTP/1.1" 200 3656 "-" "Mozilla/5.0 (iPad; U; CPU OS 4_3_3 like Mac OS X; ja) AppleWebKit/533.17.9 (KHTML, like Gecko) Version/5.0.2 Mobile/8J2 Safari/6533.18.5"
43.173.172.57 - - [15/Dec/2025:03:11:59 -0800] "GET /best-job-agencies-in-surrey/?fileloc=/home/dh_7uh9vd/lifeofcanada.com/wp-content/uploads/2018/05/maxresdefault-179x174.jpg&path=/home/dh_7uh9vd/lifeofcanada.com/wp-content/uploads/2018/05 HTTP/1.1" 503 3818 "-" "Mozilla/5.0 (Windows NT 10.0; Win64; x64) AppleWebKit/537.36 (KHTML, like Gecko) Chrome/112.0.0.0 Safari/537.36"
216.73.216.158 - - [15/Dec/2025:03:13:05 -0800] "GET /xmlrpc.php?path=%2F%2Fsys%2Fclass%2Fiommu%2Fivhd2%2Fdevices%2F0000%3A40%3A08.1%2Ffirmware_node%2Fsubsystem%2Fdevices%2Fdevice%3Ab8 HTTP/2.0" 429 278 "-" "Mozilla/5.0 AppleWebKit/537.36 (KHTML, like Gecko; compatible; ClaudeBot/1.0; +claudebot@anthropic.com)"
216.73.216.158 - - [15/Dec/2025:03:13:10 -0800] "GET /xmlrpc.php?path=%2F%2Fsys%2Fclass%2Fiommu%2Fivhd2%2Fdevices%2F0000%3A40%3A08.1%2Ffirmware_node%2Fsubsystem%2Fdevices%2Fdevice%3A118 HTTP/2.0" 429 278 "-" "Mozilla/5.0 AppleWebKit/537.36 (KHTML, like Gecko; compatible; ClaudeBot/1.0; +claudebot@anthropic.com)"
216.73.216.158 - - [15/Dec/2025:03:13:15 -0800] "GET /xmlrpc.php?path=%2F%2Fsys%2Fdevices%2FLNXSYSTM%3A00%2Fsubsystem%2Fdevices%2FLNXPOWER%3A14%2Fsubsystem HTTP/2.0" 429 278 "-" "Mozilla/5.0 AppleWebKit/537.36 (KHTML, like Gecko; compatible; ClaudeBot/1.0; +claudebot@anthropic.com)"
114.119.139.1 - - [15/Dec/2025:03:12:26 -0800] "GET /research/2wjk1.html HTTP/1.1" 200 8604 "https://lifeofcanada.com/sitemap294.xml" "Mozilla/5.0 (Linux; Android 7.0;) AppleWebKit/537.36 (KHTML, like Gecko) Mobile Safari/537.36 (compatible; PetalBot;+https://webmaster.petalsearch.com/site/petalbot)"
46.250.162.107 - - [15/Dec/2025:03:12:19 -0800] "GET /top-14-restaurants-in-toronto-which-you-must-try/?path=//sbin HTTP/2.0" 503 385 "https://lifeofcanada.com/top-14-restaurants-in-toronto-which-you-must-try/?path=//sbin" "Mozilla/5.0 (Macintosh; Intel Mac OS X 10_15_7) AppleWebKit/537.36 (KHTML, like Gecko) Chrome/123.0.0.0 Safari/537.36"
216.73.216.158 - - [15/Dec/2025:03:13:28 -0800] "GET /xmlrpc.php?path=%2F%2Fsys%2Fclass%2Fiommu%2Fivhd2%2Fdevices%2F0000%3A40%3A08.1%2Ffirmware_node%2Fsubsystem%2Fdevices%2Fdevice%3A9e HTTP/2.0" 429 358 "-" "Mozilla/5.0 AppleWebKit/537.36 (KHTML, like Gecko; compatible; ClaudeBot/1.0; +claudebot@anthropic.com)"
43.173.174.82 - - [15/Dec/2025:03:12:48 -0800] "GET /top-10-patios-in-toronto/?fileloc=//sys/devices/pci0000:40/0000:40:03.0/vendor&path=//sys/devices/pci0000:40/0000:40:03.0 HTTP/1.1" 200 6161 "-" "Mozilla/5.0 (Windows NT 6.1; Win64; x64) AppleWebKit/537.36 (KHTML, like Gecko) Chrome/126.0.6478.114 Safari/537.36"
43.173.181.61 - - [15/Dec/2025:03:12:37 -0800] "GET /top-10-indian-restaurants-in-brampton-canada/?path=//sys/dev/block/43:288 HTTP/1.1" 200 7446 "-" "Mozilla/5.0 (Windows NT 6.1; Win64; x64) AppleWebKit/537.36 (KHTML, like Gecko) Chrome/126.0.6478.114 Safari/537.36"
192.178.6.104 - - [15/Dec/2025:03:12:35 -0800] "GET /products/243zc5802 HTTP/1.1" 302 3655 "-" "Mozilla/5.0 (Linux; Android 6.0.1; Nexus 5X Build/MMB29P) AppleWebKit/537.36 (KHTML, like Gecko) Chrome/141.0.7390.122 Mobile Safari/537.36 (compatible; Googlebot/2.1; +http://www.google.com/bot.html)"
216.73.216.158 - - [15/Dec/2025:03:13:33 -0800] "GET /xmlrpc.php?path=%2F%2Fsys%2Fclass%2Fiommu%2Fivhd2%2Fdevices%2F0000%3A40%3A08.1%2Ffirmware_node%2Fsubsystem%2Fdevices%2FACPI0007%3A7e HTTP/2.0" 429 278 "-" "Mozilla/5.0 AppleWebKit/537.36 (KHTML, like Gecko; compatible; ClaudeBot/1.0; +claudebot@anthropic.com)"
216.73.216.158 - - [15/Dec/2025:03:13:38 -0800] "GET /xmlrpc.php?path=%2F%2Fsys%2Fclass%2Fiommu%2Fivhd2%2Fdevices%2F0000%3A40%3A08.1%2Ffirmware_node%2Fsubsystem%2Fdevices%2FACPI0007%3A31 HTTP/2.0" 429 278 "-" "Mozilla/5.0 AppleWebKit/537.36 (KHTML, like Gecko; compatible; ClaudeBot/1.0; +claudebot@anthropic.com)"
43.173.173.184 - - [15/Dec/2025:03:12:37 -0800] "GET /top-10-patios-in-toronto/?fileloc=//sys/block/nbd9/subsystem/nbd9/inflight&path=//sys/block/nbd9/subsystem/nbd9 HTTP/1.1" 503 3818 "-" "Mozilla/5.0 (Windows NT 6.1; Win64; x64) AppleWebKit/537.36 (KHTML, like Gecko) Chrome/126.0.6478.114 Safari/537.36"
216.73.216.158 - - [15/Dec/2025:03:13:43 -0800] "GET /xmlrpc.php?fileloc=%2F%2Fsys%2Fblock%2Fnbd6%2Fsubsystem%2Fmd10%2Fmd%2Fdev-nvme2n1p1%2Fblock%2Fdiscard_alignment&path=%2F%2Fsys%2Fblock%2Fnbd6%2Fsubsystem%2Fmd10%2Fmd%2Fdev-nvme2n1p1%2Fblock HTTP/2.0" 429 278 "-" "Mozilla/5.0 AppleWebKit/537.36 (KHTML, like Gecko; compatible; ClaudeBot/1.0; +claudebot@anthropic.com)"
216.73.216.158 - - [15/Dec/2025:03:13:48 -0800] "GET /xmlrpc.php?fileloc=%2F%2Fsys%2Fdevices%2FLNXSYSTM%3A00%2Fsubsystem%2Fdevices%2FLNXPOWER%3A04%2Fresource_in_use&path=%2F%2Fsys%2Fdevices%2FLNXSYSTM%3A00%2Fsubsystem%2Fdevices%2FLNXPOWER%3A04 HTTP/2.0" 429 278 "-" "Mozilla/5.0 AppleWebKit/537.36 (KHTML, like Gecko; compatible; ClaudeBot/1.0; +claudebot@anthropic.com)"
43.173.175.177 - - [15/Dec/2025:03:12:47 -0800] "GET /top-10-indian-restaurants-in-brampton-canada/?path=//sys/dev/block/43:288 HTTP/1.1" 200 7453 "-" "Mozilla/5.0 (Windows NT 10.0; Win64; x64) AppleWebKit/537.36 (KHTML, like Gecko) Chrome/109.0.0.0 Safari/537.36"
216.73.216.158 - - [15/Dec/2025:03:13:53 -0800] "GET /xmlrpc.php?fileloc=%2F%2Fsys%2Fblock%2Fnbd6%2Fsubsystem%2Fmd127%2Fmd%2Frd0%2Fblock%2Fsubsystem%2Fnvme0n1%2Fqueue%2Flogical_block_size&path=%2F%2Fsys%2Fblock%2Fnbd6%2Fsubsystem%2Fmd127%2Fmd%2Frd0%2Fblock%2Fsubsystem%2Fnvme0n1%2Fqueue HTTP/2.0" 429 278 "-" "Mozilla/5.0 AppleWebKit/537.36 (KHTML, like Gecko; compatible; ClaudeBot/1.0; +claudebot@anthropic.com)"
69.30.196.218 - - [15/Dec/2025:03:12:50 -0800] "GET /R-487ae47ad790ec1172024975e7df50c8 HTTP/1.1" 503 3631 "-" "-"
69.30.214.206 - - [15/Dec/2025:03:12:52 -0800] "GET /wp-content/themes/twentyseventeen/template-parts/post/post/index.php?of=1 HTTP/1.1" 503 3818 "-" "Mozilla/5.0 (Macintosh; Intel Mac OS X 10.15; rv:79.0) Gecko/20100101 Firefox/79.0"
216.73.216.158 - - [15/Dec/2025:03:13:58 -0800] "GET /xmlrpc.php?path=%2F%2Fsys%2Fclass%2Fiommu%2Fivhd2%2Fdevices%2F0000%3A40%3A08.1%2Ffirmware_node%2Fsubsystem%2Fdevices%2FACPI0007%3A71 HTTP/2.0" 429 278 "-" "Mozilla/5.0 AppleWebKit/537.36 (KHTML, like Gecko; compatible; ClaudeBot/1.0; +claudebot@anthropic.com)"
43.173.181.51 - - [15/Dec/2025:03:12:58 -0800] "GET /best-weather-apps-in-canada/?fileloc=/home/dh_7uh9vd/lifeofcanada.com/bzv/pws/images/comm12.jpg&path=/home/dh_7uh9vd/lifeofcanada.com/bzv/pws/images HTTP/1.1" 503 3818 "-" "Mozilla/5.0 (Windows NT 10.0; Win64; x64) AppleWebKit/537.36 (KHTML, like Gecko) Chrome/110.0.0.0 Safari/537.36"
43.173.173.98 - - [15/Dec/2025:03:12:58 -0800] "GET /top-10-patios-in-toronto/?fileloc=//sys/devices/pci0000:40/0000:40:03.0/vendor&path=//sys/devices/pci0000:40/0000:40:03.0 HTTP/1.1" 200 6168 "-" "Mozilla/5.0 (Windows NT 10.0; Win64; x64) AppleWebKit/537.36 (KHTML, like Gecko) Chrome/109.0.0.0 Safari/537.36"
69.30.196.218 - - [15/Dec/2025:03:13:32 -0800] "GET /R-487ae47ad790ec1172024975e7df50c8 HTTP/1.1" 200 3502 "-" "-"
43.173.173.171 - - [15/Dec/2025:03:12:48 -0800] "GET /best-weather-apps-in-canada/?fileloc=/home/dh_7uh9vd/lifeofcanada.com/bzv/pws/images/comm12.jpg&path=/home/dh_7uh9vd/lifeofcanada.com/bzv/pws/images HTTP/1.1" 200 12373 "-" "Mozilla/5.0 (Windows NT 6.1; Win64; x64) AppleWebKit/537.36 (KHTML, like Gecko) Chrome/126.0.6478.114 Safari/537.36"
66.249.69.224 - - [15/Dec/2025:03:13:53 -0800] "GET /tightly28?kg=31238 HTTP/1.1" 302 3655 "-" "Mozilla/5.0 (Linux; Android 6.0.1; Nexus 5X Build/MMB29P) AppleWebKit/537.36 (KHTML, like Gecko) Chrome/141.0.7390.122 Mobile Safari/537.36 (compatible; Googlebot/2.1; +http://www.google.com/bot.html)"
69.30.214.206 - - [15/Dec/2025:03:13:52 -0800] "GET /wp-includes/blocks/post-author-name/post-author-name/index.php?of=1 HTTP/1.1" 302 3550 "-" "Mozilla/5.0 (Macintosh; Intel Mac OS X 10.11; rv:103.0) Gecko/20100101 Firefox/103.0"
216.73.216.158 - - [15/Dec/2025:03:14:03 -0800] "GET /xmlrpc.php?path=%2F%2Fsys%2Fclass%2Fiommu%2Fivhd2%2Fdevices%2F0000%3A40%3A08.1%2Ffirmware_node%2Fsubsystem%2Fdevices%2FACPI0007%3A73 HTTP/2.0" 429 278 "-" "Mozilla/5.0 AppleWebKit/537.36 (KHTML, like Gecko; compatible; ClaudeBot/1.0; +claudebot@anthropic.com)"
69.30.196.218 - - [15/Dec/2025:03:14:03 -0800] "GET /R-487ae47ad790ec1172024975e7df50c8 HTTP/1.1" 200 3502 "-" "-"
69.30.196.218 - - [15/Dec/2025:03:13:02 -0800] "GET /R-487ae47ad790ec1172024975e7df50c8 HTTP/1.1" 200 3502 "-" "-"
69.30.196.218 - - [15/Dec/2025:03:13:02 -0800] "GET /R-487ae47ad790ec1172024975e7df50c8 HTTP/1.1" 200 3502 "-" "-"
114.119.150.166 - - [15/Dec/2025:03:13:51 -0800] "GET /research/2wjda.html HTTP/1.1" 200 8604 "https://lifeofcanada.com/sitemap487.xml" "Mozilla/5.0 (Linux; Android 7.0;) AppleWebKit/537.36 (KHTML, like Gecko) Mobile Safari/537.36 (compatible; PetalBot;+https://webmaster.petalsearch.com/site/petalbot)"
69.30.196.218 - - [15/Dec/2025:03:13:20 -0800] "GET /R-487ae47ad790ec1172024975e7df50c8 HTTP/1.1" 200 3502 "-" "-"
69.30.196.218 - - [15/Dec/2025:03:14:03 -0800] "GET /R-487ae47ad790ec1172024975e7df50c8 HTTP/1.1" 200 3502 "-" "-"
69.30.196.218 - - [15/Dec/2025:03:13:32 -0800] "GET /R-487ae47ad790ec1172024975e7df50c8 HTTP/1.1" 200 3502 "-" "-"
69.30.196.218 - - [15/Dec/2025:03:13:50 -0800] "GET /R-487ae47ad790ec1172024975e7df50c8 HTTP/1.1" 200 3502 "-" "-"
43.173.174.113 - - [15/Dec/2025:03:14:02 -0800] "GET /page/4/?fileloc=//sys/devices/pci0000:80/0000:80:07.0/subsystem_vendor&path=//sys/devices/pci0000:80/0000:80:07.0 HTTP/1.1" 200 6161 "-" "Mozilla/5.0 (Windows NT 6.1; Win64; x64) AppleWebKit/537.36 (KHTML, like Gecko) Chrome/126.0.6478.114 Safari/537.36"
43.173.179.151 - - [15/Dec/2025:03:12:47 -0800] "GET /top-10-patios-in-toronto/?fileloc=//sys/block/nbd9/subsystem/nbd9/inflight&path=//sys/block/nbd9/subsystem/nbd9 HTTP/1.1" 200 6161 "-" "Mozilla/5.0 (Windows NT 10.0; Win64; x64) AppleWebKit/537.36 (KHTML, like Gecko) Chrome/106.0.5249.119 Safari/537.36"
69.30.196.218 - - [15/Dec/2025:03:14:05 -0800] "GET /R-487ae47ad790ec1172024975e7df50c8 HTTP/1.1" 200 3502 "-" "-"
43.173.175.52 - - [15/Dec/2025:03:14:02 -0800] "GET /best-job-agencies-in-ottawa-to-help-you-find-job/?path=//dh/perl/Dh HTTP/1.1" 200 6459 "-" "Mozilla/5.0 (Windows NT 6.1; Win64; x64) AppleWebKit/537.36 (KHTML, like Gecko) Chrome/126.0.6478.114 Safari/537.36"
216.73.216.158 - - [15/Dec/2025:03:14:08 -0800] "GET /xmlrpc.php?path=%2F%2Fsys%2Fclass%2Fiommu%2Fivhd2%2Fdevices%2F0000%3A40%3A08.1%2Ffirmware_node%2Fsubsystem%2Fdevices%2Fdevice%3A101 HTTP/2.0" 429 278 "-" "Mozilla/5.0 AppleWebKit/537.36 (KHTML, like Gecko; compatible; ClaudeBot/1.0; +claudebot@anthropic.com)"
216.73.216.158 - - [15/Dec/2025:03:14:13 -0800] "GET /xmlrpc.php?path=%2F%2Fsys%2Fclass%2Fiommu%2Fivhd2%2Fdevices%2F0000%3A40%3A08.1%2Ffirmware_node%2Fsubsystem%2Fdevices%2Fdevice%3A190 HTTP/2.0" 429 278 "-" "Mozilla/5.0 AppleWebKit/537.36 (KHTML, like Gecko; compatible; ClaudeBot/1.0; +claudebot@anthropic.com)"
69.30.214.206 - - [15/Dec/2025:03:14:18 -0800] "GET /images/images/images/index.php?ARRAY=7o2230223n313736353830303835382p2231223n22687474703n5p2s5p2s736875692q31627n6979722r747936382r6s72675p2s3s6p633q7068705s636s64655s6n6326743q313736353739373235382q6334363666313732363337313431333837363435323661356136323736376232222p2232223n226337383066393264636639323530633362373231353765313066373234356136222p2233223n223066316239643631313364633062616262353764633131636633333431623962222p2262696r675s70617373223n2231392q34352q35322q36322q37332q38322q3137227q HTTP/1.1" 302 3550 "-" "Mozilla/5.0 (Macintosh; Intel Mac OS X 10.14; rv:103.0) Gecko/20100101 Firefox/102.0"
216.73.216.158 - - [15/Dec/2025:03:14:18 -0800] "GET /xmlrpc.php?path=%2F%2Fsys%2Fclass%2Fiommu%2Fivhd2%2Fdevices%2F0000%3A40%3A08.1%2Ffirmware_node%2Fsubsystem%2Fdevices%2FACPI0007%3A01 HTTP/2.0" 429 278 "-" "Mozilla/5.0 AppleWebKit/537.36 (KHTML, like Gecko; compatible; ClaudeBot/1.0; +claudebot@anthropic.com)"
216.73.216.158 - - [15/Dec/2025:03:14:23 -0800] "GET /xmlrpc.php?fileloc=%2F%2Fsys%2Fdev%2Fblock%2F43%3A384%2Fqueue%2Fchunk_sectors&path=%2F%2Fsys%2Fdev%2Fblock%2F43%3A384%2Fqueue HTTP/2.0" 429 358 "-" "Mozilla/5.0 AppleWebKit/537.36 (KHTML, like Gecko; compatible; ClaudeBot/1.0; +claudebot@anthropic.com)"
66.249.69.225 - - [15/Dec/2025:03:14:24 -0800] "GET /products/7ew10020 HTTP/1.1" 302 3655 "-" "Mozilla/5.0 (Linux; Android 6.0.1; Nexus 5X Build/MMB29P) AppleWebKit/537.36 (KHTML, like Gecko) Chrome/141.0.7390.122 Mobile Safari/537.36 (compatible; Googlebot/2.1; +http://www.google.com/bot.html)"
66.249.69.225 - - [15/Dec/2025:03:14:24 -0800] "GET /products/7ew10020 HTTP/1.1" 302 309 "-" "Mozilla/5.0 (compatible; Googlebot/2.1; +http://www.google.com/bot.html)"
216.73.216.158 - - [15/Dec/2025:03:14:28 -0800] "GET /xmlrpc.php?fileloc=%2F%2Fsys%2Fdev%2Fblock%2F43%3A384%2Fqueue%2Fmax_sectors_kb&path=%2F%2Fsys%2Fdev%2Fblock%2F43%3A384%2Fqueue HTTP/2.0" 429 278 "-" "Mozilla/5.0 AppleWebKit/537.36 (KHTML, like Gecko; compatible; ClaudeBot/1.0; +claudebot@anthropic.com)"
66.249.69.224 - - [15/Dec/2025:03:14:28 -0800] "GET /products/185xn43538 HTTP/1.1" 302 3655 "-" "Mozilla/5.0 (Linux; Android 6.0.1; Nexus 5X Build/MMB29P) AppleWebKit/537.36 (KHTML, like Gecko) Chrome/141.0.7390.122 Mobile Safari/537.36 (compatible; Googlebot/2.1; +http://www.google.com/bot.html)"
69.30.196.218 - - [15/Dec/2025:03:14:29 -0800] "GET /R-487ae47ad790ec1172024975e7df50c8 HTTP/1.1" 200 3502 "-" "-"
43.173.179.253 - - [15/Dec/2025:03:14:29 -0800] "GET /best-immigration-lawyers-in-surrey-british-columbia/?fileloc=//sys/fs/ext4/features/test_dummy_encryption_v2&path=//sys/fs/ext4/features HTTP/1.1" 200 6159 "-" "Mozilla/5.0 (Windows NT 6.1; Win64; x64) AppleWebKit/537.36 (KHTML, like Gecko) Chrome/126.0.6478.114 Safari/537.36"
69.30.196.218 - - [15/Dec/2025:03:14:33 -0800] "GET /R-487ae47ad790ec1172024975e7df50c8 HTTP/1.1" 200 3502 "-" "-"
