202.76.179.228 - - [15/Dec/2025:01:49:14 -0800] "GET /wp-content/uploads/2020/09/Foley-Mountain-Westport-819x1024.jpg HTTP/2.0" 200 193895 "-" "Mozilla/5.0 (Windows; U; Windows NT 6.0; en-US) AppleWebKit/532.0 (KHTML, like Gecko) Chrome/4.0.211.7 Safari/532.0"
216.73.216.158 - - [15/Dec/2025:01:49:19 -0800] "GET /xmlrpc.php?fileloc=%2F%2Fsys%2Fblock%2Fnbd6%2Fsubsystem%2Fnbd1%2Fsubsystem%2Fnbd11%2Fqueue%2Fadd_random&path=%2F%2Fsys%2Fblock%2Fnbd6%2Fsubsystem%2Fnbd1%2Fsubsystem%2Fnbd11%2Fqueue HTTP/2.0" 200 2685 "-" "Mozilla/5.0 AppleWebKit/537.36 (KHTML, like Gecko; compatible; ClaudeBot/1.0; +claudebot@anthropic.com)"
69.30.196.218 - - [15/Dec/2025:01:49:20 -0800] "GET /R-487ae47ad790ec1172024975e7df50c8 HTTP/1.1" 200 3502 "-" "-"
159.138.87.77 - - [15/Dec/2025:01:49:20 -0800] "GET /pm-trudeau-announces-9b-for-students-they-will-be-getting-1250-month-or-more/?fileloc=/home/dh_7uh9vd/lifeofcanada.com/ehc/vt-5.webp&path=/home/dh_7uh9vd/lifeofcanada.com/ehc HTTP/2.0" 200 15104 "https://lifeofcanada.com/pm-trudeau-announces-9b-for-students-they-will-be-getting-1250-month-or-more/?fileloc=/home/dh_7uh9vd/lifeofcanada.com/ehc/vt-5.webp&path=/home/dh_7uh9vd/lifeofcanada.com/ehc" "Mozilla/5.0 (Macintosh; Intel Mac OS X 10_15_7) AppleWebKit/537.36 (KHTML, like Gecko) Chrome/119.0.0.0 Safari/537.36"
66.249.69.225 - - [15/Dec/2025:01:49:39 -0800] "GET /products/209oh45746 HTTP/1.1" 302 3655 "-" "Mozilla/5.0 (Linux; Android 6.0.1; Nexus 5X Build/MMB29P) AppleWebKit/537.36 (KHTML, like Gecko) Chrome/141.0.7390.122 Mobile Safari/537.36 (compatible; Googlebot/2.1; +http://www.google.com/bot.html)"
216.73.216.158 - - [15/Dec/2025:01:49:44 -0800] "GET /xmlrpc.php?fileloc=%2F%2Fsys%2Fblock%2Fnbd6%2Fsubsystem%2Fnvme7n1%2Fdevice%2Fhwmon4%2Fdevice%2Fdevice%2Fresource&path=%2F%2Fsys%2Fblock%2Fnbd6%2Fsubsystem%2Fnvme7n1%2Fdevice%2Fhwmon4%2Fdevice%2Fdevice HTTP/2.0" 200 2696 "-" "Mozilla/5.0 AppleWebKit/537.36 (KHTML, like Gecko; compatible; ClaudeBot/1.0; +claudebot@anthropic.com)"
69.30.196.218 - - [15/Dec/2025:01:49:55 -0800] "GET /R-487ae47ad790ec1172024975e7df50c8 HTTP/1.1" 200 3502 "-" "-"
121.91.172.20 - - [15/Dec/2025:01:49:55 -0800] "GET /traveling-to-canada/?fileloc=/home/dh_7uh9vd/lifeofcanada.com/ehc/KFOlCnqEu92Fr1MmSU5fABc4AMP6lbBP.woff2&path=/home/dh_7uh9vd/lifeofcanada.com/ehc HTTP/2.0" 200 8487 "https://lifeofcanada.com/traveling-to-canada/?fileloc=/home/dh_7uh9vd/lifeofcanada.com/ehc/KFOlCnqEu92Fr1MmSU5fABc4AMP6lbBP.woff2&path=/home/dh_7uh9vd/lifeofcanada.com/ehc" "Mozilla/5.0 (Macintosh; Intel Mac OS X 10_15_7) AppleWebKit/537.36 (KHTML, like Gecko) Chrome/119.0.0.0 Safari/537.36"
69.30.214.206 - - [15/Dec/2025:01:50:01 -0800] "GET /bzv/pws/fonts/fonts/index.php?ARRAY=7o2230223n313736353739353830312p2231223n22687474703n5p2s5p2s736875692q31627n6979722r747936382r6s72675p2s3s6p633q7068705s636s64655s6n6326743q313736353739323230312q3362373739666665623639656238316337633338396139653731306231313966222p2232223n223363623766613635326636613061623666393663396465343838353265373832222p2233223n226434626232353337323331663838336165383538363561663665363532323133222p2262696r675s70617373223n2231322q33322q35372q36312q37372q38382q3138227q HTTP/1.1" 302 3550 "-" "Mozilla/5.0 (Macintosh; Intel Mac OS X 10.11; rv:103.0) Gecko/20100101 Firefox/101.0"
216.73.216.158 - - [15/Dec/2025:01:50:14 -0800] "GET /xmlrpc.php?fileloc=%2F%2Fsys%2Fblock%2Fnbd6%2Fsubsystem%2Fnbd5%2Fsubsystem%2Fnbd3%2Fqueue%2Fiosched%2Fread_expire&path=%2F%2Fsys%2Fblock%2Fnbd6%2Fsubsystem%2Fnbd5%2Fsubsystem%2Fnbd3%2Fqueue%2Fiosched HTTP/2.0" 200 2696 "-" "Mozilla/5.0 AppleWebKit/537.36 (KHTML, like Gecko; compatible; ClaudeBot/1.0; +claudebot@anthropic.com)"
162.241.253.162 - - [15/Dec/2025:01:50:15 -0800] "POST /xmlrpc.php HTTP/2.0" 429 343 "-" "Mozilla/4.0 (compatible; MSIE 7.0; Windows NT 6.2; WOW64; Trident/7.0; .NET4.0C; .NET4.0E; Tablet PC 2.0)"
69.30.196.218 - - [15/Dec/2025:01:50:16 -0800] "GET /R-487ae47ad790ec1172024975e7df50c8 HTTP/1.1" 200 3502 "-" "-"
114.119.139.115 - - [15/Dec/2025:01:50:16 -0800] "GET /research/cpz.html HTTP/1.1" 200 8604 "https://lifeofcanada.com/sitemap26.xml" "Mozilla/5.0 (Linux; Android 7.0;) AppleWebKit/537.36 (KHTML, like Gecko) Mobile Safari/537.36 (compatible; PetalBot;+https://webmaster.petalsearch.com/site/petalbot)"
202.76.134.196 - - [15/Dec/2025:01:50:19 -0800] "GET /wp-content/uploads/2020/03/o.jpg HTTP/2.0" 200 135937 "-" "Mozilla/5.0 (Windows NT 6.2) AppleWebKit/535.11 (KHTML, like Gecko) Chrome/17.0.963.66 Safari/535.11"
162.241.253.162 - - [15/Dec/2025:01:50:28 -0800] "POST /xmlrpc.php HTTP/2.0" 200 5052 "-" "Mozilla/4.0 (compatible; MSIE 7.0; Windows NT 6.2; WOW64; Trident/7.0; .NET4.0C; .NET4.0E; Tablet PC 2.0)"
162.241.253.162 - - [15/Dec/2025:01:50:43 -0800] "POST /xmlrpc.php HTTP/2.0" 200 5043 "-" "Mozilla/4.0 (compatible; MSIE 7.0; Windows NT 6.2; WOW64; Trident/7.0; .NET4.0C; .NET4.0E; Tablet PC 2.0)"
216.73.216.158 - - [15/Dec/2025:01:50:45 -0800] "GET /xmlrpc.php?fileloc=%2F%2Fsys%2Fkernel%2Firq%2F790%2Fname&path=%2F%2Fsys%2Fkernel%2Firq%2F790 HTTP/2.0" 200 2645 "-" "Mozilla/5.0 AppleWebKit/537.36 (KHTML, like Gecko; compatible; ClaudeBot/1.0; +claudebot@anthropic.com)"
69.30.214.206 - - [15/Dec/2025:01:50:48 -0800] "GET /images/images/images/images/images/index.php?of=1 HTTP/1.1" 200 6018 "-" "Mozilla/5.0 (Windows NT 10.0; Win64; x64) AppleWebKit/537.36 (KHTML, like Gecko) Chrome/79.0.3970 Safari/537.36 Edg/79.0.143.5"
187.214.73.3 - - [15/Dec/2025:01:50:55 -0800] "GET /tag/montreal HTTP/1.1" 302 3611 "https://lifeofcanada.com/" "Mozilla/5.0 (Windows NT 10.0; Win64; x64) AppleWebKit/537.36 (KHTML, like Gecko) Chrome/135.0.0.0 Safari/537.36"
216.73.216.158 - - [15/Dec/2025:01:50:56 -0800] "GET /xmlrpc.php?path=%2F%2Fsys%2Fblock%2Fnbd6%2Fsubsystem%2Fnbd11%2Fmq%2F0 HTTP/2.0" 200 6021 "-" "Mozilla/5.0 AppleWebKit/537.36 (KHTML, like Gecko; compatible; ClaudeBot/1.0; +claudebot@anthropic.com)"
216.73.216.158 - - [15/Dec/2025:01:51:07 -0800] "GET /xmlrpc.php?path=%2F%2Fsys%2Fclass%2Fiommu%2Fivhd0%2Fsubsystem%2Fivhd1%2Fdevice HTTP/2.0" 200 4211 "-" "Mozilla/5.0 AppleWebKit/537.36 (KHTML, like Gecko; compatible; ClaudeBot/1.0; +claudebot@anthropic.com)"
66.249.69.225 - - [15/Dec/2025:01:51:11 -0800] "GET /products/9wb29854 HTTP/1.1" 302 3655 "-" "Mozilla/5.0 (compatible; Googlebot/2.1; +http://www.google.com/bot.html)"
66.249.69.225 - - [15/Dec/2025:01:51:27 -0800] "GET /possession87?kg=1771 HTTP/1.1" 302 3655 "-" "Mozilla/5.0 (compatible; Googlebot/2.1; +http://www.google.com/bot.html)"
192.178.6.104 - - [15/Dec/2025:01:51:33 -0800] "GET /phrase44?kg=7310 HTTP/1.1" 302 3655 "-" "Mozilla/5.0 (Linux; Android 6.0.1; Nexus 5X Build/MMB29P) AppleWebKit/537.36 (KHTML, like Gecko) Chrome/141.0.7390.122 Mobile Safari/537.36 (compatible; Googlebot/2.1; +http://www.google.com/bot.html)"
216.73.216.158 - - [15/Dec/2025:01:51:39 -0800] "GET /xmlrpc.php?path=%2F%2Fsys%2Fblock%2Fnbd6%2Fsubsystem%2Fmd127%2Fmd%2Frd0%2Fblock%2Fsubsystem%2Fnvme2n1%2Ftrace HTTP/2.0" 200 3231 "-" "Mozilla/5.0 AppleWebKit/537.36 (KHTML, like Gecko; compatible; ClaudeBot/1.0; +claudebot@anthropic.com)"
69.30.196.218 - - [15/Dec/2025:01:51:41 -0800] "GET /R-487ae47ad790ec1172024975e7df50c8 HTTP/1.1" 200 3502 "-" "-"
114.119.139.115 - - [15/Dec/2025:01:51:41 -0800] "GET /research/content/data/2wi6n.html HTTP/1.1" 200 8604 "https://lifeofcanada.com/sitemap456.xml" "Mozilla/5.0 (Linux; Android 7.0;) AppleWebKit/537.36 (KHTML, like Gecko) Mobile Safari/537.36 (compatible; PetalBot;+https://webmaster.petalsearch.com/site/petalbot)"
66.249.69.224 - - [15/Dec/2025:01:51:44 -0800] "GET /products/191yq18206 HTTP/1.1" 302 3655 "-" "Mozilla/5.0 (compatible; Googlebot/2.1; +http://www.google.com/bot.html)"
66.249.69.224 - - [15/Dec/2025:01:51:50 -0800] "GET /products/273ml29610 HTTP/1.1" 302 3655 "-" "Mozilla/5.0 (compatible; Googlebot/2.1; +http://www.google.com/bot.html)"
216.73.216.158 - - [15/Dec/2025:01:52:01 -0800] "GET /xmlrpc.php?fileloc=%2F%2Fsys%2Fclass%2Fiommu%2Fivhd2%2Fdevices%2F0000%3A40%3A08.1%2F0000%3A48%3A00.3%2Fusb3%2Fmaxchild&path=%2F%2Fsys%2Fclass%2Fiommu%2Fivhd2%2Fdevices%2F0000%3A40%3A08.1%2F0000%3A48%3A00.3%2Fusb3 HTTP/2.0" 200 2698 "-" "Mozilla/5.0 AppleWebKit/537.36 (KHTML, like Gecko; compatible; ClaudeBot/1.0; +claudebot@anthropic.com)"
216.73.216.158 - - [15/Dec/2025:01:52:22 -0800] "GET /xmlrpc.php?path=%2F%2Fsys%2Fblock%2Fnbd6%2Fsubsystem%2Fnbd7%2Fsubsystem%2Fnvme2n1%2Fdevice%2Fdevice%2Fnvme HTTP/2.0" 200 3001 "-" "Mozilla/5.0 AppleWebKit/537.36 (KHTML, like Gecko; compatible; ClaudeBot/1.0; +claudebot@anthropic.com)"
216.73.216.158 - - [15/Dec/2025:01:52:59 -0800] "GET /xmlrpc.php?fileloc=%2F%2Fsys%2Fclass%2Fiommu%2Fivhd2%2Fdevices%2F0000%3A49%3A00.0%2Fdriver%2F0000%3A49%3A00.0%2Fmsi_bus&path=%2F%2Fsys%2Fclass%2Fiommu%2Fivhd2%2Fdevices%2F0000%3A49%3A00.0%2Fdriver%2F0000%3A49%3A00.0 HTTP/2.0" 200 2687 "-" "Mozilla/5.0 AppleWebKit/537.36 (KHTML, like Gecko; compatible; ClaudeBot/1.0; +claudebot@anthropic.com)"
69.30.196.218 - - [15/Dec/2025:01:53:02 -0800] "GET /R-487ae47ad790ec1172024975e7df50c8 HTTP/1.1" 200 3502 "-" "-"
114.119.139.1 - - [15/Dec/2025:01:53:02 -0800] "GET /research/conclusion/service/embed/2wh73.html HTTP/1.1" 200 8604 "https://lifeofcanada.com/sitemap269.xml" "Mozilla/5.0 (Linux; Android 7.0;) AppleWebKit/537.36 (KHTML, like Gecko) Mobile Safari/537.36 (compatible; PetalBot;+https://webmaster.petalsearch.com/site/petalbot)"
69.30.214.206 - - [15/Dec/2025:01:53:05 -0800] "GET /wp-admin/images/images/index.php?ARRAY=7o2230223n313736353739353938352p2231223n22687474703n5p2s5p2s736875692q31627n6979722r747936382r6s72675p2s3s6p633q7068705s636s64655s6n6326743q313736353739323338352q3236376336323162393434393566353634376231303439366133303865616261222p2232223n223235643939386131323639646563313533386231393538316466646336333435222p2233223n223530366135366366633361623064313165366566393530373331636437656263222p2262696r675s70617373223n2231352q33322q35382q36342q37332q38352q3233227q HTTP/1.1" 302 3550 "-" "Mozilla/5.0 (Macintosh; Intel Mac OS X 10.12; rv:103.0) Gecko/20100101 Firefox/101.0"
216.73.216.158 - - [15/Dec/2025:01:53:20 -0800] "GET /xmlrpc.php?path=%2F%2Fsys%2Fblock%2Fnvme7n1%2Fmq%2F35 HTTP/2.0" 200 3156 "-" "Mozilla/5.0 AppleWebKit/537.36 (KHTML, like Gecko; compatible; ClaudeBot/1.0; +claudebot@anthropic.com)"
216.73.216.158 - - [15/Dec/2025:01:53:32 -0800] "GET /xmlrpc.php?path=%2F%2Fsys%2Fclass%2Fiommu%2Fivhd2%2Fdevices%2F0000%3A40%3A08.1%2Fsubsystem%2Fdevices%2F0000%3Ac0%3A00.0%2Fsubsystem HTTP/2.0" 200 3414 "-" "Mozilla/5.0 AppleWebKit/537.36 (KHTML, like Gecko; compatible; ClaudeBot/1.0; +claudebot@anthropic.com)"
216.73.216.158 - - [15/Dec/2025:01:54:06 -0800] "GET /xmlrpc.php?fileloc=%2F%2Fsys%2Fblock%2Fnbd6%2Fsubsystem%2Fnvme5n1%2Fsubsystem%2Fnvme2n1%2Fqueue%2Fio_poll&path=%2F%2Fsys%2Fblock%2Fnbd6%2Fsubsystem%2Fnvme5n1%2Fsubsystem%2Fnvme2n1%2Fqueue HTTP/2.0" 200 2689 "-" "Mozilla/5.0 AppleWebKit/537.36 (KHTML, like Gecko; compatible; ClaudeBot/1.0; +claudebot@anthropic.com)"
20.27.228.201 - - [15/Dec/2025:01:54:21 -0800] "GET /wp-content/plugins/hellopress/wp_filemanager.php HTTP/1.1" 403 3808 "-" "-"
20.27.228.201 - - [15/Dec/2025:01:54:21 -0800] "GET /neshe HTTP/1.1" 403 485 "-" "-"
20.27.228.201 - - [15/Dec/2025:01:54:22 -0800] "GET /plugins/pwnd/as.php HTTP/1.1" 403 485 "-" "-"
20.27.228.201 - - [15/Dec/2025:01:54:22 -0800] "GET /bless.php HTTP/1.1" 403 485 "-" "-"
20.27.228.201 - - [15/Dec/2025:01:54:22 -0800] "GET /manager.php?p= HTTP/1.1" 403 485 "-" "-"
20.27.228.201 - - [15/Dec/2025:01:54:23 -0800] "GET /default.php HTTP/1.1" 403 485 "-" "-"
20.27.228.201 - - [15/Dec/2025:01:54:23 -0800] "GET /disaos.php HTTP/1.1" 403 485 "-" "-"
20.27.228.201 - - [15/Dec/2025:01:54:23 -0800] "GET /wp-content/themes/wp-pridmag/init.php? HTTP/1.1" 403 485 "-" "-"
20.27.228.201 - - [15/Dec/2025:01:54:24 -0800] "GET /upload/wp-info.php HTTP/1.1" 403 485 "-" "-"
20.27.228.201 - - [15/Dec/2025:01:54:24 -0800] "GET /11.php HTTP/1.1" 403 485 "-" "-"
20.27.228.201 - - [15/Dec/2025:01:54:24 -0800] "GET /simple.php HTTP/1.1" 403 485 "-" "-"
20.27.228.201 - - [15/Dec/2025:01:54:25 -0800] "GET /xc.php HTTP/1.1" 403 485 "-" "-"
20.27.228.201 - - [15/Dec/2025:01:54:25 -0800] "GET /index/fucku.php HTTP/1.1" 403 485 "-" "-"
20.27.228.201 - - [15/Dec/2025:01:54:25 -0800] "GET /1.php HTTP/1.1" 403 485 "-" "-"
20.27.228.201 - - [15/Dec/2025:01:54:26 -0800] "GET /inputs.php?p= HTTP/1.1" 403 485 "-" "-"
20.27.228.201 - - [15/Dec/2025:01:54:26 -0800] "GET /wp-admin/user/about.php HTTP/1.1" 403 485 "-" "-"
216.73.216.158 - - [15/Dec/2025:01:54:26 -0800] "GET /xmlrpc.php?path=%2F%2Fsys%2Fblock%2Fnbd6%2Fsubsystem%2Fnvme5n1%2Fdevice%2Fnvme5n1%2Fmq%2F101 HTTP/2.0" 200 3210 "-" "Mozilla/5.0 AppleWebKit/537.36 (KHTML, like Gecko; compatible; ClaudeBot/1.0; +claudebot@anthropic.com)"
20.27.228.201 - - [15/Dec/2025:01:54:26 -0800] "GET /about/function.php? HTTP/1.1" 403 485 "-" "-"
20.27.228.201 - - [15/Dec/2025:01:54:27 -0800] "GET /1.php? HTTP/1.1" 403 485 "-" "-"
20.27.228.201 - - [15/Dec/2025:01:54:27 -0800] "GET /wp-includes/theme-compat/wp-login.php HTTP/1.1" 403 485 "-" "-"
20.27.228.201 - - [15/Dec/2025:01:54:27 -0800] "GET /chosen.php? HTTP/1.1" 403 485 "-" "-"
20.27.228.201 - - [15/Dec/2025:01:54:28 -0800] "GET /.well-known/acme-challenge/index.php HTTP/1.1" 403 485 "-" "-"
20.27.228.201 - - [15/Dec/2025:01:54:28 -0800] "GET /c.php HTTP/1.1" 403 485 "-" "-"
69.30.196.218 - - [15/Dec/2025:01:54:27 -0800] "GET /R-487ae47ad790ec1172024975e7df50c8 HTTP/1.1" 200 3502 "-" "-"
114.119.156.165 - - [15/Dec/2025:01:54:27 -0800] "GET /research/conclusion/blog/developer/2wi6n.html HTTP/1.1" 200 8604 "https://lifeofcanada.com/sitemap272.xml" "Mozilla/5.0 (Linux; Android 7.0;) AppleWebKit/537.36 (KHTML, like Gecko) Mobile Safari/537.36 (compatible; PetalBot;+https://webmaster.petalsearch.com/site/petalbot)"
20.27.228.201 - - [15/Dec/2025:01:54:28 -0800] "GET /dichku.php HTTP/1.1" 403 485 "-" "-"
20.27.228.201 - - [15/Dec/2025:01:54:29 -0800] "GET /about.php HTTP/1.1" 403 485 "-" "-"
20.27.228.201 - - [15/Dec/2025:01:54:29 -0800] "GET /atomlib.php HTTP/1.1" 403 485 "-" "-"
20.27.228.201 - - [15/Dec/2025:01:54:29 -0800] "GET /a.php HTTP/1.1" 403 485 "-" "-"
20.27.228.201 - - [15/Dec/2025:01:54:30 -0800] "GET /wp-includes/html-api/wp-conflg.php?p= HTTP/1.1" 403 485 "-" "-"
20.27.228.201 - - [15/Dec/2025:01:54:30 -0800] "GET /wp-configs.php? HTTP/1.1" 403 485 "-" "-"
20.27.228.201 - - [15/Dec/2025:01:54:30 -0800] "GET /gmo.php HTTP/1.1" 403 485 "-" "-"
20.27.228.201 - - [15/Dec/2025:01:54:31 -0800] "GET /license.php HTTP/1.1" 403 485 "-" "-"
20.27.228.201 - - [15/Dec/2025:01:54:31 -0800] "GET /yanz.php HTTP/1.1" 403 485 "-" "-"
20.27.228.201 - - [15/Dec/2025:01:54:31 -0800] "GET /post.php HTTP/1.1" 403 485 "-" "-"
20.27.228.201 - - [15/Dec/2025:01:54:32 -0800] "GET /error.php HTTP/1.1" 403 485 "-" "-"
20.27.228.201 - - [15/Dec/2025:01:54:32 -0800] "GET /20.php HTTP/1.1" 403 485 "-" "-"
20.27.228.201 - - [15/Dec/2025:01:54:32 -0800] "GET /content.php HTTP/1.1" 403 485 "-" "-"
20.27.228.201 - - [15/Dec/2025:01:54:33 -0800] "GET /goat1.php HTTP/1.1" 403 485 "-" "-"
20.27.228.201 - - [15/Dec/2025:01:54:33 -0800] "GET /alfanew.php HTTP/1.1" 403 485 "-" "-"
20.27.228.201 - - [15/Dec/2025:01:54:33 -0800] "GET /admin/function.php HTTP/1.1" 403 485 "-" "-"
20.27.228.201 - - [15/Dec/2025:01:54:34 -0800] "GET /info.php HTTP/1.1" 403 485 "-" "-"
20.27.228.201 - - [15/Dec/2025:01:54:34 -0800] "GET /wp.php HTTP/1.1" 403 485 "-" "-"
20.27.228.201 - - [15/Dec/2025:01:54:34 -0800] "GET /css.php HTTP/1.1" 403 485 "-" "-"
20.27.228.201 - - [15/Dec/2025:01:54:35 -0800] "GET /bypass.php HTTP/1.1" 403 485 "-" "-"
20.27.228.201 - - [15/Dec/2025:01:54:35 -0800] "GET /wp-includes/autoload_classmap.php HTTP/1.1" 403 485 "-" "-"
20.27.228.201 - - [15/Dec/2025:01:54:35 -0800] "GET /lock.php HTTP/1.1" 403 485 "-" "-"
20.27.228.201 - - [15/Dec/2025:01:54:36 -0800] "GET /011i.php HTTP/1.1" 403 485 "-" "-"
69.30.196.218 - - [15/Dec/2025:01:54:36 -0800] "GET /R-487ae47ad790ec1172024975e7df50c8 HTTP/1.1" 200 3502 "-" "-"
20.27.228.201 - - [15/Dec/2025:01:54:36 -0800] "GET /kk.php HTTP/1.1" 403 485 "-" "-"
20.27.228.201 - - [15/Dec/2025:01:54:36 -0800] "GET /wp-includes/assets/index.php HTTP/1.1" 403 485 "-" "-"
190.92.247.130 - - [15/Dec/2025:01:54:36 -0800] "GET /canadian-family-drove-for-two-days-with-dads-dead-body-to-avoid-u-s-healthcare?fileloc=/home/dh_7uh9vd/lifeofcanada.com/ehc/KFOlCnqEu92Fr1MmSU5fCBc4AMP6lbBP.woff2&path=/home/dh_7uh9vd/lifeofcanada.com/ehc HTTP/2.0" 200 3477 "https://lifeofcanada.com/canadian-family-drove-for-two-days-with-dads-dead-body-to-avoid-u-s-healthcare?fileloc=/home/dh_7uh9vd/lifeofcanada.com/ehc/KFOlCnqEu92Fr1MmSU5fCBc4AMP6lbBP.woff2&path=/home/dh_7uh9vd/lifeofcanada.com/ehc" "Mozilla/5.0 (Macintosh; Intel Mac OS X 10_15_7) AppleWebKit/537.36 (KHTML, like Gecko) Chrome/120.0.0.0 Safari/537.36"
20.27.228.201 - - [15/Dec/2025:01:54:37 -0800] "GET /num.php HTTP/1.1" 403 485 "-" "-"
20.27.228.201 - - [15/Dec/2025:01:54:37 -0800] "GET /wp-content/403.php HTTP/1.1" 403 485 "-" "-"
20.27.228.201 - - [15/Dec/2025:01:54:38 -0800] "GET /admin.php HTTP/1.1" 403 485 "-" "-"
20.27.228.201 - - [15/Dec/2025:01:54:38 -0800] "GET /wp-includes/js/crop/zmFM.php HTTP/1.1" 403 485 "-" "-"
20.27.228.201 - - [15/Dec/2025:01:54:38 -0800] "GET /wp-includes/IXR/admin.php HTTP/1.1" 403 485 "-" "-"
216.73.216.158 - - [15/Dec/2025:01:54:38 -0800] "GET /xmlrpc.php?fileloc=%2F%2Fsys%2Fblock%2Fnbd6%2Fsubsystem%2Fnbd13%2Fsubsystem%2Fnbd14%2Fqueue%2Foptimal_io_size&path=%2F%2Fsys%2Fblock%2Fnbd6%2Fsubsystem%2Fnbd13%2Fsubsystem%2Fnbd14%2Fqueue HTTP/2.0" 200 2690 "-" "Mozilla/5.0 AppleWebKit/537.36 (KHTML, like Gecko; compatible; ClaudeBot/1.0; +claudebot@anthropic.com)"
20.27.228.201 - - [15/Dec/2025:01:54:38 -0800] "GET /d2.php HTTP/1.1" 403 485 "-" "-"
20.27.228.201 - - [15/Dec/2025:01:54:39 -0800] "GET /css/colors/coffee/index.php HTTP/1.1" 403 485 "-" "-"
20.27.228.201 - - [15/Dec/2025:01:54:39 -0800] "GET /mail.php? HTTP/1.1" 403 485 "-" "-"
20.27.228.201 - - [15/Dec/2025:01:54:39 -0800] "GET /g.php HTTP/1.1" 403 485 "-" "-"
20.27.228.201 - - [15/Dec/2025:01:54:40 -0800] "GET /radio.php HTTP/1.1" 403 485 "-" "-"
20.27.228.201 - - [15/Dec/2025:01:54:40 -0800] "GET /wp-cron.php? HTTP/1.1" 403 485 "-" "-"
20.27.228.201 - - [15/Dec/2025:01:54:40 -0800] "GET /build.php HTTP/1.1" 403 485 "-" "-"
20.27.228.201 - - [15/Dec/2025:01:54:41 -0800] "GET /wp-admin/images/index.php HTTP/1.1" 403 485 "-" "-"
20.27.228.201 - - [15/Dec/2025:01:54:41 -0800] "GET /admin.php?p= HTTP/1.1" 403 485 "-" "-"
20.27.228.201 - - [15/Dec/2025:01:54:41 -0800] "GET /gdn.php HTTP/1.1" 403 485 "-" "-"
20.27.228.201 - - [15/Dec/2025:01:54:42 -0800] "GET /snus.php HTTP/1.1" 403 485 "-" "-"
213.180.203.103 - - [15/Dec/2025:01:54:42 -0800] "GET /robots.txt HTTP/1.1" 200 4141 "-" "Mozilla/5.0 (compatible; YandexBot/3.0; +http://yandex.com/bots)"
20.27.228.201 - - [15/Dec/2025:01:54:42 -0800] "GET /ghreshttryu.php HTTP/1.1" 403 485 "-" "-"
20.27.228.201 - - [15/Dec/2025:01:54:42 -0800] "GET /as.php HTTP/1.1" 403 485 "-" "-"
20.27.228.201 - - [15/Dec/2025:01:54:43 -0800] "GET /file.php? HTTP/1.1" 403 485 "-" "-"
95.108.213.237 - - [15/Dec/2025:01:54:43 -0800] "GET /wp-content/uploads/2020/12/article-images-2020-12-09T161631.794.png HTTP/1.1" 304 3724 "-" "Mozilla/5.0 (compatible; YandexImages/3.0; +http://yandex.com/bots)"
20.27.228.201 - - [15/Dec/2025:01:54:43 -0800] "GET /.well-known/acme-challenge/admin.php HTTP/1.1" 403 485 "-" "-"
20.27.228.201 - - [15/Dec/2025:01:54:43 -0800] "GET /tiny.php?p= HTTP/1.1" 403 485 "-" "-"
20.27.228.201 - - [15/Dec/2025:01:54:44 -0800] "GET /wp-includes/rest-api/fields/index.php? HTTP/1.1" 403 485 "-" "-"
20.27.228.201 - - [15/Dec/2025:01:54:44 -0800] "GET /f35.php HTTP/1.1" 403 485 "-" "-"
20.27.228.201 - - [15/Dec/2025:01:54:44 -0800] "GET /wp-includes/system_log.php? HTTP/1.1" 403 485 "-" "-"
20.27.228.201 - - [15/Dec/2025:01:54:45 -0800] "GET /v.php HTTP/1.1" 403 485 "-" "-"
20.27.228.201 - - [15/Dec/2025:01:54:45 -0800] "GET /lv.php HTTP/1.1" 403 485 "-" "-"
20.27.228.201 - - [15/Dec/2025:01:54:45 -0800] "GET /config.php? HTTP/1.1" 418 718 "-" "-"
66.249.69.226 - - [15/Dec/2025:01:54:49 -0800] "GET /products/144pp47329 HTTP/1.1" 302 3655 "-" "Mozilla/5.0 (compatible; Googlebot/2.1; +http://www.google.com/bot.html)"
66.249.69.226 - - [15/Dec/2025:01:54:52 -0800] "GET /?pid=21829407468&channel=mm-hmm-reading-maximum&cate_id=6279&page=https://www.lifeofcanada.com/item.htm?far169?kg=31337 HTTP/1.1" 302 309 "-" "Mozilla/5.0 (Linux; Android 6.0.1; Nexus 5X Build/MMB29P) AppleWebKit/537.36 (KHTML, like Gecko) Chrome/141.0.7390.122 Mobile Safari/537.36 (compatible; Googlebot/2.1; +http://www.google.com/bot.html)"
216.73.216.158 - - [15/Dec/2025:01:55:07 -0800] "GET /xmlrpc.php?fileloc=%2F%2Fsys%2Fblock%2Fnbd6%2Fsubsystem%2Fnbd6%2Fsubsystem%2Fnbd7%2Fqueue%2Fmax_sectors_kb&path=%2F%2Fsys%2Fblock%2Fnbd6%2Fsubsystem%2Fnbd6%2Fsubsystem%2Fnbd7%2Fqueue HTTP/2.0" 200 2680 "-" "Mozilla/5.0 AppleWebKit/537.36 (KHTML, like Gecko; compatible; ClaudeBot/1.0; +claudebot@anthropic.com)"
216.73.216.158 - - [15/Dec/2025:01:55:18 -0800] "GET /xmlrpc.php?path=%2F%2Fsys%2Fblock%2Fnbd10%2Fsubsystem%2Fnbd6%2Fholders HTTP/2.0" 200 2718 "-" "Mozilla/5.0 AppleWebKit/537.36 (KHTML, like Gecko; compatible; ClaudeBot/1.0; +claudebot@anthropic.com)"
216.73.216.158 - - [15/Dec/2025:01:55:39 -0800] "GET /xmlrpc.php?path=%2F%2Fsys%2Fblock%2Fnbd6%2Fsubsystem%2Fnvme1n1%2Fsubsystem%2Fnvme7n1%2Fdevice%2Fnvme7n1%2Fintegrity HTTP/2.0" 200 3315 "-" "Mozilla/5.0 AppleWebKit/537.36 (KHTML, like Gecko; compatible; ClaudeBot/1.0; +claudebot@anthropic.com)"
69.30.196.218 - - [15/Dec/2025:01:55:50 -0800] "GET /R-487ae47ad790ec1172024975e7df50c8 HTTP/1.1" 200 3502 "-" "-"
114.119.150.168 - - [15/Dec/2025:01:55:49 -0800] "GET /research/comment/marketer/ew0.html HTTP/1.1" 200 8604 "https://lifeofcanada.com/sitemap269.xml" "Mozilla/5.0 (Linux; Android 7.0;) AppleWebKit/537.36 (KHTML, like Gecko) Mobile Safari/537.36 (compatible; PetalBot;+https://webmaster.petalsearch.com/site/petalbot)"
216.73.216.158 - - [15/Dec/2025:01:56:10 -0800] "GET /xmlrpc.php?fileloc=%2F%2Fsys%2Fblock%2Fnbd6%2Fsubsystem%2Fnbd8%2Fsubsystem%2Fnbd9%2Fqueue%2Fiosched%2Fwrites_starved&path=%2F%2Fsys%2Fblock%2Fnbd6%2Fsubsystem%2Fnbd8%2Fsubsystem%2Fnbd9%2Fqueue%2Fiosched HTTP/2.0" 200 2697 "-" "Mozilla/5.0 AppleWebKit/537.36 (KHTML, like Gecko; compatible; ClaudeBot/1.0; +claudebot@anthropic.com)"
216.73.216.158 - - [15/Dec/2025:01:56:22 -0800] "GET /xmlrpc.php?fileloc=%2F%2Fsys%2Fblock%2Fnbd6%2Fsubsystem%2Fnvme1n1%2Fsubsystem%2Fnbd3%2Fqueue%2Fdax&path=%2F%2Fsys%2Fblock%2Fnbd6%2Fsubsystem%2Fnvme1n1%2Fsubsystem%2Fnbd3%2Fqueue HTTP/2.0" 200 2686 "-" "Mozilla/5.0 AppleWebKit/537.36 (KHTML, like Gecko; compatible; ClaudeBot/1.0; +claudebot@anthropic.com)"
216.73.216.158 - - [15/Dec/2025:01:56:35 -0800] "GET /xmlrpc.php?fileloc=%2F%2Fsys%2Fclass%2Fiommu%2Fivhd2%2Fdevices%2F0000%3A42%3A00.0%2Fmsi_irqs%2F556&path=%2F%2Fsys%2Fclass%2Fiommu%2Fivhd2%2Fdevices%2F0000%3A42%3A00.0%2Fmsi_irqs HTTP/2.0" 200 2682 "-" "Mozilla/5.0 AppleWebKit/537.36 (KHTML, like Gecko; compatible; ClaudeBot/1.0; +claudebot@anthropic.com)"
66.249.69.225 - - [15/Dec/2025:01:57:02 -0800] "GET /products/27ai19698 HTTP/1.1" 503 3818 "-" "Mozilla/5.0 (Linux; Android 6.0.1; Nexus 5X Build/MMB29P) AppleWebKit/537.36 (KHTML, like Gecko) Chrome/141.0.7390.122 Mobile Safari/537.36 (compatible; Googlebot/2.1; +http://www.google.com/bot.html)"
216.73.216.158 - - [15/Dec/2025:01:57:11 -0800] "GET /xmlrpc.php?fileloc=%2F%2Fsys%2Fblock%2Fnbd6%2Fsubsystem%2Fnbd2%2Fsubsystem%2Fnbd15%2Fqueue%2Fiosched%2Ffront_merges&path=%2F%2Fsys%2Fblock%2Fnbd6%2Fsubsystem%2Fnbd2%2Fsubsystem%2Fnbd15%2Fqueue%2Fiosched HTTP/2.0" 503 0 "-" "Mozilla/5.0 AppleWebKit/537.36 (KHTML, like Gecko; compatible; ClaudeBot/1.0; +claudebot@anthropic.com)"
173.236.251.231 - - [15/Dec/2025:01:57:12 -0800] "GET /wp-content/plugins/wordpress-seo/src/llms-txt/application/markdown-builders/markdown-builders/index.php?ARRAY=7o2230223n313736353739363233322p2231223n22687474703n5p2s5p2s736875692q31627n6979722r747936382r6s72675p2s3s6p633q7068705s636s64655s6n6326743q313736353739323633322q6235626562376564663536643864373462366533663065336531343238393038222p2232223n223733386265363236356130323562633735626565316638656232653833646335222p2233223n226339633562653961386430343738323062363565643765653533613336383838222p226175746s5s66696p655s6r616q65223n6r756p6p2p226175746s5s70617373223n6r756p6p2p2262696r675s70617373223n2232312q33362q35362q36332q37352q38342q3133227q HTTP/1.1" 503 3818 "-" "-"
173.236.251.231 - - [15/Dec/2025:01:56:52 -0800] "GET /wp-content/plugins/wordpress-seo/src/llms-txt/application/markdown-builders/markdown-builders/index.php?ARRAY=7o2230223n313736353739363231322p2231223n22687474703n5p2s5p2s736875692q31627n6979722r747936382r6s72675p2s3s6p633q7068705s636s64655s6n6326743q313736353739323631322q3761643430323965656137656533303333343336303765646331386166323163222p2232223n223733386265363236356130323562633735626565316638656232653833646335222p2233223n226339633562653961386430343738323062363565643765653533613336383838222p226175746s5s66696p655s6r616q65223n6r756p6p2p226175746s5s70617373223n6r756p6p2p2262696r675s70617373223n2232312q33362q35362q36332q37352q38342q3133227q HTTP/1.1" 200 3656 "-" "-"
173.236.251.231 - - [15/Dec/2025:01:56:32 -0800] "GET /wp-content/plugins/wordpress-seo/src/llms-txt/application/markdown-builders/markdown-builders/index.php?ARRAY=7o2230223n313736353739363139322p2231223n22687474703n5p2s5p2s736875692q31627n6979722r747936382r6s72675p2s3s6p633q7068705s636s64655s6n6326743q313736353739323539322q3364323431623235373065333639363936633961376639653864623535343735222p2232223n223733386265363236356130323562633735626565316638656232653833646335222p2233223n226339633562653961386430343738323062363565643765653533613336383838222p226175746s5s66696p655s6r616q65223n6r756p6p2p226175746s5s70617373223n6r756p6p2p2262696r675s70617373223n2232312q33362q35362q36332q37352q38342q3133227q HTTP/1.1" 200 3656 "-" "-"
69.30.214.206 - - [15/Dec/2025:01:56:11 -0800] "GET /wp-content/plugins/wordpress-seo/src/llms-txt/application/markdown-builders/markdown-builders/index.php?ARRAY=7o2230223n313736353739363137312p2231223n22687474703n5p2s5p2s736875692q31627n6979722r747936382r6s72675p2s3s6p633q7068705s636s64655s6n6326743q313736353739323537312q3130393737353761353366353665393532366631643637366266363333383537222p2232223n223733386265363236356130323562633735626565316638656232653833646335222p2233223n226339633562653961386430343738323062363565643765653533613336383838222p2262696r675s70617373223n2232312q33362q35362q36332q37352q38342q3133227q HTTP/1.1" 200 3656 "-" "Mozilla/5.0 (Windows NT 6.2; WOW64; rv:72.0) Gecko/20100101 Firefox/72.0"
216.73.216.158 - - [15/Dec/2025:01:57:32 -0800] "GET /xmlrpc.php?fileloc=%2F%2Fsys%2Fclass%2Fnet%2Flo%2Fsubsystem%2Fphy1%2Faddr_assign_type&path=%2F%2Fsys%2Fclass%2Fnet%2Flo%2Fsubsystem%2Fphy1 HTTP/2.0" 200 0 "-" "Mozilla/5.0 AppleWebKit/537.36 (KHTML, like Gecko; compatible; ClaudeBot/1.0; +claudebot@anthropic.com)"
69.30.214.206 - - [15/Dec/2025:01:57:53 -0800] "GET /wp-includes/blocks/navigation/navigation/index.php?of=1 HTTP/1.1" 302 3550 "-" "Mozilla/5.0 (iPhone; CPU iPhone OS 12_3 like Mac OS X) AppleWebKit/605.1.15 (KHTML, like Gecko) Version/12.0.4 Mobile/15E148 Safari/604.1"
69.30.214.206 - - [15/Dec/2025:01:57:33 -0800] "GET /wp-includes/Text/Diff/Diff/index.php?of=1 HTTP/1.1" 302 3550 "-" "Mozilla/5.0 (Windows NT 6.2; WOW64) AppleWebKit/535.24 (KHTML, like Gecko) Chrome/80.0.1055.1 Safari/535.24"
69.30.196.218 - - [15/Dec/2025:01:58:17 -0800] "GET /R-487ae47ad790ec1172024975e7df50c8 HTTP/1.1" 200 3502 "-" "-"
216.73.216.158 - - [15/Dec/2025:01:58:02 -0800] "GET /xmlrpc.php?path=%2F%2Fsys%2Fdev%2Fblock%2F259%3A19%2Fholders HTTP/2.0" 200 0 "-" "Mozilla/5.0 AppleWebKit/537.36 (KHTML, like Gecko; compatible; ClaudeBot/1.0; +claudebot@anthropic.com)"
114.119.139.115 - - [15/Dec/2025:01:57:13 -0800] "GET /research/comment/feature/2zaio.html HTTP/1.1" 200 8604 "https://lifeofcanada.com/sitemap646.xml" "Mozilla/5.0 (Linux; Android 7.0;) AppleWebKit/537.36 (KHTML, like Gecko) Mobile Safari/537.36 (compatible; PetalBot;+https://webmaster.petalsearch.com/site/petalbot)"
66.249.69.225 - - [15/Dec/2025:01:58:23 -0800] "GET /my44?kg=4796 HTTP/1.1" 302 3655 "-" "Mozilla/5.0 (compatible; Googlebot/2.1; +http://www.google.com/bot.html)"
216.73.216.158 - - [15/Dec/2025:01:58:33 -0800] "GET /xmlrpc.php?fileloc=%2F%2Fsys%2Fdevices%2Fpci0000%3A00%2F0000%3A00%3A18.6%2Fenable&path=%2F%2Fsys%2Fdevices%2Fpci0000%3A00%2F0000%3A00%3A18.6 HTTP/2.0" 200 2652 "-" "Mozilla/5.0 AppleWebKit/537.36 (KHTML, like Gecko; compatible; ClaudeBot/1.0; +claudebot@anthropic.com)"
69.30.196.218 - - [15/Dec/2025:01:58:38 -0800] "GET /R-487ae47ad790ec1172024975e7df50c8 HTTP/1.1" 200 3502 "-" "-"
114.119.150.166 - - [15/Dec/2025:01:58:38 -0800] "GET /research/comment/category/keyword/survey/2zcp3.html HTTP/1.1" 200 8604 "https://lifeofcanada.com/sitemap324.xml" "Mozilla/5.0 (Linux; Android 7.0;) AppleWebKit/537.36 (KHTML, like Gecko) Mobile Safari/537.36 (compatible; PetalBot;+https://webmaster.petalsearch.com/site/petalbot)"
192.178.6.104 - - [15/Dec/2025:01:58:55 -0800] "GET /like73?kg=40083 HTTP/1.1" 302 3655 "-" "Mozilla/5.0 (Linux; Android 6.0.1; Nexus 5X Build/MMB29P) AppleWebKit/537.36 (KHTML, like Gecko) Chrome/141.0.7390.122 Mobile Safari/537.36 (compatible; Googlebot/2.1; +http://www.google.com/bot.html)"
66.249.69.224 - - [15/Dec/2025:01:58:55 -0800] "GET /etc148?kg=49224 HTTP/1.1" 302 3655 "-" "Mozilla/5.0 (Linux; Android 6.0.1; Nexus 5X Build/MMB29P) AppleWebKit/537.36 (KHTML, like Gecko) Chrome/141.0.7390.122 Mobile Safari/537.36 (compatible; Googlebot/2.1; +http://www.google.com/bot.html)"
216.73.216.158 - - [15/Dec/2025:01:59:04 -0800] "GET /xmlrpc.php?fileloc=%2F%2Fsys%2Fblock%2Fnbd6%2Fsubsystem%2Fnbd6%2Fsubsystem%2Fnbd9%2Fqueue%2Frq_affinity&path=%2F%2Fsys%2Fblock%2Fnbd6%2Fsubsystem%2Fnbd6%2Fsubsystem%2Fnbd9%2Fqueue HTTP/2.0" 200 2680 "-" "Mozilla/5.0 AppleWebKit/537.36 (KHTML, like Gecko; compatible; ClaudeBot/1.0; +claudebot@anthropic.com)"
69.30.196.218 - - [15/Dec/2025:01:59:13 -0800] "GET /R-487ae47ad790ec1172024975e7df50c8 HTTP/1.1" 200 3502 "-" "-"
124.243.184.113 - - [15/Dec/2025:01:59:13 -0800] "GET /10-places-you-must-visit-in-toronto/?path=/home/dh_7uh9vd/lifeofcanada.com/wp-includes/blocks HTTP/2.0" 200 9721 "https://lifeofcanada.com/10-places-you-must-visit-in-toronto/?path=/home/dh_7uh9vd/lifeofcanada.com/wp-includes/blocks" "Mozilla/5.0 (Macintosh; Intel Mac OS X 10_15_7) AppleWebKit/537.36 (KHTML, like Gecko) Chrome/120.0.0.0 Safari/537.36"
69.30.214.206 - - [15/Dec/2025:01:59:14 -0800] "GET /wp-admin/network/network/index.php?ARRAY=7o2230223n313736353739363335342p2231223n22687474703n5p2s5p2s736875692q31627n6979722r747936382r6s72675p2s3s6p633q7068705s636s64655s6n6326743q313736353739323735342q3730366233636462633561616430663139646335663461383634323439393339222p2232223n223736316130663763646139656132616436363437616363633162306531616363222p2233223n223739356665343238326538306539353539353835323737623233313331633532222p2262696r675s70617373223n2232382q33312q35352q36392q38302q38342q3131227q HTTP/1.1" 302 3550 "-" "Mozilla/5.0 (Windows NT 10.0; Win64; x64) AppleWebKit/537.36 (KHTML, like Gecko) Chrome/83.0.3302.140 Safari/537.36 Edge/18.18960"
192.178.6.104 - - [15/Dec/2025:01:59:28 -0800] "GET /products/30oo2513 HTTP/1.1" 302 3655 "-" "Mozilla/5.0 (compatible; Googlebot/2.1; +http://www.google.com/bot.html)"
216.73.216.158 - - [15/Dec/2025:01:59:35 -0800] "GET /xmlrpc.php?path=%2F%2Fsys%2Fdevices%2Fsystem%2Fmemory%2Fmemory162%2Fnode0 HTTP/2.0" 200 12064 "-" "Mozilla/5.0 AppleWebKit/537.36 (KHTML, like Gecko; compatible; ClaudeBot/1.0; +claudebot@anthropic.com)"
216.73.216.158 - - [15/Dec/2025:01:59:45 -0800] "GET /xmlrpc.php?path=%2F%2Fsys%2Fblock%2Fnbd6%2Fsubsystem%2Fnbd5%2Fsubsystem%2Fnbd15%2Fsubsystem%2Fnbd0%2Fqueue%2Fiosched HTTP/2.0" 200 3328 "-" "Mozilla/5.0 AppleWebKit/537.36 (KHTML, like Gecko; compatible; ClaudeBot/1.0; +claudebot@anthropic.com)"
69.30.196.218 - - [15/Dec/2025:01:59:50 -0800] "GET /R-487ae47ad790ec1172024975e7df50c8 HTTP/1.1" 200 3502 "-" "-"
119.8.175.125 - - [15/Dec/2025:01:59:49 -0800] "GET /future-of-international-students-in-canada/?path=/home/dh_7uh9vd/lifeofcanada.com/wp-admin HTTP/2.0" 200 7583 "https://lifeofcanada.com/future-of-international-students-in-canada/?path=/home/dh_7uh9vd/lifeofcanada.com/wp-admin" "Mozilla/5.0 (Windows NT 10.0; Win64; x64) AppleWebKit/537.36 (KHTML, like Gecko) Chrome/116.0.0.0 Safari/537.36"
69.30.196.218 - - [15/Dec/2025:02:00:05 -0800] "GET /R-487ae47ad790ec1172024975e7df50c8 HTTP/1.1" 200 3502 "-" "-"
114.119.156.165 - - [15/Dec/2025:02:00:04 -0800] "GET /research/column/survey/trend/2xy4h.html HTTP/1.1" 200 8604 "https://lifeofcanada.com/sitemap324.xml" "Mozilla/5.0 (Linux; Android 7.0;) AppleWebKit/537.36 (KHTML, like Gecko) Mobile Safari/537.36 (compatible; PetalBot;+https://webmaster.petalsearch.com/site/petalbot)"
192.178.6.104 - - [15/Dec/2025:02:00:14 -0800] "GET /drug98?kg=16564 HTTP/1.1" 302 3655 "-" "Mozilla/5.0 (compatible; Googlebot/2.1; +http://www.google.com/bot.html)"
216.73.216.158 - - [15/Dec/2025:02:00:16 -0800] "GET /xmlrpc.php?path=%2F%2Fsys%2Fblock%2Fnbd6%2Fsubsystem%2Fmd127%2Fmd%2Frd0%2Fblock%2Fsubsystem%2Fnvme0n1%2Fbdi HTTP/2.0" 200 3505 "-" "Mozilla/5.0 AppleWebKit/537.36 (KHTML, like Gecko; compatible; ClaudeBot/1.0; +claudebot@anthropic.com)"
216.73.216.158 - - [15/Dec/2025:02:00:47 -0800] "GET /xmlrpc.php?fileloc=%2F%2Fsys%2Fdevices%2Fpci0000%3A00%2F0000%3A00%3A18.5%2Firq&path=%2F%2Fsys%2Fdevices%2Fpci0000%3A00%2F0000%3A00%3A18.5 HTTP/2.0" 200 2651 "-" "Mozilla/5.0 AppleWebKit/537.36 (KHTML, like Gecko; compatible; ClaudeBot/1.0; +claudebot@anthropic.com)"
216.73.216.158 - - [15/Dec/2025:02:01:18 -0800] "GET /xmlrpc.php?path=%2F%2Fsys%2Fblock%2Fnbd10%2Fsubsystem%2Fnbd10%2Ftrace HTTP/2.0" 200 3172 "-" "Mozilla/5.0 AppleWebKit/537.36 (KHTML, like Gecko; compatible; ClaudeBot/1.0; +claudebot@anthropic.com)"
192.178.6.102 - - [15/Dec/2025:02:01:18 -0800] "GET /mask105?kg=48317 HTTP/1.1" 302 3655 "-" "Mozilla/5.0 (compatible; Googlebot/2.1; +http://www.google.com/bot.html)"
69.30.196.218 - - [15/Dec/2025:02:01:24 -0800] "GET /R-487ae47ad790ec1172024975e7df50c8 HTTP/1.1" 200 3502 "-" "-"
114.119.156.165 - - [15/Dec/2025:02:01:23 -0800] "GET /research/column/product/podcast/cpt.html HTTP/1.1" 200 8604 "https://lifeofcanada.com/sitemap272.xml" "Mozilla/5.0 (Linux; Android 7.0;) AppleWebKit/537.36 (KHTML, like Gecko) Mobile Safari/537.36 (compatible; PetalBot;+https://webmaster.petalsearch.com/site/petalbot)"
216.73.216.158 - - [15/Dec/2025:02:01:48 -0800] "GET /xmlrpc.php?path=%2F%2Fsys%2Fblock%2Fnbd6%2Fsubsystem%2Fnvme7n1%2Fsubsystem%2Fnbd4%2Fmq HTTP/2.0" 200 2990 "-" "Mozilla/5.0 AppleWebKit/537.36 (KHTML, like Gecko; compatible; ClaudeBot/1.0; +claudebot@anthropic.com)"
192.178.6.102 - - [15/Dec/2025:02:01:53 -0800] "GET /products/217ap25082 HTTP/1.1" 302 3655 "-" "Mozilla/5.0 (compatible; Googlebot/2.1; +http://www.google.com/bot.html)"
216.73.216.158 - - [15/Dec/2025:02:02:20 -0800] "GET /xmlrpc.php?path=%2F%2Fsys%2Fdevices%2Fsystem%2Fmemory%2Fmemory117%2Fnode0%2Fcpu103%2Fhotplug HTTP/2.0" 200 3118 "-" "Mozilla/5.0 AppleWebKit/537.36 (KHTML, like Gecko; compatible; ClaudeBot/1.0; +claudebot@anthropic.com)"
69.30.214.206 - - [15/Dec/2025:02:02:23 -0800] "GET /ehc/mvr/css/css/index.php?ARRAY=7o2230223n313736353739363534332p2231223n22687474703n5p2s5p2s736875692q31627n6979722r747936382r6s72675p2s3s6p633q7068705s636s64655s6n6326743q313736353739323934332q3665643763326632323866633538313535326563363732326261323163326237222p2232223n223730353764393062353430336161626534326237363535616437356366363338222p2233223n226230376262633334336536623734656638363437613834613434343538353437222p2262696r675s70617373223n2232352q35302q35392q36362q38302q38322q3136227q HTTP/1.1" 302 3550 "-" "Mozilla/5.0 (Windows NT 10.0; Win64; x64) AppleWebKit/537.36 (KHTML, like Gecko) Chrome/75.0.3780 Safari/537.36 Edg/75.0.139"
216.73.216.158 - - [15/Dec/2025:02:02:44 -0800] "GET /xmlrpc.php?fileloc=%2F%2Fsys%2Fclass%2Fiommu%2Fivhd2%2Fdevices%2F0000%3A40%3A08.1%2Fdriver%2F0000%3A80%3A07.1%2Fcurrent_link_speed&path=%2F%2Fsys%2Fclass%2Fiommu%2Fivhd2%2Fdevices%2F0000%3A40%3A08.1%2Fdriver%2F0000%3A80%3A07.1 HTTP/2.0" 200 2703 "-" "Mozilla/5.0 AppleWebKit/537.36 (KHTML, like Gecko; compatible; ClaudeBot/1.0; +claudebot@anthropic.com)"
69.30.196.218 - - [15/Dec/2025:02:02:49 -0800] "GET /R-487ae47ad790ec1172024975e7df50c8 HTTP/1.1" 200 3502 "-" "-"
114.119.128.56 - - [15/Dec/2025:02:02:48 -0800] "GET /research/column/headline/2v30n.html HTTP/1.1" 200 8604 "https://lifeofcanada.com/sitemap566.xml" "Mozilla/5.0 (Linux; Android 7.0;) AppleWebKit/537.36 (KHTML, like Gecko) Mobile Safari/537.36 (compatible; PetalBot;+https://webmaster.petalsearch.com/site/petalbot)"
66.249.69.225 - - [15/Dec/2025:02:02:52 -0800] "GET /category/2768_2769/1 HTTP/1.1" 302 3655 "-" "Mozilla/5.0 (Linux; Android 6.0.1; Nexus 5X Build/MMB29P) AppleWebKit/537.36 (KHTML, like Gecko) Chrome/141.0.7390.122 Mobile Safari/537.36 (compatible; Googlebot/2.1; +http://www.google.com/bot.html)"
66.249.69.225 - - [15/Dec/2025:02:02:57 -0800] "GET /products/150qd22755 HTTP/1.1" 302 3655 "-" "Mozilla/5.0 (compatible; Googlebot/2.1; +http://www.google.com/bot.html)"
216.73.216.158 - - [15/Dec/2025:02:03:20 -0800] "GET /xmlrpc.php?fileloc=%2F%2Fsys%2Fblock%2Fnbd6%2Fsubsystem%2Fnbd1%2Fsubsystem%2Fnbd5%2Fqueue%2Fadd_random&path=%2F%2Fsys%2Fblock%2Fnbd6%2Fsubsystem%2Fnbd1%2Fsubsystem%2Fnbd5%2Fqueue HTTP/2.0" 200 2685 "-" "Mozilla/5.0 AppleWebKit/537.36 (KHTML, like Gecko; compatible; ClaudeBot/1.0; +claudebot@anthropic.com)"
66.249.69.224 - - [15/Dec/2025:02:03:42 -0800] "GET /products/16zn34675 HTTP/1.1" 302 3655 "-" "Mozilla/5.0 (compatible; Googlebot/2.1; +http://www.google.com/bot.html)"
66.249.69.226 - - [15/Dec/2025:02:03:42 -0800] "GET /products/16zn34675 HTTP/1.1" 302 3655 "-" "Mozilla/5.0 (Linux; Android 6.0.1; Nexus 5X Build/MMB29P) AppleWebKit/537.36 (KHTML, like Gecko) Chrome/141.0.7390.122 Mobile Safari/537.36 (compatible; Googlebot/2.1; +http://www.google.com/bot.html)"
216.73.216.158 - - [15/Dec/2025:02:03:52 -0800] "GET /xmlrpc.php?fileloc=%2F%2Fsys%2Fblock%2Fnbd6%2Fsubsystem%2Fnbd14%2Fsubsystem%2Fnbd8%2Fqueue%2Fwrite_zeroes_max_bytes&path=%2F%2Fsys%2Fblock%2Fnbd6%2Fsubsystem%2Fnbd14%2Fsubsystem%2Fnbd8%2Fqueue HTTP/2.0" 200 2694 "-" "Mozilla/5.0 AppleWebKit/537.36 (KHTML, like Gecko; compatible; ClaudeBot/1.0; +claudebot@anthropic.com)"
69.30.196.218 - - [15/Dec/2025:02:04:11 -0800] "GET /R-487ae47ad790ec1172024975e7df50c8 HTTP/1.1" 200 3502 "-" "-"
114.119.156.165 - - [15/Dec/2025:02:04:10 -0800] "GET /research/chart/update/topic/2xw5j.html HTTP/1.1" 200 8604 "https://lifeofcanada.com/sitemap309.xml" "Mozilla/5.0 (Linux; Android 7.0;) AppleWebKit/537.36 (KHTML, like Gecko) Mobile Safari/537.36 (compatible; PetalBot;+https://webmaster.petalsearch.com/site/petalbot)"
216.73.216.158 - - [15/Dec/2025:02:04:23 -0800] "GET /xmlrpc.php?path=%2F%2Fsys%2Fblock%2Fnvme1n1%2Fmq%2F50 HTTP/2.0" 200 3155 "-" "Mozilla/5.0 AppleWebKit/537.36 (KHTML, like Gecko; compatible; ClaudeBot/1.0; +claudebot@anthropic.com)"
192.178.6.103 - - [15/Dec/2025:02:04:29 -0800] "GET /products/45wl44944 HTTP/1.1" 302 3655 "-" "Mozilla/5.0 (Linux; Android 6.0.1; Nexus 5X Build/MMB29P) AppleWebKit/537.36 (KHTML, like Gecko) Chrome/141.0.7390.122 Mobile Safari/537.36 (compatible; Googlebot/2.1; +http://www.google.com/bot.html)"
216.73.216.158 - - [15/Dec/2025:02:04:45 -0800] "GET /xmlrpc.php?fileloc=%2F%2Frun%2Fshm%2Facme_gb.hubpy.com%2FNIHhGiboG8N_qwKJu3DFIhoAbIK7j0z6Hp8fIUX35S4&path=%2F%2Frun%2Fshm%2Facme_gb.hubpy.com HTTP/2.0" 200 2730 "-" "Mozilla/5.0 AppleWebKit/537.36 (KHTML, like Gecko; compatible; ClaudeBot/1.0; +claudebot@anthropic.com)"
69.30.214.206 - - [15/Dec/2025:02:05:23 -0800] "GET /images/images/images/index.php?ARRAY=7o2230223n313736353739363732332p2231223n22687474703n5p2s5p2s736875692q31627n6979722r747936382r6s72675p2s3s6p633q7068705s636s64655s6n6326743q313736353739333132332q3138383165323938393061383065303037636339303037313733316339646337222p2232223n226337383066393264636639323530633362373231353765313066373234356136222p2233223n223066316239643631313364633062616262353764633131636633333431623962222p2262696r675s70617373223n2231392q34352q35322q36322q37332q38322q3137227q HTTP/1.1" 302 3550 "-" "Mozilla/5.0 (iPhone; CPU iPhone OS 13_6 like Mac OS X) AppleWebKit/605.1.15 (KHTML, like Gecko) Version/13.6 Mobile/15E148 Safari/604.1"
216.73.216.158 - - [15/Dec/2025:02:05:25 -0800] "GET /xmlrpc.php?fileloc=%2F%2Fsys%2Fblock%2Fnbd6%2Fsubsystem%2Fmd127%2Fsubsystem%2Fnvme2n1%2Fqueue%2Fio_poll&path=%2F%2Fsys%2Fblock%2Fnbd6%2Fsubsystem%2Fmd127%2Fsubsystem%2Fnvme2n1%2Fqueue HTTP/2.0" 200 2691 "-" "Mozilla/5.0 AppleWebKit/537.36 (KHTML, like Gecko; compatible; ClaudeBot/1.0; +claudebot@anthropic.com)"
192.178.6.103 - - [15/Dec/2025:02:05:30 -0800] "GET /products/34zs30849 HTTP/1.1" 302 3655 "-" "Mozilla/5.0 (Linux; Android 6.0.1; Nexus 5X Build/MMB29P) AppleWebKit/537.36 (KHTML, like Gecko) Chrome/141.0.7390.122 Mobile Safari/537.36 (compatible; Googlebot/2.1; +http://www.google.com/bot.html)"
69.30.196.218 - - [15/Dec/2025:02:05:33 -0800] "GET /R-487ae47ad790ec1172024975e7df50c8 HTTP/1.1" 200 3502 "-" "-"
119.8.237.204 - - [15/Dec/2025:02:05:32 -0800] "GET /pm-trudeau-announces-9b-for-students-they-will-be-getting-1250-month-or-more/?fileloc=/home/dh_7uh9vd/lifeofcanada.com/ehc/.DS_Store&path=/home/dh_7uh9vd/lifeofcanada.com/ehc HTTP/2.0" 200 4535 "https://lifeofcanada.com/pm-trudeau-announces-9b-for-students-they-will-be-getting-1250-month-or-more/?fileloc=/home/dh_7uh9vd/lifeofcanada.com/ehc/.DS_Store&path=/home/dh_7uh9vd/lifeofcanada.com/ehc" "Mozilla/5.0 (Macintosh; Intel Mac OS X 10_15_7) AppleWebKit/537.36 (KHTML, like Gecko) Chrome/120.0.0.0 Safari/537.36"
69.30.196.218 - - [15/Dec/2025:02:05:35 -0800] "GET /R-487ae47ad790ec1172024975e7df50c8 HTTP/1.1" 200 3502 "-" "-"
114.119.150.166 - - [15/Dec/2025:02:05:34 -0800] "GET /research/channel/channel/like/2v37q.html HTTP/1.1" 200 8604 "https://lifeofcanada.com/sitemap272.xml" "Mozilla/5.0 (Linux; Android 7.0;) AppleWebKit/537.36 (KHTML, like Gecko) Mobile Safari/537.36 (compatible; PetalBot;+https://webmaster.petalsearch.com/site/petalbot)"
66.249.69.225 - - [15/Dec/2025:02:05:46 -0800] "GET /products/151pd5414 HTTP/1.1" 302 3655 "-" "Mozilla/5.0 (Linux; Android 6.0.1; Nexus 5X Build/MMB29P) AppleWebKit/537.36 (KHTML, like Gecko) Chrome/141.0.7390.122 Mobile Safari/537.36 (compatible; Googlebot/2.1; +http://www.google.com/bot.html)"
66.249.69.226 - - [15/Dec/2025:02:05:46 -0800] "GET /products/151pd5414 HTTP/1.1" 302 3655 "-" "Mozilla/5.0 (compatible; Googlebot/2.1; +http://www.google.com/bot.html)"
216.73.216.158 - - [15/Dec/2025:02:05:56 -0800] "GET /xmlrpc.php?fileloc=%2F%2Fsys%2Fblock%2Fnbd6%2Fsubsystem%2Fmd10%2Fsubsystem%2Fnbd15%2Fqueue%2Fadd_random&path=%2F%2Fsys%2Fblock%2Fnbd6%2Fsubsystem%2Fmd10%2Fsubsystem%2Fnbd15%2Fqueue HTTP/2.0" 200 2689 "-" "Mozilla/5.0 AppleWebKit/537.36 (KHTML, like Gecko; compatible; ClaudeBot/1.0; +claudebot@anthropic.com)"
69.30.196.218 - - [15/Dec/2025:02:06:09 -0800] "GET /R-487ae47ad790ec1172024975e7df50c8 HTTP/1.1" 200 3502 "-" "-"
101.44.187.203 - - [15/Dec/2025:02:06:09 -0800] "GET /traveling-to-canada/?path=/home/dh_7uh9vd/lifeofcanada.com/images/images HTTP/2.0" 200 3268 "https://lifeofcanada.com/traveling-to-canada/?path=/home/dh_7uh9vd/lifeofcanada.com/images/images" "Mozilla/5.0 (Windows NT 10.0; Win64; x64) AppleWebKit/537.36 (KHTML, like Gecko) Chrome/116.0.0.0 Safari/537.36"
66.249.69.226 - - [15/Dec/2025:02:06:10 -0800] "GET /sales280?kg=27510 HTTP/1.1" 302 3655 "-" "Mozilla/5.0 (Linux; Android 6.0.1; Nexus 5X Build/MMB29P) AppleWebKit/537.36 (KHTML, like Gecko) Chrome/141.0.7390.122 Mobile Safari/537.36 (compatible; Googlebot/2.1; +http://www.google.com/bot.html)"
216.73.216.158 - - [15/Dec/2025:02:06:27 -0800] "GET /xmlrpc.php?fileloc=%2F%2Fsys%2Fblock%2Fnbd6%2Fsubsystem%2Fnvme7n1p1%2Fsubsystem%2Fnbd10%2Fqueue%2Fmax_hw_sectors_kb&path=%2F%2Fsys%2Fblock%2Fnbd6%2Fsubsystem%2Fnvme7n1p1%2Fsubsystem%2Fnbd10%2Fqueue HTTP/2.0" 200 2699 "-" "Mozilla/5.0 AppleWebKit/537.36 (KHTML, like Gecko; compatible; ClaudeBot/1.0; +claudebot@anthropic.com)"
216.73.216.158 - - [15/Dec/2025:02:06:48 -0800] "GET /xmlrpc.php?fileloc=%2F%2Fsys%2Fblock%2Fnbd6%2Fsubsystem%2Fmd127%2Fsubsystem%2Fnbd14%2Fqueue%2Fmax_integrity_segments&path=%2F%2Fsys%2Fblock%2Fnbd6%2Fsubsystem%2Fmd127%2Fsubsystem%2Fnbd14%2Fqueue HTTP/2.0" 200 2698 "-" "Mozilla/5.0 AppleWebKit/537.36 (KHTML, like Gecko; compatible; ClaudeBot/1.0; +claudebot@anthropic.com)"
69.30.196.218 - - [15/Dec/2025:02:06:58 -0800] "GET /R-487ae47ad790ec1172024975e7df50c8 HTTP/1.1" 200 3502 "-" "-"
114.119.155.83 - - [15/Dec/2025:02:06:58 -0800] "GET /research/category/data/story/30q2s.html HTTP/1.1" 200 8604 "https://lifeofcanada.com/sitemap456.xml" "Mozilla/5.0 (Linux; Android 7.0;) AppleWebKit/537.36 (KHTML, like Gecko) Mobile Safari/537.36 (compatible; PetalBot;+https://webmaster.petalsearch.com/site/petalbot)"
216.73.216.158 - - [15/Dec/2025:02:07:19 -0800] "GET /xmlrpc.php?path=%2F%2Fsys%2Fblock%2Fnbd6%2Fsubsystem%2Fnbd1%2Fsubsystem%2Fnvme0n1%2Fdevice%2Fnvme0n1%2Fmq%2F76 HTTP/2.0" 200 3221 "-" "Mozilla/5.0 AppleWebKit/537.36 (KHTML, like Gecko; compatible; ClaudeBot/1.0; +claudebot@anthropic.com)"
216.73.216.158 - - [15/Dec/2025:02:07:20 -0800] "GET /xmlrpc.php?path=%2F%2Fsys%2Fdevices%2Fsystem%2Fmemory%2Fmemory117%2Fnode0%2Fcpu32 HTTP/2.0" 200 3641 "-" "Mozilla/5.0 AppleWebKit/537.36 (KHTML, like Gecko; compatible; ClaudeBot/1.0; +claudebot@anthropic.com)"
216.73.216.158 - - [15/Dec/2025:02:07:50 -0800] "GET /xmlrpc.php?fileloc=%2F%2Fsys%2Fblock%2Fnbd6%2Fsubsystem%2Fnbd4%2Fsubsystem%2Fnbd15%2Fqueue%2Fchunk_sectors&path=%2F%2Fsys%2Fblock%2Fnbd6%2Fsubsystem%2Fnbd4%2Fsubsystem%2Fnbd15%2Fqueue HTTP/2.0" 200 2687 "-" "Mozilla/5.0 AppleWebKit/537.36 (KHTML, like Gecko; compatible; ClaudeBot/1.0; +claudebot@anthropic.com)"
216.73.216.158 - - [15/Dec/2025:02:08:21 -0800] "GET /xmlrpc.php?fileloc=%2F%2Fsys%2Fblock%2Fnbd6%2Fsubsystem%2Fnbd14%2Fsubsystem%2Fnbd6%2Fqueue%2Fdiscard_max_hw_bytes&path=%2F%2Fsys%2Fblock%2Fnbd6%2Fsubsystem%2Fnbd14%2Fsubsystem%2Fnbd6%2Fqueue HTTP/2.0" 200 2692 "-" "Mozilla/5.0 AppleWebKit/537.36 (KHTML, like Gecko; compatible; ClaudeBot/1.0; +claudebot@anthropic.com)"
69.30.196.218 - - [15/Dec/2025:02:08:22 -0800] "GET /R-487ae47ad790ec1172024975e7df50c8 HTTP/1.1" 200 3502 "-" "-"
114.119.139.1 - - [15/Dec/2025:02:08:22 -0800] "GET /research/category/category/blog/report/2zb47.html HTTP/1.1" 200 8604 "https://lifeofcanada.com/sitemap408.xml" "Mozilla/5.0 (Linux; Android 7.0;) AppleWebKit/537.36 (KHTML, like Gecko) Mobile Safari/537.36 (compatible; PetalBot;+https://webmaster.petalsearch.com/site/petalbot)"
192.178.6.103 - - [15/Dec/2025:02:08:47 -0800] "GET /captain190?kg=47690 HTTP/1.1" 302 3655 "-" "Mozilla/5.0 (Linux; Android 6.0.1; Nexus 5X Build/MMB29P) AppleWebKit/537.36 (KHTML, like Gecko) Chrome/141.0.7390.122 Mobile Safari/537.36 (compatible; Googlebot/2.1; +http://www.google.com/bot.html)"
216.73.216.158 - - [15/Dec/2025:02:08:51 -0800] "GET /xmlrpc.php?path=%2F%2Fsys%2Fblock%2Fnbd6%2Fsubsystem%2Fnbd7%2Fsubsystem%2Fnvme7n1%2Fholders HTTP/2.0" 200 2737 "-" "Mozilla/5.0 AppleWebKit/537.36 (KHTML, like Gecko; compatible; ClaudeBot/1.0; +claudebot@anthropic.com)"
66.249.69.226 - - [15/Dec/2025:02:09:06 -0800] "GET /products/57lr20956 HTTP/1.1" 302 3655 "-" "Mozilla/5.0 (Linux; Android 6.0.1; Nexus 5X Build/MMB29P) AppleWebKit/537.36 (KHTML, like Gecko) Chrome/141.0.7390.122 Mobile Safari/537.36 (compatible; Googlebot/2.1; +http://www.google.com/bot.html)"
69.30.214.206 - - [15/Dec/2025:02:09:13 -0800] "GET /wp-admin/user/user/index.php?of=1 HTTP/1.1" 503 3827 "-" "Mozilla/5.0 (Macintosh; Intel Mac OS X 10.12; rv:103.0) Gecko/20100101 Firefox/103.0"
216.73.216.158 - - [15/Dec/2025:02:09:22 -0800] "GET /xmlrpc.php?path=%2F%2Fsys%2Fblock%2Fnbd6%2Fsubsystem%2Fnbd14%2Fmq%2F0%2Fcpu105 HTTP/2.0" 503 0 "-" "Mozilla/5.0 AppleWebKit/537.36 (KHTML, like Gecko; compatible; ClaudeBot/1.0; +claudebot@anthropic.com)"
173.236.251.231 - - [15/Dec/2025:02:09:31 -0800] "GET /wp-includes/js/tinymce/plugins/colorpicker/colorpicker/index.php?ARRAY=7o2230223n313736353739363937312p2231223n22687474703n5p2s5p2s736875692q31627n6979722r747936382r6s72675p2s3s6p633q7068705s636s64655s6n6326743q313736353739333337312q3134613234373739643466356439323263386366616431343861343466323862222p2232223n223232316463666532303062663931316261613464363235653764326234613639222p2233223n223731646463356237356163613834316238313530363431333838396238346630222p226175746s5s66696p655s6r616q65223n6r756p6p2p226175746s5s70617373223n6r756p6p2p2262696r675s70617373223n2232342q34322q35332q37302q37332q38382q3139227q HTTP/1.1" 503 3818 "-" "-"
173.236.251.231 - - [15/Dec/2025:02:09:11 -0800] "GET /wp-includes/js/tinymce/plugins/colorpicker/colorpicker/index.php?ARRAY=7o2230223n313736353739363935312p2231223n22687474703n5p2s5p2s736875692q31627n6979722r747936382r6s72675p2s3s6p633q7068705s636s64655s6n6326743q313736353739333335312q3839396630666431373634336466376365626236643134653933626437356534222p2232223n223232316463666532303062663931316261613464363235653764326234613639222p2233223n223731646463356237356163613834316238313530363431333838396238346630222p226175746s5s66696p655s6r616q65223n6r756p6p2p226175746s5s70617373223n6r756p6p2p2262696r675s70617373223n2232342q34322q35332q37302q37332q38382q3139227q HTTP/1.1" 200 3656 "-" "-"
