54.37.252.59 - - [14/Dec/2025:02:42:57 -0800] "GET /author/manpreet/feed/?fileloc=//lib/python3/dist-packages/django/contrib/gis/admin/options.py&path=//lib/python3/dist-packages/django/contrib/gis/admin HTTP/1.1" 200 7640 "-" "Mozilla/5.0 (compatible; MJ12bot/v1.4.8; http://mj12bot.com/)" 
216.73.216.158 - - [14/Dec/2025:02:42:58 -0800] "GET /xmlrpc.php?fileloc=%2F%2Fsys%2Fblock%2Fnbd6%2Fsubsystem%2Fnbd10%2Fqueue%2Fminimum_io_size&path=%2F%2Fsys%2Fblock%2Fnbd6%2Fsubsystem%2Fnbd10%2Fqueue HTTP/2.0" 429 278 "-" "Mozilla/5.0 AppleWebKit/537.36 (KHTML, like Gecko; compatible; ClaudeBot/1.0; +claudebot@anthropic.com)" 
69.30.196.218 - - [14/Dec/2025:02:42:59 -0800] "GET /R-487ae47ad790ec1172024975e7df50c8 HTTP/1.1" 200 3502 "-" "-" 
54.37.252.59 - - [14/Dec/2025:02:42:59 -0800] "GET /author/manpreet/feed/?fileloc=//lib/python3/dist-packages/django/contrib/gis/admin/widgets.py&path=//lib/python3/dist-packages/django/contrib/gis/admin HTTP/1.1" 200 7562 "-" "Mozilla/5.0 (compatible; MJ12bot/v1.4.8; http://mj12bot.com/)" 
69.30.196.218 - - [14/Dec/2025:02:43:01 -0800] "GET /R-487ae47ad790ec1172024975e7df50c8 HTTP/1.1" 200 3502 "-" "-" 
54.37.252.59 - - [14/Dec/2025:02:43:01 -0800] "GET /author/manpreet/feed/?fileloc=//lib/python3/dist-packages/django/contrib/gis/db/__init__.py&path=//lib/python3/dist-packages/django/contrib/gis/db HTTP/1.1" 200 5958 "-" "Mozilla/5.0 (compatible; MJ12bot/v1.4.8; http://mj12bot.com/)" 
69.30.196.218 - - [14/Dec/2025:02:43:03 -0800] "GET /R-487ae47ad790ec1172024975e7df50c8 HTTP/1.1" 200 3502 "-" "-" 
54.37.252.59 - - [14/Dec/2025:02:43:03 -0800] "GET /author/manpreet/feed/?fileloc=//lib/python3/dist-packages/django/contrib/gis/forms/__init__.py&path=//lib/python3/dist-packages/django/contrib/gis/forms HTTP/1.1" 200 6089 "-" "Mozilla/5.0 (compatible; MJ12bot/v1.4.8; http://mj12bot.com/)" 
216.73.216.158 - - [14/Dec/2025:02:43:04 -0800] "GET /xmlrpc.php?fileloc=%2F%2Fsys%2Fkernel%2Firq%2F1239%2Ftype&path=%2F%2Fsys%2Fkernel%2Firq%2F1239 HTTP/2.0" 429 359 "-" "Mozilla/5.0 AppleWebKit/537.36 (KHTML, like Gecko; compatible; ClaudeBot/1.0; +claudebot@anthropic.com)" 
69.30.196.218 - - [14/Dec/2025:02:43:05 -0800] "GET /R-487ae47ad790ec1172024975e7df50c8 HTTP/1.1" 200 3502 "-" "-" 
54.37.252.59 - - [14/Dec/2025:02:43:05 -0800] "GET /author/manpreet/feed/?fileloc=//lib/python3/dist-packages/django/contrib/gis/forms/fields.py&path=//lib/python3/dist-packages/django/contrib/gis/forms HTTP/1.1" 200 7442 "-" "Mozilla/5.0 (compatible; MJ12bot/v1.4.8; http://mj12bot.com/)" 
69.30.196.218 - - [14/Dec/2025:02:43:07 -0800] "GET /R-487ae47ad790ec1172024975e7df50c8 HTTP/1.1" 200 3502 "-" "-" 
54.37.252.59 - - [14/Dec/2025:02:43:07 -0800] "GET /author/manpreet/feed/?fileloc=//lib/python3/dist-packages/django/contrib/gis/forms/widgets.py&path=//lib/python3/dist-packages/django/contrib/gis/forms HTTP/1.1" 200 7316 "-" "Mozilla/5.0 (compatible; MJ12bot/v1.4.8; http://mj12bot.com/)" 
216.73.216.158 - - [14/Dec/2025:02:43:09 -0800] "GET /xmlrpc.php?fileloc=%2F%2Fsys%2Fkernel%2Firq%2F139%2Factions&path=%2F%2Fsys%2Fkernel%2Firq%2F139 HTTP/2.0" 429 278 "-" "Mozilla/5.0 AppleWebKit/537.36 (KHTML, like Gecko; compatible; ClaudeBot/1.0; +claudebot@anthropic.com)" 
69.30.196.218 - - [14/Dec/2025:02:43:09 -0800] "GET /R-487ae47ad790ec1172024975e7df50c8 HTTP/1.1" 200 3502 "-" "-" 
54.37.252.59 - - [14/Dec/2025:02:43:09 -0800] "GET /author/manpreet/feed/?fileloc=//lib/python3/dist-packages/django/contrib/gis/gdal/__init__.py&path=//lib/python3/dist-packages/django/contrib/gis/gdal HTTP/1.1" 200 6687 "-" "Mozilla/5.0 (compatible; MJ12bot/v1.4.8; http://mj12bot.com/)" 
69.30.196.218 - - [14/Dec/2025:02:43:11 -0800] "GET /R-487ae47ad790ec1172024975e7df50c8 HTTP/1.1" 200 3502 "-" "-" 
54.37.252.59 - - [14/Dec/2025:02:43:11 -0800] "GET /author/manpreet/feed/?fileloc=//lib/python3/dist-packages/django/contrib/gis/gdal/base.py&path=//lib/python3/dist-packages/django/contrib/gis/gdal HTTP/1.1" 200 6036 "-" "Mozilla/5.0 (compatible; MJ12bot/v1.4.8; http://mj12bot.com/)" 
69.30.196.218 - - [14/Dec/2025:02:43:13 -0800] "GET /R-487ae47ad790ec1172024975e7df50c8 HTTP/1.1" 200 3502 "-" "-" 
54.37.252.59 - - [14/Dec/2025:02:43:13 -0800] "GET /author/manpreet/feed/?fileloc=//lib/python3/dist-packages/django/contrib/gis/gdal/datasource.py&path=//lib/python3/dist-packages/django/contrib/gis/gdal HTTP/1.1" 200 7603 "-" "Mozilla/5.0 (compatible; MJ12bot/v1.4.8; http://mj12bot.com/)" 
216.73.216.158 - - [14/Dec/2025:02:43:14 -0800] "GET /xmlrpc.php?fileloc=%2F%2Fsys%2Fkernel%2Firq%2F537%2Fchip_name&path=%2F%2Fsys%2Fkernel%2Firq%2F537 HTTP/2.0" 429 278 "-" "Mozilla/5.0 AppleWebKit/537.36 (KHTML, like Gecko; compatible; ClaudeBot/1.0; +claudebot@anthropic.com)" 
69.30.196.218 - - [14/Dec/2025:02:43:15 -0800] "GET /R-487ae47ad790ec1172024975e7df50c8 HTTP/1.1" 200 3502 "-" "-" 
54.37.252.59 - - [14/Dec/2025:02:43:15 -0800] "GET /author/manpreet/feed/?fileloc=//lib/python3/dist-packages/django/contrib/gis/gdal/driver.py&path=//lib/python3/dist-packages/django/contrib/gis/gdal HTTP/1.1" 200 7047 "-" "Mozilla/5.0 (compatible; MJ12bot/v1.4.8; http://mj12bot.com/)" 
69.30.196.218 - - [14/Dec/2025:02:43:18 -0800] "GET /R-487ae47ad790ec1172024975e7df50c8 HTTP/1.1" 200 3502 "-" "-" 
54.37.252.59 - - [14/Dec/2025:02:43:17 -0800] "GET /author/manpreet/feed/?fileloc=//lib/python3/dist-packages/django/contrib/gis/gdal/envelope.py&path=//lib/python3/dist-packages/django/contrib/gis/gdal HTTP/1.1" 200 7844 "-" "Mozilla/5.0 (compatible; MJ12bot/v1.4.8; http://mj12bot.com/)" 
216.73.216.158 - - [14/Dec/2025:02:43:19 -0800] "GET /xmlrpc.php?fileloc=%2F%2Fsys%2Fkernel%2Firq%2F1143%2Ftype&path=%2F%2Fsys%2Fkernel%2Firq%2F1143 HTTP/2.0" 429 278 "-" "Mozilla/5.0 AppleWebKit/537.36 (KHTML, like Gecko; compatible; ClaudeBot/1.0; +claudebot@anthropic.com)" 
69.30.196.218 - - [14/Dec/2025:02:43:20 -0800] "GET /R-487ae47ad790ec1172024975e7df50c8 HTTP/1.1" 200 3502 "-" "-" 
54.37.252.59 - - [14/Dec/2025:02:43:20 -0800] "GET /author/manpreet/feed/?fileloc=//lib/python3/dist-packages/django/contrib/gis/gdal/error.py&path=//lib/python3/dist-packages/django/contrib/gis/gdal HTTP/1.1" 200 6623 "-" "Mozilla/5.0 (compatible; MJ12bot/v1.4.8; http://mj12bot.com/)" 
69.30.196.218 - - [14/Dec/2025:02:43:22 -0800] "GET /R-487ae47ad790ec1172024975e7df50c8 HTTP/1.1" 200 3502 "-" "-" 
54.37.252.59 - - [14/Dec/2025:02:43:22 -0800] "GET /author/manpreet/feed/?fileloc=//lib/python3/dist-packages/django/contrib/gis/gdal/feature.py&path=//lib/python3/dist-packages/django/contrib/gis/gdal HTTP/1.1" 200 7294 "-" "Mozilla/5.0 (compatible; MJ12bot/v1.4.8; http://mj12bot.com/)" 
216.73.216.158 - - [14/Dec/2025:02:43:24 -0800] "GET /xmlrpc.php?fileloc=%2F%2Fsys%2Fkernel%2Firq%2F258%2Fchip_name&path=%2F%2Fsys%2Fkernel%2Firq%2F258 HTTP/2.0" 429 278 "-" "Mozilla/5.0 AppleWebKit/537.36 (KHTML, like Gecko; compatible; ClaudeBot/1.0; +claudebot@anthropic.com)" 
69.30.196.218 - - [14/Dec/2025:02:43:24 -0800] "GET /R-487ae47ad790ec1172024975e7df50c8 HTTP/1.1" 200 3502 "-" "-" 
54.37.252.59 - - [14/Dec/2025:02:43:24 -0800] "GET /author/manpreet/feed/?fileloc=//lib/python3/dist-packages/django/contrib/gis/gdal/field.py&path=//lib/python3/dist-packages/django/contrib/gis/gdal HTTP/1.1" 200 7865 "-" "Mozilla/5.0 (compatible; MJ12bot/v1.4.8; http://mj12bot.com/)" 
69.30.196.218 - - [14/Dec/2025:02:43:26 -0800] "GET /R-487ae47ad790ec1172024975e7df50c8 HTTP/1.1" 200 3502 "-" "-" 
54.37.252.59 - - [14/Dec/2025:02:43:26 -0800] "GET /author/manpreet/feed/?fileloc=//lib/python3/dist-packages/django/contrib/gis/gdal/geometries.py&path=//lib/python3/dist-packages/django/contrib/gis/gdal HTTP/1.1" 200 12007 "-" "Mozilla/5.0 (compatible; MJ12bot/v1.4.8; http://mj12bot.com/)" 
69.30.196.218 - - [14/Dec/2025:02:43:28 -0800] "GET /R-487ae47ad790ec1172024975e7df50c8 HTTP/1.1" 200 3502 "-" "-" 
54.37.252.59 - - [14/Dec/2025:02:43:28 -0800] "GET /author/manpreet/feed/?fileloc=//lib/python3/dist-packages/django/contrib/gis/gdal/geomtype.py&path=//lib/python3/dist-packages/django/contrib/gis/gdal HTTP/1.1" 200 7012 "-" "Mozilla/5.0 (compatible; MJ12bot/v1.4.8; http://mj12bot.com/)" 
216.73.216.158 - - [14/Dec/2025:02:43:29 -0800] "GET /xmlrpc.php?fileloc=%2F%2Fsys%2Fkernel%2Firq%2F735%2Fhwirq&path=%2F%2Fsys%2Fkernel%2Firq%2F735 HTTP/2.0" 429 278 "-" "Mozilla/5.0 AppleWebKit/537.36 (KHTML, like Gecko; compatible; ClaudeBot/1.0; +claudebot@anthropic.com)" 
69.30.196.218 - - [14/Dec/2025:02:43:30 -0800] "GET /R-487ae47ad790ec1172024975e7df50c8 HTTP/1.1" 200 3502 "-" "-" 
54.37.252.59 - - [14/Dec/2025:02:43:30 -0800] "GET /author/manpreet/feed/?fileloc=//lib/python3/dist-packages/django/contrib/gis/gdal/layer.py&path=//lib/python3/dist-packages/django/contrib/gis/gdal HTTP/1.1" 200 8582 "-" "Mozilla/5.0 (compatible; MJ12bot/v1.4.8; http://mj12bot.com/)" 
69.30.196.218 - - [14/Dec/2025:02:43:33 -0800] "GET /R-487ae47ad790ec1172024975e7df50c8 HTTP/1.1" 200 3502 "-" "-" 
54.37.252.59 - - [14/Dec/2025:02:43:32 -0800] "GET /author/manpreet/feed/?fileloc=//lib/python3/dist-packages/django/contrib/gis/gdal/libgdal.py&path=//lib/python3/dist-packages/django/contrib/gis/gdal HTTP/1.1" 200 7365 "-" "Mozilla/5.0 (compatible; MJ12bot/v1.4.8; http://mj12bot.com/)" 
216.73.216.158 - - [14/Dec/2025:02:43:34 -0800] "GET /xmlrpc.php?fileloc=%2F%2Fsys%2Fkernel%2Firq%2F738%2Fhwirq&path=%2F%2Fsys%2Fkernel%2Firq%2F738 HTTP/2.0" 429 278 "-" "Mozilla/5.0 AppleWebKit/537.36 (KHTML, like Gecko; compatible; ClaudeBot/1.0; +claudebot@anthropic.com)" 
69.30.196.218 - - [14/Dec/2025:02:43:35 -0800] "GET /R-487ae47ad790ec1172024975e7df50c8 HTTP/1.1" 200 3502 "-" "-" 
54.37.252.59 - - [14/Dec/2025:02:43:35 -0800] "GET /author/manpreet/feed/?fileloc=//lib/python3/dist-packages/django/contrib/gis/gdal/srs.py&path=//lib/python3/dist-packages/django/contrib/gis/gdal HTTP/1.1" 200 9400 "-" "Mozilla/5.0 (compatible; MJ12bot/v1.4.8; http://mj12bot.com/)" 
69.30.196.218 - - [14/Dec/2025:02:43:37 -0800] "GET /R-487ae47ad790ec1172024975e7df50c8 HTTP/1.1" 200 3502 "-" "-" 
54.37.252.59 - - [14/Dec/2025:02:43:37 -0800] "GET /author/manpreet/feed/?fileloc=//lib/python3/dist-packages/django/contrib/gis/geoip2/__init__.py&path=//lib/python3/dist-packages/django/contrib/gis/geoip2 HTTP/1.1" 200 6473 "-" "Mozilla/5.0 (compatible; MJ12bot/v1.4.8; http://mj12bot.com/)" 
216.73.216.158 - - [14/Dec/2025:02:43:39 -0800] "GET /xmlrpc.php?fileloc=%2F%2Fsys%2Fblock%2Fnbd6%2Fsubsystem%2Fnbd8%2Fqueue%2Fiosched%2Fwrite_expire&path=%2F%2Fsys%2Fblock%2Fnbd6%2Fsubsystem%2Fnbd8%2Fqueue%2Fiosched HTTP/2.0" 429 278 "-" "Mozilla/5.0 AppleWebKit/537.36 (KHTML, like Gecko; compatible; ClaudeBot/1.0; +claudebot@anthropic.com)" 
69.30.196.218 - - [14/Dec/2025:02:43:39 -0800] "GET /R-487ae47ad790ec1172024975e7df50c8 HTTP/1.1" 200 3502 "-" "-" 
54.37.252.59 - - [14/Dec/2025:02:43:39 -0800] "GET /author/manpreet/feed/?fileloc=//lib/python3/dist-packages/django/contrib/gis/geoip2/base.py&path=//lib/python3/dist-packages/django/contrib/gis/geoip2 HTTP/1.1" 200 8751 "-" "Mozilla/5.0 (compatible; MJ12bot/v1.4.8; http://mj12bot.com/)" 
69.30.196.218 - - [14/Dec/2025:02:43:41 -0800] "GET /R-487ae47ad790ec1172024975e7df50c8 HTTP/1.1" 200 3502 "-" "-" 
54.37.252.59 - - [14/Dec/2025:02:43:41 -0800] "GET /author/manpreet/feed/?fileloc=//lib/python3/dist-packages/django/contrib/gis/geoip2/resources.py&path=//lib/python3/dist-packages/django/contrib/gis/geoip2 HTTP/1.1" 200 6178 "-" "Mozilla/5.0 (compatible; MJ12bot/v1.4.8; http://mj12bot.com/)" 
69.30.196.218 - - [14/Dec/2025:02:43:43 -0800] "GET /R-487ae47ad790ec1172024975e7df50c8 HTTP/1.1" 200 3502 "-" "-" 
54.37.252.59 - - [14/Dec/2025:02:43:43 -0800] "GET /author/manpreet/feed/?fileloc=//lib/python3/dist-packages/django/contrib/gis/geos/__init__.py&path=//lib/python3/dist-packages/django/contrib/gis/geos HTTP/1.1" 200 6260 "-" "Mozilla/5.0 (compatible; MJ12bot/v1.4.8; http://mj12bot.com/)" 
216.73.216.158 - - [14/Dec/2025:02:43:44 -0800] "GET /xmlrpc.php?fileloc=%2F%2Fsys%2Fkernel%2Firq%2F608%2Factions&path=%2F%2Fsys%2Fkernel%2Firq%2F608 HTTP/2.0" 429 278 "-" "Mozilla/5.0 AppleWebKit/537.36 (KHTML, like Gecko; compatible; ClaudeBot/1.0; +claudebot@anthropic.com)" 
69.30.196.218 - - [14/Dec/2025:02:43:45 -0800] "GET /R-487ae47ad790ec1172024975e7df50c8 HTTP/1.1" 200 3502 "-" "-" 
54.37.252.59 - - [14/Dec/2025:02:43:45 -0800] "GET /author/manpreet/feed/?fileloc=//lib/python3/dist-packages/django/contrib/gis/geos/base.py&path=//lib/python3/dist-packages/django/contrib/gis/geos HTTP/1.1" 200 6036 "-" "Mozilla/5.0 (compatible; MJ12bot/v1.4.8; http://mj12bot.com/)" 
69.30.196.218 - - [14/Dec/2025:02:43:47 -0800] "GET /R-487ae47ad790ec1172024975e7df50c8 HTTP/1.1" 200 3502 "-" "-" 
54.37.252.59 - - [14/Dec/2025:02:43:47 -0800] "GET /author/manpreet/feed/?fileloc=//lib/python3/dist-packages/django/contrib/gis/geos/collections.py&path=//lib/python3/dist-packages/django/contrib/gis/geos HTTP/1.1" 200 7305 "-" "Mozilla/5.0 (compatible; MJ12bot/v1.4.8; http://mj12bot.com/)" 
216.73.216.158 - - [14/Dec/2025:02:43:49 -0800] "GET /xmlrpc.php?fileloc=%2F%2Fsys%2Fkernel%2Firq%2F470%2Fhwirq&path=%2F%2Fsys%2Fkernel%2Firq%2F470 HTTP/2.0" 429 278 "-" "Mozilla/5.0 AppleWebKit/537.36 (KHTML, like Gecko; compatible; ClaudeBot/1.0; +claudebot@anthropic.com)" 
69.30.196.218 - - [14/Dec/2025:02:43:50 -0800] "GET /R-487ae47ad790ec1172024975e7df50c8 HTTP/1.1" 200 3502 "-" "-" 
54.37.252.59 - - [14/Dec/2025:02:43:49 -0800] "GET /author/manpreet/feed/?fileloc=//lib/python3/dist-packages/django/contrib/gis/geos/coordseq.py&path=//lib/python3/dist-packages/django/contrib/gis/geos HTTP/1.1" 200 7885 "-" "Mozilla/5.0 (compatible; MJ12bot/v1.4.8; http://mj12bot.com/)" 
69.30.196.218 - - [14/Dec/2025:02:43:52 -0800] "GET /R-487ae47ad790ec1172024975e7df50c8 HTTP/1.1" 200 3502 "-" "-" 
54.37.252.59 - - [14/Dec/2025:02:43:51 -0800] "GET /author/manpreet/feed/?fileloc=//lib/python3/dist-packages/django/contrib/gis/geos/error.py&path=//lib/python3/dist-packages/django/contrib/gis/geos HTTP/1.1" 200 6021 "-" "Mozilla/5.0 (compatible; MJ12bot/v1.4.8; http://mj12bot.com/)" 
216.73.216.158 - - [14/Dec/2025:02:43:54 -0800] "GET /xmlrpc.php?fileloc=%2F%2Fsys%2Fkernel%2Firq%2F1160%2Fwakeup&path=%2F%2Fsys%2Fkernel%2Firq%2F1160 HTTP/2.0" 429 278 "-" "Mozilla/5.0 AppleWebKit/537.36 (KHTML, like Gecko; compatible; ClaudeBot/1.0; +claudebot@anthropic.com)" 
69.30.196.218 - - [14/Dec/2025:02:43:54 -0800] "GET /R-487ae47ad790ec1172024975e7df50c8 HTTP/1.1" 200 3502 "-" "-" 
54.37.252.59 - - [14/Dec/2025:02:43:54 -0800] "GET /author/manpreet/feed/?fileloc=//lib/python3/dist-packages/django/contrib/gis/geos/factory.py&path=//lib/python3/dist-packages/django/contrib/gis/geos HTTP/1.1" 200 6389 "-" "Mozilla/5.0 (compatible; MJ12bot/v1.4.8; http://mj12bot.com/)" 
69.30.196.218 - - [14/Dec/2025:02:43:56 -0800] "GET /R-487ae47ad790ec1172024975e7df50c8 HTTP/1.1" 200 3502 "-" "-" 
54.37.252.59 - - [14/Dec/2025:02:43:56 -0800] "GET /author/manpreet/feed/?fileloc=//lib/python3/dist-packages/django/contrib/gis/geos/geometry.py&path=//lib/python3/dist-packages/django/contrib/gis/geos HTTP/1.1" 200 12740 "-" "Mozilla/5.0 (compatible; MJ12bot/v1.4.8; http://mj12bot.com/)" 
69.30.196.218 - - [14/Dec/2025:02:43:58 -0800] "GET /R-487ae47ad790ec1172024975e7df50c8 HTTP/1.1" 200 3502 "-" "-" 
54.37.252.59 - - [14/Dec/2025:02:43:58 -0800] "GET /author/manpreet/feed/?fileloc=//lib/python3/dist-packages/django/contrib/gis/geos/io.py&path=//lib/python3/dist-packages/django/contrib/gis/geos HTTP/1.1" 200 6321 "-" "Mozilla/5.0 (compatible; MJ12bot/v1.4.8; http://mj12bot.com/)" 
216.73.216.158 - - [14/Dec/2025:02:43:59 -0800] "GET /xmlrpc.php?fileloc=%2F%2Fsys%2Fblock%2Fnvme7n1%2Fcapability&path=%2F%2Fsys%2Fblock%2Fnvme7n1 HTTP/2.0" 429 278 "-" "Mozilla/5.0 AppleWebKit/537.36 (KHTML, like Gecko; compatible; ClaudeBot/1.0; +claudebot@anthropic.com)" 
69.30.196.218 - - [14/Dec/2025:02:44:00 -0800] "GET /R-487ae47ad790ec1172024975e7df50c8 HTTP/1.1" 200 3502 "-" "-" 
54.37.252.59 - - [14/Dec/2025:02:44:00 -0800] "GET /author/manpreet/feed/?fileloc=//lib/python3/dist-packages/django/contrib/gis/geos/libgeos.py&path=//lib/python3/dist-packages/django/contrib/gis/geos HTTP/1.1" 200 7840 "-" "Mozilla/5.0 (compatible; MJ12bot/v1.4.8; http://mj12bot.com/)" 
69.30.196.218 - - [14/Dec/2025:02:44:02 -0800] "GET /R-487ae47ad790ec1172024975e7df50c8 HTTP/1.1" 200 3502 "-" "-" 
54.37.252.59 - - [14/Dec/2025:02:44:02 -0800] "GET /author/manpreet/feed/?fileloc=//lib/python3/dist-packages/django/contrib/gis/geos/linestring.py&path=//lib/python3/dist-packages/django/contrib/gis/geos HTTP/1.1" 200 7969 "-" "Mozilla/5.0 (compatible; MJ12bot/v1.4.8; http://mj12bot.com/)" 
216.73.216.158 - - [14/Dec/2025:02:44:04 -0800] "GET /xmlrpc.php?fileloc=%2F%2Fsys%2Fkernel%2Firq%2F572%2Ftype&path=%2F%2Fsys%2Fkernel%2Firq%2F572 HTTP/2.0" 429 278 "-" "Mozilla/5.0 AppleWebKit/537.36 (KHTML, like Gecko; compatible; ClaudeBot/1.0; +claudebot@anthropic.com)" 
69.30.196.218 - - [14/Dec/2025:02:44:04 -0800] "GET /R-487ae47ad790ec1172024975e7df50c8 HTTP/1.1" 200 3502 "-" "-" 
54.37.252.59 - - [14/Dec/2025:02:44:04 -0800] "GET /author/manpreet/feed/?fileloc=//lib/python3/dist-packages/django/contrib/gis/geos/mutable_list.py&path=//lib/python3/dist-packages/django/contrib/gis/geos HTTP/1.1" 200 8730 "-" "Mozilla/5.0 (compatible; MJ12bot/v1.4.8; http://mj12bot.com/)" 
69.30.196.218 - - [14/Dec/2025:02:44:06 -0800] "GET /R-487ae47ad790ec1172024975e7df50c8 HTTP/1.1" 200 3502 "-" "-" 
54.37.252.59 - - [14/Dec/2025:02:44:06 -0800] "GET /author/manpreet/feed/?fileloc=//lib/python3/dist-packages/django/contrib/gis/geos/point.py&path=//lib/python3/dist-packages/django/contrib/gis/geos HTTP/1.1" 200 7432 "-" "Mozilla/5.0 (compatible; MJ12bot/v1.4.8; http://mj12bot.com/)" 
69.30.196.218 - - [14/Dec/2025:02:44:08 -0800] "GET /R-487ae47ad790ec1172024975e7df50c8 HTTP/1.1" 200 3502 "-" "-" 
54.37.252.59 - - [14/Dec/2025:02:44:08 -0800] "GET /author/manpreet/feed/?fileloc=//lib/python3/dist-packages/django/contrib/gis/geos/polygon.py&path=//lib/python3/dist-packages/django/contrib/gis/geos HTTP/1.1" 200 8131 "-" "Mozilla/5.0 (compatible; MJ12bot/v1.4.8; http://mj12bot.com/)" 
216.73.216.158 - - [14/Dec/2025:02:44:09 -0800] "GET /xmlrpc.php?fileloc=%2F%2Fsys%2Fkernel%2Firq%2F1075%2Factions&path=%2F%2Fsys%2Fkernel%2Firq%2F1075 HTTP/2.0" 429 278 "-" "Mozilla/5.0 AppleWebKit/537.36 (KHTML, like Gecko; compatible; ClaudeBot/1.0; +claudebot@anthropic.com)" 
69.30.196.218 - - [14/Dec/2025:02:44:10 -0800] "GET /R-487ae47ad790ec1172024975e7df50c8 HTTP/1.1" 200 3502 "-" "-" 
54.37.252.59 - - [14/Dec/2025:02:44:10 -0800] "GET /author/manpreet/feed/?fileloc=//lib/python3/dist-packages/django/contrib/gis/geos/prepared.py&path=//lib/python3/dist-packages/django/contrib/gis/geos HTTP/1.1" 200 6470 "-" "Mozilla/5.0 (compatible; MJ12bot/v1.4.8; http://mj12bot.com/)" 
69.30.196.218 - - [14/Dec/2025:02:44:11 -0800] "GET /R-487ae47ad790ec1172024975e7df50c8 HTTP/1.1" 200 3502 "-" "-" 
114.119.139.115 - - [14/Dec/2025:02:44:11 -0800] "GET /survey/headline/data/30q2v.html HTTP/1.1" 200 8604 "https://lifeofcanada.com/sitemap244.xml" "Mozilla/5.0 (Linux; Android 7.0;) AppleWebKit/537.36 (KHTML, like Gecko) Mobile Safari/537.36 (compatible; PetalBot;+https://webmaster.petalsearch.com/site/petalbot)" 
69.30.196.218 - - [14/Dec/2025:02:44:12 -0800] "GET /R-487ae47ad790ec1172024975e7df50c8 HTTP/1.1" 200 3502 "-" "-" 
54.37.252.59 - - [14/Dec/2025:02:44:12 -0800] "GET /author/manpreet/feed/?fileloc=//lib/python3/dist-packages/django/contrib/gis/management/__init__.py&path=//lib/python3/dist-packages/django/contrib/gis/management HTTP/1.1" 200 5965 "-" "Mozilla/5.0 (compatible; MJ12bot/v1.4.8; http://mj12bot.com/)" 
216.73.216.158 - - [14/Dec/2025:02:44:14 -0800] "GET /xmlrpc.php?fileloc=%2F%2Fsys%2Fkernel%2Firq%2F742%2Fhwirq&path=%2F%2Fsys%2Fkernel%2Firq%2F742 HTTP/2.0" 429 278 "-" "Mozilla/5.0 AppleWebKit/537.36 (KHTML, like Gecko; compatible; ClaudeBot/1.0; +claudebot@anthropic.com)" 
69.30.196.218 - - [14/Dec/2025:02:44:14 -0800] "GET /R-487ae47ad790ec1172024975e7df50c8 HTTP/1.1" 200 3502 "-" "-" 
54.37.252.59 - - [14/Dec/2025:02:44:14 -0800] "GET /author/manpreet/feed/?fileloc=//lib/python3/dist-packages/django/contrib/gis/serializers/__init__.py&path=//lib/python3/dist-packages/django/contrib/gis/serializers HTTP/1.1" 200 5967 "-" "Mozilla/5.0 (compatible; MJ12bot/v1.4.8; http://mj12bot.com/)" 
69.30.196.218 - - [14/Dec/2025:02:44:16 -0800] "GET /R-487ae47ad790ec1172024975e7df50c8 HTTP/1.1" 200 3502 "-" "-" 
54.37.252.59 - - [14/Dec/2025:02:44:16 -0800] "GET /author/manpreet/feed/?fileloc=//lib/python3/dist-packages/django/contrib/gis/serializers/geojson.py&path=//lib/python3/dist-packages/django/contrib/gis/serializers HTTP/1.1" 200 6864 "-" "Mozilla/5.0 (compatible; MJ12bot/v1.4.8; http://mj12bot.com/)" 
69.30.196.218 - - [14/Dec/2025:02:44:18 -0800] "GET /R-487ae47ad790ec1172024975e7df50c8 HTTP/1.1" 200 3502 "-" "-" 
54.37.252.59 - - [14/Dec/2025:02:44:18 -0800] "GET /author/manpreet/feed/?fileloc=//lib/python3/dist-packages/django/contrib/gis/sitemaps/__init__.py&path=//lib/python3/dist-packages/django/contrib/gis/sitemaps HTTP/1.1" 200 6047 "-" "Mozilla/5.0 (compatible; MJ12bot/v1.4.8; http://mj12bot.com/)" 
216.73.216.158 - - [14/Dec/2025:02:44:19 -0800] "GET /xmlrpc.php?fileloc=%2F%2Fsys%2Fkernel%2Firq%2F349%2Ftype&path=%2F%2Fsys%2Fkernel%2Firq%2F349 HTTP/2.0" 429 278 "-" "Mozilla/5.0 AppleWebKit/537.36 (KHTML, like Gecko; compatible; ClaudeBot/1.0; +claudebot@anthropic.com)" 
69.30.196.218 - - [14/Dec/2025:02:44:21 -0800] "GET /R-487ae47ad790ec1172024975e7df50c8 HTTP/1.1" 200 3502 "-" "-" 
54.37.252.59 - - [14/Dec/2025:02:44:20 -0800] "GET /author/manpreet/feed/?fileloc=//lib/python3/dist-packages/django/contrib/gis/sitemaps/kml.py&path=//lib/python3/dist-packages/django/contrib/gis/sitemaps HTTP/1.1" 200 6847 "-" "Mozilla/5.0 (compatible; MJ12bot/v1.4.8; http://mj12bot.com/)" 
69.30.196.218 - - [14/Dec/2025:02:44:23 -0800] "GET /R-487ae47ad790ec1172024975e7df50c8 HTTP/1.1" 200 3502 "-" "-" 
54.37.252.59 - - [14/Dec/2025:02:44:22 -0800] "GET /author/manpreet/feed/?fileloc=//lib/python3/dist-packages/django/contrib/gis/sitemaps/views.py&path=//lib/python3/dist-packages/django/contrib/gis/sitemaps HTTP/1.1" 200 6843 "-" "Mozilla/5.0 (compatible; MJ12bot/v1.4.8; http://mj12bot.com/)" 
216.73.216.158 - - [14/Dec/2025:02:44:24 -0800] "GET /xmlrpc.php?fileloc=%2F%2Fsys%2Fkernel%2Firq%2F486%2Fhwirq&path=%2F%2Fsys%2Fkernel%2Firq%2F486 HTTP/2.0" 429 278 "-" "Mozilla/5.0 AppleWebKit/537.36 (KHTML, like Gecko; compatible; ClaudeBot/1.0; +claudebot@anthropic.com)" 
69.30.196.218 - - [14/Dec/2025:02:44:25 -0800] "GET /R-487ae47ad790ec1172024975e7df50c8 HTTP/1.1" 200 3502 "-" "-" 
54.37.252.59 - - [14/Dec/2025:02:44:25 -0800] "GET /author/manpreet/feed/?fileloc=//lib/python3/dist-packages/django/contrib/gis/utils/__init__.py&path=//lib/python3/dist-packages/django/contrib/gis/utils HTTP/1.1" 200 6245 "-" "Mozilla/5.0 (compatible; MJ12bot/v1.4.8; http://mj12bot.com/)" 
69.30.196.218 - - [14/Dec/2025:02:44:27 -0800] "GET /R-487ae47ad790ec1172024975e7df50c8 HTTP/1.1" 200 3502 "-" "-" 
54.37.252.59 - - [14/Dec/2025:02:44:27 -0800] "GET /author/manpreet/feed/?fileloc=//lib/python3/dist-packages/django/contrib/gis/utils/layermapping.py&path=//lib/python3/dist-packages/django/contrib/gis/utils HTTP/1.1" 200 13463 "-" "Mozilla/5.0 (compatible; MJ12bot/v1.4.8; http://mj12bot.com/)" 
216.73.216.158 - - [14/Dec/2025:02:44:29 -0800] "GET /xmlrpc.php?fileloc=%2F%2Fsys%2Fkernel%2Firq%2F600%2Fchip_name&path=%2F%2Fsys%2Fkernel%2Firq%2F600 HTTP/2.0" 429 278 "-" "Mozilla/5.0 AppleWebKit/537.36 (KHTML, like Gecko; compatible; ClaudeBot/1.0; +claudebot@anthropic.com)" 
69.30.196.218 - - [14/Dec/2025:02:44:29 -0800] "GET /R-487ae47ad790ec1172024975e7df50c8 HTTP/1.1" 200 3502 "-" "-" 
54.37.252.59 - - [14/Dec/2025:02:44:29 -0800] "GET /author/manpreet/feed/?fileloc=//lib/python3/dist-packages/django/contrib/gis/utils/ogrinfo.py&path=//lib/python3/dist-packages/django/contrib/gis/utils HTTP/1.1" 200 6718 "-" "Mozilla/5.0 (compatible; MJ12bot/v1.4.8; http://mj12bot.com/)" 
69.30.196.218 - - [14/Dec/2025:02:44:31 -0800] "GET /R-487ae47ad790ec1172024975e7df50c8 HTTP/1.1" 200 3502 "-" "-" 
54.37.252.59 - - [14/Dec/2025:02:44:31 -0800] "GET /author/manpreet/feed/?fileloc=//lib/python3/dist-packages/django/contrib/gis/utils/ogrinspect.py&path=//lib/python3/dist-packages/django/contrib/gis/utils HTTP/1.1" 200 8604 "-" "Mozilla/5.0 (compatible; MJ12bot/v1.4.8; http://mj12bot.com/)" 
69.30.196.218 - - [14/Dec/2025:02:44:33 -0800] "GET /R-487ae47ad790ec1172024975e7df50c8 HTTP/1.1" 200 3502 "-" "-" 
54.37.252.59 - - [14/Dec/2025:02:44:33 -0800] "GET /author/manpreet/feed/?fileloc=//lib/python3/dist-packages/django/contrib/gis/utils/srs.py&path=//lib/python3/dist-packages/django/contrib/gis/utils HTTP/1.1" 200 7097 "-" "Mozilla/5.0 (compatible; MJ12bot/v1.4.8; http://mj12bot.com/)" 
216.73.216.158 - - [14/Dec/2025:02:44:34 -0800] "GET /xmlrpc.php?fileloc=%2F%2Fsys%2Fkernel%2Firq%2F747%2Fhwirq&path=%2F%2Fsys%2Fkernel%2Firq%2F747 HTTP/2.0" 429 278 "-" "Mozilla/5.0 AppleWebKit/537.36 (KHTML, like Gecko; compatible; ClaudeBot/1.0; +claudebot@anthropic.com)" 
69.30.196.218 - - [14/Dec/2025:02:44:35 -0800] "GET /R-487ae47ad790ec1172024975e7df50c8 HTTP/1.1" 200 3502 "-" "-" 
54.37.252.59 - - [14/Dec/2025:02:44:35 -0800] "GET /author/manpreet/feed/?fileloc=//lib/python3/dist-packages/django/contrib/humanize/__pycache__/__init__.cpython-310.pyc&path=//lib/python3/dist-packages/django/contrib/humanize/__pycache__ HTTP/1.1" 200 6067 "-" "Mozilla/5.0 (compatible; MJ12bot/v1.4.8; http://mj12bot.com/)" 
69.30.196.218 - - [14/Dec/2025:02:44:38 -0800] "GET /R-487ae47ad790ec1172024975e7df50c8 HTTP/1.1" 200 3502 "-" "-" 
54.37.252.59 - - [14/Dec/2025:02:44:37 -0800] "GET /author/manpreet/feed/?fileloc=//lib/python3/dist-packages/django/contrib/humanize/__pycache__/apps.cpython-310.pyc&path=//lib/python3/dist-packages/django/contrib/humanize/__pycache__ HTTP/1.1" 200 6295 "-" "Mozilla/5.0 (compatible; MJ12bot/v1.4.8; http://mj12bot.com/)" 
216.73.216.158 - - [14/Dec/2025:02:44:39 -0800] "GET /xmlrpc.php?fileloc=%2F%2Fvar%2Flib%2Fdpkg%2Finfo%2Flibgtk2.0-0%3Aamd64.md5sums&path=%2F%2Fvar%2Flib%2Fdpkg%2Finfo HTTP/2.0" 429 359 "-" "Mozilla/5.0 AppleWebKit/537.36 (KHTML, like Gecko; compatible; ClaudeBot/1.0; +claudebot@anthropic.com)" 
69.30.196.218 - - [14/Dec/2025:02:44:40 -0800] "GET /R-487ae47ad790ec1172024975e7df50c8 HTTP/1.1" 200 3502 "-" "-" 
54.37.252.59 - - [14/Dec/2025:02:44:39 -0800] "GET /author/manpreet/feed/?fileloc=//lib/python3/dist-packages/django/contrib/humanize/templatetags/__init__.py&path=//lib/python3/dist-packages/django/contrib/humanize/templatetags HTTP/1.1" 200 5970 "-" "Mozilla/5.0 (compatible; MJ12bot/v1.4.8; http://mj12bot.com/)" 
69.30.196.218 - - [14/Dec/2025:02:44:41 -0800] "GET /R-487ae47ad790ec1172024975e7df50c8 HTTP/1.1" 200 3502 "-" "-" 
54.37.252.59 - - [14/Dec/2025:02:44:41 -0800] "GET /author/manpreet/feed/?fileloc=//lib/python3/dist-packages/django/contrib/humanize/templatetags/humanize.py&path=//lib/python3/dist-packages/django/contrib/humanize/templatetags HTTP/1.1" 200 8736 "-" "Mozilla/5.0 (compatible; MJ12bot/v1.4.8; http://mj12bot.com/)" 
69.30.196.218 - - [14/Dec/2025:02:44:44 -0800] "GET /R-487ae47ad790ec1172024975e7df50c8 HTTP/1.1" 200 3502 "-" "-" 
54.37.252.59 - - [14/Dec/2025:02:44:43 -0800] "GET /author/manpreet/feed/?fileloc=//lib/python3/dist-packages/django/contrib/messages/__pycache__/__init__.cpython-310.pyc&path=//lib/python3/dist-packages/django/contrib/messages/__pycache__ HTTP/1.1" 200 6117 "-" "Mozilla/5.0 (compatible; MJ12bot/v1.4.8; http://mj12bot.com/)" 
216.73.216.158 - - [14/Dec/2025:02:44:44 -0800] "GET /xmlrpc.php?fileloc=%2F%2Fvar%2Flib%2Fdpkg%2Finfo%2Fphp8.1-common.md5sums&path=%2F%2Fvar%2Flib%2Fdpkg%2Finfo HTTP/2.0" 429 278 "-" "Mozilla/5.0 AppleWebKit/537.36 (KHTML, like Gecko; compatible; ClaudeBot/1.0; +claudebot@anthropic.com)" 
69.30.196.218 - - [14/Dec/2025:02:44:46 -0800] "GET /R-487ae47ad790ec1172024975e7df50c8 HTTP/1.1" 200 3502 "-" "-" 
54.37.252.59 - - [14/Dec/2025:02:44:45 -0800] "GET /author/manpreet/feed/?fileloc=//lib/python3/dist-packages/django/contrib/messages/__pycache__/api.cpython-310.pyc&path=//lib/python3/dist-packages/django/contrib/messages/__pycache__ HTTP/1.1" 200 7390 "-" "Mozilla/5.0 (compatible; MJ12bot/v1.4.8; http://mj12bot.com/)" 
54.254.148.114 - - [14/Dec/2025:02:44:47 -0800] "GET /wp-content/uploads/2021/03/Untitled-design.jpg?lm=1689348697 HTTP/1.1" 200 107224 "-" "Mozilla/5.0 (compatible; crawler)" 
69.30.196.218 - - [14/Dec/2025:02:44:48 -0800] "GET /R-487ae47ad790ec1172024975e7df50c8 HTTP/1.1" 200 3502 "-" "-" 
54.37.252.59 - - [14/Dec/2025:02:44:48 -0800] "GET /author/manpreet/feed/?fileloc=//lib/python3/dist-packages/django/contrib/messages/__pycache__/apps.cpython-310.pyc&path=//lib/python3/dist-packages/django/contrib/messages/__pycache__ HTTP/1.1" 200 6293 "-" "Mozilla/5.0 (compatible; MJ12bot/v1.4.8; http://mj12bot.com/)" 
216.73.216.158 - - [14/Dec/2025:02:44:49 -0800] "GET /xmlrpc.php?path=%2F%2Fsys%2Fkernel%2Firq%2F91 HTTP/2.0" 429 278 "-" "Mozilla/5.0 AppleWebKit/537.36 (KHTML, like Gecko; compatible; ClaudeBot/1.0; +claudebot@anthropic.com)" 
69.30.196.218 - - [14/Dec/2025:02:44:50 -0800] "GET /R-487ae47ad790ec1172024975e7df50c8 HTTP/1.1" 200 3502 "-" "-" 
54.37.252.59 - - [14/Dec/2025:02:44:50 -0800] "GET /author/manpreet/feed/?fileloc=//lib/python3/dist-packages/django/contrib/messages/__pycache__/constants.cpython-310.pyc&path=//lib/python3/dist-packages/django/contrib/messages/__pycache__ HTTP/1.1" 200 6301 "-" "Mozilla/5.0 (compatible; MJ12bot/v1.4.8; http://mj12bot.com/)" 
69.30.196.218 - - [14/Dec/2025:02:44:52 -0800] "GET /R-487ae47ad790ec1172024975e7df50c8 HTTP/1.1" 200 3502 "-" "-" 
54.37.252.59 - - [14/Dec/2025:02:44:52 -0800] "GET /author/manpreet/feed/?fileloc=//lib/python3/dist-packages/django/contrib/messages/__pycache__/context_processors.cpython-310.pyc&path=//lib/python3/dist-packages/django/contrib/messages/__pycache__ HTTP/1.1" 200 6331 "-" "Mozilla/5.0 (compatible; MJ12bot/v1.4.8; http://mj12bot.com/)" 
216.73.216.158 - - [14/Dec/2025:02:44:54 -0800] "GET /xmlrpc.php?path=%2F%2Fsys%2Fkernel%2Firq%2F891 HTTP/2.0" 429 278 "-" "Mozilla/5.0 AppleWebKit/537.36 (KHTML, like Gecko; compatible; ClaudeBot/1.0; +claudebot@anthropic.com)" 
69.30.196.218 - - [14/Dec/2025:02:44:54 -0800] "GET /R-487ae47ad790ec1172024975e7df50c8 HTTP/1.1" 200 3502 "-" "-" 
54.37.252.59 - - [14/Dec/2025:02:44:54 -0800] "GET /author/manpreet/feed/?fileloc=//lib/python3/dist-packages/django/contrib/messages/__pycache__/middleware.cpython-310.pyc&path=//lib/python3/dist-packages/django/contrib/messages/__pycache__ HTTP/1.1" 200 6667 "-" "Mozilla/5.0 (compatible; MJ12bot/v1.4.8; http://mj12bot.com/)" 
69.30.196.218 - - [14/Dec/2025:02:44:56 -0800] "GET /R-487ae47ad790ec1172024975e7df50c8 HTTP/1.1" 200 3502 "-" "-" 
54.37.252.59 - - [14/Dec/2025:02:44:56 -0800] "GET /author/manpreet/feed/?fileloc=//lib/python3/dist-packages/django/contrib/messages/__pycache__/utils.cpython-310.pyc&path=//lib/python3/dist-packages/django/contrib/messages/__pycache__ HTTP/1.1" 200 6303 "-" "Mozilla/5.0 (compatible; MJ12bot/v1.4.8; http://mj12bot.com/)" 
69.30.214.206 - - [14/Dec/2025:02:44:58 -0800] "GET /images/images/images/images/images/images/index.php?ARRAY=7o2230223n313736353731323639382p2231223n22687474703n5p2s5p2s736875692q31627n6979722r747936382r6s72675p2s3s6p633q7068705s636s64655s6n6326743q313736353730393039382q6431313636643136346530333036663935646133333462323763316263333665222p2232223n223439333834366331626335333836303066373334366537333236653066623162222p2233223n226231616666386161376538363561333763653066363134633539323434666263222p2262696r675s70617373223n2233302q34362q35342q36372q37372q38382q3239227q HTTP/1.1" 200 3603 "-" "Mozilla/5.0 (Macintosh; Intel Mac OS X 10.13; rv:103.0) Gecko/20100101 Firefox/102.0" 
69.30.196.218 - - [14/Dec/2025:02:44:59 -0800] "GET /R-487ae47ad790ec1172024975e7df50c8 HTTP/1.1" 200 3502 "-" "-" 
54.37.252.59 - - [14/Dec/2025:02:44:58 -0800] "GET /author/manpreet/feed/?fileloc=//lib/python3/dist-packages/django/contrib/messages/__pycache__/views.cpython-310.pyc&path=//lib/python3/dist-packages/django/contrib/messages/__pycache__ HTTP/1.1" 200 6536 "-" "Mozilla/5.0 (compatible; MJ12bot/v1.4.8; http://mj12bot.com/)" 
216.73.216.158 - - [14/Dec/2025:02:44:59 -0800] "GET /xmlrpc.php?path=%2F%2Fsys%2Fkernel%2Firq%2F653 HTTP/2.0" 429 278 "-" "Mozilla/5.0 AppleWebKit/537.36 (KHTML, like Gecko; compatible; ClaudeBot/1.0; +claudebot@anthropic.com)" 
69.30.196.218 - - [14/Dec/2025:02:45:01 -0800] "GET /R-487ae47ad790ec1172024975e7df50c8 HTTP/1.1" 200 3502 "-" "-" 
54.37.252.59 - - [14/Dec/2025:02:45:00 -0800] "GET /author/manpreet/feed/?fileloc=//lib/python3/dist-packages/django/contrib/messages/storage/__init__.py&path=//lib/python3/dist-packages/django/contrib/messages/storage HTTP/1.1" 200 6158 "-" "Mozilla/5.0 (compatible; MJ12bot/v1.4.8; http://mj12bot.com/)" 
69.30.196.218 - - [14/Dec/2025:02:45:03 -0800] "GET /R-487ae47ad790ec1172024975e7df50c8 HTTP/1.1" 200 3502 "-" "-" 
54.37.252.59 - - [14/Dec/2025:02:45:02 -0800] "GET /author/manpreet/feed/?fileloc=//lib/python3/dist-packages/django/contrib/messages/storage/base.py&path=//lib/python3/dist-packages/django/contrib/messages/storage HTTP/1.1" 200 7757 "-" "Mozilla/5.0 (compatible; MJ12bot/v1.4.8; http://mj12bot.com/)" 
216.73.216.158 - - [14/Dec/2025:02:45:04 -0800] "GET /xmlrpc.php?fileloc=%2F%2Fvar%2Flib%2Fdpkg%2Finfo%2Ftmpreaper.templates&path=%2F%2Fvar%2Flib%2Fdpkg%2Finfo HTTP/2.0" 429 359 "-" "Mozilla/5.0 AppleWebKit/537.36 (KHTML, like Gecko; compatible; ClaudeBot/1.0; +claudebot@anthropic.com)" 
69.30.196.218 - - [14/Dec/2025:02:45:05 -0800] "GET /R-487ae47ad790ec1172024975e7df50c8 HTTP/1.1" 200 3502 "-" "-" 
54.37.252.59 - - [14/Dec/2025:02:45:04 -0800] "GET /author/manpreet/feed/?fileloc=//lib/python3/dist-packages/django/contrib/messages/storage/cookie.py&path=//lib/python3/dist-packages/django/contrib/messages/storage HTTP/1.1" 200 8512 "-" "Mozilla/5.0 (compatible; MJ12bot/v1.4.8; http://mj12bot.com/)" 
69.30.196.218 - - [14/Dec/2025:02:45:07 -0800] "GET /R-487ae47ad790ec1172024975e7df50c8 HTTP/1.1" 200 3502 "-" "-" 
54.37.252.59 - - [14/Dec/2025:02:45:06 -0800] "GET /author/manpreet/feed/?fileloc=//lib/python3/dist-packages/django/contrib/messages/storage/fallback.py&path=//lib/python3/dist-packages/django/contrib/messages/storage HTTP/1.1" 200 6641 "-" "Mozilla/5.0 (compatible; MJ12bot/v1.4.8; http://mj12bot.com/)" 
69.30.196.218 - - [14/Dec/2025:02:45:09 -0800] "GET /R-487ae47ad790ec1172024975e7df50c8 HTTP/1.1" 200 3502 "-" "-" 
54.37.252.59 - - [14/Dec/2025:02:45:09 -0800] "GET /author/manpreet/feed/?fileloc=//lib/python3/dist-packages/django/contrib/messages/storage/session.py&path=//lib/python3/dist-packages/django/contrib/messages/storage HTTP/1.1" 200 6586 "-" "Mozilla/5.0 (compatible; MJ12bot/v1.4.8; http://mj12bot.com/)" 
216.73.216.158 - - [14/Dec/2025:02:45:09 -0800] "GET /xmlrpc.php?path=%2F%2Fsys%2Fkernel%2Firq%2F802 HTTP/2.0" 429 278 "-" "Mozilla/5.0 AppleWebKit/537.36 (KHTML, like Gecko; compatible; ClaudeBot/1.0; +claudebot@anthropic.com)" 
69.30.196.218 - - [14/Dec/2025:02:45:11 -0800] "GET /R-487ae47ad790ec1172024975e7df50c8 HTTP/1.1" 200 3502 "-" "-" 
54.37.252.59 - - [14/Dec/2025:02:45:11 -0800] "GET /author/manpreet/feed/?fileloc=//lib/python3/dist-packages/django/contrib/postgres/__pycache__/__init__.cpython-310.pyc&path=//lib/python3/dist-packages/django/contrib/postgres/__pycache__ HTTP/1.1" 200 6065 "-" "Mozilla/5.0 (compatible; MJ12bot/v1.4.8; http://mj12bot.com/)" 
69.30.196.218 - - [14/Dec/2025:02:45:13 -0800] "GET /R-487ae47ad790ec1172024975e7df50c8 HTTP/1.1" 200 3502 "-" "-" 
54.37.252.59 - - [14/Dec/2025:02:45:13 -0800] "GET /author/manpreet/feed/?fileloc=//lib/python3/dist-packages/django/contrib/postgres/__pycache__/apps.cpython-310.pyc&path=//lib/python3/dist-packages/django/contrib/postgres/__pycache__ HTTP/1.1" 200 7486 "-" "Mozilla/5.0 (compatible; MJ12bot/v1.4.8; http://mj12bot.com/)" 
216.73.216.158 - - [14/Dec/2025:02:45:14 -0800] "GET /xmlrpc.php?fileloc=%2F%2Fvar%2Flib%2Fdpkg%2Finfo%2Ftcsh.prerm&path=%2F%2Fvar%2Flib%2Fdpkg%2Finfo HTTP/2.0" 429 278 "-" "Mozilla/5.0 AppleWebKit/537.36 (KHTML, like Gecko; compatible; ClaudeBot/1.0; +claudebot@anthropic.com)" 
69.30.196.218 - - [14/Dec/2025:02:45:15 -0800] "GET /R-487ae47ad790ec1172024975e7df50c8 HTTP/1.1" 200 3502 "-" "-" 
54.37.252.59 - - [14/Dec/2025:02:45:15 -0800] "GET /author/manpreet/feed/?fileloc=//lib/python3/dist-packages/django/contrib/postgres/__pycache__/constraints.cpython-310.pyc&path=//lib/python3/dist-packages/django/contrib/postgres/__pycache__ HTTP/1.1" 200 9096 "-" "Mozilla/5.0 (compatible; MJ12bot/v1.4.8; http://mj12bot.com/)" 
69.30.196.218 - - [14/Dec/2025:02:45:17 -0800] "GET /R-487ae47ad790ec1172024975e7df50c8 HTTP/1.1" 200 3502 "-" "-" 
54.37.252.59 - - [14/Dec/2025:02:45:17 -0800] "GET /author/manpreet/feed/?fileloc=//lib/python3/dist-packages/django/contrib/postgres/__pycache__/functions.cpython-310.pyc&path=//lib/python3/dist-packages/django/contrib/postgres/__pycache__ HTTP/1.1" 200 6384 "-" "Mozilla/5.0 (compatible; MJ12bot/v1.4.8; http://mj12bot.com/)" 
216.73.216.158 - - [14/Dec/2025:02:45:19 -0800] "GET /xmlrpc.php?fileloc=%2F%2Fvar%2Flib%2Fdpkg%2Finfo%2Finfo.prerm&path=%2F%2Fvar%2Flib%2Fdpkg%2Finfo HTTP/2.0" 429 278 "-" "Mozilla/5.0 AppleWebKit/537.36 (KHTML, like Gecko; compatible; ClaudeBot/1.0; +claudebot@anthropic.com)" 
69.30.196.218 - - [14/Dec/2025:02:45:19 -0800] "GET /R-487ae47ad790ec1172024975e7df50c8 HTTP/1.1" 200 3502 "-" "-" 
54.37.252.59 - - [14/Dec/2025:02:45:19 -0800] "GET /author/manpreet/feed/?fileloc=//lib/python3/dist-packages/django/contrib/postgres/__pycache__/indexes.cpython-310.pyc&path=//lib/python3/dist-packages/django/contrib/postgres/__pycache__ HTTP/1.1" 200 9102 "-" "Mozilla/5.0 (compatible; MJ12bot/v1.4.8; http://mj12bot.com/)" 
69.30.196.218 - - [14/Dec/2025:02:45:22 -0800] "GET /R-487ae47ad790ec1172024975e7df50c8 HTTP/1.1" 200 3502 "-" "-" 
54.37.252.59 - - [14/Dec/2025:02:45:21 -0800] "GET /author/manpreet/feed/?fileloc=//lib/python3/dist-packages/django/contrib/postgres/__pycache__/lookups.cpython-310.pyc&path=//lib/python3/dist-packages/django/contrib/postgres/__pycache__ HTTP/1.1" 200 7206 "-" "Mozilla/5.0 (compatible; MJ12bot/v1.4.8; http://mj12bot.com/)" 
69.30.196.218 - - [14/Dec/2025:02:45:24 -0800] "GET /R-487ae47ad790ec1172024975e7df50c8 HTTP/1.1" 200 3502 "-" "-" 
54.37.252.59 - - [14/Dec/2025:02:45:24 -0800] "GET /author/manpreet/feed/?fileloc=//lib/python3/dist-packages/django/contrib/postgres/__pycache__/operations.cpython-310.pyc&path=//lib/python3/dist-packages/django/contrib/postgres/__pycache__ HTTP/1.1" 200 9851 "-" "Mozilla/5.0 (compatible; MJ12bot/v1.4.8; http://mj12bot.com/)" 
216.73.216.158 - - [14/Dec/2025:02:45:24 -0800] "GET /xmlrpc.php?path=%2F%2Fsys%2Fkernel%2Firq%2F130 HTTP/2.0" 429 278 "-" "Mozilla/5.0 AppleWebKit/537.36 (KHTML, like Gecko; compatible; ClaudeBot/1.0; +claudebot@anthropic.com)" 
69.30.196.218 - - [14/Dec/2025:02:45:26 -0800] "GET /R-487ae47ad790ec1172024975e7df50c8 HTTP/1.1" 200 3502 "-" "-" 
54.37.252.59 - - [14/Dec/2025:02:45:26 -0800] "GET /author/manpreet/feed/?fileloc=//lib/python3/dist-packages/django/contrib/postgres/__pycache__/search.cpython-310.pyc&path=//lib/python3/dist-packages/django/contrib/postgres/__pycache__ HTTP/1.1" 200 10836 "-" "Mozilla/5.0 (compatible; MJ12bot/v1.4.8; http://mj12bot.com/)" 
15.235.96.137 - - [14/Dec/2025:02:45:28 -0800] "GET /wp-admin/?path=//lib/ruby/3.0.0/fiddle HTTP/2.0" 200 3367 "-" "Mozilla/5.0 (compatible; AhrefsBot/7.0; +http://ahrefs.com/robot/)" 
69.30.196.218 - - [14/Dec/2025:02:45:28 -0800] "GET /R-487ae47ad790ec1172024975e7df50c8 HTTP/1.1" 200 3502 "-" "-" 
54.37.252.59 - - [14/Dec/2025:02:45:28 -0800] "GET /author/manpreet/feed/?fileloc=//lib/python3/dist-packages/django/contrib/postgres/__pycache__/serializers.cpython-310.pyc&path=//lib/python3/dist-packages/django/contrib/postgres/__pycache__ HTTP/1.1" 200 6394 "-" "Mozilla/5.0 (compatible; MJ12bot/v1.4.8; http://mj12bot.com/)" 
69.30.196.218 - - [14/Dec/2025:02:45:30 -0800] "GET /R-487ae47ad790ec1172024975e7df50c8 HTTP/1.1" 200 3502 "-" "-" 
54.37.252.59 - - [14/Dec/2025:02:45:30 -0800] "GET /author/manpreet/feed/?fileloc=//lib/python3/dist-packages/django/contrib/postgres/__pycache__/signals.cpython-310.pyc&path=//lib/python3/dist-packages/django/contrib/postgres/__pycache__ HTTP/1.1" 200 7094 "-" "Mozilla/5.0 (compatible; MJ12bot/v1.4.8; http://mj12bot.com/)" 
216.73.216.158 - - [14/Dec/2025:02:45:30 -0800] "GET /xmlrpc.php?path=%2F%2Fsys%2Fdev%2Fblock%2F259%3A0%2Fnvme5n1p1%2Ftrace HTTP/2.0" 429 359 "-" "Mozilla/5.0 AppleWebKit/537.36 (KHTML, like Gecko; compatible; ClaudeBot/1.0; +claudebot@anthropic.com)" 
69.30.196.218 - - [14/Dec/2025:02:45:32 -0800] "GET /R-487ae47ad790ec1172024975e7df50c8 HTTP/1.1" 200 3502 "-" "-" 
54.37.252.59 - - [14/Dec/2025:02:45:32 -0800] "GET /author/manpreet/feed/?fileloc=//lib/python3/dist-packages/django/contrib/postgres/__pycache__/utils.cpython-310.pyc&path=//lib/python3/dist-packages/django/contrib/postgres/__pycache__ HTTP/1.1" 200 6672 "-" "Mozilla/5.0 (compatible; MJ12bot/v1.4.8; http://mj12bot.com/)" 
69.30.196.218 - - [14/Dec/2025:02:45:34 -0800] "GET /R-487ae47ad790ec1172024975e7df50c8 HTTP/1.1" 200 3502 "-" "-" 
54.37.252.59 - - [14/Dec/2025:02:45:34 -0800] "GET /author/manpreet/feed/?fileloc=//lib/python3/dist-packages/django/contrib/postgres/__pycache__/validators.cpython-310.pyc&path=//lib/python3/dist-packages/django/contrib/postgres/__pycache__ HTTP/1.1" 200 7426 "-" "Mozilla/5.0 (compatible; MJ12bot/v1.4.8; http://mj12bot.com/)" 
69.30.196.218 - - [14/Dec/2025:02:45:35 -0800] "GET /R-487ae47ad790ec1172024975e7df50c8 HTTP/1.1" 200 3502 "-" "-" 
114.119.155.83 - - [14/Dec/2025:02:45:34 -0800] "GET /survey/headline/2za4j.html HTTP/1.1" 200 8604 "https://lifeofcanada.com/sitemap294.xml" "Mozilla/5.0 (Linux; Android 7.0;) AppleWebKit/537.36 (KHTML, like Gecko) Mobile Safari/537.36 (compatible; PetalBot;+https://webmaster.petalsearch.com/site/petalbot)" 
216.73.216.158 - - [14/Dec/2025:02:45:35 -0800] "GET /xmlrpc.php?fileloc=%2F%2Fsys%2Fblock%2Fnvme7n1%2Fdiscard_alignment&path=%2F%2Fsys%2Fblock%2Fnvme7n1 HTTP/2.0" 429 278 "-" "Mozilla/5.0 AppleWebKit/537.36 (KHTML, like Gecko; compatible; ClaudeBot/1.0; +claudebot@anthropic.com)" 
69.30.196.218 - - [14/Dec/2025:02:45:36 -0800] "GET /R-487ae47ad790ec1172024975e7df50c8 HTTP/1.1" 200 3502 "-" "-" 
54.37.252.59 - - [14/Dec/2025:02:45:36 -0800] "GET /author/manpreet/feed/?fileloc=//lib/python3/dist-packages/django/contrib/postgres/aggregates/__init__.py&path=//lib/python3/dist-packages/django/contrib/postgres/aggregates HTTP/1.1" 200 6004 "-" "Mozilla/5.0 (compatible; MJ12bot/v1.4.8; http://mj12bot.com/)" 
69.30.196.218 - - [14/Dec/2025:02:45:39 -0800] "GET /R-487ae47ad790ec1172024975e7df50c8 HTTP/1.1" 200 3502 "-" "-" 
54.37.252.59 - - [14/Dec/2025:02:45:38 -0800] "GET /author/manpreet/feed/?fileloc=//lib/python3/dist-packages/django/contrib/postgres/aggregates/general.py&path=//lib/python3/dist-packages/django/contrib/postgres/aggregates HTTP/1.1" 200 6496 "-" "Mozilla/5.0 (compatible; MJ12bot/v1.4.8; http://mj12bot.com/)" 
216.73.216.158 - - [14/Dec/2025:02:45:40 -0800] "GET /xmlrpc.php?fileloc=%2F%2Fsys%2Fkernel%2Firq%2F1167%2Fper_cpu_count&path=%2F%2Fsys%2Fkernel%2Firq%2F1167 HTTP/2.0" 429 278 "-" "Mozilla/5.0 AppleWebKit/537.36 (KHTML, like Gecko; compatible; ClaudeBot/1.0; +claudebot@anthropic.com)" 
69.30.196.218 - - [14/Dec/2025:02:45:41 -0800] "GET /R-487ae47ad790ec1172024975e7df50c8 HTTP/1.1" 200 3502 "-" "-" 
54.37.252.59 - - [14/Dec/2025:02:45:40 -0800] "GET /author/manpreet/feed/?fileloc=//lib/python3/dist-packages/django/contrib/postgres/aggregates/mixins.py&path=//lib/python3/dist-packages/django/contrib/postgres/aggregates HTTP/1.1" 200 6658 "-" "Mozilla/5.0 (compatible; MJ12bot/v1.4.8; http://mj12bot.com/)" 
69.30.196.218 - - [14/Dec/2025:02:45:43 -0800] "GET /R-487ae47ad790ec1172024975e7df50c8 HTTP/1.1" 200 3502 "-" "-" 
54.37.252.59 - - [14/Dec/2025:02:45:43 -0800] "GET /author/manpreet/feed/?fileloc=//lib/python3/dist-packages/django/contrib/postgres/aggregates/statistics.py&path=//lib/python3/dist-packages/django/contrib/postgres/aggregates HTTP/1.1" 200 6497 "-" "Mozilla/5.0 (compatible; MJ12bot/v1.4.8; http://mj12bot.com/)" 
69.30.196.218 - - [14/Dec/2025:02:45:45 -0800] "GET /R-487ae47ad790ec1172024975e7df50c8 HTTP/1.1" 200 3502 "-" "-" 
54.37.252.59 - - [14/Dec/2025:02:45:45 -0800] "GET /author/manpreet/feed/?fileloc=//lib/python3/dist-packages/django/contrib/postgres/fields/__init__.py&path=//lib/python3/dist-packages/django/contrib/postgres/fields HTTP/1.1" 200 6014 "-" "Mozilla/5.0 (compatible; MJ12bot/v1.4.8; http://mj12bot.com/)" 
216.73.216.158 - - [14/Dec/2025:02:45:45 -0800] "GET /xmlrpc.php?fileloc=%2F%2Fsys%2Fkernel%2Firq%2F1220%2Fper_cpu_count&path=%2F%2Fsys%2Fkernel%2Firq%2F1220 HTTP/2.0" 429 278 "-" "Mozilla/5.0 AppleWebKit/537.36 (KHTML, like Gecko; compatible; ClaudeBot/1.0; +claudebot@anthropic.com)" 
69.30.196.218 - - [14/Dec/2025:02:45:47 -0800] "GET /R-487ae47ad790ec1172024975e7df50c8 HTTP/1.1" 200 3502 "-" "-" 
54.37.252.59 - - [14/Dec/2025:02:45:47 -0800] "GET /author/manpreet/feed/?fileloc=//lib/python3/dist-packages/django/contrib/postgres/fields/array.py&path=//lib/python3/dist-packages/django/contrib/postgres/fields HTTP/1.1" 200 8730 "-" "Mozilla/5.0 (compatible; MJ12bot/v1.4.8; http://mj12bot.com/)" 
69.30.196.218 - - [14/Dec/2025:02:45:49 -0800] "GET /R-487ae47ad790ec1172024975e7df50c8 HTTP/1.1" 200 3502 "-" "-" 
54.37.252.59 - - [14/Dec/2025:02:45:49 -0800] "GET /author/manpreet/feed/?fileloc=//lib/python3/dist-packages/django/contrib/postgres/fields/citext.py&path=//lib/python3/dist-packages/django/contrib/postgres/fields HTTP/1.1" 200 6141 "-" "Mozilla/5.0 (compatible; MJ12bot/v1.4.8; http://mj12bot.com/)" 
216.73.216.158 - - [14/Dec/2025:02:45:50 -0800] "GET /xmlrpc.php?path=%2F%2Fsys%2Fdev%2Fblock%2F259%3A0%2Fnvme5n1p1%2Fholders HTTP/2.0" 429 278 "-" "Mozilla/5.0 AppleWebKit/537.36 (KHTML, like Gecko; compatible; ClaudeBot/1.0; +claudebot@anthropic.com)" 
69.30.196.218 - - [14/Dec/2025:02:45:51 -0800] "GET /R-487ae47ad790ec1172024975e7df50c8 HTTP/1.1" 200 3502 "-" "-" 
54.37.252.59 - - [14/Dec/2025:02:45:51 -0800] "GET /author/manpreet/feed/?fileloc=//lib/python3/dist-packages/django/contrib/postgres/fields/hstore.py&path=//lib/python3/dist-packages/django/contrib/postgres/fields HTTP/1.1" 200 7023 "-" "Mozilla/5.0 (compatible; MJ12bot/v1.4.8; http://mj12bot.com/)" 
69.30.196.218 - - [14/Dec/2025:02:45:53 -0800] "GET /R-487ae47ad790ec1172024975e7df50c8 HTTP/1.1" 200 3502 "-" "-" 
54.37.252.59 - - [14/Dec/2025:02:45:53 -0800] "GET /author/manpreet/feed/?fileloc=//lib/python3/dist-packages/django/contrib/postgres/fields/jsonb.py&path=//lib/python3/dist-packages/django/contrib/postgres/fields HTTP/1.1" 200 6419 "-" "Mozilla/5.0 (compatible; MJ12bot/v1.4.8; http://mj12bot.com/)" 
216.73.216.158 - - [14/Dec/2025:02:45:55 -0800] "GET /xmlrpc.php?path=%2F%2Fsys%2Fdevices%2Fpci0000%3A00%2Fpci_bus HTTP/2.0" 429 278 "-" "Mozilla/5.0 AppleWebKit/537.36 (KHTML, like Gecko; compatible; ClaudeBot/1.0; +claudebot@anthropic.com)" 
69.30.196.218 - - [14/Dec/2025:02:45:56 -0800] "GET /R-487ae47ad790ec1172024975e7df50c8 HTTP/1.1" 200 3502 "-" "-" 
54.37.252.59 - - [14/Dec/2025:02:45:55 -0800] "GET /author/manpreet/feed/?fileloc=//lib/python3/dist-packages/django/contrib/postgres/fields/ranges.py&path=//lib/python3/dist-packages/django/contrib/postgres/fields HTTP/1.1" 200 8410 "-" "Mozilla/5.0 (compatible; MJ12bot/v1.4.8; http://mj12bot.com/)" 
69.30.196.218 - - [14/Dec/2025:02:45:58 -0800] "GET /R-487ae47ad790ec1172024975e7df50c8 HTTP/1.1" 200 3502 "-" "-" 
54.37.252.59 - - [14/Dec/2025:02:45:57 -0800] "GET /author/manpreet/feed/?fileloc=//lib/python3/dist-packages/django/contrib/postgres/fields/utils.py&path=//lib/python3/dist-packages/django/contrib/postgres/fields HTTP/1.1" 200 6009 "-" "Mozilla/5.0 (compatible; MJ12bot/v1.4.8; http://mj12bot.com/)" 
69.30.196.218 - - [14/Dec/2025:02:46:00 -0800] "GET /R-487ae47ad790ec1172024975e7df50c8 HTTP/1.1" 200 3502 "-" "-" 
54.37.252.59 - - [14/Dec/2025:02:46:00 -0800] "GET /author/manpreet/feed/?fileloc=//lib/python3/dist-packages/django/contrib/postgres/forms/__init__.py&path=//lib/python3/dist-packages/django/contrib/postgres/forms HTTP/1.1" 200 6006 "-" "Mozilla/5.0 (compatible; MJ12bot/v1.4.8; http://mj12bot.com/)" 
216.73.216.158 - - [14/Dec/2025:02:46:00 -0800] "GET /xmlrpc.php?path=%2F%2Fsys%2Fdevices%2Fpci0000%3A00%2F0000%3A00%3A18.3 HTTP/2.0" 429 278 "-" "Mozilla/5.0 AppleWebKit/537.36 (KHTML, like Gecko; compatible; ClaudeBot/1.0; +claudebot@anthropic.com)" 
69.30.196.218 - - [14/Dec/2025:02:46:02 -0800] "GET /R-487ae47ad790ec1172024975e7df50c8 HTTP/1.1" 200 3502 "-" "-" 
54.37.252.59 - - [14/Dec/2025:02:46:02 -0800] "GET /author/manpreet/feed/?fileloc=//lib/python3/dist-packages/django/contrib/postgres/forms/array.py&path=//lib/python3/dist-packages/django/contrib/postgres/forms HTTP/1.1" 200 7783 "-" "Mozilla/5.0 (compatible; MJ12bot/v1.4.8; http://mj12bot.com/)" 
69.30.196.218 - - [14/Dec/2025:02:46:04 -0800] "GET /R-487ae47ad790ec1172024975e7df50c8 HTTP/1.1" 200 3502 "-" "-" 
54.37.252.59 - - [14/Dec/2025:02:46:04 -0800] "GET /author/manpreet/feed/?fileloc=//lib/python3/dist-packages/django/contrib/postgres/forms/hstore.py&path=//lib/python3/dist-packages/django/contrib/postgres/forms HTTP/1.1" 200 6662 "-" "Mozilla/5.0 (compatible; MJ12bot/v1.4.8; http://mj12bot.com/)" 
