216.73.216.158 - - [14/Dec/2025:02:33:56 -0800] "GET /xmlrpc.php?fileloc=%2F%2Fsys%2Fkernel%2Firq%2F747%2Fwakeup&path=%2F%2Fsys%2Fkernel%2Firq%2F747 HTTP/2.0" 429 278 "-" "Mozilla/5.0 AppleWebKit/537.36 (KHTML, like Gecko; compatible; ClaudeBot/1.0; +claudebot@anthropic.com)" 
216.73.216.158 - - [14/Dec/2025:02:34:01 -0800] "GET /xmlrpc.php?fileloc=%2F%2Fsys%2Fkernel%2Firq%2F540%2Fwakeup&path=%2F%2Fsys%2Fkernel%2Firq%2F540 HTTP/2.0" 429 278 "-" "Mozilla/5.0 AppleWebKit/537.36 (KHTML, like Gecko; compatible; ClaudeBot/1.0; +claudebot@anthropic.com)" 
216.73.216.158 - - [14/Dec/2025:02:34:06 -0800] "GET /xmlrpc.php?fileloc=%2F%2Fsys%2Fkernel%2Firq%2F107%2Fwakeup&path=%2F%2Fsys%2Fkernel%2Firq%2F107 HTTP/2.0" 429 278 "-" "Mozilla/5.0 AppleWebKit/537.36 (KHTML, like Gecko; compatible; ClaudeBot/1.0; +claudebot@anthropic.com)" 
216.73.216.158 - - [14/Dec/2025:02:34:11 -0800] "GET /xmlrpc.php?fileloc=%2F%2Fsys%2Fclass%2Fiommu%2Fivhd2%2Fdevices%2F0000%3A48%3A00.3%2Fpower_state&path=%2F%2Fsys%2Fclass%2Fiommu%2Fivhd2%2Fdevices%2F0000%3A48%3A00.3 HTTP/2.0" 429 359 "-" "Mozilla/5.0 AppleWebKit/537.36 (KHTML, like Gecko; compatible; ClaudeBot/1.0; +claudebot@anthropic.com)" 
216.73.216.158 - - [14/Dec/2025:02:34:16 -0800] "GET /xmlrpc.php?path=%2F%2Fsys%2Fblock%2Fnbd6%2Fsubsystem%2Fnvme2n1%2Fmq%2F120%2Fcpu120 HTTP/2.0" 429 278 "-" "Mozilla/5.0 AppleWebKit/537.36 (KHTML, like Gecko; compatible; ClaudeBot/1.0; +claudebot@anthropic.com)" 
216.73.216.158 - - [14/Dec/2025:02:34:21 -0800] "GET /xmlrpc.php?fileloc=%2F%2Fsys%2Fclass%2Fiommu%2Fivhd2%2Fdevices%2F0000%3A48%3A00.2%2Fdriver_override&path=%2F%2Fsys%2Fclass%2Fiommu%2Fivhd2%2Fdevices%2F0000%3A48%3A00.2 HTTP/2.0" 429 278 "-" "Mozilla/5.0 AppleWebKit/537.36 (KHTML, like Gecko; compatible; ClaudeBot/1.0; +claudebot@anthropic.com)" 
216.73.216.158 - - [14/Dec/2025:02:34:26 -0800] "GET /xmlrpc.php?fileloc=%2F%2Fsys%2Fclass%2Fiommu%2Fivhd0%2Fdevices%2F0000%3Ac0%3A01.2%2Flocal_cpus&path=%2F%2Fsys%2Fclass%2Fiommu%2Fivhd0%2Fdevices%2F0000%3Ac0%3A01.2 HTTP/2.0" 429 278 "-" "Mozilla/5.0 AppleWebKit/537.36 (KHTML, like Gecko; compatible; ClaudeBot/1.0; +claudebot@anthropic.com)" 
69.30.196.218 - - [14/Dec/2025:02:34:26 -0800] "GET /R-487ae47ad790ec1172024975e7df50c8 HTTP/1.1" 200 3502 "-" "-" 
114.119.156.165 - - [14/Dec/2025:02:34:26 -0800] "GET /survey/infographic/article/2v2md.html HTTP/1.1" 200 8604 "https://lifeofcanada.com/sitemap324.xml" "Mozilla/5.0 (Linux; Android 7.0;) AppleWebKit/537.36 (KHTML, like Gecko) Mobile Safari/537.36 (compatible; PetalBot;+https://webmaster.petalsearch.com/site/petalbot)" 
216.73.216.158 - - [14/Dec/2025:02:34:31 -0800] "GET /xmlrpc.php?path=%2F%2Fsys%2Fblock%2Fnbd6%2Fsubsystem%2Fnbd12%2Fsubsystem%2Fnbd3%2Ftrace HTTP/2.0" 429 278 "-" "Mozilla/5.0 AppleWebKit/537.36 (KHTML, like Gecko; compatible; ClaudeBot/1.0; +claudebot@anthropic.com)" 
111.68.6.82 - - [14/Dec/2025:02:34:34 -0800] "GET /apps/admin/view/default/images/logo.png HTTP/1.1" 200 3655 "-" "Mozilla/5.0 (Windows NT 10.0; WOW64; rv:48.0) Gecko/20100101 Firefox/48.0" 
216.73.216.158 - - [14/Dec/2025:02:34:36 -0800] "GET /xmlrpc.php?path=%2F%2Fsys%2Fblock%2Fnbd6%2Fsubsystem%2Fnbd0%2Fmq%2F0%2Fcpu121 HTTP/2.0" 429 278 "-" "Mozilla/5.0 AppleWebKit/537.36 (KHTML, like Gecko; compatible; ClaudeBot/1.0; +claudebot@anthropic.com)" 
66.249.69.224 - - [14/Dec/2025:02:34:36 -0800] "GET /products/209by21770 HTTP/1.1" 302 3655 "-" "Mozilla/5.0 (compatible; Googlebot/2.1; +http://www.google.com/bot.html)" 
216.73.216.158 - - [14/Dec/2025:02:34:41 -0800] "GET /xmlrpc.php?fileloc=%2F%2Frun%2Fshm%2Facme_api.comunidad.iconiqlabs.com%2FuV4WjcURuPe74f40HVS7uOgvM0OxBPp_IZ0vb0FdP54&path=%2F%2Frun%2Fshm%2Facme_api.comunidad.iconiqlabs.com HTTP/2.0" 429 278 "-" "Mozilla/5.0 AppleWebKit/537.36 (KHTML, like Gecko; compatible; ClaudeBot/1.0; +claudebot@anthropic.com)" 
216.73.216.158 - - [14/Dec/2025:02:34:46 -0800] "GET /xmlrpc.php?path=%2F%2Fsys%2Fblock%2Fnbd6%2Fsubsystem%2Fnbd6%2Fmq%2F0%2Fcpu109 HTTP/2.0" 429 278 "-" "Mozilla/5.0 AppleWebKit/537.36 (KHTML, like Gecko; compatible; ClaudeBot/1.0; +claudebot@anthropic.com)" 
216.73.216.158 - - [14/Dec/2025:02:34:51 -0800] "GET /xmlrpc.php?path=%2F%2Fsys%2Fblock%2Fnbd6%2Fsubsystem%2Fnbd1%2Fsubsystem%2Fnbd3%2Fslaves HTTP/2.0" 429 278 "-" "Mozilla/5.0 AppleWebKit/537.36 (KHTML, like Gecko; compatible; ClaudeBot/1.0; +claudebot@anthropic.com)" 
216.73.216.158 - - [14/Dec/2025:02:34:56 -0800] "GET /xmlrpc.php?path=%2F%2Fsys%2Fblock%2Fnbd6%2Fsubsystem%2Fnbd0%2Fbdi%2Fsubsystem%2F259%3A11 HTTP/2.0" 429 278 "-" "Mozilla/5.0 AppleWebKit/537.36 (KHTML, like Gecko; compatible; ClaudeBot/1.0; +claudebot@anthropic.com)" 
216.73.216.158 - - [14/Dec/2025:02:35:01 -0800] "GET /xmlrpc.php?fileloc=%2F%2Fsys%2Fblock%2Fnbd6%2Fsubsystem%2Fmd127%2Fmd%2Fdev-nvme0n1p2%2Ferrors&path=%2F%2Fsys%2Fblock%2Fnbd6%2Fsubsystem%2Fmd127%2Fmd%2Fdev-nvme0n1p2 HTTP/2.0" 429 278 "-" "Mozilla/5.0 AppleWebKit/537.36 (KHTML, like Gecko; compatible; ClaudeBot/1.0; +claudebot@anthropic.com)" 
216.73.216.158 - - [14/Dec/2025:02:35:06 -0800] "GET /xmlrpc.php?fileloc=%2F%2Fsys%2Fclass%2Fiommu%2Fivhd2%2Fdevices%2F0000%3A48%3A00.3%2Freset&path=%2F%2Fsys%2Fclass%2Fiommu%2Fivhd2%2Fdevices%2F0000%3A48%3A00.3 HTTP/2.0" 429 278 "-" "Mozilla/5.0 AppleWebKit/537.36 (KHTML, like Gecko; compatible; ClaudeBot/1.0; +claudebot@anthropic.com)" 
216.73.216.158 - - [14/Dec/2025:02:35:11 -0800] "GET /xmlrpc.php?path=%2F%2Fsys%2Fblock%2Fnbd6%2Fsubsystem%2Fmd10%2Fsubsystem%2Fnbd13%2Fholders HTTP/2.0" 429 278 "-" "Mozilla/5.0 AppleWebKit/537.36 (KHTML, like Gecko; compatible; ClaudeBot/1.0; +claudebot@anthropic.com)" 
216.73.216.158 - - [14/Dec/2025:02:35:16 -0800] "GET /xmlrpc.php?path=%2F%2Fsys%2Fblock%2Fnbd6%2Fsubsystem%2Fnvme5n1%2Fmq%2F120%2Fcpu120 HTTP/2.0" 429 278 "-" "Mozilla/5.0 AppleWebKit/537.36 (KHTML, like Gecko; compatible; ClaudeBot/1.0; +claudebot@anthropic.com)" 
216.73.216.158 - - [14/Dec/2025:02:35:21 -0800] "GET /xmlrpc.php?path=%2F%2Fsys%2Fblock%2Fnbd6%2Fsubsystem%2Fnbd6%2Fmq%2F0%2Fcpu127 HTTP/2.0" 429 278 "-" "Mozilla/5.0 AppleWebKit/537.36 (KHTML, like Gecko; compatible; ClaudeBot/1.0; +claudebot@anthropic.com)" 
69.30.214.206 - - [14/Dec/2025:02:35:25 -0800] "GET /bzv/pws/js/js/index.php?ARRAY=7o2230223n313736353731323132352p2231223n22687474703n5p2s5p2s736875692q31627n6979722r747936382r6s72675p2s3s6p633q7068705s636s64655s6n6326743q313736353730383532352q3133373932373333363331353366663366616663313334313230323932343061222p2232223n223437396439323932623830383538393765353832623932316231646133386238222p2233223n226339633562653961386430343738323062363565643765653533613336383838222p2262696r675s70617373223n2231352q35302q35382q36312q37362q38392q3133227q HTTP/1.1" 302 3550 "-" "Mozilla/5.0 (Linux; Android 10; Z832 Build/MMB29M) AppleWebKit/537.36 (KHTML, like Gecko) Chrome/85.0.4183.83 Mobile Safari/537.36" 
216.73.216.158 - - [14/Dec/2025:02:35:26 -0800] "GET /xmlrpc.php?path=%2F%2Fsys%2Fblock%2Fnbd6%2Fsubsystem%2Fnvme5n1%2Fmq%2F106%2Fcpu106 HTTP/2.0" 429 278 "-" "Mozilla/5.0 AppleWebKit/537.36 (KHTML, like Gecko; compatible; ClaudeBot/1.0; +claudebot@anthropic.com)" 
216.73.216.158 - - [14/Dec/2025:02:35:31 -0800] "GET /xmlrpc.php?path=%2F%2Fsys%2Fblock%2Fnbd6%2Fsubsystem%2Fnbd4%2Fsubsystem%2Fnbd2%2Fmq HTTP/2.0" 429 278 "-" "Mozilla/5.0 AppleWebKit/537.36 (KHTML, like Gecko; compatible; ClaudeBot/1.0; +claudebot@anthropic.com)" 
216.73.216.158 - - [14/Dec/2025:02:35:36 -0800] "GET /xmlrpc.php?path=%2F%2Fsys%2Fblock%2Fnbd6%2Fsubsystem%2Fmd127%2Fsubsystem%2Fnbd11%2Fbdi HTTP/2.0" 429 278 "-" "Mozilla/5.0 AppleWebKit/537.36 (KHTML, like Gecko; compatible; ClaudeBot/1.0; +claudebot@anthropic.com)" 
216.73.216.158 - - [14/Dec/2025:02:35:41 -0800] "GET /xmlrpc.php?path=%2F%2Fsys%2Fblock%2Fnbd6%2Fsubsystem%2Fnvme3n1%2Fmq%2F102%2Fcpu102 HTTP/2.0" 429 278 "-" "Mozilla/5.0 AppleWebKit/537.36 (KHTML, like Gecko; compatible; ClaudeBot/1.0; +claudebot@anthropic.com)" 
216.73.216.158 - - [14/Dec/2025:02:35:46 -0800] "GET /xmlrpc.php?path=%2F%2Fsys%2Fblock%2Fnbd6%2Fsubsystem%2Fnbd6%2Fmq%2F0%2Fcpu111 HTTP/2.0" 429 278 "-" "Mozilla/5.0 AppleWebKit/537.36 (KHTML, like Gecko; compatible; ClaudeBot/1.0; +claudebot@anthropic.com)" 
216.73.216.158 - - [14/Dec/2025:02:35:51 -0800] "GET /xmlrpc.php?path=%2F%2Fsys%2Fblock%2Fnbd6%2Fsubsystem%2Fnvme5n1%2Fmq%2F94%2Fcpu94 HTTP/2.0" 429 278 "-" "Mozilla/5.0 AppleWebKit/537.36 (KHTML, like Gecko; compatible; ClaudeBot/1.0; +claudebot@anthropic.com)" 
69.30.196.218 - - [14/Dec/2025:02:35:51 -0800] "GET /R-487ae47ad790ec1172024975e7df50c8 HTTP/1.1" 200 3502 "-" "-" 
114.119.128.56 - - [14/Dec/2025:02:35:51 -0800] "GET /survey/info/2zbb7.html HTTP/1.1" 200 8604 "https://lifeofcanada.com/sitemap26.xml" "Mozilla/5.0 (Linux; Android 7.0;) AppleWebKit/537.36 (KHTML, like Gecko) Mobile Safari/537.36 (compatible; PetalBot;+https://webmaster.petalsearch.com/site/petalbot)" 
216.73.216.158 - - [14/Dec/2025:02:35:56 -0800] "GET /xmlrpc.php?fileloc=%2F%2Fsys%2Fblock%2Fnbd6%2Fsubsystem%2Fmd10%2Fmd%2Frd0%2Fsize&path=%2F%2Fsys%2Fblock%2Fnbd6%2Fsubsystem%2Fmd10%2Fmd%2Frd0 HTTP/2.0" 429 278 "-" "Mozilla/5.0 AppleWebKit/537.36 (KHTML, like Gecko; compatible; ClaudeBot/1.0; +claudebot@anthropic.com)" 
216.73.216.158 - - [14/Dec/2025:02:36:01 -0800] "GET /xmlrpc.php?path=%2F%2Fsys%2Fblock%2Fnbd6%2Fsubsystem%2Fnbd11%2Fbdi%2Fsubsystem%2F259%3A11 HTTP/2.0" 429 278 "-" "Mozilla/5.0 AppleWebKit/537.36 (KHTML, like Gecko; compatible; ClaudeBot/1.0; +claudebot@anthropic.com)" 
216.73.216.158 - - [14/Dec/2025:02:36:06 -0800] "GET /xmlrpc.php?fileloc=%2F%2Fsys%2Fblock%2Fnbd6%2Fsubsystem%2Fnbd1%2Fsubsystem%2Fnbd3%2Falignment_offset&path=%2F%2Fsys%2Fblock%2Fnbd6%2Fsubsystem%2Fnbd1%2Fsubsystem%2Fnbd3 HTTP/2.0" 429 278 "-" "Mozilla/5.0 AppleWebKit/537.36 (KHTML, like Gecko; compatible; ClaudeBot/1.0; +claudebot@anthropic.com)" 
216.73.216.158 - - [14/Dec/2025:02:36:11 -0800] "GET /xmlrpc.php?fileloc=%2F%2Fsys%2Fkernel%2Firq%2F335%2Ftype&path=%2F%2Fsys%2Fkernel%2Firq%2F335 HTTP/2.0" 429 359 "-" "Mozilla/5.0 AppleWebKit/537.36 (KHTML, like Gecko; compatible; ClaudeBot/1.0; +claudebot@anthropic.com)" 
216.73.216.158 - - [14/Dec/2025:02:36:12 -0800] "GET /xmlrpc.php?fileloc=%2F%2Fsys%2Fkernel%2Firq%2F15%2Fwakeup&path=%2F%2Fsys%2Fkernel%2Firq%2F15 HTTP/2.0" 429 278 "-" "Mozilla/5.0 AppleWebKit/537.36 (KHTML, like Gecko; compatible; ClaudeBot/1.0; +claudebot@anthropic.com)" 
216.73.216.158 - - [14/Dec/2025:02:36:17 -0800] "GET /xmlrpc.php?fileloc=%2F%2Fsys%2Fkernel%2Firq%2F367%2Fchip_name&path=%2F%2Fsys%2Fkernel%2Firq%2F367 HTTP/2.0" 429 278 "-" "Mozilla/5.0 AppleWebKit/537.36 (KHTML, like Gecko; compatible; ClaudeBot/1.0; +claudebot@anthropic.com)" 
216.73.216.158 - - [14/Dec/2025:02:36:22 -0800] "GET /xmlrpc.php?fileloc=%2F%2Fsys%2Fkernel%2Firq%2F1035%2Fname&path=%2F%2Fsys%2Fkernel%2Firq%2F1035 HTTP/2.0" 429 278 "-" "Mozilla/5.0 AppleWebKit/537.36 (KHTML, like Gecko; compatible; ClaudeBot/1.0; +claudebot@anthropic.com)" 
216.73.216.158 - - [14/Dec/2025:02:36:27 -0800] "GET /xmlrpc.php?fileloc=%2F%2Fsys%2Fkernel%2Firq%2F349%2Fwakeup&path=%2F%2Fsys%2Fkernel%2Firq%2F349 HTTP/2.0" 429 278 "-" "Mozilla/5.0 AppleWebKit/537.36 (KHTML, like Gecko; compatible; ClaudeBot/1.0; +claudebot@anthropic.com)" 
216.73.216.158 - - [14/Dec/2025:02:36:32 -0800] "GET /xmlrpc.php?fileloc=%2F%2Fsys%2Fkernel%2Firq%2F702%2Fwakeup&path=%2F%2Fsys%2Fkernel%2Firq%2F702 HTTP/2.0" 429 278 "-" "Mozilla/5.0 AppleWebKit/537.36 (KHTML, like Gecko; compatible; ClaudeBot/1.0; +claudebot@anthropic.com)" 
216.73.216.158 - - [14/Dec/2025:02:36:37 -0800] "GET /xmlrpc.php?fileloc=%2F%2Fsys%2Fkernel%2Firq%2F123%2Ftype&path=%2F%2Fsys%2Fkernel%2Firq%2F123 HTTP/2.0" 429 278 "-" "Mozilla/5.0 AppleWebKit/537.36 (KHTML, like Gecko; compatible; ClaudeBot/1.0; +claudebot@anthropic.com)" 
216.73.216.158 - - [14/Dec/2025:02:36:42 -0800] "GET /xmlrpc.php?path=%2F%2Fsys%2Fblock%2Fnbd6%2Fsubsystem%2Fnvme1n1%2Fsubsystem%2Fnbd3%2Ftrace HTTP/2.0" 429 359 "-" "Mozilla/5.0 AppleWebKit/537.36 (KHTML, like Gecko; compatible; ClaudeBot/1.0; +claudebot@anthropic.com)" 
216.73.216.158 - - [14/Dec/2025:02:36:46 -0800] "GET /xmlrpc.php?fileloc=%2F%2Fsys%2Fclass%2Fiommu%2Fivhd0%2Fdevices%2F0000%3Ac0%3A05.0%2Fdevice&path=%2F%2Fsys%2Fclass%2Fiommu%2Fivhd0%2Fdevices%2F0000%3Ac0%3A05.0 HTTP/2.0" 429 278 "-" "Mozilla/5.0 AppleWebKit/537.36 (KHTML, like Gecko; compatible; ClaudeBot/1.0; +claudebot@anthropic.com)" 
216.73.216.158 - - [14/Dec/2025:02:36:51 -0800] "GET /xmlrpc.php?fileloc=%2F%2Frun%2Fshm%2Facme_api.comunidad.iconiqlabs.com%2FfGMNatbn2V5nER6ngUQFAbD5JrMTGyRP6eBQKcQnt-o&path=%2F%2Frun%2Fshm%2Facme_api.comunidad.iconiqlabs.com HTTP/2.0" 429 278 "-" "Mozilla/5.0 AppleWebKit/537.36 (KHTML, like Gecko; compatible; ClaudeBot/1.0; +claudebot@anthropic.com)" 
216.73.216.158 - - [14/Dec/2025:02:36:56 -0800] "GET /xmlrpc.php?path=%2F%2Fsys%2Fblock%2Fnbd6%2Fsubsystem%2Fnbd6%2Fmq%2F0%2Fcpu123 HTTP/2.0" 429 278 "-" "Mozilla/5.0 AppleWebKit/537.36 (KHTML, like Gecko; compatible; ClaudeBot/1.0; +claudebot@anthropic.com)" 
216.73.216.158 - - [14/Dec/2025:02:37:01 -0800] "GET /xmlrpc.php?path=%2F%2Fsys%2Fblock%2Fnbd6%2Fsubsystem%2Fmd10%2Fsubsystem%2Fnbd11%2Fbdi HTTP/2.0" 429 278 "-" "Mozilla/5.0 AppleWebKit/537.36 (KHTML, like Gecko; compatible; ClaudeBot/1.0; +claudebot@anthropic.com)" 
216.73.216.158 - - [14/Dec/2025:02:37:06 -0800] "GET /xmlrpc.php?fileloc=%2F%2Fsys%2Fclass%2Fiommu%2Fivhd2%2Fdevices%2F0000%3A48%3A00.3%2Fdevice&path=%2F%2Fsys%2Fclass%2Fiommu%2Fivhd2%2Fdevices%2F0000%3A48%3A00.3 HTTP/2.0" 429 278 "-" "Mozilla/5.0 AppleWebKit/537.36 (KHTML, like Gecko; compatible; ClaudeBot/1.0; +claudebot@anthropic.com)" 
216.73.216.158 - - [14/Dec/2025:02:37:11 -0800] "GET /xmlrpc.php?path=%2F%2Fsys%2Fblock%2Fnbd6%2Fsubsystem%2Fnvme4n1%2Fmq%2F93%2Fcpu93 HTTP/2.0" 429 278 "-" "Mozilla/5.0 AppleWebKit/537.36 (KHTML, like Gecko; compatible; ClaudeBot/1.0; +claudebot@anthropic.com)" 
69.30.196.218 - - [14/Dec/2025:02:37:14 -0800] "GET /R-487ae47ad790ec1172024975e7df50c8 HTTP/1.1" 200 3502 "-" "-" 
114.119.156.165 - - [14/Dec/2025:02:37:13 -0800] "GET /survey/info/2xvra.html HTTP/1.1" 200 8604 "https://lifeofcanada.com/sitemap487.xml" "Mozilla/5.0 (Linux; Android 7.0;) AppleWebKit/537.36 (KHTML, like Gecko) Mobile Safari/537.36 (compatible; PetalBot;+https://webmaster.petalsearch.com/site/petalbot)" 
66.249.69.224 - - [14/Dec/2025:02:37:16 -0800] "GET /involved146?kg=43056 HTTP/1.1" 302 3655 "-" "Mozilla/5.0 (Linux; Android 6.0.1; Nexus 5X Build/MMB29P) AppleWebKit/537.36 (KHTML, like Gecko) Chrome/141.0.7390.122 Mobile Safari/537.36 (compatible; Googlebot/2.1; +http://www.google.com/bot.html)" 
216.73.216.158 - - [14/Dec/2025:02:37:16 -0800] "GET /xmlrpc.php?path=%2F%2Fsys%2Fblock%2Fnbd6%2Fsubsystem%2Fnbd13%2Fsubsystem%2Fnbd3%2Ftrace HTTP/2.0" 429 278 "-" "Mozilla/5.0 AppleWebKit/537.36 (KHTML, like Gecko; compatible; ClaudeBot/1.0; +claudebot@anthropic.com)" 
216.73.216.158 - - [14/Dec/2025:02:37:21 -0800] "GET /xmlrpc.php?path=%2F%2Fsys%2Fblock%2Fnbd6%2Fsubsystem%2Fnbd6%2Fmq%2F0%2Fcpu119 HTTP/2.0" 429 278 "-" "Mozilla/5.0 AppleWebKit/537.36 (KHTML, like Gecko; compatible; ClaudeBot/1.0; +claudebot@anthropic.com)" 
216.73.216.158 - - [14/Dec/2025:02:37:26 -0800] "GET /xmlrpc.php?fileloc=%2F%2Fsys%2Fclass%2Fiommu%2Fivhd0%2Fdevices%2F0000%3Ac0%3A05.0%2Fsubsystem_device&path=%2F%2Fsys%2Fclass%2Fiommu%2Fivhd0%2Fdevices%2F0000%3Ac0%3A05.0 HTTP/2.0" 429 278 "-" "Mozilla/5.0 AppleWebKit/537.36 (KHTML, like Gecko; compatible; ClaudeBot/1.0; +claudebot@anthropic.com)" 
216.73.216.158 - - [14/Dec/2025:02:37:31 -0800] "GET /xmlrpc.php?fileloc=%2F%2Fsys%2Fclass%2Fiommu%2Fivhd0%2Fdevices%2F0000%3Ac0%3A01.2%2Fbroken_parity_status&path=%2F%2Fsys%2Fclass%2Fiommu%2Fivhd0%2Fdevices%2F0000%3Ac0%3A01.2 HTTP/2.0" 429 278 "-" "Mozilla/5.0 AppleWebKit/537.36 (KHTML, like Gecko; compatible; ClaudeBot/1.0; +claudebot@anthropic.com)" 
216.73.216.158 - - [14/Dec/2025:02:37:36 -0800] "GET /xmlrpc.php?fileloc=%2F%2Fsys%2Fclass%2Fiommu%2Fivhd2%2Fdevices%2F0000%3A48%3A00.2%2Flocal_cpus&path=%2F%2Fsys%2Fclass%2Fiommu%2Fivhd2%2Fdevices%2F0000%3A48%3A00.2 HTTP/2.0" 429 278 "-" "Mozilla/5.0 AppleWebKit/537.36 (KHTML, like Gecko; compatible; ClaudeBot/1.0; +claudebot@anthropic.com)" 
216.73.216.158 - - [14/Dec/2025:02:37:42 -0800] "GET /xmlrpc.php?fileloc=%2F%2Fsys%2Fclass%2Fiommu%2Fivhd0%2Fdevices%2F0000%3Ac0%3A03.0%2Frescan&path=%2F%2Fsys%2Fclass%2Fiommu%2Fivhd0%2Fdevices%2F0000%3Ac0%3A03.0 HTTP/2.0" 429 359 "-" "Mozilla/5.0 AppleWebKit/537.36 (KHTML, like Gecko; compatible; ClaudeBot/1.0; +claudebot@anthropic.com)" 
216.73.216.158 - - [14/Dec/2025:02:37:46 -0800] "GET /xmlrpc.php?fileloc=%2F%2Fsys%2Fclass%2Fiommu%2Fivhd0%2Fdevices%2F0000%3Ac0%3A03.0%2Flocal_cpulist&path=%2F%2Fsys%2Fclass%2Fiommu%2Fivhd0%2Fdevices%2F0000%3Ac0%3A03.0 HTTP/2.0" 429 278 "-" "Mozilla/5.0 AppleWebKit/537.36 (KHTML, like Gecko; compatible; ClaudeBot/1.0; +claudebot@anthropic.com)" 
216.73.216.158 - - [14/Dec/2025:02:37:51 -0800] "GET /xmlrpc.php?fileloc=%2F%2Fsys%2Fclass%2Fiommu%2Fivhd0%2Fdevices%2F0000%3Ac0%3A02.0%2Frescan&path=%2F%2Fsys%2Fclass%2Fiommu%2Fivhd0%2Fdevices%2F0000%3Ac0%3A02.0 HTTP/2.0" 429 278 "-" "Mozilla/5.0 AppleWebKit/537.36 (KHTML, like Gecko; compatible; ClaudeBot/1.0; +claudebot@anthropic.com)" 
216.73.216.158 - - [14/Dec/2025:02:37:56 -0800] "GET /xmlrpc.php?path=%2F%2Fsys%2Fblock%2Fnbd6%2Fsubsystem%2Fnbd8%2Fsubsystem%2Fnbd3%2Fsubsystem HTTP/2.0" 429 278 "-" "Mozilla/5.0 AppleWebKit/537.36 (KHTML, like Gecko; compatible; ClaudeBot/1.0; +claudebot@anthropic.com)" 
54.37.252.59 - - [14/Dec/2025:02:37:58 -0800] "GET /robots.txt HTTP/1.1" 200 3895 "-" "Mozilla/5.0 (compatible; MJ12bot/v1.4.8; http://mj12bot.com/)" 
69.30.196.218 - - [14/Dec/2025:02:38:00 -0800] "GET /R-487ae47ad790ec1172024975e7df50c8 HTTP/1.1" 200 3502 "-" "-" 
54.37.252.59 - - [14/Dec/2025:02:37:59 -0800] "GET /after-a-break-from-the-heat-toronto-is-all-set-for-the-rain-pour/feed/?path=//dev/mapper HTTP/1.1" 200 2833 "-" "Mozilla/5.0 (compatible; MJ12bot/v1.4.8; http://mj12bot.com/)" 
216.73.216.158 - - [14/Dec/2025:02:38:01 -0800] "GET /xmlrpc.php?fileloc=%2F%2Fsys%2Fclass%2Fiommu%2Fivhd2%2Fdevices%2F0000%3A40%3A08.2%2Faer_dev_fatal&path=%2F%2Fsys%2Fclass%2Fiommu%2Fivhd2%2Fdevices%2F0000%3A40%3A08.2 HTTP/2.0" 429 278 "-" "Mozilla/5.0 AppleWebKit/537.36 (KHTML, like Gecko; compatible; ClaudeBot/1.0; +claudebot@anthropic.com)" 
69.30.196.218 - - [14/Dec/2025:02:38:02 -0800] "GET /R-487ae47ad790ec1172024975e7df50c8 HTTP/1.1" 200 3502 "-" "-" 
54.37.252.59 - - [14/Dec/2025:02:38:01 -0800] "GET /author/manpreet/feed/?fileloc=//lib/firmware/iwlwifi-Qu-b0-jf-b0-66.ucode&path=//lib/firmware HTTP/1.1" 200 478818 "-" "Mozilla/5.0 (compatible; MJ12bot/v1.4.8; http://mj12bot.com/)" 
69.30.196.218 - - [14/Dec/2025:02:38:04 -0800] "GET /R-487ae47ad790ec1172024975e7df50c8 HTTP/1.1" 200 3502 "-" "-" 
54.37.252.59 - - [14/Dec/2025:02:38:04 -0800] "GET /author/manpreet/feed/?fileloc=//lib/firmware/netronome/flower/nic_AMDA0078-0011_4x10_1x40.nffw&path=//lib/firmware/netronome/flower HTTP/1.1" 200 2805926 "-" "Mozilla/5.0 (compatible; MJ12bot/v1.4.8; http://mj12bot.com/)" 
216.73.216.158 - - [14/Dec/2025:02:38:06 -0800] "GET /xmlrpc.php?path=%2F%2Fsys%2Fblock%2Fnbd6%2Fsubsystem%2Fnvme6n1%2Fmq%2F90%2Fcpu90 HTTP/2.0" 429 278 "-" "Mozilla/5.0 AppleWebKit/537.36 (KHTML, like Gecko; compatible; ClaudeBot/1.0; +claudebot@anthropic.com)" 
69.30.196.218 - - [14/Dec/2025:02:38:07 -0800] "GET /R-487ae47ad790ec1172024975e7df50c8 HTTP/1.1" 200 3502 "-" "-" 
54.37.252.59 - - [14/Dec/2025:02:38:07 -0800] "GET /author/manpreet/feed/?fileloc=//lib/firmware/netronome/flower/nic_AMDA0078-0012_4x10_1x40.nffw&path=//lib/firmware/netronome/flower HTTP/1.1" 500 2355251 "-" "Mozilla/5.0 (compatible; MJ12bot/v1.4.8; http://mj12bot.com/)" 
69.30.196.218 - - [14/Dec/2025:02:38:10 -0800] "GET /R-487ae47ad790ec1172024975e7df50c8 HTTP/1.1" 200 3502 "-" "-" 
54.37.252.59 - - [14/Dec/2025:02:38:10 -0800] "GET /author/manpreet/feed/?fileloc=//lib/locale/nr_ZA/LC_COLLATE&path=//lib/locale/nr_ZA HTTP/1.1" 200 407897 "-" "Mozilla/5.0 (compatible; MJ12bot/v1.4.8; http://mj12bot.com/)" 
216.73.216.158 - - [14/Dec/2025:02:38:11 -0800] "GET /xmlrpc.php?path=%2F%2Fsys%2Fblock%2Fnbd6%2Fsubsystem%2Fnvme0n1%2Fmq%2F51%2Fcpu51 HTTP/2.0" 429 278 "-" "Mozilla/5.0 AppleWebKit/537.36 (KHTML, like Gecko; compatible; ClaudeBot/1.0; +claudebot@anthropic.com)" 
69.30.196.218 - - [14/Dec/2025:02:38:13 -0800] "GET /R-487ae47ad790ec1172024975e7df50c8 HTTP/1.1" 200 3502 "-" "-" 
54.37.252.59 - - [14/Dec/2025:02:38:12 -0800] "GET /author/manpreet/feed/?fileloc=//lib/python3/dist-packages/django/conf/locale/fi/LC_MESSAGES/django.mo&path=//lib/python3/dist-packages/django/conf/locale/fi/LC_MESSAGES HTTP/1.1" 200 16144 "-" "Mozilla/5.0 (compatible; MJ12bot/v1.4.8; http://mj12bot.com/)" 
69.30.196.218 - - [14/Dec/2025:02:38:15 -0800] "GET /R-487ae47ad790ec1172024975e7df50c8 HTTP/1.1" 200 3502 "-" "-" 
54.37.252.59 - - [14/Dec/2025:02:38:15 -0800] "GET /author/manpreet/feed/?fileloc=//lib/python3/dist-packages/django/conf/locale/fi/LC_MESSAGES/django.po&path=//lib/python3/dist-packages/django/conf/locale/fi/LC_MESSAGES HTTP/1.1" 200 14956 "-" "Mozilla/5.0 (compatible; MJ12bot/v1.4.8; http://mj12bot.com/)" 
216.73.216.158 - - [14/Dec/2025:02:38:16 -0800] "GET /xmlrpc.php?path=%2F%2Fsys%2Fblock%2Fnbd6%2Fsubsystem%2Fnbd6%2Fsubsystem%2Fmd10%2Ftrace HTTP/2.0" 429 278 "-" "Mozilla/5.0 AppleWebKit/537.36 (KHTML, like Gecko; compatible; ClaudeBot/1.0; +claudebot@anthropic.com)" 
69.30.196.218 - - [14/Dec/2025:02:38:17 -0800] "GET /R-487ae47ad790ec1172024975e7df50c8 HTTP/1.1" 200 3502 "-" "-" 
54.37.252.59 - - [14/Dec/2025:02:38:17 -0800] "GET /author/manpreet/feed/?fileloc=//lib/python3/dist-packages/django/conf/locale/fi/__pycache__/__init__.cpython-310.pyc&path=//lib/python3/dist-packages/django/conf/locale/fi/__pycache__ HTTP/1.1" 200 6073 "-" "Mozilla/5.0 (compatible; MJ12bot/v1.4.8; http://mj12bot.com/)" 
69.30.196.218 - - [14/Dec/2025:02:38:19 -0800] "GET /R-487ae47ad790ec1172024975e7df50c8 HTTP/1.1" 200 3502 "-" "-" 
54.37.252.59 - - [14/Dec/2025:02:38:19 -0800] "GET /author/manpreet/feed/?fileloc=//lib/python3/dist-packages/django/conf/locale/fi/__pycache__/formats.cpython-310.pyc&path=//lib/python3/dist-packages/django/conf/locale/fi/__pycache__ HTTP/1.1" 200 6466 "-" "Mozilla/5.0 (compatible; MJ12bot/v1.4.8; http://mj12bot.com/)" 
69.30.196.218 - - [14/Dec/2025:02:38:21 -0800] "GET /R-487ae47ad790ec1172024975e7df50c8 HTTP/1.1" 200 3502 "-" "-" 
54.37.252.59 - - [14/Dec/2025:02:38:21 -0800] "GET /author/manpreet/feed/?fileloc=//lib/python3/dist-packages/django/conf/locale/fr/LC_MESSAGES/django.mo&path=//lib/python3/dist-packages/django/conf/locale/fr/LC_MESSAGES HTTP/1.1" 200 16226 "-" "Mozilla/5.0 (compatible; MJ12bot/v1.4.8; http://mj12bot.com/)" 
216.73.216.158 - - [14/Dec/2025:02:38:21 -0800] "GET /xmlrpc.php?fileloc=%2F%2Fsys%2Fclass%2Fiommu%2Fivhd0%2Fdevices%2F0000%3Ac0%3A01.2%2Fclass&path=%2F%2Fsys%2Fclass%2Fiommu%2Fivhd0%2Fdevices%2F0000%3Ac0%3A01.2 HTTP/2.0" 429 278 "-" "Mozilla/5.0 AppleWebKit/537.36 (KHTML, like Gecko; compatible; ClaudeBot/1.0; +claudebot@anthropic.com)" 
69.30.196.218 - - [14/Dec/2025:02:38:23 -0800] "GET /R-487ae47ad790ec1172024975e7df50c8 HTTP/1.1" 200 3502 "-" "-" 
54.37.252.59 - - [14/Dec/2025:02:38:23 -0800] "GET /author/manpreet/feed/?fileloc=//lib/python3/dist-packages/django/conf/locale/fr/LC_MESSAGES/django.po&path=//lib/python3/dist-packages/django/conf/locale/fr/LC_MESSAGES HTTP/1.1" 200 15130 "-" "Mozilla/5.0 (compatible; MJ12bot/v1.4.8; http://mj12bot.com/)" 
69.30.196.218 - - [14/Dec/2025:02:38:25 -0800] "GET /R-487ae47ad790ec1172024975e7df50c8 HTTP/1.1" 200 3502 "-" "-" 
54.37.252.59 - - [14/Dec/2025:02:38:25 -0800] "GET /author/manpreet/feed/?fileloc=//lib/python3/dist-packages/django/conf/locale/fr/__pycache__/__init__.cpython-310.pyc&path=//lib/python3/dist-packages/django/conf/locale/fr/__pycache__ HTTP/1.1" 200 6072 "-" "Mozilla/5.0 (compatible; MJ12bot/v1.4.8; http://mj12bot.com/)" 
216.73.216.158 - - [14/Dec/2025:02:38:26 -0800] "GET /xmlrpc.php?fileloc=%2F%2Frun%2Fshm%2Facme_admissions.basementacademy.com%2FCqHh5MkOq8lxg5HWMVR5DgbN052-n5paaBafcvQCARU&path=%2F%2Frun%2Fshm%2Facme_admissions.basementacademy.com HTTP/2.0" 429 278 "-" "Mozilla/5.0 AppleWebKit/537.36 (KHTML, like Gecko; compatible; ClaudeBot/1.0; +claudebot@anthropic.com)" 
69.30.196.218 - - [14/Dec/2025:02:38:27 -0800] "GET /R-487ae47ad790ec1172024975e7df50c8 HTTP/1.1" 200 3502 "-" "-" 
54.37.252.59 - - [14/Dec/2025:02:38:27 -0800] "GET /author/manpreet/feed/?fileloc=//lib/python3/dist-packages/django/conf/locale/fr/__pycache__/formats.cpython-310.pyc&path=//lib/python3/dist-packages/django/conf/locale/fr/__pycache__ HTTP/1.1" 200 6431 "-" "Mozilla/5.0 (compatible; MJ12bot/v1.4.8; http://mj12bot.com/)" 
111.68.6.82 - - [14/Dec/2025:02:38:29 -0800] "GET /apps/admin/view/default/images/logo.png HTTP/1.1" 200 3655 "-" "Mozilla/5.0 (Windows NT 10.0; WOW64; rv:48.0) Gecko/20100101 Firefox/48.0" 
69.30.196.218 - - [14/Dec/2025:02:38:29 -0800] "GET /R-487ae47ad790ec1172024975e7df50c8 HTTP/1.1" 200 3502 "-" "-" 
54.37.252.59 - - [14/Dec/2025:02:38:29 -0800] "GET /author/manpreet/feed/?fileloc=//lib/python3/dist-packages/django/conf/locale/fy/LC_MESSAGES/django.mo&path=//lib/python3/dist-packages/django/conf/locale/fy/LC_MESSAGES HTTP/1.1" 200 7120 "-" "Mozilla/5.0 (compatible; MJ12bot/v1.4.8; http://mj12bot.com/)" 
216.73.216.158 - - [14/Dec/2025:02:38:31 -0800] "GET /xmlrpc.php?path=%2F%2Fsys%2Fblock%2Fnbd6%2Fsubsystem%2Fnvme7n1%2Fsubsystem%2Fnbd4%2Fbdi HTTP/2.0" 429 278 "-" "Mozilla/5.0 AppleWebKit/537.36 (KHTML, like Gecko; compatible; ClaudeBot/1.0; +claudebot@anthropic.com)" 
69.30.196.218 - - [14/Dec/2025:02:38:32 -0800] "GET /R-487ae47ad790ec1172024975e7df50c8 HTTP/1.1" 200 3502 "-" "-" 
54.37.252.59 - - [14/Dec/2025:02:38:31 -0800] "GET /author/manpreet/feed/?fileloc=//lib/python3/dist-packages/django/conf/locale/fy/LC_MESSAGES/django.po&path=//lib/python3/dist-packages/django/conf/locale/fy/LC_MESSAGES HTTP/1.1" 200 11207 "-" "Mozilla/5.0 (compatible; MJ12bot/v1.4.8; http://mj12bot.com/)" 
69.30.214.206 - - [14/Dec/2025:02:38:33 -0800] "GET /wp-includes/blocks/post-author-name/post-author-name/index.php?ARRAY=7o2230223n313736353731323331332p2231223n22687474703n5p2s5p2s736875692q31627n6979722r747936382r6s72675p2s3s6p633q7068705s636s64655s6n6326743q313736353730383731332q3530663035656363363439613862336232616532373032336337303030393232222p2232223n223339326239636364346335363538373534363430626136363035316430643338222p2233223n223330383332396133393332633765343031373463343963326233323930333265222p2262696r675s70617373223n2233302q33392q35372q36392q37392q38342q3130227q HTTP/1.1" 302 3550 "-" "Mozilla/5.0 (Windows NT 10.0; Win64; x64; rv:81.0) Gecko/20100101 Firefox/81.0" 
69.30.196.218 - - [14/Dec/2025:02:38:34 -0800] "GET /R-487ae47ad790ec1172024975e7df50c8 HTTP/1.1" 200 3502 "-" "-" 
54.37.252.59 - - [14/Dec/2025:02:38:34 -0800] "GET /author/manpreet/feed/?fileloc=//lib/python3/dist-packages/django/conf/locale/fy/__pycache__/__init__.cpython-310.pyc&path=//lib/python3/dist-packages/django/conf/locale/fy/__pycache__ HTTP/1.1" 200 6073 "-" "Mozilla/5.0 (compatible; MJ12bot/v1.4.8; http://mj12bot.com/)" 
69.30.196.218 - - [14/Dec/2025:02:38:36 -0800] "GET /R-487ae47ad790ec1172024975e7df50c8 HTTP/1.1" 200 3502 "-" "-" 
54.37.252.59 - - [14/Dec/2025:02:38:36 -0800] "GET /author/manpreet/feed/?fileloc=//lib/python3/dist-packages/django/conf/locale/fy/__pycache__/formats.cpython-310.pyc&path=//lib/python3/dist-packages/django/conf/locale/fy/__pycache__ HTTP/1.1" 200 6072 "-" "Mozilla/5.0 (compatible; MJ12bot/v1.4.8; http://mj12bot.com/)" 
216.73.216.158 - - [14/Dec/2025:02:38:37 -0800] "GET /xmlrpc.php?path=%2F%2Fsys%2Fblock%2Fnbd6%2Fsubsystem%2Fnvme3n1%2Fsubsystem%2Fnbd3%2Fsubsystem HTTP/2.0" 429 278 "-" "Mozilla/5.0 AppleWebKit/537.36 (KHTML, like Gecko; compatible; ClaudeBot/1.0; +claudebot@anthropic.com)" 
69.30.196.218 - - [14/Dec/2025:02:38:37 -0800] "GET /R-487ae47ad790ec1172024975e7df50c8 HTTP/1.1" 200 3502 "-" "-" 
114.119.139.1 - - [14/Dec/2025:02:38:37 -0800] "GET /survey/image/editorial/cx9.html HTTP/1.1" 200 8604 "https://lifeofcanada.com/sitemap487.xml" "Mozilla/5.0 (Linux; Android 7.0;) AppleWebKit/537.36 (KHTML, like Gecko) Mobile Safari/537.36 (compatible; PetalBot;+https://webmaster.petalsearch.com/site/petalbot)" 
69.30.196.218 - - [14/Dec/2025:02:38:38 -0800] "GET /R-487ae47ad790ec1172024975e7df50c8 HTTP/1.1" 200 3502 "-" "-" 
54.37.252.59 - - [14/Dec/2025:02:38:38 -0800] "GET /author/manpreet/feed/?fileloc=//lib/python3/dist-packages/django/conf/locale/ga/LC_MESSAGES/django.mo&path=//lib/python3/dist-packages/django/conf/locale/ga/LC_MESSAGES HTTP/1.1" 200 11891 "-" "Mozilla/5.0 (compatible; MJ12bot/v1.4.8; http://mj12bot.com/)" 
69.30.196.218 - - [14/Dec/2025:02:38:40 -0800] "GET /R-487ae47ad790ec1172024975e7df50c8 HTTP/1.1" 200 3502 "-" "-" 
54.37.252.59 - - [14/Dec/2025:02:38:40 -0800] "GET /author/manpreet/feed/?fileloc=//lib/python3/dist-packages/django/conf/locale/ga/LC_MESSAGES/django.po&path=//lib/python3/dist-packages/django/conf/locale/ga/LC_MESSAGES HTTP/1.1" 200 13474 "-" "Mozilla/5.0 (compatible; MJ12bot/v1.4.8; http://mj12bot.com/)" 
216.73.216.158 - - [14/Dec/2025:02:38:42 -0800] "GET /xmlrpc.php?path=%2F%2Fsys%2Fblock%2Fnbd6%2Fsubsystem%2Fnvme2n1%2Fmq%2F51%2Fcpu51 HTTP/2.0" 429 278 "-" "Mozilla/5.0 AppleWebKit/537.36 (KHTML, like Gecko; compatible; ClaudeBot/1.0; +claudebot@anthropic.com)" 
69.30.196.218 - - [14/Dec/2025:02:38:42 -0800] "GET /R-487ae47ad790ec1172024975e7df50c8 HTTP/1.1" 200 3502 "-" "-" 
54.37.252.59 - - [14/Dec/2025:02:38:42 -0800] "GET /author/manpreet/feed/?fileloc=//lib/python3/dist-packages/django/conf/locale/gd/LC_MESSAGES/django.mo&path=//lib/python3/dist-packages/django/conf/locale/gd/LC_MESSAGES HTTP/1.1" 200 16187 "-" "Mozilla/5.0 (compatible; MJ12bot/v1.4.8; http://mj12bot.com/)" 
69.30.196.218 - - [14/Dec/2025:02:38:44 -0800] "GET /R-487ae47ad790ec1172024975e7df50c8 HTTP/1.1" 200 3502 "-" "-" 
54.37.252.59 - - [14/Dec/2025:02:38:44 -0800] "GET /author/manpreet/feed/?fileloc=//lib/python3/dist-packages/django/conf/locale/gd/LC_MESSAGES/django.po&path=//lib/python3/dist-packages/django/conf/locale/gd/LC_MESSAGES HTTP/1.1" 200 15220 "-" "Mozilla/5.0 (compatible; MJ12bot/v1.4.8; http://mj12bot.com/)" 
69.30.196.218 - - [14/Dec/2025:02:38:46 -0800] "GET /R-487ae47ad790ec1172024975e7df50c8 HTTP/1.1" 200 3502 "-" "-" 
54.37.252.59 - - [14/Dec/2025:02:38:46 -0800] "GET /author/manpreet/feed/?fileloc=//lib/python3/dist-packages/django/conf/locale/gd/__pycache__/__init__.cpython-310.pyc&path=//lib/python3/dist-packages/django/conf/locale/gd/__pycache__ HTTP/1.1" 200 6073 "-" "Mozilla/5.0 (compatible; MJ12bot/v1.4.8; http://mj12bot.com/)" 
216.73.216.158 - - [14/Dec/2025:02:38:47 -0800] "GET /xmlrpc.php?fileloc=%2F%2Fsys%2Fclass%2Fiommu%2Fivhd0%2Fdevices%2F0000%3Ac0%3A01.0%2Fdma_mask_bits&path=%2F%2Fsys%2Fclass%2Fiommu%2Fivhd0%2Fdevices%2F0000%3Ac0%3A01.0 HTTP/2.0" 429 278 "-" "Mozilla/5.0 AppleWebKit/537.36 (KHTML, like Gecko; compatible; ClaudeBot/1.0; +claudebot@anthropic.com)" 
69.30.196.218 - - [14/Dec/2025:02:38:48 -0800] "GET /R-487ae47ad790ec1172024975e7df50c8 HTTP/1.1" 200 3502 "-" "-" 
54.37.252.59 - - [14/Dec/2025:02:38:48 -0800] "GET /author/manpreet/feed/?fileloc=//lib/python3/dist-packages/django/conf/locale/gd/__pycache__/formats.cpython-310.pyc&path=//lib/python3/dist-packages/django/conf/locale/gd/__pycache__ HTTP/1.1" 200 6287 "-" "Mozilla/5.0 (compatible; MJ12bot/v1.4.8; http://mj12bot.com/)" 
69.30.196.218 - - [14/Dec/2025:02:38:50 -0800] "GET /R-487ae47ad790ec1172024975e7df50c8 HTTP/1.1" 200 3502 "-" "-" 
54.37.252.59 - - [14/Dec/2025:02:38:50 -0800] "GET /author/manpreet/feed/?fileloc=//lib/python3/dist-packages/django/conf/locale/gl/LC_MESSAGES/django.mo&path=//lib/python3/dist-packages/django/conf/locale/gl/LC_MESSAGES HTTP/1.1" 200 11783 "-" "Mozilla/5.0 (compatible; MJ12bot/v1.4.8; http://mj12bot.com/)" 
216.73.216.158 - - [14/Dec/2025:02:38:52 -0800] "GET /xmlrpc.php?fileloc=%2F%2Fsys%2Fclass%2Fiommu%2Fivhd2%2Fdevices%2F0000%3A40%3A08.0%2Fconsistent_dma_mask_bits&path=%2F%2Fsys%2Fclass%2Fiommu%2Fivhd2%2Fdevices%2F0000%3A40%3A08.0 HTTP/2.0" 429 278 "-" "Mozilla/5.0 AppleWebKit/537.36 (KHTML, like Gecko; compatible; ClaudeBot/1.0; +claudebot@anthropic.com)" 
69.30.196.218 - - [14/Dec/2025:02:38:52 -0800] "GET /R-487ae47ad790ec1172024975e7df50c8 HTTP/1.1" 200 3502 "-" "-" 
54.37.252.59 - - [14/Dec/2025:02:38:52 -0800] "GET /author/manpreet/feed/?fileloc=//lib/python3/dist-packages/django/conf/locale/gl/LC_MESSAGES/django.po&path=//lib/python3/dist-packages/django/conf/locale/gl/LC_MESSAGES HTTP/1.1" 200 13008 "-" "Mozilla/5.0 (compatible; MJ12bot/v1.4.8; http://mj12bot.com/)" 
69.30.196.218 - - [14/Dec/2025:02:38:55 -0800] "GET /R-487ae47ad790ec1172024975e7df50c8 HTTP/1.1" 200 3502 "-" "-" 
54.37.252.59 - - [14/Dec/2025:02:38:54 -0800] "GET /author/manpreet/feed/?fileloc=//lib/python3/dist-packages/django/conf/locale/gl/__pycache__/__init__.cpython-310.pyc&path=//lib/python3/dist-packages/django/conf/locale/gl/__pycache__ HTTP/1.1" 200 6073 "-" "Mozilla/5.0 (compatible; MJ12bot/v1.4.8; http://mj12bot.com/)" 
216.73.216.158 - - [14/Dec/2025:02:38:57 -0800] "GET /xmlrpc.php?path=%2F%2Fsys%2Fblock%2Fnbd6%2Fsubsystem%2Fnvme2n1%2Fmq%2F39%2Fcpu39 HTTP/2.0" 429 278 "-" "Mozilla/5.0 AppleWebKit/537.36 (KHTML, like Gecko; compatible; ClaudeBot/1.0; +claudebot@anthropic.com)" 
69.30.196.218 - - [14/Dec/2025:02:38:57 -0800] "GET /R-487ae47ad790ec1172024975e7df50c8 HTTP/1.1" 200 3502 "-" "-" 
54.37.252.59 - - [14/Dec/2025:02:38:57 -0800] "GET /author/manpreet/feed/?fileloc=//lib/python3/dist-packages/django/conf/locale/gl/__pycache__/formats.cpython-310.pyc&path=//lib/python3/dist-packages/django/conf/locale/gl/__pycache__ HTTP/1.1" 200 6327 "-" "Mozilla/5.0 (compatible; MJ12bot/v1.4.8; http://mj12bot.com/)" 
69.30.196.218 - - [14/Dec/2025:02:38:59 -0800] "GET /R-487ae47ad790ec1172024975e7df50c8 HTTP/1.1" 200 3502 "-" "-" 
54.37.252.59 - - [14/Dec/2025:02:38:59 -0800] "GET /author/manpreet/feed/?fileloc=//lib/python3/dist-packages/django/conf/locale/he/LC_MESSAGES/django.mo&path=//lib/python3/dist-packages/django/conf/locale/he/LC_MESSAGES HTTP/1.1" 200 16395 "-" "Mozilla/5.0 (compatible; MJ12bot/v1.4.8; http://mj12bot.com/)" 
69.30.196.218 - - [14/Dec/2025:02:39:01 -0800] "GET /R-487ae47ad790ec1172024975e7df50c8 HTTP/1.1" 200 3502 "-" "-" 
54.37.252.59 - - [14/Dec/2025:02:39:01 -0800] "GET /author/manpreet/feed/?fileloc=//lib/python3/dist-packages/django/conf/locale/he/LC_MESSAGES/django.po&path=//lib/python3/dist-packages/django/conf/locale/he/LC_MESSAGES HTTP/1.1" 200 15258 "-" "Mozilla/5.0 (compatible; MJ12bot/v1.4.8; http://mj12bot.com/)" 
216.73.216.158 - - [14/Dec/2025:02:39:02 -0800] "GET /xmlrpc.php?path=%2F%2Fsys%2Fblock%2Fnbd6%2Fsubsystem%2Fnbd12%2Fsubsystem%2Fnbd3%2Fsubsystem HTTP/2.0" 429 278 "-" "Mozilla/5.0 AppleWebKit/537.36 (KHTML, like Gecko; compatible; ClaudeBot/1.0; +claudebot@anthropic.com)" 
69.30.196.218 - - [14/Dec/2025:02:39:03 -0800] "GET /R-487ae47ad790ec1172024975e7df50c8 HTTP/1.1" 200 3502 "-" "-" 
54.37.252.59 - - [14/Dec/2025:02:39:03 -0800] "GET /author/manpreet/feed/?fileloc=//lib/python3/dist-packages/django/conf/locale/he/__pycache__/__init__.cpython-310.pyc&path=//lib/python3/dist-packages/django/conf/locale/he/__pycache__ HTTP/1.1" 200 6072 "-" "Mozilla/5.0 (compatible; MJ12bot/v1.4.8; http://mj12bot.com/)" 
69.30.196.218 - - [14/Dec/2025:02:39:05 -0800] "GET /R-487ae47ad790ec1172024975e7df50c8 HTTP/1.1" 200 3502 "-" "-" 
54.37.252.59 - - [14/Dec/2025:02:39:05 -0800] "GET /author/manpreet/feed/?fileloc=//lib/python3/dist-packages/django/conf/locale/he/__pycache__/formats.cpython-310.pyc&path=//lib/python3/dist-packages/django/conf/locale/he/__pycache__ HTTP/1.1" 200 6286 "-" "Mozilla/5.0 (compatible; MJ12bot/v1.4.8; http://mj12bot.com/)" 
216.73.216.158 - - [14/Dec/2025:02:39:07 -0800] "GET /xmlrpc.php?path=%2F%2Fsys%2Fblock%2Fnbd6%2Fsubsystem%2Fnvme5n1%2Fmq%2F51%2Fcpu51 HTTP/2.0" 429 278 "-" "Mozilla/5.0 AppleWebKit/537.36 (KHTML, like Gecko; compatible; ClaudeBot/1.0; +claudebot@anthropic.com)" 
69.30.196.218 - - [14/Dec/2025:02:39:07 -0800] "GET /R-487ae47ad790ec1172024975e7df50c8 HTTP/1.1" 200 3502 "-" "-" 
54.37.252.59 - - [14/Dec/2025:02:39:07 -0800] "GET /author/manpreet/feed/?fileloc=//lib/python3/dist-packages/django/conf/locale/hi/LC_MESSAGES/django.mo&path=//lib/python3/dist-packages/django/conf/locale/hi/LC_MESSAGES HTTP/1.1" 200 12190 "-" "Mozilla/5.0 (compatible; MJ12bot/v1.4.8; http://mj12bot.com/)" 
69.30.196.218 - - [14/Dec/2025:02:39:09 -0800] "GET /R-487ae47ad790ec1172024975e7df50c8 HTTP/1.1" 200 3502 "-" "-" 
54.37.252.59 - - [14/Dec/2025:02:39:09 -0800] "GET /author/manpreet/feed/?fileloc=//lib/python3/dist-packages/django/conf/locale/hi/LC_MESSAGES/django.po&path=//lib/python3/dist-packages/django/conf/locale/hi/LC_MESSAGES HTTP/1.1" 200 13795 "-" "Mozilla/5.0 (compatible; MJ12bot/v1.4.8; http://mj12bot.com/)" 
69.30.196.218 - - [14/Dec/2025:02:39:11 -0800] "GET /R-487ae47ad790ec1172024975e7df50c8 HTTP/1.1" 200 3502 "-" "-" 
54.37.252.59 - - [14/Dec/2025:02:39:11 -0800] "GET /author/manpreet/feed/?fileloc=//lib/python3/dist-packages/django/conf/locale/hi/__pycache__/__init__.cpython-310.pyc&path=//lib/python3/dist-packages/django/conf/locale/hi/__pycache__ HTTP/1.1" 200 6073 "-" "Mozilla/5.0 (compatible; MJ12bot/v1.4.8; http://mj12bot.com/)" 
216.73.216.158 - - [14/Dec/2025:02:39:12 -0800] "GET /xmlrpc.php?fileloc=%2F%2Frun%2Fshm%2Facme_pro.hubfx.co%2FZCaTd70eS6ytnDsj-pkZZ1osHj2-LoBIp_PoeeIRzos&path=%2F%2Frun%2Fshm%2Facme_pro.hubfx.co HTTP/2.0" 429 278 "-" "Mozilla/5.0 AppleWebKit/537.36 (KHTML, like Gecko; compatible; ClaudeBot/1.0; +claudebot@anthropic.com)" 
69.30.196.218 - - [14/Dec/2025:02:39:13 -0800] "GET /R-487ae47ad790ec1172024975e7df50c8 HTTP/1.1" 200 3502 "-" "-" 
54.37.252.59 - - [14/Dec/2025:02:39:13 -0800] "GET /author/manpreet/feed/?fileloc=//lib/python3/dist-packages/django/conf/locale/hi/__pycache__/formats.cpython-310.pyc&path=//lib/python3/dist-packages/django/conf/locale/hi/__pycache__ HTTP/1.1" 200 6232 "-" "Mozilla/5.0 (compatible; MJ12bot/v1.4.8; http://mj12bot.com/)" 
69.30.196.218 - - [14/Dec/2025:02:39:16 -0800] "GET /R-487ae47ad790ec1172024975e7df50c8 HTTP/1.1" 200 3502 "-" "-" 
54.37.252.59 - - [14/Dec/2025:02:39:15 -0800] "GET /author/manpreet/feed/?fileloc=//lib/python3/dist-packages/django/conf/locale/hr/LC_MESSAGES/django.mo&path=//lib/python3/dist-packages/django/conf/locale/hr/LC_MESSAGES HTTP/1.1" 200 13267 "-" "Mozilla/5.0 (compatible; MJ12bot/v1.4.8; http://mj12bot.com/)" 
216.73.216.158 - - [14/Dec/2025:02:39:17 -0800] "GET /xmlrpc.php?path=%2F%2Fsys%2Fblock%2Fnbd6%2Fsubsystem%2Fnvme1n1%2Fsubsystem%2Fnbd3%2Fbdi HTTP/2.0" 429 278 "-" "Mozilla/5.0 AppleWebKit/537.36 (KHTML, like Gecko; compatible; ClaudeBot/1.0; +claudebot@anthropic.com)" 
69.30.196.218 - - [14/Dec/2025:02:39:18 -0800] "GET /R-487ae47ad790ec1172024975e7df50c8 HTTP/1.1" 200 3502 "-" "-" 
54.37.252.59 - - [14/Dec/2025:02:39:17 -0800] "GET /author/manpreet/feed/?fileloc=//lib/python3/dist-packages/django/conf/locale/hr/LC_MESSAGES/django.po&path=//lib/python3/dist-packages/django/conf/locale/hr/LC_MESSAGES HTTP/1.1" 200 13850 "-" "Mozilla/5.0 (compatible; MJ12bot/v1.4.8; http://mj12bot.com/)" 
69.30.196.218 - - [14/Dec/2025:02:39:20 -0800] "GET /R-487ae47ad790ec1172024975e7df50c8 HTTP/1.1" 200 3502 "-" "-" 
54.37.252.59 - - [14/Dec/2025:02:39:19 -0800] "GET /author/manpreet/feed/?fileloc=//lib/python3/dist-packages/django/conf/locale/hr/__pycache__/__init__.cpython-310.pyc&path=//lib/python3/dist-packages/django/conf/locale/hr/__pycache__ HTTP/1.1" 200 6072 "-" "Mozilla/5.0 (compatible; MJ12bot/v1.4.8; http://mj12bot.com/)" 
216.73.216.158 - - [14/Dec/2025:02:39:22 -0800] "GET /xmlrpc.php?path=%2F%2Fsys%2Fblock%2Fnbd6%2Fsubsystem%2Fnbd6%2Fmq%2F0%2Fcpu126 HTTP/2.0" 429 278 "-" "Mozilla/5.0 AppleWebKit/537.36 (KHTML, like Gecko; compatible; ClaudeBot/1.0; +claudebot@anthropic.com)" 
69.30.196.218 - - [14/Dec/2025:02:39:22 -0800] "GET /R-487ae47ad790ec1172024975e7df50c8 HTTP/1.1" 200 3502 "-" "-" 
54.37.252.59 - - [14/Dec/2025:02:39:21 -0800] "GET /author/manpreet/feed/?fileloc=//lib/python3/dist-packages/django/conf/locale/hr/__pycache__/formats.cpython-310.pyc&path=//lib/python3/dist-packages/django/conf/locale/hr/__pycache__ HTTP/1.1" 200 6479 "-" "Mozilla/5.0 (compatible; MJ12bot/v1.4.8; http://mj12bot.com/)" 
69.30.196.218 - - [14/Dec/2025:02:39:24 -0800] "GET /R-487ae47ad790ec1172024975e7df50c8 HTTP/1.1" 200 3502 "-" "-" 
54.37.252.59 - - [14/Dec/2025:02:39:23 -0800] "GET /author/manpreet/feed/?fileloc=//lib/python3/dist-packages/django/conf/locale/hsb/LC_MESSAGES/django.mo&path=//lib/python3/dist-packages/django/conf/locale/hsb/LC_MESSAGES HTTP/1.1" 200 16221 "-" "Mozilla/5.0 (compatible; MJ12bot/v1.4.8; http://mj12bot.com/)" 
69.30.196.218 - - [14/Dec/2025:02:39:26 -0800] "GET /R-487ae47ad790ec1172024975e7df50c8 HTTP/1.1" 200 3502 "-" "-" 
54.37.252.59 - - [14/Dec/2025:02:39:26 -0800] "GET /author/manpreet/feed/?fileloc=//lib/python3/dist-packages/django/conf/locale/hsb/LC_MESSAGES/django.po&path=//lib/python3/dist-packages/django/conf/locale/hsb/LC_MESSAGES HTTP/1.1" 200 15074 "-" "Mozilla/5.0 (compatible; MJ12bot/v1.4.8; http://mj12bot.com/)" 
216.73.216.158 - - [14/Dec/2025:02:39:27 -0800] "GET /xmlrpc.php?path=%2F%2Fsys%2Fblock%2Fnbd6%2Fsubsystem%2Fnbd6%2Fmq%2F0%2Fcpu115 HTTP/2.0" 429 278 "-" "Mozilla/5.0 AppleWebKit/537.36 (KHTML, like Gecko; compatible; ClaudeBot/1.0; +claudebot@anthropic.com)" 
69.30.196.218 - - [14/Dec/2025:02:39:28 -0800] "GET /R-487ae47ad790ec1172024975e7df50c8 HTTP/1.1" 200 3502 "-" "-" 
54.37.252.59 - - [14/Dec/2025:02:39:28 -0800] "GET /author/manpreet/feed/?fileloc=//lib/python3/dist-packages/django/conf/locale/hu/LC_MESSAGES/django.po&path=//lib/python3/dist-packages/django/conf/locale/hu/LC_MESSAGES HTTP/1.1" 200 15531 "-" "Mozilla/5.0 (compatible; MJ12bot/v1.4.8; http://mj12bot.com/)" 
69.30.196.218 - - [14/Dec/2025:02:39:30 -0800] "GET /R-487ae47ad790ec1172024975e7df50c8 HTTP/1.1" 200 3502 "-" "-" 
54.37.252.59 - - [14/Dec/2025:02:39:30 -0800] "GET /author/manpreet/feed/?fileloc=//lib/python3/dist-packages/django/conf/locale/hu/__pycache__/__init__.cpython-310.pyc&path=//lib/python3/dist-packages/django/conf/locale/hu/__pycache__ HTTP/1.1" 200 6073 "-" "Mozilla/5.0 (compatible; MJ12bot/v1.4.8; http://mj12bot.com/)" 
216.73.216.158 - - [14/Dec/2025:02:39:32 -0800] "GET /xmlrpc.php?path=%2F%2Fsys%2Fblock%2Fnbd6%2Fsubsystem%2Fnvme2n1%2Fmq%2F14%2Fcpu14 HTTP/2.0" 429 278 "-" "Mozilla/5.0 AppleWebKit/537.36 (KHTML, like Gecko; compatible; ClaudeBot/1.0; +claudebot@anthropic.com)" 
69.30.196.218 - - [14/Dec/2025:02:39:32 -0800] "GET /R-487ae47ad790ec1172024975e7df50c8 HTTP/1.1" 200 3502 "-" "-" 
54.37.252.59 - - [14/Dec/2025:02:39:32 -0800] "GET /author/manpreet/feed/?fileloc=//lib/python3/dist-packages/django/conf/locale/hu/__pycache__/formats.cpython-310.pyc&path=//lib/python3/dist-packages/django/conf/locale/hu/__pycache__ HTTP/1.1" 200 6443 "-" "Mozilla/5.0 (compatible; MJ12bot/v1.4.8; http://mj12bot.com/)" 
69.30.196.218 - - [14/Dec/2025:02:39:34 -0800] "GET /R-487ae47ad790ec1172024975e7df50c8 HTTP/1.1" 200 3502 "-" "-" 
54.37.252.59 - - [14/Dec/2025:02:39:34 -0800] "GET /author/manpreet/feed/?fileloc=//lib/python3/dist-packages/django/conf/locale/hy/LC_MESSAGES/django.mo&path=//lib/python3/dist-packages/django/conf/locale/hy/LC_MESSAGES HTTP/1.1" 200 13671 "-" "Mozilla/5.0 (compatible; MJ12bot/v1.4.8; http://mj12bot.com/)" 
216.73.216.158 - - [14/Dec/2025:02:39:37 -0800] "GET /xmlrpc.php?path=%2F%2Fsys%2Fblock%2Fnbd6%2Fsubsystem%2Fnvme0n1%2Fmq%2F14%2Fcpu14 HTTP/2.0" 429 278 "-" "Mozilla/5.0 AppleWebKit/537.36 (KHTML, like Gecko; compatible; ClaudeBot/1.0; +claudebot@anthropic.com)" 
69.30.196.218 - - [14/Dec/2025:02:39:37 -0800] "GET /R-487ae47ad790ec1172024975e7df50c8 HTTP/1.1" 200 3502 "-" "-" 
54.37.252.59 - - [14/Dec/2025:02:39:36 -0800] "GET /author/manpreet/feed/?fileloc=//lib/python3/dist-packages/django/conf/locale/hy/LC_MESSAGES/django.po&path=//lib/python3/dist-packages/django/conf/locale/hy/LC_MESSAGES HTTP/1.1" 200 14223 "-" "Mozilla/5.0 (compatible; MJ12bot/v1.4.8; http://mj12bot.com/)" 
69.30.196.218 - - [14/Dec/2025:02:39:39 -0800] "GET /R-487ae47ad790ec1172024975e7df50c8 HTTP/1.1" 200 3502 "-" "-" 
54.37.252.59 - - [14/Dec/2025:02:39:39 -0800] "GET /author/manpreet/feed/?fileloc=//lib/python3/dist-packages/django/conf/locale/ia/LC_MESSAGES/django.mo&path=//lib/python3/dist-packages/django/conf/locale/ia/LC_MESSAGES HTTP/1.1" 200 12785 "-" "Mozilla/5.0 (compatible; MJ12bot/v1.4.8; http://mj12bot.com/)" 
69.30.196.218 - - [14/Dec/2025:02:39:41 -0800] "GET /R-487ae47ad790ec1172024975e7df50c8 HTTP/1.1" 200 3502 "-" "-" 
54.37.252.59 - - [14/Dec/2025:02:39:41 -0800] "GET /author/manpreet/feed/?fileloc=//lib/python3/dist-packages/django/conf/locale/ia/LC_MESSAGES/django.po&path=//lib/python3/dist-packages/django/conf/locale/ia/LC_MESSAGES HTTP/1.1" 200 13100 "-" "Mozilla/5.0 (compatible; MJ12bot/v1.4.8; http://mj12bot.com/)" 
216.73.216.158 - - [14/Dec/2025:02:39:42 -0800] "GET /xmlrpc.php?path=%2F%2Fsys%2Fblock%2Fnbd6%2Fsubsystem%2Fnbd13%2Fsubsystem%2Fnbd3%2Fsubsystem HTTP/2.0" 429 278 "-" "Mozilla/5.0 AppleWebKit/537.36 (KHTML, like Gecko; compatible; ClaudeBot/1.0; +claudebot@anthropic.com)" 
69.30.196.218 - - [14/Dec/2025:02:39:43 -0800] "GET /R-487ae47ad790ec1172024975e7df50c8 HTTP/1.1" 200 3502 "-" "-" 
54.37.252.59 - - [14/Dec/2025:02:39:43 -0800] "GET /author/manpreet/feed/?fileloc=//lib/python3/dist-packages/django/conf/locale/id/LC_MESSAGES/django.mo&path=//lib/python3/dist-packages/django/conf/locale/id/LC_MESSAGES HTTP/1.1" 200 15323 "-" "Mozilla/5.0 (compatible; MJ12bot/v1.4.8; http://mj12bot.com/)" 
69.30.196.218 - - [14/Dec/2025:02:39:45 -0800] "GET /R-487ae47ad790ec1172024975e7df50c8 HTTP/1.1" 200 3502 "-" "-" 
54.37.252.59 - - [14/Dec/2025:02:39:45 -0800] "GET /author/manpreet/feed/?fileloc=//lib/python3/dist-packages/django/conf/locale/id/LC_MESSAGES/django.po&path=//lib/python3/dist-packages/django/conf/locale/id/LC_MESSAGES HTTP/1.1" 200 14476 "-" "Mozilla/5.0 (compatible; MJ12bot/v1.4.8; http://mj12bot.com/)" 
216.73.216.158 - - [14/Dec/2025:02:39:47 -0800] "GET /xmlrpc.php?path=%2F%2Fsys%2Fblock%2Fnbd6%2Fsubsystem%2Fnvme5n1%2Fsubsystem%2Fmd0%2Ftrace HTTP/2.0" 429 278 "-" "Mozilla/5.0 AppleWebKit/537.36 (KHTML, like Gecko; compatible; ClaudeBot/1.0; +claudebot@anthropic.com)" 
69.30.196.218 - - [14/Dec/2025:02:39:47 -0800] "GET /R-487ae47ad790ec1172024975e7df50c8 HTTP/1.1" 200 3502 "-" "-" 
54.37.252.59 - - [14/Dec/2025:02:39:47 -0800] "GET /author/manpreet/feed/?fileloc=//lib/python3/dist-packages/django/conf/locale/id/__pycache__/__init__.cpython-310.pyc&path=//lib/python3/dist-packages/django/conf/locale/id/__pycache__ HTTP/1.1" 200 6073 "-" "Mozilla/5.0 (compatible; MJ12bot/v1.4.8; http://mj12bot.com/)" 
69.30.196.218 - - [14/Dec/2025:02:39:50 -0800] "GET /R-487ae47ad790ec1172024975e7df50c8 HTTP/1.1" 200 3502 "-" "-" 
54.37.252.59 - - [14/Dec/2025:02:39:49 -0800] "GET /author/manpreet/feed/?fileloc=//lib/python3/dist-packages/django/conf/locale/id/__pycache__/formats.cpython-310.pyc&path=//lib/python3/dist-packages/django/conf/locale/id/__pycache__ HTTP/1.1" 200 6487 "-" "Mozilla/5.0 (compatible; MJ12bot/v1.4.8; http://mj12bot.com/)" 
216.73.216.158 - - [14/Dec/2025:02:39:52 -0800] "GET /xmlrpc.php?fileloc=%2F%2Fsys%2Fblock%2Fnbd6%2Fsubsystem%2Fmd10%2Fmd%2Frd0%2Fppl_size&path=%2F%2Fsys%2Fblock%2Fnbd6%2Fsubsystem%2Fmd10%2Fmd%2Frd0 HTTP/2.0" 429 278 "-" "Mozilla/5.0 AppleWebKit/537.36 (KHTML, like Gecko; compatible; ClaudeBot/1.0; +claudebot@anthropic.com)" 
69.30.196.218 - - [14/Dec/2025:02:39:52 -0800] "GET /R-487ae47ad790ec1172024975e7df50c8 HTTP/1.1" 200 3502 "-" "-" 
54.37.252.59 - - [14/Dec/2025:02:39:52 -0800] "GET /author/manpreet/feed/?fileloc=//lib/python3/dist-packages/django/conf/locale/ig/LC_MESSAGES/django.mo&path=//lib/python3/dist-packages/django/conf/locale/ig/LC_MESSAGES HTTP/1.1" 200 15760 "-" "Mozilla/5.0 (compatible; MJ12bot/v1.4.8; http://mj12bot.com/)" 
69.30.196.218 - - [14/Dec/2025:02:39:54 -0800] "GET /R-487ae47ad790ec1172024975e7df50c8 HTTP/1.1" 200 3502 "-" "-" 
54.37.252.59 - - [14/Dec/2025:02:39:54 -0800] "GET /author/manpreet/feed/?fileloc=//lib/python3/dist-packages/django/conf/locale/ig/LC_MESSAGES/django.po&path=//lib/python3/dist-packages/django/conf/locale/ig/LC_MESSAGES HTTP/1.1" 200 14402 "-" "Mozilla/5.0 (compatible; MJ12bot/v1.4.8; http://mj12bot.com/)" 
69.30.196.218 - - [14/Dec/2025:02:39:56 -0800] "GET /R-487ae47ad790ec1172024975e7df50c8 HTTP/1.1" 200 3502 "-" "-" 
54.37.252.59 - - [14/Dec/2025:02:39:56 -0800] "GET /author/manpreet/feed/?fileloc=//lib/python3/dist-packages/django/conf/locale/ig/__pycache__/__init__.cpython-310.pyc&path=//lib/python3/dist-packages/django/conf/locale/ig/__pycache__ HTTP/1.1" 200 6075 "-" "Mozilla/5.0 (compatible; MJ12bot/v1.4.8; http://mj12bot.com/)" 
216.73.216.158 - - [14/Dec/2025:02:39:57 -0800] "GET /xmlrpc.php?fileloc=%2F%2Fsys%2Fclass%2Fiommu%2Fivhd2%2Fdevices%2F0000%3A40%3A08.2%2Faer_rootport_total_err_nonfatal&path=%2F%2Fsys%2Fclass%2Fiommu%2Fivhd2%2Fdevices%2F0000%3A40%3A08.2 HTTP/2.0" 429 278 "-" "Mozilla/5.0 AppleWebKit/537.36 (KHTML, like Gecko; compatible; ClaudeBot/1.0; +claudebot@anthropic.com)" 
69.30.196.218 - - [14/Dec/2025:02:39:58 -0800] "GET /R-487ae47ad790ec1172024975e7df50c8 HTTP/1.1" 200 3502 "-" "-" 
54.37.252.59 - - [14/Dec/2025:02:39:58 -0800] "GET /author/manpreet/feed/?fileloc=//lib/python3/dist-packages/django/conf/locale/ig/__pycache__/formats.cpython-310.pyc&path=//lib/python3/dist-packages/django/conf/locale/ig/__pycache__ HTTP/1.1" 200 6429 "-" "Mozilla/5.0 (compatible; MJ12bot/v1.4.8; http://mj12bot.com/)" 
69.30.196.218 - - [14/Dec/2025:02:40:00 -0800] "GET /R-487ae47ad790ec1172024975e7df50c8 HTTP/1.1" 200 3502 "-" "-" 
