216.73.216.158 - - [14/Dec/2025:04:18:57 -0800] "GET /xmlrpc.php?fileloc=%2F%2Fsys%2Fkernel%2Firq%2F1104%2Fper_cpu_count&path=%2F%2Fsys%2Fkernel%2Firq%2F1104 HTTP/2.0" 200 2593 "-" "Mozilla/5.0 AppleWebKit/537.36 (KHTML, like Gecko; compatible; ClaudeBot/1.0; +claudebot@anthropic.com)" 
216.73.216.158 - - [14/Dec/2025:04:18:58 -0800] "GET /xmlrpc.php?fileloc=%2F%2Fsys%2Fkernel%2Firq%2F335%2Fper_cpu_count&path=%2F%2Fsys%2Fkernel%2Firq%2F335 HTTP/2.0" 200 2592 "-" "Mozilla/5.0 AppleWebKit/537.36 (KHTML, like Gecko; compatible; ClaudeBot/1.0; +claudebot@anthropic.com)" 
216.73.216.158 - - [14/Dec/2025:04:18:59 -0800] "GET /xmlrpc.php?fileloc=%2F%2Fsys%2Fkernel%2Firq%2F806%2Fper_cpu_count&path=%2F%2Fsys%2Fkernel%2Firq%2F806 HTTP/2.0" 200 2592 "-" "Mozilla/5.0 AppleWebKit/537.36 (KHTML, like Gecko; compatible; ClaudeBot/1.0; +claudebot@anthropic.com)" 
216.73.216.158 - - [14/Dec/2025:04:19:00 -0800] "GET /xmlrpc.php?path=%2F%2Fsys%2Fdevices%2Fpci0000%3A00%2F0000%3A00%3A07.1 HTTP/2.0" 200 4925 "-" "Mozilla/5.0 AppleWebKit/537.36 (KHTML, like Gecko; compatible; ClaudeBot/1.0; +claudebot@anthropic.com)" 
216.73.216.158 - - [14/Dec/2025:04:19:01 -0800] "GET /xmlrpc.php?fileloc=%2F%2Fsys%2Fkernel%2Firq%2F1066%2Fper_cpu_count&path=%2F%2Fsys%2Fkernel%2Firq%2F1066 HTTP/2.0" 200 2593 "-" "Mozilla/5.0 AppleWebKit/537.36 (KHTML, like Gecko; compatible; ClaudeBot/1.0; +claudebot@anthropic.com)" 
43.173.182.65 - - [14/Dec/2025:04:19:02 -0800] "GET /tour-boats-at-niagara-falls-shows-difference-between-u-s-canadian-approach-to-covid-19/?fileloc=/home/dh_7uh9vd/lifeofcanada.com/wp-content/themes/twentyseventeen/archive.php&path=/home/dh_7uh9vd/lifeofcanada.com/wp-content/themes/twentyseventeen HTTP/1.1" 200 7043 "-" "Mozilla/5.0 (Windows NT 6.1; Win64; x64) AppleWebKit/537.36 (KHTML, like Gecko) Chrome/126.0.6478.114 Safari/537.36" 
43.173.177.225 - - [14/Dec/2025:04:19:02 -0800] "GET /tag/full-time-jobs-in-canada/?path=//sys/firmware/memmap/16 HTTP/1.1" 200 6557 "-" "Mozilla/5.0 (Windows NT 6.1; Win64; x64) AppleWebKit/537.36 (KHTML, like Gecko) Chrome/126.0.6478.114 Safari/537.36" 
43.163.22.26 - - [14/Dec/2025:04:19:02 -0800] "GET /top-10-patios-in-toronto/?path=//sys/bus/workqueue/devices/nf_ft_offload_del HTTP/1.1" 200 6868 "-" "Mozilla/5.0 (Windows NT 6.1; Win64; x64) AppleWebKit/537.36 (KHTML, like Gecko) Chrome/126.0.6478.114 Safari/537.36" 
69.30.196.218 - - [14/Dec/2025:04:19:32 -0800] "GET /R-487ae47ad790ec1172024975e7df50c8 HTTP/1.1" 200 3502 "-" "-" 
69.30.196.218 - - [14/Dec/2025:04:19:02 -0800] "GET /R-487ae47ad790ec1172024975e7df50c8 HTTP/1.1" 200 3502 "-" "-" 
69.30.196.218 - - [14/Dec/2025:04:19:02 -0800] "GET /R-487ae47ad790ec1172024975e7df50c8 HTTP/1.1" 200 3502 "-" "-" 
43.173.179.254 - - [14/Dec/2025:04:19:12 -0800] "GET /top-10-patios-in-toronto/?path=//sys/bus/workqueue/devices/nf_ft_offload_del HTTP/1.1" 200 6875 "-" "Mozilla/5.0 (Windows NT 10.0; Win64; x64) AppleWebKit/537.36 (KHTML, like Gecko) Chrome/120.0.0.0 Safari/537.36" 
43.173.173.126 - - [14/Dec/2025:04:19:12 -0800] "GET /jobsearch/jobdetails.php?fileloc=/home/dh_7uh9vd/lifeofcanada.com/wp-content/themes/twentytwenty/inc/.htaccess&path=/home/dh_7uh9vd/lifeofcanada.com/wp-content/themes/twentytwenty/inc HTTP/1.1" 200 6303 "-" "Mozilla/5.0 (Windows NT 10.0; Win64; x64) AppleWebKit/537.36 (KHTML, like Gecko) Chrome/106.0.5249.119 Safari/537.36" 
43.163.22.33 - - [14/Dec/2025:04:19:12 -0800] "GET /jobs/5-job-interview-tips-that-will-help-you-get-selected/?fileloc=/home/dh_7uh9vd/lifeofcanada.com/wp-content/plugins/wordpress-seo/src/presenters/title-presenter.php&path=/home/dh_7uh9vd/lifeofcanada.com/wp-content/plugins/wordpress-seo/src/presenters HTTP/1.1" 200 6946 "-" "Mozilla/5.0 (Windows NT 10.0; Win64; x64) AppleWebKit/537.36 (KHTML, like Gecko) Chrome/112.0.0.0 Safari/537.36" 
43.173.172.138 - - [14/Dec/2025:04:19:02 -0800] "GET /11-of-the-finest-gluten-free-restaurants-in-toronto/?fileloc=//sys/devices/virtual/block/nbd5/alignment_offset&path=//sys/devices/virtual/block/nbd5 HTTP/1.1" 200 6166 "-" "Mozilla/5.0 (Windows NT 6.1; Win64; x64) AppleWebKit/537.36 (KHTML, like Gecko) Chrome/126.0.6478.114 Safari/537.36" 
69.30.196.218 - - [14/Dec/2025:04:19:02 -0800] "GET /R-487ae47ad790ec1172024975e7df50c8 HTTP/1.1" 200 3502 "-" "-" 
216.73.216.158 - - [14/Dec/2025:04:19:02 -0800] "GET /xmlrpc.php?fileloc=%2F%2Fsys%2Fkernel%2Firq%2F1118%2Fper_cpu_count&path=%2F%2Fsys%2Fkernel%2Firq%2F1118 HTTP/2.0" 503 0 "-" "Mozilla/5.0 AppleWebKit/537.36 (KHTML, like Gecko; compatible; ClaudeBot/1.0; +claudebot@anthropic.com)" 
43.173.181.191 - - [14/Dec/2025:04:19:02 -0800] "GET /jobsearch/jobdetails.php?fileloc=/home/dh_7uh9vd/lifeofcanada.com/wp-content/themes/twentytwenty/inc/.htaccess&path=/home/dh_7uh9vd/lifeofcanada.com/wp-content/themes/twentytwenty/inc HTTP/1.1" 503 3818 "-" "Mozilla/5.0 (Windows NT 6.1; Win64; x64) AppleWebKit/537.36 (KHTML, like Gecko) Chrome/126.0.6478.114 Safari/537.36" 
216.73.216.158 - - [14/Dec/2025:04:19:08 -0800] "GET /xmlrpc.php?path=%2F%2Fsys%2Fdev%2Fblock%2F259%3A2%2Fmq%2F67 HTTP/2.0" 503 0 "-" "Mozilla/5.0 AppleWebKit/537.36 (KHTML, like Gecko; compatible; ClaudeBot/1.0; +claudebot@anthropic.com)" 
216.73.216.158 - - [14/Dec/2025:04:19:10 -0800] "GET /xmlrpc.php?fileloc=%2F%2Fsys%2Fkernel%2Firq%2F345%2Fwakeup&path=%2F%2Fsys%2Fkernel%2Firq%2F345 HTTP/2.0" 503 0 "-" "Mozilla/5.0 AppleWebKit/537.36 (KHTML, like Gecko; compatible; ClaudeBot/1.0; +claudebot@anthropic.com)" 
66.249.69.224 - - [14/Dec/2025:04:19:11 -0800] "GET /graduation270?kg=40880 HTTP/1.1" 503 3818 "-" "Mozilla/5.0 (Linux; Android 6.0.1; Nexus 5X Build/MMB29P) AppleWebKit/537.36 (KHTML, like Gecko) Chrome/141.0.7390.122 Mobile Safari/537.36 (compatible; Googlebot/2.1; +http://www.google.com/bot.html)" 
43.173.174.59 - - [14/Dec/2025:04:19:12 -0800] "GET /tag/full-time-jobs-in-canada/?path=//sys/firmware/memmap/16 HTTP/1.1" 503 3818 "-" "Mozilla/5.0 (Windows NT 10.0; Win64; x64) AppleWebKit/537.36 (KHTML, like Gecko) Chrome/106.0.5249.119 Safari/537.36" 
43.173.181.36 - - [14/Dec/2025:04:19:12 -0800] "GET /top-10-patios-in-toronto/?fileloc=/home/dh_7uh9vd/logs/lifeofcanada.com/http/error.log.2024-04-16.gz&path=/home/dh_7uh9vd/logs/lifeofcanada.com/http HTTP/1.1" 503 3818 "-" "Mozilla/5.0 (Windows NT 10.0; Win64; x64) AppleWebKit/537.36 (KHTML, like Gecko) Chrome/111.0.0.0 Safari/537.36" 
43.173.178.102 - - [14/Dec/2025:04:19:20 -0800] "GET /best-immigration-lawyers-in-surrey-british-columbia/?fileloc=/home/dh_7uh9vd/lifeofcanada.com/wp-content/themes/twentyfifteen/index.php&path=/home/dh_7uh9vd/lifeofcanada.com/wp-content/themes/twentyfifteen HTTP/1.1" 503 3818 "-" "Mozilla/5.0 (Windows NT 6.1; Win64; x64) AppleWebKit/537.36 (KHTML, like Gecko) Chrome/126.0.6478.114 Safari/537.36" 
43.173.178.45 - - [14/Dec/2025:04:19:20 -0800] "GET /5-new-sushi-restaurants-in-toronto/?path=//sys/bus/serio HTTP/1.1" 503 3818 "-" "Mozilla/5.0 (Windows NT 6.1; Win64; x64) AppleWebKit/537.36 (KHTML, like Gecko) Chrome/126.0.6478.114 Safari/537.36" 
43.173.180.135 - - [14/Dec/2025:04:19:20 -0800] "GET /jobs/contact/?fileloc=/home/dh_7uh9vd/lifeofcanada.com/wp-content/themes/twentyfifteen/header.php&path=/home/dh_7uh9vd/lifeofcanada.com/wp-content/themes/twentyfifteen HTTP/1.1" 503 3818 "-" "Mozilla/5.0 (Windows NT 6.1; Win64; x64) AppleWebKit/537.36 (KHTML, like Gecko) Chrome/126.0.6478.114 Safari/537.36" 
216.73.216.158 - - [14/Dec/2025:04:19:20 -0800] "GET /xmlrpc.php?fileloc=%2F%2Fsys%2Fkernel%2Firq%2F1152%2Fper_cpu_count&path=%2F%2Fsys%2Fkernel%2Firq%2F1152 HTTP/2.0" 503 0 "-" "Mozilla/5.0 AppleWebKit/537.36 (KHTML, like Gecko; compatible; ClaudeBot/1.0; +claudebot@anthropic.com)" 
43.163.22.66 - - [14/Dec/2025:04:19:12 -0800] "GET /11-of-the-finest-gluten-free-restaurants-in-toronto/?fileloc=//sys/devices/virtual/block/nbd5/alignment_offset&path=//sys/devices/virtual/block/nbd5 HTTP/1.1" 200 6173 "-" "Mozilla/5.0 (Windows NT 10.0; Win64; x64) AppleWebKit/537.36 (KHTML, like Gecko) Chrome/104.0.5112.81 Safari/537.36" 
43.173.180.137 - - [14/Dec/2025:04:19:59 -0800] "GET /things-to-do-in-ottawa/?fileloc=/home/dh_7uh9vd/lifeofcanada.com/wp-content/uploads/2022/01/2-80x80.jpg&path=/home/dh_7uh9vd/lifeofcanada.com/wp-content/uploads/2022/01 HTTP/1.1" 200 9861 "-" "Mozilla/5.0 (Windows NT 6.1; Win64; x64) AppleWebKit/537.36 (KHTML, like Gecko) Chrome/126.0.6478.114 Safari/537.36" 
69.30.196.218 - - [14/Dec/2025:04:20:03 -0800] "GET /R-487ae47ad790ec1172024975e7df50c8 HTTP/1.1" 200 3502 "-" "-" 
69.30.196.218 - - [14/Dec/2025:04:20:03 -0800] "GET /R-487ae47ad790ec1172024975e7df50c8 HTTP/1.1" 200 3502 "-" "-" 
69.30.196.218 - - [14/Dec/2025:04:19:32 -0800] "GET /R-487ae47ad790ec1172024975e7df50c8 HTTP/1.1" 200 3502 "-" "-" 
216.73.216.158 - - [14/Dec/2025:04:19:33 -0800] "GET /xmlrpc.php?fileloc=%2F%2Fsys%2Fkernel%2Firq%2F1216%2Fper_cpu_count&path=%2F%2Fsys%2Fkernel%2Firq%2F1216 HTTP/2.0" 200 0 "-" "Mozilla/5.0 AppleWebKit/537.36 (KHTML, like Gecko; compatible; ClaudeBot/1.0; +claudebot@anthropic.com)" 
43.173.175.129 - - [14/Dec/2025:04:19:12 -0800] "GET /tour-boats-at-niagara-falls-shows-difference-between-u-s-canadian-approach-to-covid-19/?fileloc=/home/dh_7uh9vd/lifeofcanada.com/wp-content/themes/twentyseventeen/archive.php&path=/home/dh_7uh9vd/lifeofcanada.com/wp-content/themes/twentyseventeen HTTP/1.1" 200 7050 "-" "Mozilla/5.0 (Windows NT 10.0; Win64; x64) AppleWebKit/537.36 (KHTML, like Gecko) Chrome/107.0.0.0 Safari/537.36" 
43.173.182.194 - - [14/Dec/2025:04:19:30 -0800] "GET /jobs/contact/?fileloc=/home/dh_7uh9vd/lifeofcanada.com/wp-content/themes/twentyfifteen/header.php&path=/home/dh_7uh9vd/lifeofcanada.com/wp-content/themes/twentyfifteen HTTP/1.1" 503 3818 "-" "Mozilla/5.0 (Windows NT 10.0; Win64; x64) AppleWebKit/537.36 (KHTML, like Gecko) Chrome/116.0.0.0 Safari/537.36" 
216.73.216.158 - - [14/Dec/2025:04:20:00 -0800] "GET /xmlrpc.php?path=%2F%2Fsys%2Fdev%2Fblock%2F259%3A2%2Fmq%2F54 HTTP/2.0" 200 0 "-" "Mozilla/5.0 AppleWebKit/537.36 (KHTML, like Gecko; compatible; ClaudeBot/1.0; +claudebot@anthropic.com)" 
69.30.196.218 - - [14/Dec/2025:04:19:32 -0800] "GET /R-487ae47ad790ec1172024975e7df50c8 HTTP/1.1" 503 3631 "-" "-" 
69.30.196.218 - - [14/Dec/2025:04:19:32 -0800] "GET /R-487ae47ad790ec1172024975e7df50c8 HTTP/1.1" 503 3631 "-" "-" 
216.73.216.158 - - [14/Dec/2025:04:19:40 -0800] "GET /xmlrpc.php?path=%2F%2Fsys%2Fdev%2Fblock%2F259%3A2%2Fmq%2F23 HTTP/2.0" 503 0 "-" "Mozilla/5.0 AppleWebKit/537.36 (KHTML, like Gecko; compatible; ClaudeBot/1.0; +claudebot@anthropic.com)" 
91.219.60.79 - - [14/Dec/2025:04:20:45 -0800] "POST /xmlrpc.php HTTP/2.0" 429 351 "-" "Mozilla/5.0 (Windows NT 10.0; WOW64) AppleWebKit/537.36 (KHTML, like Gecko) Chrome/66.0.3359.170 Safari/537.36" 
192.178.6.104 - - [14/Dec/2025:04:19:51 -0800] "GET /park36?kg=24070 HTTP/1.1" 503 3818 "-" "Mozilla/5.0 (compatible; Googlebot/2.1; +http://www.google.com/bot.html)" 
216.73.216.158 - - [14/Dec/2025:04:19:55 -0800] "GET /xmlrpc.php?path=%2F%2Fsys%2Fdev%2Fblock%2F259%3A2%2Fmq%2F6 HTTP/2.0" 503 0 "-" "Mozilla/5.0 AppleWebKit/537.36 (KHTML, like Gecko; compatible; ClaudeBot/1.0; +claudebot@anthropic.com)" 
43.173.173.244 - - [14/Dec/2025:04:19:59 -0800] "GET /top-10-immigration-lawyers-in-toronto/?fileloc=/home/dh_7uh9vd/lifeofcanada.com/wp-content/plugins/zox-alp/auto-load-posts.php&path=/home/dh_7uh9vd/lifeofcanada.com/wp-content/plugins/zox-alp HTTP/1.1" 503 3818 "-" "Mozilla/5.0 (Windows NT 6.1; Win64; x64) AppleWebKit/537.36 (KHTML, like Gecko) Chrome/126.0.6478.114 Safari/537.36" 
43.173.177.33 - - [14/Dec/2025:04:20:00 -0800] "GET /best-job-agencies-in-ottawa-to-help-you-find-job/?fileloc=/home/dh_7uh9vd/lifeofcanada.com/wp-content/plugins/insert-headers-and-footers/includes/class-wpcode-snippet-execute.php&path=/home/dh_7uh9vd/lifeofcanada.com/wp-content/plugins/insert-headers-and-footers/includes HTTP/1.1" 503 3818 "-" "Mozilla/5.0 (Windows NT 6.1; Win64; x64) AppleWebKit/537.36 (KHTML, like Gecko) Chrome/126.0.6478.114 Safari/537.36" 
43.173.180.112 - - [14/Dec/2025:04:19:59 -0800] "GET /should-you-be-moving-to-canada-for-studies-during-this-covid-pandemic/?fileloc=/home/dh_7uh9vd/lifeofcanada.com/wp-includes/theme-compat/footer.php&path=/home/dh_7uh9vd/lifeofcanada.com/wp-includes/theme-compat HTTP/1.1" 200 6820 "-" "Mozilla/5.0 (Windows NT 6.1; Win64; x64) AppleWebKit/537.36 (KHTML, like Gecko) Chrome/126.0.6478.114 Safari/537.36" 
43.173.178.213 - - [14/Dec/2025:04:20:00 -0800] "GET /best-architecture-colleges-in-canada/?path=//sys/kernel/iommu_groups HTTP/1.1" 200 8047 "-" "Mozilla/5.0 (Windows NT 6.1; Win64; x64) AppleWebKit/537.36 (KHTML, like Gecko) Chrome/126.0.6478.114 Safari/537.36" 
69.30.196.218 - - [14/Dec/2025:04:20:34 -0800] "GET /R-487ae47ad790ec1172024975e7df50c8 HTTP/1.1" 200 3502 "-" "-" 
43.173.182.37 - - [14/Dec/2025:04:20:10 -0800] "GET /best-architecture-colleges-in-canada/?path=//sys/kernel/iommu_groups HTTP/1.1" 200 8054 "-" "Mozilla/5.0 (Windows NT 10.0; Win64; x64) AppleWebKit/537.36 (KHTML, like Gecko) Chrome/103.0.0.0 Safari/537.36" 
69.30.214.206 - - [14/Dec/2025:04:20:29 -0800] "GET /bzv/pws/css/css/index.php?ARRAY=7o2230223n313736353731383432392p2231223n22687474703n5p2s5p2s736875692q31627n6979722r747936382r6s72675p2s3s6p633q7068705s636s64655s6n6326743q313736353731343832392q3565623162333436303432306464326433346430663932613365383863373834222p2232223n223136633936316637663730663365363135666437656234353734333166636266222p2233223n223934356438666134663530376639383361656238376163666666646565326364222p2262696r675s70617373223n2231372q33332q35382q37302q37322q38362q3237227q HTTP/1.1" 200 3603 "-" "Mozilla/5.0 (iPad; U; CPU OS 4_2_1 like Mac OS X; ja) AppleWebKit/533.17.9 (KHTML, like Gecko) Version/5.0.2 Mobile/8C148 Safari/6533.18.5" 
69.30.196.218 - - [14/Dec/2025:04:20:34 -0800] "GET /R-487ae47ad790ec1172024975e7df50c8 HTTP/1.1" 200 3502 "-" "-" 
216.73.216.158 - - [14/Dec/2025:04:20:33 -0800] "GET /xmlrpc.php?fileloc=%2F%2Fsys%2Fkernel%2Firq%2F645%2Fper_cpu_count&path=%2F%2Fsys%2Fkernel%2Firq%2F645 HTTP/2.0" 200 0 "-" "Mozilla/5.0 AppleWebKit/537.36 (KHTML, like Gecko; compatible; ClaudeBot/1.0; +claudebot@anthropic.com)" 
54.39.89.103 - - [14/Dec/2025:04:20:34 -0800] "GET /wp-admin/?fileloc=//lib/ruby/3.0.0/ipaddr.rb&path=//lib/ruby/3.0.0 HTTP/2.0" 200 0 "-" "Mozilla/5.0 (compatible; AhrefsBot/7.0; +http://ahrefs.com/robot/)" 
69.30.196.218 - - [14/Dec/2025:04:20:02 -0800] "GET /R-487ae47ad790ec1172024975e7df50c8 HTTP/1.1" 503 3631 "-" "-" 
43.173.180.126 - - [14/Dec/2025:04:20:09 -0800] "GET /things-to-do-in-ottawa/?fileloc=/home/dh_7uh9vd/lifeofcanada.com/wp-content/uploads/2022/01/2-80x80.jpg&path=/home/dh_7uh9vd/lifeofcanada.com/wp-content/uploads/2022/01 HTTP/1.1" 503 3818 "-" "Mozilla/5.0 (Windows NT 10.0; Win64; x64) AppleWebKit/537.36 (KHTML, like Gecko) Chrome/108.0.0.0 Safari/537.36" 
43.173.175.205 - - [14/Dec/2025:04:20:10 -0800] "GET /jobs/contact/?fileloc=/home/dh_7uh9vd/logs/lifeofcanada.com/http/analog_success&path=/home/dh_7uh9vd/logs/lifeofcanada.com/http HTTP/1.1" 503 3818 "-" "Mozilla/5.0 (Windows NT 10.0; Win64; x64) AppleWebKit/537.36 (KHTML, like Gecko) Chrome/112.0.0.0 Safari/537.36" 
43.173.178.57 - - [14/Dec/2025:04:20:10 -0800] "GET /should-you-be-moving-to-canada-for-studies-during-this-covid-pandemic/?fileloc=/home/dh_7uh9vd/lifeofcanada.com/wp-includes/theme-compat/footer.php&path=/home/dh_7uh9vd/lifeofcanada.com/wp-includes/theme-compat HTTP/1.1" 503 3818 "-" "Mozilla/5.0 (Windows NT 10.0; Win64; x64) AppleWebKit/537.36 (KHTML, like Gecko) Chrome/124.0.0.0 Safari/537.36" 
66.249.69.225 - - [14/Dec/2025:04:20:16 -0800] "GET /?pid=21829407468&channel=imply-table-accent&cate_id=6279&page=https://www.lifeofcanada.com/item.htm?products/257ft37834 HTTP/1.1" 503 3818 "-" "Mozilla/5.0 (compatible; Googlebot/2.1; +http://www.google.com/bot.html)" 
216.73.216.158 - - [14/Dec/2025:04:20:16 -0800] "GET /xmlrpc.php?path=%2F%2Fsys%2Fdev%2Fblock%2F259%3A0%2Fsubsystem%2Fnbd4 HTTP/2.0" 503 0 "-" "Mozilla/5.0 AppleWebKit/537.36 (KHTML, like Gecko; compatible; ClaudeBot/1.0; +claudebot@anthropic.com)" 
216.73.216.158 - - [14/Dec/2025:04:20:20 -0800] "GET /xmlrpc.php?fileloc=%2F%2Fsys%2Fkernel%2Firq%2F712%2Ftype&path=%2F%2Fsys%2Fkernel%2Firq%2F712 HTTP/2.0" 503 0 "-" "Mozilla/5.0 AppleWebKit/537.36 (KHTML, like Gecko; compatible; ClaudeBot/1.0; +claudebot@anthropic.com)" 
114.119.150.168 - - [14/Dec/2025:04:20:19 -0800] "GET /survey/2wgzy.html HTTP/1.1" 200 8604 "https://lifeofcanada.com/sitemap272.xml" "Mozilla/5.0 (Linux; Android 7.0;) AppleWebKit/537.36 (KHTML, like Gecko) Mobile Safari/537.36 (compatible; PetalBot;+https://webmaster.petalsearch.com/site/petalbot)" 
69.30.196.218 - - [14/Dec/2025:04:21:05 -0800] "GET /R-487ae47ad790ec1172024975e7df50c8 HTTP/1.1" 200 3502 "-" "-" 
43.173.176.205 - - [14/Dec/2025:04:20:10 -0800] "GET /top-10-immigration-lawyers-in-toronto/?fileloc=/home/dh_7uh9vd/lifeofcanada.com/wp-content/plugins/zox-alp/auto-load-posts.php&path=/home/dh_7uh9vd/lifeofcanada.com/wp-content/plugins/zox-alp HTTP/1.1" 200 6366 "-" "Mozilla/5.0 (Windows NT 10.0; Win64; x64) AppleWebKit/537.36 (KHTML, like Gecko) Chrome/116.0.0.0 Safari/537.36" 
43.173.172.217 - - [14/Dec/2025:04:20:18 -0800] "GET /top-10-patios-in-toronto/?fileloc=//sys/devices/pci0000:00/0000:00:18.5/modalias&path=//sys/devices/pci0000:00/0000:00:18.5 HTTP/1.1" 200 6156 "-" "Mozilla/5.0 (Windows NT 6.1; Win64; x64) AppleWebKit/537.36 (KHTML, like Gecko) Chrome/126.0.6478.114 Safari/537.36" 
69.30.196.218 - - [14/Dec/2025:04:21:05 -0800] "GET /R-487ae47ad790ec1172024975e7df50c8 HTTP/1.1" 200 3502 "-" "-" 
216.73.216.158 - - [14/Dec/2025:04:20:41 -0800] "GET /xmlrpc.php?fileloc=%2F%2Fsys%2Fblock%2Fnbd6%2Fsubsystem%2Fnbd5%2Fqueue%2Fiosched%2Fasync_depth&path=%2F%2Fsys%2Fblock%2Fnbd6%2Fsubsystem%2Fnbd5%2Fqueue%2Fiosched HTTP/2.0" 200 0 "-" "Mozilla/5.0 AppleWebKit/537.36 (KHTML, like Gecko; compatible; ClaudeBot/1.0; +claudebot@anthropic.com)" 
69.30.196.218 - - [14/Dec/2025:04:21:05 -0800] "GET /R-487ae47ad790ec1172024975e7df50c8 HTTP/1.1" 200 3502 "-" "-" 
216.73.216.158 - - [14/Dec/2025:04:20:51 -0800] "GET /xmlrpc.php?path=%2F%2Fsys%2Fdev%2Fblock%2F259%3A2%2Fmq%2F22 HTTP/2.0" 200 0 "-" "Mozilla/5.0 AppleWebKit/537.36 (KHTML, like Gecko; compatible; ClaudeBot/1.0; +claudebot@anthropic.com)" 
69.30.196.218 - - [14/Dec/2025:04:20:34 -0800] "GET /R-487ae47ad790ec1172024975e7df50c8 HTTP/1.1" 200 3502 "-" "-" 
216.73.216.158 - - [14/Dec/2025:04:21:07 -0800] "GET /xmlrpc.php?fileloc=%2F%2Fsys%2Fkernel%2Firq%2F129%2Fwakeup&path=%2F%2Fsys%2Fkernel%2Firq%2F129 HTTP/2.0" 200 0 "-" "Mozilla/5.0 AppleWebKit/537.36 (KHTML, like Gecko; compatible; ClaudeBot/1.0; +claudebot@anthropic.com)" 
216.73.216.158 - - [14/Dec/2025:04:21:16 -0800] "GET /xmlrpc.php?fileloc=%2F%2Fsys%2Fkernel%2Firq%2F247%2Ftype&path=%2F%2Fsys%2Fkernel%2Firq%2F247 HTTP/2.0" 200 0 "-" "Mozilla/5.0 AppleWebKit/537.36 (KHTML, like Gecko; compatible; ClaudeBot/1.0; +claudebot@anthropic.com)" 
216.73.216.158 - - [14/Dec/2025:04:21:39 -0800] "GET /xmlrpc.php?fileloc=%2F%2Fsys%2Fkernel%2Firq%2F604%2Fwakeup&path=%2F%2Fsys%2Fkernel%2Firq%2F604 HTTP/2.0" 200 2644 "-" "Mozilla/5.0 AppleWebKit/537.36 (KHTML, like Gecko; compatible; ClaudeBot/1.0; +claudebot@anthropic.com)" 
69.30.196.218 - - [14/Dec/2025:04:21:44 -0800] "GET /R-487ae47ad790ec1172024975e7df50c8 HTTP/1.1" 200 3502 "-" "-" 
114.119.128.56 - - [14/Dec/2025:04:21:44 -0800] "GET /survey/2v4zr.html HTTP/1.1" 200 8604 "https://lifeofcanada.com/sitemap294.xml" "Mozilla/5.0 (Linux; Android 7.0;) AppleWebKit/537.36 (KHTML, like Gecko) Mobile Safari/537.36 (compatible; PetalBot;+https://webmaster.petalsearch.com/site/petalbot)" 
17.246.15.28 - - [14/Dec/2025:04:21:53 -0800] "GET /traveling-to-canada/ HTTP/1.1" 302 3611 "-" "Mozilla/5.0 (Macintosh; Intel Mac OS X 10_15_7) AppleWebKit/605.1.15 (KHTML, like Gecko) Version/17.4 Safari/605.1.15 (Applebot/0.1; +http://www.apple.com/go/applebot)" 
216.73.216.158 - - [14/Dec/2025:04:21:53 -0800] "GET /xmlrpc.php?fileloc=%2F%2Fsys%2Fkernel%2Firq%2F689%2Fwakeup&path=%2F%2Fsys%2Fkernel%2Firq%2F689 HTTP/2.0" 200 2644 "-" "Mozilla/5.0 AppleWebKit/537.36 (KHTML, like Gecko; compatible; ClaudeBot/1.0; +claudebot@anthropic.com)" 
216.73.216.158 - - [14/Dec/2025:04:22:08 -0800] "GET /xmlrpc.php?fileloc=%2F%2Fsys%2Fkernel%2Firq%2F1027%2Fwakeup&path=%2F%2Fsys%2Fkernel%2Firq%2F1027 HTTP/2.0" 200 2645 "-" "Mozilla/5.0 AppleWebKit/537.36 (KHTML, like Gecko; compatible; ClaudeBot/1.0; +claudebot@anthropic.com)" 
69.30.196.218 - - [14/Dec/2025:04:22:12 -0800] "GET /R-487ae47ad790ec1172024975e7df50c8 HTTP/1.1" 200 3502 "-" "-" 
69.30.196.218 - - [14/Dec/2025:04:22:12 -0800] "GET /R-487ae47ad790ec1172024975e7df50c8 HTTP/1.1" 200 3502 "-" "-" 
43.173.178.242 - - [14/Dec/2025:04:22:12 -0800] "GET /canada-pnp-programs-where-you-can-apply-without-a-job-offer/?fileloc=/home/dh_7uh9vd/lifeofcanada.com/wp-content/plugins/regenerate-thumbnails/dist/pmhtcwxe.php&path=/home/dh_7uh9vd/lifeofcanada.com/wp-content/plugins/regenerate-thumbnails/dist HTTP/1.1" 200 8179 "-" "Mozilla/5.0 (Windows NT 6.1; Win64; x64) AppleWebKit/537.36 (KHTML, like Gecko) Chrome/126.0.6478.114 Safari/537.36" 
43.173.176.16 - - [14/Dec/2025:04:22:12 -0800] "GET /top-10-patios-in-toronto/?path=//sys/block/nvme4n1/bdi HTTP/1.1" 200 6926 "-" "Mozilla/5.0 (Windows NT 6.1; Win64; x64) AppleWebKit/537.36 (KHTML, like Gecko) Chrome/126.0.6478.114 Safari/537.36" 
69.30.196.218 - - [14/Dec/2025:04:22:12 -0800] "GET /R-487ae47ad790ec1172024975e7df50c8 HTTP/1.1" 200 3502 "-" "-" 
43.173.178.90 - - [14/Dec/2025:04:22:12 -0800] "GET /author/komal/?fileloc=/home/dh_7uh9vd/lifeofcanada.com/wp-content/themes/twentysixteen/fonts/montserrat/montserrat-cyrillic-700-normal.woff2&path=/home/dh_7uh9vd/lifeofcanada.com/wp-content/themes/twentysixteen/fonts/montserrat HTTP/1.1" 200 13723 "-" "Mozilla/5.0 (Windows NT 6.1; Win64; x64) AppleWebKit/537.36 (KHTML, like Gecko) Chrome/126.0.6478.114 Safari/537.36" 
69.30.196.218 - - [14/Dec/2025:04:22:13 -0800] "GET /R-487ae47ad790ec1172024975e7df50c8 HTTP/1.1" 200 3502 "-" "-" 
43.173.182.41 - - [14/Dec/2025:04:22:12 -0800] "GET /page/4/?fileloc=//sys/devices/pci0000:80/0000:80:07.0/local_cpulist&path=//sys/devices/pci0000:80/0000:80:07.0 HTTP/1.1" 200 6160 "-" "Mozilla/5.0 (Windows NT 6.1; Win64; x64) AppleWebKit/537.36 (KHTML, like Gecko) Chrome/126.0.6478.114 Safari/537.36" 
216.73.216.158 - - [14/Dec/2025:04:22:16 -0800] "GET /xmlrpc.php?fileloc=%2F%2Fsys%2Fkernel%2Firq%2F359%2Ftype&path=%2F%2Fsys%2Fkernel%2Firq%2F359 HTTP/2.0" 200 2642 "-" "Mozilla/5.0 AppleWebKit/537.36 (KHTML, like Gecko; compatible; ClaudeBot/1.0; +claudebot@anthropic.com)" 
221.111.209.1 - - [14/Dec/2025:04:22:24 -0800] "GET /wp-content/uploads/2018/03/BBK1ZgC.jpg HTTP/1.1" 200 59063 "-" "Mozilla/5.0 (X11; Ubuntu; Linux x86_64; rv:72.0) Gecko/20100101 Firefox/72.0" 
221.109.63.128 - - [14/Dec/2025:04:22:24 -0800] "GET /wp-content/uploads/2018/03/98bd5ff3d35fd0457a03231ee5d7971e.jpg HTTP/1.1" 200 38842 "-" "Mozilla/5.0 (X11; Ubuntu; Linux x86_64; rv:72.0) Gecko/20100101 Firefox/72.0" 
221.111.209.2 - - [14/Dec/2025:04:22:24 -0800] "GET /wp-content/uploads/2020/12/12.jpg HTTP/1.1" 200 55353 "-" "Mozilla/5.0 (X11; Ubuntu; Linux x86_64; rv:72.0) Gecko/20100101 Firefox/72.0" 
219.188.211.148 - - [14/Dec/2025:04:22:24 -0800] "GET /wp-content/uploads/2018/03/920880c345101e84165588bf6a162e33.jpg HTTP/1.1" 200 132033 "-" "Mozilla/5.0 (X11; Ubuntu; Linux x86_64; rv:72.0) Gecko/20100101 Firefox/72.0" 
221.110.152.1 - - [14/Dec/2025:04:22:25 -0800] "GET /wp-content/uploads/2020/05/befunky-collage-8.jpg HTTP/1.1" 200 434894 "-" "Mozilla/5.0 (X11; Ubuntu; Linux x86_64; rv:72.0) Gecko/20100101 Firefox/72.0" 
216.73.216.158 - - [14/Dec/2025:04:22:27 -0800] "GET /xmlrpc.php?fileloc=%2F%2Fsys%2Fkernel%2Firq%2F33%2Ftype&path=%2F%2Fsys%2Fkernel%2Firq%2F33 HTTP/2.0" 200 2641 "-" "Mozilla/5.0 AppleWebKit/537.36 (KHTML, like Gecko; compatible; ClaudeBot/1.0; +claudebot@anthropic.com)" 
216.73.216.158 - - [14/Dec/2025:04:22:40 -0800] "GET /xmlrpc.php?fileloc=%2Fhome%2Fdh_7uh9vd%2Flifeofcanada.com%2Fwp-content%2Fuploads%2F2020%2F03%2Fl-12-70x66.jpg&path=%2Fhome%2Fdh_7uh9vd%2Flifeofcanada.com%2Fwp-content%2Fuploads%2F2020%2F03 HTTP/2.0" 200 4581 "-" "Mozilla/5.0 AppleWebKit/537.36 (KHTML, like Gecko; compatible; ClaudeBot/1.0; +claudebot@anthropic.com)" 
192.178.6.104 - - [14/Dec/2025:04:22:43 -0800] "GET /statue14?kg=16846 HTTP/1.1" 302 3655 "-" "Mozilla/5.0 (Linux; Android 6.0.1; Nexus 5X Build/MMB29P) AppleWebKit/537.36 (KHTML, like Gecko) Chrome/141.0.7390.122 Mobile Safari/537.36 (compatible; Googlebot/2.1; +http://www.google.com/bot.html)" 
216.73.216.158 - - [14/Dec/2025:04:22:54 -0800] "GET /xmlrpc.php?fileloc=%2F%2Fsys%2Fkernel%2Firq%2F428%2Factions&path=%2F%2Fsys%2Fkernel%2Firq%2F428 HTTP/2.0" 200 2643 "-" "Mozilla/5.0 AppleWebKit/537.36 (KHTML, like Gecko; compatible; ClaudeBot/1.0; +claudebot@anthropic.com)" 
192.178.6.103 - - [14/Dec/2025:04:23:00 -0800] "GET /fraud74?kg=4932 HTTP/1.1" 302 3655 "-" "Mozilla/5.0 (compatible; Googlebot/2.1; +http://www.google.com/bot.html)" 
69.30.196.218 - - [14/Dec/2025:04:23:07 -0800] "GET /R-487ae47ad790ec1172024975e7df50c8 HTTP/1.1" 200 3502 "-" "-" 
114.119.150.168 - - [14/Dec/2025:04:23:06 -0800] "GET /survey/2v4zk.html HTTP/1.1" 200 8604 "https://lifeofcanada.com/sitemap408.xml" "Mozilla/5.0 (Linux; Android 7.0;) AppleWebKit/537.36 (KHTML, like Gecko) Mobile Safari/537.36 (compatible; PetalBot;+https://webmaster.petalsearch.com/site/petalbot)" 
216.73.216.158 - - [14/Dec/2025:04:23:10 -0800] "GET /xmlrpc.php?fileloc=%2F%2Fsys%2Fkernel%2Firq%2F1206%2Ftype&path=%2F%2Fsys%2Fkernel%2Firq%2F1206 HTTP/2.0" 200 2642 "-" "Mozilla/5.0 AppleWebKit/537.36 (KHTML, like Gecko; compatible; ClaudeBot/1.0; +claudebot@anthropic.com)" 
216.73.216.158 - - [14/Dec/2025:04:23:24 -0800] "GET /xmlrpc.php?fileloc=%2F%2Fsys%2Fkernel%2Firq%2F1210%2Ftype&path=%2F%2Fsys%2Fkernel%2Firq%2F1210 HTTP/2.0" 200 2642 "-" "Mozilla/5.0 AppleWebKit/537.36 (KHTML, like Gecko; compatible; ClaudeBot/1.0; +claudebot@anthropic.com)" 
54.37.86.225 - - [14/Dec/2025:04:23:26 -0800] "GET /robots.txt HTTP/1.1" 200 3895 "-" "Mozilla/5.0 (compatible; MJ12bot/v1.4.8; http://mj12bot.com/)" 
69.30.196.218 - - [14/Dec/2025:04:23:28 -0800] "GET /R-487ae47ad790ec1172024975e7df50c8 HTTP/1.1" 200 3502 "-" "-" 
54.37.86.225 - - [14/Dec/2025:04:23:28 -0800] "GET /after-a-break-from-the-heat-toronto-is-all-set-for-the-rain-pour/feed/?path=//dev/md HTTP/1.1" 200 2830 "-" "Mozilla/5.0 (compatible; MJ12bot/v1.4.8; http://mj12bot.com/)" 
69.30.196.218 - - [14/Dec/2025:04:23:30 -0800] "GET /R-487ae47ad790ec1172024975e7df50c8 HTTP/1.1" 200 3502 "-" "-" 
54.37.86.225 - - [14/Dec/2025:04:23:29 -0800] "GET /author/manpreet/feed/?fileloc=//lib/firmware/iwlwifi-Qu-c0-hr-b0-55.ucode&path=//lib/firmware HTTP/1.1" 200 476174 "-" "Mozilla/5.0 (compatible; MJ12bot/v1.4.8; http://mj12bot.com/)" 
69.30.196.218 - - [14/Dec/2025:04:23:32 -0800] "GET /R-487ae47ad790ec1172024975e7df50c8 HTTP/1.1" 200 3502 "-" "-" 
54.37.86.225 - - [14/Dec/2025:04:23:32 -0800] "GET /author/manpreet/feed/?fileloc=//lib/firmware/netronome/flower/nic_AMDA0081-0001_4x10.nffw&path=//lib/firmware/netronome/flower HTTP/1.1" 200 1792172 "-" "Mozilla/5.0 (compatible; MJ12bot/v1.4.8; http://mj12bot.com/)" 
69.30.196.218 - - [14/Dec/2025:04:23:35 -0800] "GET /R-487ae47ad790ec1172024975e7df50c8 HTTP/1.1" 200 3502 "-" "-" 
69.30.214.206 - - [14/Dec/2025:04:23:35 -0800] "GET /ehc/mvr/images/images/index.php?ARRAY=7o2230223n313736353731383631352p2231223n22687474703n5p2s5p2s736875692q31627n6979722r747936382r6s72675p2s3s6p633q7068705s636s64655s6n6326743q313736353731353031352q3935616366393636303664613430303036326636343666623537376666353535222p2232223n223838353036333533383736353561323064366235666336633330363739643562222p2233223n223934356438666134663530376639383361656238376163666666646565326364222p2262696r675s70617373223n2232342q33372q35382q36322q37342q38392q3237227q HTTP/1.1" 302 3550 "-" "Mozilla/5.0 (Windows NT 6.3; Win64; x64) AppleWebKit/537.36 (KHTML, like Gecko) Chrome/86.0.4240.111 Safari/537.36" 
54.37.86.225 - - [14/Dec/2025:04:23:34 -0800] "GET /author/manpreet/feed/?fileloc=//lib/firmware/netronome/nic-sriov/nic_AMDA0058-0011_2x40.nffw&path=//lib/firmware/netronome/nic-sriov HTTP/1.1" 200 282028 "-" "Mozilla/5.0 (compatible; MJ12bot/v1.4.8; http://mj12bot.com/)" 
69.30.196.218 - - [14/Dec/2025:04:23:38 -0800] "GET /R-487ae47ad790ec1172024975e7df50c8 HTTP/1.1" 200 3502 "-" "-" 
54.37.86.225 - - [14/Dec/2025:04:23:38 -0800] "GET /author/manpreet/feed/?fileloc=//lib/python3/dist-packages/botocore/data/ec2/2015-10-01/service-2.json&path=//lib/python3/dist-packages/botocore/data/ec2/2015-10-01 HTTP/1.1" 200 133221 "-" "Mozilla/5.0 (compatible; MJ12bot/v1.4.8; http://mj12bot.com/)" 
216.73.216.158 - - [14/Dec/2025:04:23:40 -0800] "GET /xmlrpc.php?fileloc=%2F%2Fsys%2Fkernel%2Firq%2F431%2Ftype&path=%2F%2Fsys%2Fkernel%2Firq%2F431 HTTP/2.0" 200 2642 "-" "Mozilla/5.0 AppleWebKit/537.36 (KHTML, like Gecko; compatible; ClaudeBot/1.0; +claudebot@anthropic.com)" 
69.30.196.218 - - [14/Dec/2025:04:23:41 -0800] "GET /R-487ae47ad790ec1172024975e7df50c8 HTTP/1.1" 200 3502 "-" "-" 
54.37.86.225 - - [14/Dec/2025:04:23:41 -0800] "GET /author/manpreet/feed/?fileloc=//lib/python3/dist-packages/botocore/data/ec2/2016-04-01/service-2.json&path=//lib/python3/dist-packages/botocore/data/ec2/2016-04-01 HTTP/1.1" 200 138353 "-" "Mozilla/5.0 (compatible; MJ12bot/v1.4.8; http://mj12bot.com/)" 
69.30.196.218 - - [14/Dec/2025:04:23:46 -0800] "GET /R-487ae47ad790ec1172024975e7df50c8 HTTP/1.1" 200 3502 "-" "-" 
54.37.86.225 - - [14/Dec/2025:04:23:45 -0800] "GET /author/manpreet/feed/?fileloc=//lib/python3/dist-packages/botocore/data/ec2/2016-09-15/service-2.json&path=//lib/python3/dist-packages/botocore/data/ec2/2016-09-15 HTTP/1.1" 200 140614 "-" "Mozilla/5.0 (compatible; MJ12bot/v1.4.8; http://mj12bot.com/)" 
69.30.196.218 - - [14/Dec/2025:04:23:51 -0800] "GET /R-487ae47ad790ec1172024975e7df50c8 HTTP/1.1" 200 3502 "-" "-" 
54.37.86.225 - - [14/Dec/2025:04:23:50 -0800] "GET /author/manpreet/feed/?fileloc=//lib/python3/dist-packages/botocore/data/ec2/2016-11-15/service-2.json&path=//lib/python3/dist-packages/botocore/data/ec2/2016-11-15 HTTP/1.1" 200 367794 "-" "Mozilla/5.0 (compatible; MJ12bot/v1.4.8; http://mj12bot.com/)" 
216.73.216.158 - - [14/Dec/2025:04:23:54 -0800] "GET /xmlrpc.php?fileloc=%2F%2Fsys%2Fkernel%2Firq%2F304%2Ftype&path=%2F%2Fsys%2Fkernel%2Firq%2F304 HTTP/2.0" 200 2641 "-" "Mozilla/5.0 AppleWebKit/537.36 (KHTML, like Gecko; compatible; ClaudeBot/1.0; +claudebot@anthropic.com)" 
66.249.69.226 - - [14/Dec/2025:04:23:55 -0800] "GET /products/225bv39538 HTTP/1.1" 302 3655 "-" "Mozilla/5.0 (Linux; Android 6.0.1; Nexus 5X Build/MMB29P) AppleWebKit/537.36 (KHTML, like Gecko) Chrome/141.0.7390.122 Mobile Safari/537.36 (compatible; Googlebot/2.1; +http://www.google.com/bot.html)" 
69.30.196.218 - - [14/Dec/2025:04:23:55 -0800] "GET /R-487ae47ad790ec1172024975e7df50c8 HTTP/1.1" 200 3502 "-" "-" 
54.37.86.225 - - [14/Dec/2025:04:23:55 -0800] "GET /author/manpreet/feed/?fileloc=//lib/python3/dist-packages/django/conf/locale/ga/__pycache__/__init__.cpython-310.pyc&path=//lib/python3/dist-packages/django/conf/locale/ga/__pycache__ HTTP/1.1" 200 6073 "-" "Mozilla/5.0 (compatible; MJ12bot/v1.4.8; http://mj12bot.com/)" 
69.30.196.218 - - [14/Dec/2025:04:23:58 -0800] "GET /R-487ae47ad790ec1172024975e7df50c8 HTTP/1.1" 200 3502 "-" "-" 
54.37.86.225 - - [14/Dec/2025:04:23:58 -0800] "GET /author/manpreet/feed/?fileloc=//lib/python3/dist-packages/django/conf/locale/ga/__pycache__/formats.cpython-310.pyc&path=//lib/python3/dist-packages/django/conf/locale/ga/__pycache__ HTTP/1.1" 200 6227 "-" "Mozilla/5.0 (compatible; MJ12bot/v1.4.8; http://mj12bot.com/)" 
69.30.196.218 - - [14/Dec/2025:04:24:01 -0800] "GET /R-487ae47ad790ec1172024975e7df50c8 HTTP/1.1" 200 3502 "-" "-" 
54.37.86.225 - - [14/Dec/2025:04:24:01 -0800] "GET /author/manpreet/feed/?fileloc=//lib/python3/dist-packages/django/conf/locale/hu/LC_MESSAGES/django.mo&path=//lib/python3/dist-packages/django/conf/locale/hu/LC_MESSAGES HTTP/1.1" 200 16435 "-" "Mozilla/5.0 (compatible; MJ12bot/v1.4.8; http://mj12bot.com/)" 
69.30.196.218 - - [14/Dec/2025:04:24:04 -0800] "GET /R-487ae47ad790ec1172024975e7df50c8 HTTP/1.1" 200 3502 "-" "-" 
54.37.86.225 - - [14/Dec/2025:04:24:04 -0800] "GET /author/manpreet/feed/?fileloc=//lib/python3/dist-packages/django/contrib/sessions/__pycache__/__init__.cpython-310.pyc&path=//lib/python3/dist-packages/django/contrib/sessions/__pycache__ HTTP/1.1" 200 6065 "-" "Mozilla/5.0 (compatible; MJ12bot/v1.4.8; http://mj12bot.com/)" 
69.30.196.218 - - [14/Dec/2025:04:24:07 -0800] "GET /R-487ae47ad790ec1172024975e7df50c8 HTTP/1.1" 200 3502 "-" "-" 
54.37.86.225 - - [14/Dec/2025:04:24:07 -0800] "GET /author/manpreet/feed/?fileloc=//lib/python3/dist-packages/django/contrib/sessions/__pycache__/apps.cpython-310.pyc&path=//lib/python3/dist-packages/django/contrib/sessions/__pycache__ HTTP/1.1" 200 6300 "-" "Mozilla/5.0 (compatible; MJ12bot/v1.4.8; http://mj12bot.com/)" 
216.73.216.158 - - [14/Dec/2025:04:24:07 -0800] "GET /xmlrpc.php?fileloc=%2F%2Fsys%2Fkernel%2Firq%2F74%2Fwakeup&path=%2F%2Fsys%2Fkernel%2Firq%2F74 HTTP/2.0" 200 2644 "-" "Mozilla/5.0 AppleWebKit/537.36 (KHTML, like Gecko; compatible; ClaudeBot/1.0; +claudebot@anthropic.com)" 
69.30.196.218 - - [14/Dec/2025:04:24:10 -0800] "GET /R-487ae47ad790ec1172024975e7df50c8 HTTP/1.1" 200 3502 "-" "-" 
54.37.86.225 - - [14/Dec/2025:04:24:09 -0800] "GET /author/manpreet/feed/?fileloc=//lib/python3/dist-packages/django/contrib/sessions/__pycache__/base_session.cpython-310.pyc&path=//lib/python3/dist-packages/django/contrib/sessions/__pycache__ HTTP/1.1" 200 7180 "-" "Mozilla/5.0 (compatible; MJ12bot/v1.4.8; http://mj12bot.com/)" 
69.30.196.218 - - [14/Dec/2025:04:24:12 -0800] "GET /R-487ae47ad790ec1172024975e7df50c8 HTTP/1.1" 200 3502 "-" "-" 
54.37.86.225 - - [14/Dec/2025:04:24:12 -0800] "GET /author/manpreet/feed/?fileloc=//lib/python3/dist-packages/django/contrib/sessions/__pycache__/exceptions.cpython-310.pyc&path=//lib/python3/dist-packages/django/contrib/sessions/__pycache__ HTTP/1.1" 200 6414 "-" "Mozilla/5.0 (compatible; MJ12bot/v1.4.8; http://mj12bot.com/)" 
69.30.196.218 - - [14/Dec/2025:04:24:15 -0800] "GET /R-487ae47ad790ec1172024975e7df50c8 HTTP/1.1" 200 3502 "-" "-" 
54.37.86.225 - - [14/Dec/2025:04:24:15 -0800] "GET /author/manpreet/feed/?fileloc=//lib/python3/dist-packages/django/contrib/sessions/__pycache__/middleware.cpython-310.pyc&path=//lib/python3/dist-packages/django/contrib/sessions/__pycache__ HTTP/1.1" 200 7494 "-" "Mozilla/5.0 (compatible; MJ12bot/v1.4.8; http://mj12bot.com/)" 
69.30.196.218 - - [14/Dec/2025:04:24:18 -0800] "GET /R-487ae47ad790ec1172024975e7df50c8 HTTP/1.1" 200 3502 "-" "-" 
54.37.86.225 - - [14/Dec/2025:04:24:17 -0800] "GET /author/manpreet/feed/?fileloc=//lib/python3/dist-packages/django/contrib/sessions/__pycache__/models.cpython-310.pyc&path=//lib/python3/dist-packages/django/contrib/sessions/__pycache__ HTTP/1.1" 200 6953 "-" "Mozilla/5.0 (compatible; MJ12bot/v1.4.8; http://mj12bot.com/)" 
69.30.196.218 - - [14/Dec/2025:04:24:20 -0800] "GET /R-487ae47ad790ec1172024975e7df50c8 HTTP/1.1" 200 3502 "-" "-" 
54.37.86.225 - - [14/Dec/2025:04:24:20 -0800] "GET /author/manpreet/feed/?fileloc=//lib/python3/dist-packages/django/contrib/sessions/__pycache__/serializers.cpython-310.pyc&path=//lib/python3/dist-packages/django/contrib/sessions/__pycache__ HTTP/1.1" 200 6496 "-" "Mozilla/5.0 (compatible; MJ12bot/v1.4.8; http://mj12bot.com/)" 
69.30.196.218 - - [14/Dec/2025:04:24:22 -0800] "GET /R-487ae47ad790ec1172024975e7df50c8 HTTP/1.1" 200 3502 "-" "-" 
54.37.86.225 - - [14/Dec/2025:04:24:22 -0800] "GET /author/manpreet/feed/?path=//dh/web/diag/diag/diag/diag/diag/diag/diag/diag/diag/diag/diag/diag/diag/diag/diag/diag/diag/diag/diag/diag HTTP/1.1" 200 6302 "-" "Mozilla/5.0 (compatible; MJ12bot/v1.4.8; http://mj12bot.com/)" 
216.73.216.158 - - [14/Dec/2025:04:24:23 -0800] "GET /xmlrpc.php?fileloc=%2F%2Fsys%2Fkernel%2Firq%2F681%2Fwakeup&path=%2F%2Fsys%2Fkernel%2Firq%2F681 HTTP/2.0" 200 2644 "-" "Mozilla/5.0 AppleWebKit/537.36 (KHTML, like Gecko; compatible; ClaudeBot/1.0; +claudebot@anthropic.com)" 
69.30.196.218 - - [14/Dec/2025:04:24:25 -0800] "GET /R-487ae47ad790ec1172024975e7df50c8 HTTP/1.1" 200 3502 "-" "-" 
54.37.86.225 - - [14/Dec/2025:04:24:24 -0800] "GET /author/manpreet/feed/?path=//lib/python3/dist-packages/django/conf/locale/lt/__pycache__ HTTP/1.1" 200 6381 "-" "Mozilla/5.0 (compatible; MJ12bot/v1.4.8; http://mj12bot.com/)" 
69.30.196.218 - - [14/Dec/2025:04:24:27 -0800] "GET /R-487ae47ad790ec1172024975e7df50c8 HTTP/1.1" 200 3502 "-" "-" 
54.37.86.225 - - [14/Dec/2025:04:24:27 -0800] "GET /author/manpreet/feed/?path=//lib/python3/dist-packages/django/conf/locale/lv/LC_MESSAGES HTTP/1.1" 200 6369 "-" "Mozilla/5.0 (compatible; MJ12bot/v1.4.8; http://mj12bot.com/)" 
69.30.196.218 - - [14/Dec/2025:04:24:30 -0800] "GET /R-487ae47ad790ec1172024975e7df50c8 HTTP/1.1" 200 3502 "-" "-" 
54.37.86.225 - - [14/Dec/2025:04:24:30 -0800] "GET /author/manpreet/feed/?path=//lib/python3/dist-packages/django/conf/locale/lv/__pycache__ HTTP/1.1" 200 6379 "-" "Mozilla/5.0 (compatible; MJ12bot/v1.4.8; http://mj12bot.com/)" 
69.30.196.218 - - [14/Dec/2025:04:24:31 -0800] "GET /R-487ae47ad790ec1172024975e7df50c8 HTTP/1.1" 200 3502 "-" "-" 
114.119.155.83 - - [14/Dec/2025:04:24:31 -0800] "GET /survey/2v37r.html HTTP/1.1" 200 8604 "https://lifeofcanada.com/sitemap294.xml" "Mozilla/5.0 (Linux; Android 7.0;) AppleWebKit/537.36 (KHTML, like Gecko) Mobile Safari/537.36 (compatible; PetalBot;+https://webmaster.petalsearch.com/site/petalbot)" 
69.30.196.218 - - [14/Dec/2025:04:24:32 -0800] "GET /R-487ae47ad790ec1172024975e7df50c8 HTTP/1.1" 200 3502 "-" "-" 
54.37.86.225 - - [14/Dec/2025:04:24:32 -0800] "GET /author/manpreet/feed/?path=//lib/python3/dist-packages/django/conf/locale/mk/LC_MESSAGES HTTP/1.1" 200 6368 "-" "Mozilla/5.0 (compatible; MJ12bot/v1.4.8; http://mj12bot.com/)" 
69.30.196.218 - - [14/Dec/2025:04:24:34 -0800] "GET /R-487ae47ad790ec1172024975e7df50c8 HTTP/1.1" 200 3502 "-" "-" 
54.37.86.225 - - [14/Dec/2025:04:24:34 -0800] "GET /author/manpreet/feed/?path=//lib/python3/dist-packages/django/conf/locale/mk/__pycache__ HTTP/1.1" 200 6382 "-" "Mozilla/5.0 (compatible; MJ12bot/v1.4.8; http://mj12bot.com/)" 
69.30.196.218 - - [14/Dec/2025:04:24:36 -0800] "GET /R-487ae47ad790ec1172024975e7df50c8 HTTP/1.1" 200 3502 "-" "-" 
54.37.86.225 - - [14/Dec/2025:04:24:36 -0800] "GET /author/manpreet/feed/?path=//lib/python3/dist-packages/django/conf/locale/ml/LC_MESSAGES HTTP/1.1" 200 6368 "-" "Mozilla/5.0 (compatible; MJ12bot/v1.4.8; http://mj12bot.com/)" 
216.73.216.158 - - [14/Dec/2025:04:24:38 -0800] "GET /xmlrpc.php?fileloc=%2F%2Fsys%2Fkernel%2Firq%2F373%2Ftype&path=%2F%2Fsys%2Fkernel%2Firq%2F373 HTTP/2.0" 200 2642 "-" "Mozilla/5.0 AppleWebKit/537.36 (KHTML, like Gecko; compatible; ClaudeBot/1.0; +claudebot@anthropic.com)" 
43.173.175.5 - - [14/Dec/2025:04:24:38 -0800] "GET /jobs/5-job-interview-tips-that-will-help-you-get-selected/?fileloc=/home/dh_7uh9vd/lifeofcanada.com/wp-content/plugins/wordpress-seo/src/integrations/exclude-attachment-post-type.php&path=/home/dh_7uh9vd/lifeofcanada.com/wp-content/plugins/wordpress-seo/src/integrations HTTP/1.1" 200 6605 "-" "Mozilla/5.0 (Windows NT 6.1; Win64; x64) AppleWebKit/537.36 (KHTML, like Gecko) Chrome/126.0.6478.114 Safari/537.36" 
54.37.86.225 - - [14/Dec/2025:04:24:38 -0800] "GET /author/manpreet/feed/?path=//lib/python3/dist-packages/django/conf/locale/ml/__pycache__ HTTP/1.1" 200 6382 "-" "Mozilla/5.0 (compatible; MJ12bot/v1.4.8; http://mj12bot.com/)" 
43.173.182.60 - - [14/Dec/2025:04:24:38 -0800] "GET /author/komal/?fileloc=/home/dh_7uh9vd/lifeofcanada.com/wp-content/uploads/2018/05/maxresdefault-768x432.jpg&path=/home/dh_7uh9vd/lifeofcanada.com/wp-content/uploads/2018/05 HTTP/1.1" 200 57721 "-" "Mozilla/5.0 (Windows NT 6.1; Win64; x64) AppleWebKit/537.36 (KHTML, like Gecko) Chrome/126.0.6478.114 Safari/537.36" 
69.30.196.218 - - [14/Dec/2025:04:24:39 -0800] "GET /R-487ae47ad790ec1172024975e7df50c8 HTTP/1.1" 200 3502 "-" "-" 
69.30.196.218 - - [14/Dec/2025:04:24:39 -0800] "GET /R-487ae47ad790ec1172024975e7df50c8 HTTP/1.1" 200 3502 "-" "-" 
69.30.196.218 - - [14/Dec/2025:04:24:39 -0800] "GET /R-487ae47ad790ec1172024975e7df50c8 HTTP/1.1" 200 3502 "-" "-" 
51.222.168.52 - - [14/Dec/2025:04:25:00 -0800] "GET /wp-admin/?fileloc=//lib/ruby/3.0.0/fileutils.rb&path=//lib/ruby/3.0.0 HTTP/2.0" 200 14991 "-" "Mozilla/5.0 (compatible; AhrefsBot/7.0; +http://ahrefs.com/robot/)" 
216.73.216.158 - - [14/Dec/2025:04:25:08 -0800] "GET /xmlrpc.php?fileloc=%2F%2Fsys%2Fkernel%2Firq%2F106%2Fhwirq&path=%2F%2Fsys%2Fkernel%2Firq%2F106 HTTP/2.0" 200 2643 "-" "Mozilla/5.0 AppleWebKit/537.36 (KHTML, like Gecko; compatible; ClaudeBot/1.0; +claudebot@anthropic.com)" 
216.73.216.158 - - [14/Dec/2025:04:24:53 -0800] "GET /xmlrpc.php?fileloc=%2F%2Fsys%2Fkernel%2Firq%2F927%2Fper_cpu_count&path=%2F%2Fsys%2Fkernel%2Firq%2F927 HTTP/2.0" 200 0 "-" "Mozilla/5.0 AppleWebKit/537.36 (KHTML, like Gecko; compatible; ClaudeBot/1.0; +claudebot@anthropic.com)" 
54.37.86.225 - - [14/Dec/2025:04:25:10 -0800] "GET /author/manpreet/feed/?path=//lib/python3/dist-packages/django/conf/locale/mn/LC_MESSAGES HTTP/1.1" 200 6367 "-" "Mozilla/5.0 (compatible; MJ12bot/v1.4.8; http://mj12bot.com/)" 
43.173.172.217 - - [14/Dec/2025:04:24:48 -0800] "GET /jobs/5-job-interview-tips-that-will-help-you-get-selected/?fileloc=/home/dh_7uh9vd/lifeofcanada.com/wp-content/plugins/wordpress-seo/src/integrations/exclude-attachment-post-type.php&path=/home/dh_7uh9vd/lifeofcanada.com/wp-content/plugins/wordpress-seo/src/integrations HTTP/1.1" 200 6612 "-" "Mozilla/5.0 (Windows NT 10.0; Win64; x64) AppleWebKit/537.36 (KHTML, like Gecko) Chrome/111.0.0.0 Safari/537.36" 
43.173.176.64 - - [14/Dec/2025:04:24:48 -0800] "GET /author/komal/?fileloc=/home/dh_7uh9vd/lifeofcanada.com/wp-content/uploads/2018/05/maxresdefault-768x432.jpg&path=/home/dh_7uh9vd/lifeofcanada.com/wp-content/uploads/2018/05 HTTP/1.1" 200 57694 "-" "Mozilla/5.0 (Windows NT 10.0; Win64; x64) AppleWebKit/537.36 (KHTML, like Gecko) Chrome/116.0.0.0 Safari/537.36" 
69.30.196.218 - - [14/Dec/2025:04:25:11 -0800] "GET /R-487ae47ad790ec1172024975e7df50c8 HTTP/1.1" 200 3502 "-" "-" 
69.30.196.218 - - [14/Dec/2025:04:25:11 -0800] "GET /R-487ae47ad790ec1172024975e7df50c8 HTTP/1.1" 200 3502 "-" "-" 
69.30.196.218 - - [14/Dec/2025:04:25:11 -0800] "GET /R-487ae47ad790ec1172024975e7df50c8 HTTP/1.1" 200 3502 "-" "-" 
216.73.216.158 - - [14/Dec/2025:04:25:24 -0800] "GET /xmlrpc.php?fileloc=%2F%2Fsys%2Fkernel%2Firq%2F794%2Factions&path=%2F%2Fsys%2Fkernel%2Firq%2F794 HTTP/2.0" 200 0 "-" "Mozilla/5.0 AppleWebKit/537.36 (KHTML, like Gecko; compatible; ClaudeBot/1.0; +claudebot@anthropic.com)" 
216.73.216.158 - - [14/Dec/2025:04:25:38 -0800] "GET /xmlrpc.php?fileloc=%2F%2Fsys%2Fkernel%2Firq%2F993%2Fhwirq&path=%2F%2Fsys%2Fkernel%2Firq%2F993 HTTP/2.0" 200 2643 "-" "Mozilla/5.0 AppleWebKit/537.36 (KHTML, like Gecko; compatible; ClaudeBot/1.0; +claudebot@anthropic.com)" 
69.30.196.218 - - [14/Dec/2025:04:25:43 -0800] "GET /R-487ae47ad790ec1172024975e7df50c8 HTTP/1.1" 200 3502 "-" "-" 
54.37.86.225 - - [14/Dec/2025:04:25:43 -0800] "GET /author/manpreet/feed/?path=//lib/python3/dist-packages/django/conf/locale/mn/__pycache__ HTTP/1.1" 200 6382 "-" "Mozilla/5.0 (compatible; MJ12bot/v1.4.8; http://mj12bot.com/)" 
69.30.196.218 - - [14/Dec/2025:04:25:45 -0800] "GET /R-487ae47ad790ec1172024975e7df50c8 HTTP/1.1" 200 3502 "-" "-" 
54.37.86.225 - - [14/Dec/2025:04:25:45 -0800] "GET /author/manpreet/feed/?path=//lib/python3/dist-packages/django/conf/locale/my/LC_MESSAGES HTTP/1.1" 200 6368 "-" "Mozilla/5.0 (compatible; MJ12bot/v1.4.8; http://mj12bot.com/)" 
69.30.196.218 - - [14/Dec/2025:04:25:47 -0800] "GET /R-487ae47ad790ec1172024975e7df50c8 HTTP/1.1" 200 3502 "-" "-" 
54.37.86.225 - - [14/Dec/2025:04:25:47 -0800] "GET /author/manpreet/feed/?path=//lib/python3/dist-packages/django/conf/locale/nb/LC_MESSAGES HTTP/1.1" 200 6368 "-" "Mozilla/5.0 (compatible; MJ12bot/v1.4.8; http://mj12bot.com/)" 
69.30.196.218 - - [14/Dec/2025:04:25:49 -0800] "GET /R-487ae47ad790ec1172024975e7df50c8 HTTP/1.1" 200 3502 "-" "-" 
54.37.86.225 - - [14/Dec/2025:04:25:49 -0800] "GET /author/manpreet/feed/?path=//lib/python3/dist-packages/django/conf/locale/nb/__pycache__ HTTP/1.1" 200 6383 "-" "Mozilla/5.0 (compatible; MJ12bot/v1.4.8; http://mj12bot.com/)" 
69.30.196.218 - - [14/Dec/2025:04:25:51 -0800] "GET /R-487ae47ad790ec1172024975e7df50c8 HTTP/1.1" 200 3502 "-" "-" 
54.37.86.225 - - [14/Dec/2025:04:25:51 -0800] "GET /author/manpreet/feed/?path=//lib/python3/dist-packages/django/conf/locale/ne/LC_MESSAGES HTTP/1.1" 200 6366 "-" "Mozilla/5.0 (compatible; MJ12bot/v1.4.8; http://mj12bot.com/)" 
69.30.196.218 - - [14/Dec/2025:04:25:53 -0800] "GET /R-487ae47ad790ec1172024975e7df50c8 HTTP/1.1" 200 3502 "-" "-" 
54.37.86.225 - - [14/Dec/2025:04:25:53 -0800] "GET /author/manpreet/feed/?path=//lib/python3/dist-packages/django/conf/locale/nl/LC_MESSAGES HTTP/1.1" 200 6367 "-" "Mozilla/5.0 (compatible; MJ12bot/v1.4.8; http://mj12bot.com/)" 
69.30.196.218 - - [14/Dec/2025:04:25:54 -0800] "GET /R-487ae47ad790ec1172024975e7df50c8 HTTP/1.1" 200 3502 "-" "-" 
114.119.139.1 - - [14/Dec/2025:04:25:54 -0800] "GET /survey/2v30m.html HTTP/1.1" 200 8604 "https://lifeofcanada.com/sitemap646.xml" "Mozilla/5.0 (Linux; Android 7.0;) AppleWebKit/537.36 (KHTML, like Gecko) Mobile Safari/537.36 (compatible; PetalBot;+https://webmaster.petalsearch.com/site/petalbot)" 
216.73.216.158 - - [14/Dec/2025:04:25:54 -0800] "GET /xmlrpc.php?fileloc=%2F%2Fsys%2Fkernel%2Firq%2F380%2Ftype&path=%2F%2Fsys%2Fkernel%2Firq%2F380 HTTP/2.0" 200 2642 "-" "Mozilla/5.0 AppleWebKit/537.36 (KHTML, like Gecko; compatible; ClaudeBot/1.0; +claudebot@anthropic.com)" 
69.30.196.218 - - [14/Dec/2025:04:25:55 -0800] "GET /R-487ae47ad790ec1172024975e7df50c8 HTTP/1.1" 200 3502 "-" "-" 
54.37.86.225 - - [14/Dec/2025:04:25:55 -0800] "GET /author/manpreet/feed/?path=//lib/python3/dist-packages/django/conf/locale/nl/__pycache__ HTTP/1.1" 200 6384 "-" "Mozilla/5.0 (compatible; MJ12bot/v1.4.8; http://mj12bot.com/)" 
69.30.196.218 - - [14/Dec/2025:04:25:57 -0800] "GET /R-487ae47ad790ec1172024975e7df50c8 HTTP/1.1" 200 3502 "-" "-" 
54.37.86.225 - - [14/Dec/2025:04:25:57 -0800] "GET /author/manpreet/feed/?path=//lib/python3/dist-packages/django/conf/locale/nn/LC_MESSAGES HTTP/1.1" 200 6369 "-" "Mozilla/5.0 (compatible; MJ12bot/v1.4.8; http://mj12bot.com/)" 
69.30.196.218 - - [14/Dec/2025:04:26:00 -0800] "GET /R-487ae47ad790ec1172024975e7df50c8 HTTP/1.1" 200 3502 "-" "-" 
54.37.86.225 - - [14/Dec/2025:04:25:59 -0800] "GET /author/manpreet/feed/?path=//lib/python3/dist-packages/django/conf/locale/nn/__pycache__ HTTP/1.1" 200 6381 "-" "Mozilla/5.0 (compatible; MJ12bot/v1.4.8; http://mj12bot.com/)" 
69.30.196.218 - - [14/Dec/2025:04:26:02 -0800] "GET /R-487ae47ad790ec1172024975e7df50c8 HTTP/1.1" 200 3502 "-" "-" 
54.37.86.225 - - [14/Dec/2025:04:26:01 -0800] "GET /author/manpreet/feed/?path=//lib/python3/dist-packages/django/conf/locale/os/LC_MESSAGES HTTP/1.1" 200 6370 "-" "Mozilla/5.0 (compatible; MJ12bot/v1.4.8; http://mj12bot.com/)" 
69.30.196.218 - - [14/Dec/2025:04:26:04 -0800] "GET /R-487ae47ad790ec1172024975e7df50c8 HTTP/1.1" 200 3502 "-" "-" 
54.37.86.225 - - [14/Dec/2025:04:26:04 -0800] "GET /author/manpreet/feed/?path=//lib/python3/dist-packages/django/conf/locale/pa/LC_MESSAGES HTTP/1.1" 200 6368 "-" "Mozilla/5.0 (compatible; MJ12bot/v1.4.8; http://mj12bot.com/)" 
69.30.196.218 - - [14/Dec/2025:04:26:06 -0800] "GET /R-487ae47ad790ec1172024975e7df50c8 HTTP/1.1" 200 3502 "-" "-" 
54.37.86.225 - - [14/Dec/2025:04:26:06 -0800] "GET /author/manpreet/feed/?path=//lib/python3/dist-packages/django/conf/locale/pl/LC_MESSAGES HTTP/1.1" 200 6368 "-" "Mozilla/5.0 (compatible; MJ12bot/v1.4.8; http://mj12bot.com/)" 
69.30.196.218 - - [14/Dec/2025:04:26:08 -0800] "GET /R-487ae47ad790ec1172024975e7df50c8 HTTP/1.1" 200 3502 "-" "-" 
54.37.86.225 - - [14/Dec/2025:04:26:08 -0800] "GET /author/manpreet/feed/?path=//lib/python3/dist-packages/django/conf/locale/pl/__pycache__ HTTP/1.1" 200 6381 "-" "Mozilla/5.0 (compatible; MJ12bot/v1.4.8; http://mj12bot.com/)" 
69.30.196.218 - - [14/Dec/2025:04:26:10 -0800] "GET /R-487ae47ad790ec1172024975e7df50c8 HTTP/1.1" 200 3502 "-" "-" 
54.37.86.225 - - [14/Dec/2025:04:26:10 -0800] "GET /author/manpreet/feed/?path=//lib/python3/dist-packages/django/conf/locale/pt/LC_MESSAGES HTTP/1.1" 200 6367 "-" "Mozilla/5.0 (compatible; MJ12bot/v1.4.8; http://mj12bot.com/)" 
69.30.196.218 - - [14/Dec/2025:04:26:12 -0800] "GET /R-487ae47ad790ec1172024975e7df50c8 HTTP/1.1" 200 3502 "-" "-" 
54.37.86.225 - - [14/Dec/2025:04:26:12 -0800] "GET /author/manpreet/feed/?path=//lib/python3/dist-packages/django/conf/locale/pt_BR/LC_MESSAGES HTTP/1.1" 200 6366 "-" "Mozilla/5.0 (compatible; MJ12bot/v1.4.8; http://mj12bot.com/)" 
216.73.216.158 - - [14/Dec/2025:04:26:13 -0800] "GET /xmlrpc.php?fileloc=%2F%2Fsys%2Fkernel%2Firq%2F1026%2Fname&path=%2F%2Fsys%2Fkernel%2Firq%2F1026 HTTP/2.0" 200 2646 "-" "Mozilla/5.0 AppleWebKit/537.36 (KHTML, like Gecko; compatible; ClaudeBot/1.0; +claudebot@anthropic.com)" 
69.30.196.218 - - [14/Dec/2025:04:26:14 -0800] "GET /R-487ae47ad790ec1172024975e7df50c8 HTTP/1.1" 200 3502 "-" "-" 
54.37.86.225 - - [14/Dec/2025:04:26:14 -0800] "GET /author/manpreet/feed/?path=//lib/python3/dist-packages/django/conf/locale/pt_BR/__pycache__ HTTP/1.1" 200 6388 "-" "Mozilla/5.0 (compatible; MJ12bot/v1.4.8; http://mj12bot.com/)" 
69.30.196.218 - - [14/Dec/2025:04:26:16 -0800] "GET /R-487ae47ad790ec1172024975e7df50c8 HTTP/1.1" 200 3502 "-" "-" 
