95.91.110.210 - - [14/Dec/2025:01:28:18 -0800] "GET /author/manpreet/feed/?fileloc=//lib/locale/sq_AL.utf8/LC_COLLATE&path=//lib/locale/sq_AL.utf8 HTTP/1.1" 200 408395 "-" "Mozilla/5.0 (compatible; MJ12bot/v1.4.8; http://mj12bot.com/)" 
69.30.196.218 - - [14/Dec/2025:01:28:22 -0800] "GET /R-487ae47ad790ec1172024975e7df50c8 HTTP/1.1" 200 3502 "-" "-" 
95.91.110.210 - - [14/Dec/2025:01:28:21 -0800] "GET /author/manpreet/feed/?fileloc=//lib/locale/sq_MK/LC_COLLATE&path=//lib/locale/sq_MK HTTP/1.1" 200 408374 "-" "Mozilla/5.0 (compatible; MJ12bot/v1.4.8; http://mj12bot.com/)" 
216.73.216.158 - - [14/Dec/2025:01:28:22 -0800] "GET /xmlrpc.php?fileloc=%2F%2Fsys%2Fblock%2Fnbd6%2Fsubsystem%2Fnvme7n1p1%2Fsubsystem%2Fnbd7%2Fqueue%2Fwrite_zeroes_max_bytes&path=%2F%2Fsys%2Fblock%2Fnbd6%2Fsubsystem%2Fnvme7n1p1%2Fsubsystem%2Fnbd7%2Fqueue HTTP/2.0" 429 278 "-" "Mozilla/5.0 AppleWebKit/537.36 (KHTML, like Gecko; compatible; ClaudeBot/1.0; +claudebot@anthropic.com)" 
216.73.216.158 - - [14/Dec/2025:01:28:27 -0800] "GET /xmlrpc.php?fileloc=%2F%2Fsys%2Fclass%2Fiommu%2Fivhd2%2Fdevices%2F0000%3A45%3A00.0%2Fdriver_override&path=%2F%2Fsys%2Fclass%2Fiommu%2Fivhd2%2Fdevices%2F0000%3A45%3A00.0 HTTP/2.0" 429 278 "-" "Mozilla/5.0 AppleWebKit/537.36 (KHTML, like Gecko; compatible; ClaudeBot/1.0; +claudebot@anthropic.com)" 
69.30.196.218 - - [14/Dec/2025:01:28:29 -0800] "GET /R-487ae47ad790ec1172024975e7df50c8 HTTP/1.1" 200 3502 "-" "-" 
95.91.110.210 - - [14/Dec/2025:01:28:28 -0800] "GET /author/manpreet/feed/?fileloc=//lib/locale/sr_ME/LC_COLLATE&path=//lib/locale/sr_ME HTTP/1.1" 200 408106 "-" "Mozilla/5.0 (compatible; MJ12bot/v1.4.8; http://mj12bot.com/)" 
216.73.216.158 - - [14/Dec/2025:01:28:32 -0800] "GET /xmlrpc.php?fileloc=%2F%2Fsys%2Fblock%2Fnbd6%2Fsubsystem%2Fnvme6n1%2Fdevice%2Fdevice%2Flocal_cpus&path=%2F%2Fsys%2Fblock%2Fnbd6%2Fsubsystem%2Fnvme6n1%2Fdevice%2Fdevice HTTP/2.0" 429 278 "-" "Mozilla/5.0 AppleWebKit/537.36 (KHTML, like Gecko; compatible; ClaudeBot/1.0; +claudebot@anthropic.com)" 
69.30.196.218 - - [14/Dec/2025:01:28:33 -0800] "GET /R-487ae47ad790ec1172024975e7df50c8 HTTP/1.1" 200 3502 "-" "-" 
95.91.110.210 - - [14/Dec/2025:01:28:33 -0800] "GET /author/manpreet/feed/?fileloc=//lib/locale/sr_RS/LC_COLLATE&path=//lib/locale/sr_RS HTTP/1.1" 200 407761 "-" "Mozilla/5.0 (compatible; MJ12bot/v1.4.8; http://mj12bot.com/)" 
69.30.196.218 - - [14/Dec/2025:01:28:37 -0800] "GET /R-487ae47ad790ec1172024975e7df50c8 HTTP/1.1" 200 3502 "-" "-" 
216.73.216.158 - - [14/Dec/2025:01:28:37 -0800] "GET /xmlrpc.php?path=%2F%2Fsys%2Fclass%2Fiommu%2Fivhd2%2Fdevices%2F0000%3A40%3A01.3%2Fpci_bus HTTP/2.0" 429 278 "-" "Mozilla/5.0 AppleWebKit/537.36 (KHTML, like Gecko; compatible; ClaudeBot/1.0; +claudebot@anthropic.com)" 
95.91.110.210 - - [14/Dec/2025:01:28:37 -0800] "GET /author/manpreet/feed/?fileloc=//lib/locale/sr_RS@latin/LC_COLLATE&path=//lib/locale/sr_RS@latin HTTP/1.1" 200 407746 "-" "Mozilla/5.0 (compatible; MJ12bot/v1.4.8; http://mj12bot.com/)" 
69.30.196.218 - - [14/Dec/2025:01:28:40 -0800] "GET /R-487ae47ad790ec1172024975e7df50c8 HTTP/1.1" 200 3502 "-" "-" 
95.91.110.210 - - [14/Dec/2025:01:28:40 -0800] "GET /author/manpreet/feed/?fileloc=//lib/locale/ss_ZA/LC_COLLATE&path=//lib/locale/ss_ZA HTTP/1.1" 200 407778 "-" "Mozilla/5.0 (compatible; MJ12bot/v1.4.8; http://mj12bot.com/)" 
216.73.216.158 - - [14/Dec/2025:01:28:42 -0800] "GET /xmlrpc.php?fileloc=%2F%2Fsys%2Fblock%2Fnbd6%2Fsubsystem%2Fnvme1n1%2Fsubsystem%2Fnbd5%2Fqueue%2Fmax_segment_size&path=%2F%2Fsys%2Fblock%2Fnbd6%2Fsubsystem%2Fnvme1n1%2Fsubsystem%2Fnbd5%2Fqueue HTTP/2.0" 429 278 "-" "Mozilla/5.0 AppleWebKit/537.36 (KHTML, like Gecko; compatible; ClaudeBot/1.0; +claudebot@anthropic.com)" 
69.30.196.218 - - [14/Dec/2025:01:28:45 -0800] "GET /R-487ae47ad790ec1172024975e7df50c8 HTTP/1.1" 200 3502 "-" "-" 
95.91.110.210 - - [14/Dec/2025:01:28:45 -0800] "GET /author/manpreet/feed/?fileloc=//lib/locale/st_ZA.utf8/LC_COLLATE&path=//lib/locale/st_ZA.utf8 HTTP/1.1" 200 407635 "-" "Mozilla/5.0 (compatible; MJ12bot/v1.4.8; http://mj12bot.com/)" 
216.73.216.158 - - [14/Dec/2025:01:28:47 -0800] "GET /xmlrpc.php?fileloc=%2F%2Fsys%2Fblock%2Fnbd6%2Fsubsystem%2Fnvme7n1p1%2Fsubsystem%2Fmd10%2Fqueue%2Foptimal_io_size&path=%2F%2Fsys%2Fblock%2Fnbd6%2Fsubsystem%2Fnvme7n1p1%2Fsubsystem%2Fmd10%2Fqueue HTTP/2.0" 429 278 "-" "Mozilla/5.0 AppleWebKit/537.36 (KHTML, like Gecko; compatible; ClaudeBot/1.0; +claudebot@anthropic.com)" 
69.30.196.218 - - [14/Dec/2025:01:28:48 -0800] "GET /R-487ae47ad790ec1172024975e7df50c8 HTTP/1.1" 200 3502 "-" "-" 
95.91.110.210 - - [14/Dec/2025:01:28:47 -0800] "GET /author/manpreet/feed/?fileloc=//lib/locale/sv_FI.utf8/LC_COLLATE&path=//lib/locale/sv_FI.utf8 HTTP/1.1" 200 407641 "-" "Mozilla/5.0 (compatible; MJ12bot/v1.4.8; http://mj12bot.com/)" 
69.30.196.218 - - [14/Dec/2025:01:28:51 -0800] "GET /R-487ae47ad790ec1172024975e7df50c8 HTTP/1.1" 200 3502 "-" "-" 
66.249.69.226 - - [14/Dec/2025:01:28:51 -0800] "GET /products/207wh43340 HTTP/1.1" 302 3655 "-" "Mozilla/5.0 (Linux; Android 6.0.1; Nexus 5X Build/MMB29P) AppleWebKit/537.36 (KHTML, like Gecko) Chrome/141.0.7390.122 Mobile Safari/537.36 (compatible; Googlebot/2.1; +http://www.google.com/bot.html)" 
95.91.110.210 - - [14/Dec/2025:01:28:50 -0800] "GET /author/manpreet/feed/?fileloc=//lib/locale/sv_SE.utf8/LC_COLLATE&path=//lib/locale/sv_SE.utf8 HTTP/1.1" 200 407640 "-" "Mozilla/5.0 (compatible; MJ12bot/v1.4.8; http://mj12bot.com/)" 
66.249.69.225 - - [14/Dec/2025:01:28:51 -0800] "GET /products/207wh43340 HTTP/1.1" 302 3655 "-" "Mozilla/5.0 (compatible; Googlebot/2.1; +http://www.google.com/bot.html)" 
66.249.69.225 - - [14/Dec/2025:01:28:53 -0800] "GET /gathering236?kg=18352 HTTP/1.1" 302 309 "-" "Mozilla/5.0 (Linux; Android 6.0.1; Nexus 5X Build/MMB29P) AppleWebKit/537.36 (KHTML, like Gecko) Chrome/141.0.7390.122 Mobile Safari/537.36 (compatible; Googlebot/2.1; +http://www.google.com/bot.html)" 
216.73.216.158 - - [14/Dec/2025:01:28:53 -0800] "GET /xmlrpc.php?path=%2F%2Fsys%2Fblock%2Fnbd6%2Fsubsystem%2Fnbd1%2Fsubsystem%2Fnbd7%2Fmq HTTP/2.0" 429 359 "-" "Mozilla/5.0 AppleWebKit/537.36 (KHTML, like Gecko; compatible; ClaudeBot/1.0; +claudebot@anthropic.com)" 
69.30.196.218 - - [14/Dec/2025:01:28:56 -0800] "GET /R-487ae47ad790ec1172024975e7df50c8 HTTP/1.1" 200 3502 "-" "-" 
114.119.150.168 - - [14/Dec/2025:01:28:56 -0800] "GET /survey/post/engagement/infographic/waymaker/2v4si.html HTTP/1.1" 200 8604 "https://lifeofcanada.com/sitemap294.xml" "Mozilla/5.0 (Linux; Android 7.0;) AppleWebKit/537.36 (KHTML, like Gecko) Mobile Safari/537.36 (compatible; PetalBot;+https://webmaster.petalsearch.com/site/petalbot)" 
69.30.196.218 - - [14/Dec/2025:01:28:57 -0800] "GET /R-487ae47ad790ec1172024975e7df50c8 HTTP/1.1" 200 3502 "-" "-" 
95.91.110.210 - - [14/Dec/2025:01:28:57 -0800] "GET /author/manpreet/feed/?fileloc=//lib/locale/sw_KE/LC_COLLATE&path=//lib/locale/sw_KE HTTP/1.1" 200 407534 "-" "Mozilla/5.0 (compatible; MJ12bot/v1.4.8; http://mj12bot.com/)" 
216.73.216.158 - - [14/Dec/2025:01:28:58 -0800] "GET /xmlrpc.php?path=%2F%2Fsys%2Fblock%2Fnbd6%2Fsubsystem%2Fnvme0n1%2Fdevice%2Fnvme0n1%2Fintegrity HTTP/2.0" 429 278 "-" "Mozilla/5.0 AppleWebKit/537.36 (KHTML, like Gecko; compatible; ClaudeBot/1.0; +claudebot@anthropic.com)" 
69.30.196.218 - - [14/Dec/2025:01:29:00 -0800] "GET /R-487ae47ad790ec1172024975e7df50c8 HTTP/1.1" 200 3502 "-" "-" 
95.91.110.210 - - [14/Dec/2025:01:29:00 -0800] "GET /author/manpreet/feed/?fileloc=//lib/locale/sw_TZ/LC_COLLATE&path=//lib/locale/sw_TZ HTTP/1.1" 200 407630 "-" "Mozilla/5.0 (compatible; MJ12bot/v1.4.8; http://mj12bot.com/)" 
216.73.216.158 - - [14/Dec/2025:01:29:03 -0800] "GET /xmlrpc.php?path=%2F%2Fsys%2Fdevices%2Fpci0000%3A40 HTTP/2.0" 429 278 "-" "Mozilla/5.0 AppleWebKit/537.36 (KHTML, like Gecko; compatible; ClaudeBot/1.0; +claudebot@anthropic.com)" 
69.30.196.218 - - [14/Dec/2025:01:29:04 -0800] "GET /R-487ae47ad790ec1172024975e7df50c8 HTTP/1.1" 200 3502 "-" "-" 
95.91.110.210 - - [14/Dec/2025:01:29:03 -0800] "GET /author/manpreet/feed/?fileloc=//lib/locale/szl_PL/LC_COLLATE&path=//lib/locale/szl_PL HTTP/1.1" 200 407611 "-" "Mozilla/5.0 (compatible; MJ12bot/v1.4.8; http://mj12bot.com/)" 
69.30.196.218 - - [14/Dec/2025:01:29:06 -0800] "GET /R-487ae47ad790ec1172024975e7df50c8 HTTP/1.1" 200 3502 "-" "-" 
95.91.110.210 - - [14/Dec/2025:01:29:06 -0800] "GET /author/manpreet/feed/?fileloc=//lib/locale/ta_IN/LC_COLLATE&path=//lib/locale/ta_IN HTTP/1.1" 200 407528 "-" "Mozilla/5.0 (compatible; MJ12bot/v1.4.8; http://mj12bot.com/)" 
216.73.216.158 - - [14/Dec/2025:01:29:08 -0800] "GET /xmlrpc.php?fileloc=%2Fhome%2Fdh_7uh9vd%2Flifeofcanada.com%2Fwp-content%2Fuploads%2F2020%2F03%2Fcliton-dental-39-300x200.png&path=%2Fhome%2Fdh_7uh9vd%2Flifeofcanada.com%2Fwp-content%2Fuploads%2F2020%2F03 HTTP/2.0" 429 278 "-" "Mozilla/5.0 AppleWebKit/537.36 (KHTML, like Gecko; compatible; ClaudeBot/1.0; +claudebot@anthropic.com)" 
216.73.216.158 - - [14/Dec/2025:01:29:13 -0800] "GET /xmlrpc.php?fileloc=%2Fhome%2Fdh_7uh9vd%2Flifeofcanada.com%2Fwp-content%2Fuploads%2F2020%2F03%2Fcliton-dental-1-70x66.png&path=%2Fhome%2Fdh_7uh9vd%2Flifeofcanada.com%2Fwp-content%2Fuploads%2F2020%2F03 HTTP/2.0" 429 278 "-" "Mozilla/5.0 AppleWebKit/537.36 (KHTML, like Gecko; compatible; ClaudeBot/1.0; +claudebot@anthropic.com)" 
69.30.196.218 - - [14/Dec/2025:01:29:17 -0800] "GET /R-487ae47ad790ec1172024975e7df50c8 HTTP/1.1" 200 3502 "-" "-" 
95.91.110.210 - - [14/Dec/2025:01:29:16 -0800] "GET /author/manpreet/feed/?fileloc=//lib/locale/ta_LK/LC_COLLATE&path=//lib/locale/ta_LK HTTP/1.1" 200 407909 "-" "Mozilla/5.0 (compatible; MJ12bot/v1.4.8; http://mj12bot.com/)" 
216.73.216.158 - - [14/Dec/2025:01:29:18 -0800] "GET /xmlrpc.php?fileloc=%2Fhome%2Fdh_7uh9vd%2Flifeofcanada.com%2Fwp-content%2Fuploads%2F2020%2F03%2Fportrait-dental-24.png&path=%2Fhome%2Fdh_7uh9vd%2Flifeofcanada.com%2Fwp-content%2Fuploads%2F2020%2F03 HTTP/2.0" 429 278 "-" "Mozilla/5.0 AppleWebKit/537.36 (KHTML, like Gecko; compatible; ClaudeBot/1.0; +claudebot@anthropic.com)" 
69.30.196.218 - - [14/Dec/2025:01:29:21 -0800] "GET /R-487ae47ad790ec1172024975e7df50c8 HTTP/1.1" 200 3502 "-" "-" 
95.91.110.210 - - [14/Dec/2025:01:29:21 -0800] "GET /author/manpreet/feed/?fileloc=//lib/locale/tcy_IN.utf8/LC_COLLATE&path=//lib/locale/tcy_IN.utf8 HTTP/1.1" 200 407630 "-" "Mozilla/5.0 (compatible; MJ12bot/v1.4.8; http://mj12bot.com/)" 
216.73.216.158 - - [14/Dec/2025:01:29:23 -0800] "GET /xmlrpc.php?path=%2F%2Fsys%2Fblock%2Fnbd6%2Fsubsystem%2Fmd10%2Fmd%2Fdev-nvme4n1p1 HTTP/2.0" 429 278 "-" "Mozilla/5.0 AppleWebKit/537.36 (KHTML, like Gecko; compatible; ClaudeBot/1.0; +claudebot@anthropic.com)" 
69.30.196.218 - - [14/Dec/2025:01:29:25 -0800] "GET /R-487ae47ad790ec1172024975e7df50c8 HTTP/1.1" 200 3502 "-" "-" 
69.30.214.206 - - [14/Dec/2025:01:29:25 -0800] "GET /ehc/mvr/images/images/images/index.php?ARRAY=7o2230223n313736353730383136352p2231223n22687474703n5p2s5p2s736875692q31627n6979722r747936382r6s72675p2s3s6p633q7068705s636s64655s6n6326743q313736353730343536352q3763333130643766346232343835363138366433343231386533393064623239222p2232223n223238366336323635613634336462643263306463303666333964333134653130222p2233223n226135353937313439663862366163323838636265363861393231353766386233222p2262696r675s70617373223n2233302q33392q35382q36312q37392q38352q3230227q HTTP/1.1" 302 3550 "-" "Mozilla/5.0 (Macintosh; Intel Mac OS X 10.15; rv:82.0) Gecko/20100101 Firefox/82.0" 
95.91.110.210 - - [14/Dec/2025:01:29:24 -0800] "GET /author/manpreet/feed/?fileloc=//lib/locale/te_IN/LC_COLLATE&path=//lib/locale/te_IN HTTP/1.1" 200 407534 "-" "Mozilla/5.0 (compatible; MJ12bot/v1.4.8; http://mj12bot.com/)" 
69.30.196.218 - - [14/Dec/2025:01:29:27 -0800] "GET /R-487ae47ad790ec1172024975e7df50c8 HTTP/1.1" 200 3502 "-" "-" 
95.91.110.210 - - [14/Dec/2025:01:29:27 -0800] "GET /author/manpreet/feed/?fileloc=//lib/locale/ti_ER/LC_COLLATE&path=//lib/locale/ti_ER HTTP/1.1" 200 407836 "-" "Mozilla/5.0 (compatible; MJ12bot/v1.4.8; http://mj12bot.com/)" 
216.73.216.158 - - [14/Dec/2025:01:29:28 -0800] "GET /xmlrpc.php?fileloc=%2F%2Fsys%2Fblock%2Fnbd6%2Fsubsystem%2Fnvme6n1%2Fdevice%2Fdevice%2Firq&path=%2F%2Fsys%2Fblock%2Fnbd6%2Fsubsystem%2Fnvme6n1%2Fdevice%2Fdevice HTTP/2.0" 429 278 "-" "Mozilla/5.0 AppleWebKit/537.36 (KHTML, like Gecko; compatible; ClaudeBot/1.0; +claudebot@anthropic.com)" 
69.30.196.218 - - [14/Dec/2025:01:29:30 -0800] "GET /R-487ae47ad790ec1172024975e7df50c8 HTTP/1.1" 200 3502 "-" "-" 
95.91.110.210 - - [14/Dec/2025:01:29:30 -0800] "GET /author/manpreet/feed/?fileloc=//lib/locale/ti_ET/LC_COLLATE&path=//lib/locale/ti_ET HTTP/1.1" 200 407630 "-" "Mozilla/5.0 (compatible; MJ12bot/v1.4.8; http://mj12bot.com/)" 
69.30.196.218 - - [14/Dec/2025:01:29:33 -0800] "GET /R-487ae47ad790ec1172024975e7df50c8 HTTP/1.1" 200 3502 "-" "-" 
216.73.216.158 - - [14/Dec/2025:01:29:33 -0800] "GET /xmlrpc.php?fileloc=%2F%2Fetc%2Falternatives%2Fjrunscript&path=%2F%2Fetc%2Falternatives HTTP/2.0" 429 278 "-" "Mozilla/5.0 AppleWebKit/537.36 (KHTML, like Gecko; compatible; ClaudeBot/1.0; +claudebot@anthropic.com)" 
95.91.110.210 - - [14/Dec/2025:01:29:33 -0800] "GET /author/manpreet/feed/?fileloc=//lib/locale/tig_ER/LC_COLLATE&path=//lib/locale/tig_ER HTTP/1.1" 200 407637 "-" "Mozilla/5.0 (compatible; MJ12bot/v1.4.8; http://mj12bot.com/)" 
216.73.216.158 - - [14/Dec/2025:01:29:38 -0800] "GET /xmlrpc.php?fileloc=%2F%2Fvar%2Flib%2Fdpkg%2Finfo%2Flibcolord2%3Aamd64.md5sums&path=%2F%2Fvar%2Flib%2Fdpkg%2Finfo HTTP/2.0" 429 278 "-" "Mozilla/5.0 AppleWebKit/537.36 (KHTML, like Gecko; compatible; ClaudeBot/1.0; +claudebot@anthropic.com)" 
69.30.196.218 - - [14/Dec/2025:01:29:43 -0800] "GET /R-487ae47ad790ec1172024975e7df50c8 HTTP/1.1" 200 3502 "-" "-" 
216.73.216.158 - - [14/Dec/2025:01:29:43 -0800] "GET /xmlrpc.php?fileloc=%2F%2Fvar%2Fbackups%2Fapt.extended_states.5.gz&path=%2F%2Fvar%2Fbackups HTTP/2.0" 429 278 "-" "Mozilla/5.0 AppleWebKit/537.36 (KHTML, like Gecko; compatible; ClaudeBot/1.0; +claudebot@anthropic.com)" 
95.91.110.210 - - [14/Dec/2025:01:29:43 -0800] "GET /author/manpreet/feed/?fileloc=//lib/locale/uz_UZ@cyrillic/LC_COLLATE&path=//lib/locale/uz_UZ@cyrillic HTTP/1.1" 200 408691 "-" "Mozilla/5.0 (compatible; MJ12bot/v1.4.8; http://mj12bot.com/)" 
213.180.203.220 - - [14/Dec/2025:01:29:45 -0800] "GET /robots.txt HTTP/1.1" 200 4141 "-" "Mozilla/5.0 (compatible; YandexBot/3.0; +http://yandex.com/bots)" 
69.30.196.218 - - [14/Dec/2025:01:29:46 -0800] "GET /R-487ae47ad790ec1172024975e7df50c8 HTTP/1.1" 200 3502 "-" "-" 
5.255.231.158 - - [14/Dec/2025:01:29:46 -0800] "GET /this-patio-in-ontario-on-a-river-will-make-you-feel-like-youre-dining-in-venice/ HTTP/1.1" 302 3670 "-" "Mozilla/5.0 (compatible; YandexBot/3.0; +http://yandex.com/bots)" 
95.91.110.210 - - [14/Dec/2025:01:29:46 -0800] "GET /author/manpreet/feed/?fileloc=//lib/locale/ve_ZA/LC_COLLATE&path=//lib/locale/ve_ZA HTTP/1.1" 200 407528 "-" "Mozilla/5.0 (compatible; MJ12bot/v1.4.8; http://mj12bot.com/)" 
216.73.216.158 - - [14/Dec/2025:01:29:48 -0800] "GET /xmlrpc.php?fileloc=%2F%2Fsys%2Fblock%2Fnbd6%2Fsubsystem%2Fnvme7n1p1%2Fsubsystem%2Fnbd7%2Fqueue%2Fwrite_cache&path=%2F%2Fsys%2Fblock%2Fnbd6%2Fsubsystem%2Fnvme7n1p1%2Fsubsystem%2Fnbd7%2Fqueue HTTP/2.0" 429 278 "-" "Mozilla/5.0 AppleWebKit/537.36 (KHTML, like Gecko; compatible; ClaudeBot/1.0; +claudebot@anthropic.com)" 
69.30.196.218 - - [14/Dec/2025:01:29:53 -0800] "GET /R-487ae47ad790ec1172024975e7df50c8 HTTP/1.1" 200 3502 "-" "-" 
95.91.110.210 - - [14/Dec/2025:01:29:52 -0800] "GET /author/manpreet/feed/?fileloc=//lib/locale/vi_VN/LC_COLLATE&path=//lib/locale/vi_VN HTTP/1.1" 200 408024 "-" "Mozilla/5.0 (compatible; MJ12bot/v1.4.8; http://mj12bot.com/)" 
216.73.216.158 - - [14/Dec/2025:01:29:53 -0800] "GET /xmlrpc.php?fileloc=%2F%2Fsys%2Fblock%2Fnvme1n1%2Fsize&path=%2F%2Fsys%2Fblock%2Fnvme1n1 HTTP/2.0" 429 359 "-" "Mozilla/5.0 AppleWebKit/537.36 (KHTML, like Gecko; compatible; ClaudeBot/1.0; +claudebot@anthropic.com)" 
216.73.216.158 - - [14/Dec/2025:01:29:58 -0800] "GET /xmlrpc.php?path=%2F%2Fsys%2Fclass%2Fiommu%2Fivhd2%2Fdevices%2F0000%3A40%3A04.0%2Fiommu HTTP/2.0" 429 278 "-" "Mozilla/5.0 AppleWebKit/537.36 (KHTML, like Gecko; compatible; ClaudeBot/1.0; +claudebot@anthropic.com)" 
69.30.196.218 - - [14/Dec/2025:01:29:59 -0800] "GET /R-487ae47ad790ec1172024975e7df50c8 HTTP/1.1" 200 3502 "-" "-" 
95.91.110.210 - - [14/Dec/2025:01:29:58 -0800] "GET /author/manpreet/feed/?fileloc=//lib/locale/wa_BE.utf8/LC_COLLATE&path=//lib/locale/wa_BE.utf8 HTTP/1.1" 200 407966 "-" "Mozilla/5.0 (compatible; MJ12bot/v1.4.8; http://mj12bot.com/)" 
69.30.196.218 - - [14/Dec/2025:01:30:01 -0800] "GET /R-487ae47ad790ec1172024975e7df50c8 HTTP/1.1" 200 3502 "-" "-" 
95.91.110.210 - - [14/Dec/2025:01:30:01 -0800] "GET /author/manpreet/feed/?fileloc=//lib/locale/wae_CH/LC_COLLATE&path=//lib/locale/wae_CH HTTP/1.1" 200 407637 "-" "Mozilla/5.0 (compatible; MJ12bot/v1.4.8; http://mj12bot.com/)" 
216.73.216.158 - - [14/Dec/2025:01:30:03 -0800] "GET /xmlrpc.php?path=%2F%2Fsys%2Fblock%2Fnbd6%2Fbdi%2Fsubsystem%2F259%3A16%2Fsubsystem%2F259%3A2 HTTP/2.0" 429 278 "-" "Mozilla/5.0 AppleWebKit/537.36 (KHTML, like Gecko; compatible; ClaudeBot/1.0; +claudebot@anthropic.com)" 
69.30.196.218 - - [14/Dec/2025:01:30:04 -0800] "GET /R-487ae47ad790ec1172024975e7df50c8 HTTP/1.1" 200 3502 "-" "-" 
95.91.110.210 - - [14/Dec/2025:01:30:04 -0800] "GET /author/manpreet/feed/?fileloc=//lib/locale/wal_ET/LC_COLLATE&path=//lib/locale/wal_ET HTTP/1.1" 200 407637 "-" "Mozilla/5.0 (compatible; MJ12bot/v1.4.8; http://mj12bot.com/)" 
69.30.196.218 - - [14/Dec/2025:01:30:08 -0800] "GET /R-487ae47ad790ec1172024975e7df50c8 HTTP/1.1" 200 3502 "-" "-" 
216.73.216.158 - - [14/Dec/2025:01:30:08 -0800] "GET /xmlrpc.php?path=%2F%2Fsys%2Fblock%2Fnbd6%2Fsubsystem%2Fnvme7n1%2Fmq%2F87%2Fcpu87 HTTP/2.0" 429 278 "-" "Mozilla/5.0 AppleWebKit/537.36 (KHTML, like Gecko; compatible; ClaudeBot/1.0; +claudebot@anthropic.com)" 
95.91.110.210 - - [14/Dec/2025:01:30:08 -0800] "GET /author/manpreet/feed/?fileloc=//lib/locale/wo_SN/LC_COLLATE&path=//lib/locale/wo_SN HTTP/1.1" 200 407528 "-" "Mozilla/5.0 (compatible; MJ12bot/v1.4.8; http://mj12bot.com/)" 
69.30.196.218 - - [14/Dec/2025:01:30:13 -0800] "GET /R-487ae47ad790ec1172024975e7df50c8 HTTP/1.1" 200 3502 "-" "-" 
216.73.216.158 - - [14/Dec/2025:01:30:13 -0800] "GET /xmlrpc.php?fileloc=%2F%2Fsys%2Fblock%2Fnbd6%2Fsubsystem%2Fnvme1n1%2Fsubsystem%2Fnbd5%2Fqueue%2Fwrite_cache&path=%2F%2Fsys%2Fblock%2Fnbd6%2Fsubsystem%2Fnvme1n1%2Fsubsystem%2Fnbd5%2Fqueue HTTP/2.0" 429 278 "-" "Mozilla/5.0 AppleWebKit/537.36 (KHTML, like Gecko; compatible; ClaudeBot/1.0; +claudebot@anthropic.com)" 
95.91.110.210 - - [14/Dec/2025:01:30:13 -0800] "GET /author/manpreet/feed/?fileloc=//lib/locale/xh_ZA.utf8/LC_COLLATE&path=//lib/locale/xh_ZA.utf8 HTTP/1.1" 200 407967 "-" "Mozilla/5.0 (compatible; MJ12bot/v1.4.8; http://mj12bot.com/)" 
69.30.196.218 - - [14/Dec/2025:01:30:16 -0800] "GET /R-487ae47ad790ec1172024975e7df50c8 HTTP/1.1" 200 3502 "-" "-" 
95.91.110.210 - - [14/Dec/2025:01:30:16 -0800] "GET /author/manpreet/feed/?fileloc=//lib/locale/yi_US.utf8/LC_COLLATE&path=//lib/locale/yi_US.utf8 HTTP/1.1" 200 408494 "-" "Mozilla/5.0 (compatible; MJ12bot/v1.4.8; http://mj12bot.com/)" 
216.73.216.158 - - [14/Dec/2025:01:30:18 -0800] "GET /xmlrpc.php?fileloc=%2F%2Fsys%2Fblock%2Fnbd6%2Fsubsystem%2Fnvme7n1p1%2Fsubsystem%2Fnbd7%2Fqueue%2Fio_poll_delay&path=%2F%2Fsys%2Fblock%2Fnbd6%2Fsubsystem%2Fnvme7n1p1%2Fsubsystem%2Fnbd7%2Fqueue HTTP/2.0" 429 278 "-" "Mozilla/5.0 AppleWebKit/537.36 (KHTML, like Gecko; compatible; ClaudeBot/1.0; +claudebot@anthropic.com)" 
69.30.196.218 - - [14/Dec/2025:01:30:20 -0800] "GET /R-487ae47ad790ec1172024975e7df50c8 HTTP/1.1" 200 3502 "-" "-" 
69.30.196.218 - - [14/Dec/2025:01:30:20 -0800] "GET /R-487ae47ad790ec1172024975e7df50c8 HTTP/1.1" 200 3502 "-" "-" 
114.119.139.115 - - [14/Dec/2025:01:30:20 -0800] "GET /survey/podcast/author/2wjda.html HTTP/1.1" 200 8604 "https://lifeofcanada.com/sitemap408.xml" "Mozilla/5.0 (Linux; Android 7.0;) AppleWebKit/537.36 (KHTML, like Gecko) Mobile Safari/537.36 (compatible; PetalBot;+https://webmaster.petalsearch.com/site/petalbot)" 
95.91.110.210 - - [14/Dec/2025:01:30:19 -0800] "GET /author/manpreet/feed/?fileloc=//lib/locale/yue_HK/LC_COLLATE&path=//lib/locale/yue_HK HTTP/1.1" 200 407975 "-" "Mozilla/5.0 (compatible; MJ12bot/v1.4.8; http://mj12bot.com/)" 
69.30.196.218 - - [14/Dec/2025:01:30:23 -0800] "GET /R-487ae47ad790ec1172024975e7df50c8 HTTP/1.1" 200 3502 "-" "-" 
95.91.110.210 - - [14/Dec/2025:01:30:22 -0800] "GET /author/manpreet/feed/?fileloc=//lib/locale/zh_CN.gb18030/LC_COLLATE&path=//lib/locale/zh_CN.gb18030 HTTP/1.1" 200 529908 "-" "Mozilla/5.0 (compatible; MJ12bot/v1.4.8; http://mj12bot.com/)" 
216.73.216.158 - - [14/Dec/2025:01:30:23 -0800] "GET /xmlrpc.php?fileloc=%2F%2Fsys%2Fblock%2Fnbd6%2Fsubsystem%2Fnvme1n1%2Fsubsystem%2Fnbd5%2Fqueue%2Fdiscard_max_bytes&path=%2F%2Fsys%2Fblock%2Fnbd6%2Fsubsystem%2Fnvme1n1%2Fsubsystem%2Fnbd5%2Fqueue HTTP/2.0" 429 278 "-" "Mozilla/5.0 AppleWebKit/537.36 (KHTML, like Gecko; compatible; ClaudeBot/1.0; +claudebot@anthropic.com)" 
69.30.196.218 - - [14/Dec/2025:01:30:25 -0800] "GET /R-487ae47ad790ec1172024975e7df50c8 HTTP/1.1" 200 3502 "-" "-" 
95.91.110.210 - - [14/Dec/2025:01:30:25 -0800] "GET /author/manpreet/feed/?fileloc=//lib/locale/zh_CN.gbk/LC_COLLATE&path=//lib/locale/zh_CN.gbk HTTP/1.1" 200 213551 "-" "Mozilla/5.0 (compatible; MJ12bot/v1.4.8; http://mj12bot.com/)" 
216.73.216.158 - - [14/Dec/2025:01:30:28 -0800] "GET /xmlrpc.php?path=%2F%2Fsys%2Fblock%2Fnbd6%2Fsubsystem%2Fmd127%2Fsubsystem%2Fnbd0%2Fmq HTTP/2.0" 429 278 "-" "Mozilla/5.0 AppleWebKit/537.36 (KHTML, like Gecko; compatible; ClaudeBot/1.0; +claudebot@anthropic.com)" 
69.30.196.218 - - [14/Dec/2025:01:30:29 -0800] "GET /R-487ae47ad790ec1172024975e7df50c8 HTTP/1.1" 200 3502 "-" "-" 
95.91.110.210 - - [14/Dec/2025:01:30:29 -0800] "GET /author/manpreet/feed/?fileloc=//lib/locale/zh_CN.utf8/LC_COLLATE&path=//lib/locale/zh_CN.utf8 HTTP/1.1" 200 568839 "-" "Mozilla/5.0 (compatible; MJ12bot/v1.4.8; http://mj12bot.com/)" 
69.30.196.218 - - [14/Dec/2025:01:30:32 -0800] "GET /R-487ae47ad790ec1172024975e7df50c8 HTTP/1.1" 200 3502 "-" "-" 
95.91.110.210 - - [14/Dec/2025:01:30:32 -0800] "GET /author/manpreet/feed/?fileloc=//lib/locale/zh_HK.utf8/LC_COLLATE&path=//lib/locale/zh_HK.utf8 HTTP/1.1" 200 407964 "-" "Mozilla/5.0 (compatible; MJ12bot/v1.4.8; http://mj12bot.com/)" 
216.73.216.158 - - [14/Dec/2025:01:30:33 -0800] "GET /xmlrpc.php?fileloc=%2F%2Fsys%2Fblock%2Fnbd6%2Fsubsystem%2Fnvme7n1p1%2Fsubsystem%2Fnbd4%2Fqueue%2Fmax_integrity_segments&path=%2F%2Fsys%2Fblock%2Fnbd6%2Fsubsystem%2Fnvme7n1p1%2Fsubsystem%2Fnbd4%2Fqueue HTTP/2.0" 429 278 "-" "Mozilla/5.0 AppleWebKit/537.36 (KHTML, like Gecko; compatible; ClaudeBot/1.0; +claudebot@anthropic.com)" 
69.30.196.218 - - [14/Dec/2025:01:30:35 -0800] "GET /R-487ae47ad790ec1172024975e7df50c8 HTTP/1.1" 200 3502 "-" "-" 
95.91.110.210 - - [14/Dec/2025:01:30:35 -0800] "GET /author/manpreet/feed/?fileloc=//lib/locale/zh_SG.gbk/LC_COLLATE&path=//lib/locale/zh_SG.gbk HTTP/1.1" 200 141378 "-" "Mozilla/5.0 (compatible; MJ12bot/v1.4.8; http://mj12bot.com/)" 
216.73.216.158 - - [14/Dec/2025:01:30:38 -0800] "GET /xmlrpc.php?path=%2F%2Fsys%2Fblock%2Fnbd6%2Fsubsystem%2Fnbd10%2Fmq%2F0%2Fcpu3 HTTP/2.0" 429 278 "-" "Mozilla/5.0 AppleWebKit/537.36 (KHTML, like Gecko; compatible; ClaudeBot/1.0; +claudebot@anthropic.com)" 
69.30.196.218 - - [14/Dec/2025:01:30:39 -0800] "GET /R-487ae47ad790ec1172024975e7df50c8 HTTP/1.1" 200 3502 "-" "-" 
95.91.110.210 - - [14/Dec/2025:01:30:39 -0800] "GET /author/manpreet/feed/?fileloc=//lib/locale/zh_TW.euctw/LC_COLLATE&path=//lib/locale/zh_TW.euctw HTTP/1.1" 200 146509 "-" "Mozilla/5.0 (compatible; MJ12bot/v1.4.8; http://mj12bot.com/)" 
69.30.196.218 - - [14/Dec/2025:01:30:42 -0800] "GET /R-487ae47ad790ec1172024975e7df50c8 HTTP/1.1" 200 3502 "-" "-" 
95.91.110.210 - - [14/Dec/2025:01:30:42 -0800] "GET /author/manpreet/feed/?fileloc=//lib/locale/zh_TW.utf8/LC_COLLATE&path=//lib/locale/zh_TW.utf8 HTTP/1.1" 200 407637 "-" "Mozilla/5.0 (compatible; MJ12bot/v1.4.8; http://mj12bot.com/)" 
216.73.216.158 - - [14/Dec/2025:01:30:43 -0800] "GET /xmlrpc.php?fileloc=%2F%2Fsys%2Fblock%2Fnbd6%2Fsubsystem%2Fnvme7n1p1%2Fsubsystem%2Fnbd5%2Fqueue%2Fmax_segment_size&path=%2F%2Fsys%2Fblock%2Fnbd6%2Fsubsystem%2Fnvme7n1p1%2Fsubsystem%2Fnbd5%2Fqueue HTTP/2.0" 429 278 "-" "Mozilla/5.0 AppleWebKit/537.36 (KHTML, like Gecko; compatible; ClaudeBot/1.0; +claudebot@anthropic.com)" 
69.30.196.218 - - [14/Dec/2025:01:30:45 -0800] "GET /R-487ae47ad790ec1172024975e7df50c8 HTTP/1.1" 200 3502 "-" "-" 
95.91.110.210 - - [14/Dec/2025:01:30:45 -0800] "GET /author/manpreet/feed/?fileloc=//lib/locale/zu_ZA.utf8/LC_COLLATE&path=//lib/locale/zu_ZA.utf8 HTTP/1.1" 200 407540 "-" "Mozilla/5.0 (compatible; MJ12bot/v1.4.8; http://mj12bot.com/)" 
192.178.6.104 - - [14/Dec/2025:01:30:46 -0800] "GET /implementation216?kg=35802 HTTP/1.1" 302 3655 "-" "Mozilla/5.0 (compatible; Googlebot/2.1; +http://www.google.com/bot.html)" 
69.30.196.218 - - [14/Dec/2025:01:30:47 -0800] "GET /R-487ae47ad790ec1172024975e7df50c8 HTTP/1.1" 200 3502 "-" "-" 
95.91.110.210 - - [14/Dec/2025:01:30:47 -0800] "GET /author/manpreet/feed/?fileloc=//lib/postgresql/14/bin/psql&path=//lib/postgresql/14/bin HTTP/1.1" 200 240669 "-" "Mozilla/5.0 (compatible; MJ12bot/v1.4.8; http://mj12bot.com/)" 
216.73.216.158 - - [14/Dec/2025:01:30:48 -0800] "GET /xmlrpc.php?fileloc=%2F%2Fsys%2Fclass%2Fiommu%2Fivhd0%2Fdevices%2F0000%3Ac4%3A00.2%2Flocal_cpus&path=%2F%2Fsys%2Fclass%2Fiommu%2Fivhd0%2Fdevices%2F0000%3Ac4%3A00.2 HTTP/2.0" 429 278 "-" "Mozilla/5.0 AppleWebKit/537.36 (KHTML, like Gecko; compatible; ClaudeBot/1.0; +claudebot@anthropic.com)" 
69.30.196.218 - - [14/Dec/2025:01:30:50 -0800] "GET /R-487ae47ad790ec1172024975e7df50c8 HTTP/1.1" 200 3502 "-" "-" 
95.91.110.210 - - [14/Dec/2025:01:30:50 -0800] "GET /author/manpreet/feed/?fileloc=//lib/python3.10/config-3.10-x86_64-linux-gnu/libpython3.10-pic.a&path=//lib/python3.10/config-3.10-x86_64-linux-gnu HTTP/1.1" 200 2496887 "-" "Mozilla/5.0 (compatible; MJ12bot/v1.4.8; http://mj12bot.com/)" 
216.73.216.158 - - [14/Dec/2025:01:30:53 -0800] "GET /xmlrpc.php?fileloc=%2F%2Fsys%2Fblock%2Fnbd6%2Fsubsystem%2Fnvme7n1p1%2Fsubsystem%2Fnbd7%2Fqueue%2Fminimum_io_size&path=%2F%2Fsys%2Fblock%2Fnbd6%2Fsubsystem%2Fnvme7n1p1%2Fsubsystem%2Fnbd7%2Fqueue HTTP/2.0" 429 278 "-" "Mozilla/5.0 AppleWebKit/537.36 (KHTML, like Gecko; compatible; ClaudeBot/1.0; +claudebot@anthropic.com)" 
69.30.196.218 - - [14/Dec/2025:01:30:54 -0800] "GET /R-487ae47ad790ec1172024975e7df50c8 HTTP/1.1" 200 3502 "-" "-" 
95.91.110.210 - - [14/Dec/2025:01:30:54 -0800] "GET /author/manpreet/feed/?fileloc=//lib/python3/dist-packages/django/conf/locale/en_GB/__pycache__/__init__.cpython-310.pyc&path=//lib/python3/dist-packages/django/conf/locale/en_GB/__pycache__ HTTP/1.1" 200 6076 "-" "Mozilla/5.0 (compatible; MJ12bot/v1.4.8; http://mj12bot.com/)" 
69.30.196.218 - - [14/Dec/2025:01:30:56 -0800] "GET /R-487ae47ad790ec1172024975e7df50c8 HTTP/1.1" 200 3502 "-" "-" 
95.91.110.210 - - [14/Dec/2025:01:30:56 -0800] "GET /author/manpreet/feed/?fileloc=//lib/python3/dist-packages/django/conf/locale/en_GB/__pycache__/formats.cpython-310.pyc&path=//lib/python3/dist-packages/django/conf/locale/en_GB/__pycache__ HTTP/1.1" 200 6441 "-" "Mozilla/5.0 (compatible; MJ12bot/v1.4.8; http://mj12bot.com/)" 
69.30.196.218 - - [14/Dec/2025:01:30:59 -0800] "GET /R-487ae47ad790ec1172024975e7df50c8 HTTP/1.1" 200 3502 "-" "-" 
95.91.110.210 - - [14/Dec/2025:01:30:59 -0800] "GET /author/manpreet/feed/?fileloc=//lib/python3/dist-packages/django/conf/locale/es_PR/__pycache__/__init__.cpython-310.pyc&path=//lib/python3/dist-packages/django/conf/locale/es_PR/__pycache__ HTTP/1.1" 200 6076 "-" "Mozilla/5.0 (compatible; MJ12bot/v1.4.8; http://mj12bot.com/)" 
216.73.216.158 - - [14/Dec/2025:01:31:00 -0800] "GET /xmlrpc.php?path=%2F%2Fsys%2Fblock%2Fnbd6%2Fsubsystem%2Fnbd7%2Fsubsystem%2Fmd0%2Fholders HTTP/2.0" 429 359 "-" "Mozilla/5.0 AppleWebKit/537.36 (KHTML, like Gecko; compatible; ClaudeBot/1.0; +claudebot@anthropic.com)" 
216.73.216.158 - - [14/Dec/2025:01:31:04 -0800] "GET /xmlrpc.php?fileloc=%2F%2Fsys%2Fclass%2Fiommu%2Fivhd0%2Fdevices%2F0000%3Ac0%3A01.1%2Flocal_cpus&path=%2F%2Fsys%2Fclass%2Fiommu%2Fivhd0%2Fdevices%2F0000%3Ac0%3A01.1 HTTP/2.0" 429 278 "-" "Mozilla/5.0 AppleWebKit/537.36 (KHTML, like Gecko; compatible; ClaudeBot/1.0; +claudebot@anthropic.com)" 
69.30.196.218 - - [14/Dec/2025:01:31:07 -0800] "GET /R-487ae47ad790ec1172024975e7df50c8 HTTP/1.1" 200 3502 "-" "-" 
95.91.110.210 - - [14/Dec/2025:01:31:07 -0800] "GET /author/manpreet/feed/?fileloc=//lib/python3/dist-packages/django/conf/locale/ta/__init__.py&path=//lib/python3/dist-packages/django/conf/locale/ta HTTP/1.1" 200 5961 "-" "Mozilla/5.0 (compatible; MJ12bot/v1.4.8; http://mj12bot.com/)" 
216.73.216.158 - - [14/Dec/2025:01:31:09 -0800] "GET /xmlrpc.php?fileloc=%2F%2Fsys%2Fblock%2Fnbd6%2Fsubsystem%2Fnvme7n1p1%2Fsubsystem%2Fmd10%2Fqueue%2Fmax_hw_sectors_kb&path=%2F%2Fsys%2Fblock%2Fnbd6%2Fsubsystem%2Fnvme7n1p1%2Fsubsystem%2Fmd10%2Fqueue HTTP/2.0" 429 278 "-" "Mozilla/5.0 AppleWebKit/537.36 (KHTML, like Gecko; compatible; ClaudeBot/1.0; +claudebot@anthropic.com)" 
69.30.196.218 - - [14/Dec/2025:01:31:12 -0800] "GET /R-487ae47ad790ec1172024975e7df50c8 HTTP/1.1" 200 3502 "-" "-" 
95.91.110.210 - - [14/Dec/2025:01:31:12 -0800] "GET /author/manpreet/feed/?fileloc=//lib/python3/dist-packages/django/conf/locale/ta/formats.py&path=//lib/python3/dist-packages/django/conf/locale/ta HTTP/1.1" 200 6300 "-" "Mozilla/5.0 (compatible; MJ12bot/v1.4.8; http://mj12bot.com/)" 
216.73.216.158 - - [14/Dec/2025:01:31:14 -0800] "GET /xmlrpc.php?path=%2F%2Fsys%2Fblock%2Fnbd6%2Fbdi%2Fsubsystem%2F259%3A16%2Fsubsystem%2F43%3A0 HTTP/2.0" 429 278 "-" "Mozilla/5.0 AppleWebKit/537.36 (KHTML, like Gecko; compatible; ClaudeBot/1.0; +claudebot@anthropic.com)" 
69.30.196.218 - - [14/Dec/2025:01:31:15 -0800] "GET /R-487ae47ad790ec1172024975e7df50c8 HTTP/1.1" 200 3502 "-" "-" 
95.91.110.210 - - [14/Dec/2025:01:31:15 -0800] "GET /author/manpreet/feed/?fileloc=//lib/python3/dist-packages/django/conf/locale/te/__init__.py&path=//lib/python3/dist-packages/django/conf/locale/te HTTP/1.1" 200 5960 "-" "Mozilla/5.0 (compatible; MJ12bot/v1.4.8; http://mj12bot.com/)" 
69.30.196.218 - - [14/Dec/2025:01:31:18 -0800] "GET /R-487ae47ad790ec1172024975e7df50c8 HTTP/1.1" 200 3502 "-" "-" 
95.91.110.210 - - [14/Dec/2025:01:31:17 -0800] "GET /author/manpreet/feed/?fileloc=//lib/python3/dist-packages/django/conf/locale/te/formats.py&path=//lib/python3/dist-packages/django/conf/locale/te HTTP/1.1" 200 6298 "-" "Mozilla/5.0 (compatible; MJ12bot/v1.4.8; http://mj12bot.com/)" 
216.73.216.158 - - [14/Dec/2025:01:31:19 -0800] "GET /xmlrpc.php?fileloc=%2F%2Fsys%2Fclass%2Fiommu%2Fivhd2%2Fdevices%2F0000%3A45%3A00.0%2Flocal_cpulist&path=%2F%2Fsys%2Fclass%2Fiommu%2Fivhd2%2Fdevices%2F0000%3A45%3A00.0 HTTP/2.0" 429 278 "-" "Mozilla/5.0 AppleWebKit/537.36 (KHTML, like Gecko; compatible; ClaudeBot/1.0; +claudebot@anthropic.com)" 
69.30.196.218 - - [14/Dec/2025:01:31:23 -0800] "GET /R-487ae47ad790ec1172024975e7df50c8 HTTP/1.1" 200 3502 "-" "-" 
95.91.110.210 - - [14/Dec/2025:01:31:23 -0800] "GET /author/manpreet/feed/?fileloc=//lib/python3/dist-packages/django/conf/locale/tg/__init__.py&path=//lib/python3/dist-packages/django/conf/locale/tg HTTP/1.1" 200 5962 "-" "Mozilla/5.0 (compatible; MJ12bot/v1.4.8; http://mj12bot.com/)" 
216.73.216.158 - - [14/Dec/2025:01:31:24 -0800] "GET /xmlrpc.php?fileloc=%2F%2Fsys%2Fclass%2Fiommu%2Fivhd0%2Fdevices%2F0000%3Ac0%3A07.1%2Fcurrent_link_speed&path=%2F%2Fsys%2Fclass%2Fiommu%2Fivhd0%2Fdevices%2F0000%3Ac0%3A07.1 HTTP/2.0" 429 278 "-" "Mozilla/5.0 AppleWebKit/537.36 (KHTML, like Gecko; compatible; ClaudeBot/1.0; +claudebot@anthropic.com)" 
69.30.196.218 - - [14/Dec/2025:01:31:25 -0800] "GET /R-487ae47ad790ec1172024975e7df50c8 HTTP/1.1" 200 3502 "-" "-" 
95.91.110.210 - - [14/Dec/2025:01:31:25 -0800] "GET /author/manpreet/feed/?fileloc=//lib/python3/dist-packages/django/conf/locale/tg/formats.py&path=//lib/python3/dist-packages/django/conf/locale/tg HTTP/1.1" 200 6483 "-" "Mozilla/5.0 (compatible; MJ12bot/v1.4.8; http://mj12bot.com/)" 
142.44.233.49 - - [14/Dec/2025:01:31:27 -0800] "GET /?sitemap153.xml HTTP/2.0" 302 113 "-" "Mozilla/5.0 (compatible; AhrefsBot/7.0; +http://ahrefs.com/robot/)" 
69.30.196.218 - - [14/Dec/2025:01:31:28 -0800] "GET /R-487ae47ad790ec1172024975e7df50c8 HTTP/1.1" 200 3502 "-" "-" 
95.91.110.210 - - [14/Dec/2025:01:31:28 -0800] "GET /author/manpreet/feed/?fileloc=//lib/python3/dist-packages/django/conf/locale/th/__init__.py&path=//lib/python3/dist-packages/django/conf/locale/th HTTP/1.1" 200 5962 "-" "Mozilla/5.0 (compatible; MJ12bot/v1.4.8; http://mj12bot.com/)" 
216.73.216.158 - - [14/Dec/2025:01:31:29 -0800] "GET /xmlrpc.php?path=%2F%2Fsys%2Fblock%2Fnbd10%2Fsubsystem%2Fnbd11 HTTP/2.0" 429 278 "-" "Mozilla/5.0 AppleWebKit/537.36 (KHTML, like Gecko; compatible; ClaudeBot/1.0; +claudebot@anthropic.com)" 
69.30.196.218 - - [14/Dec/2025:01:31:30 -0800] "GET /R-487ae47ad790ec1172024975e7df50c8 HTTP/1.1" 200 3502 "-" "-" 
95.91.110.210 - - [14/Dec/2025:01:31:30 -0800] "GET /author/manpreet/feed/?fileloc=//lib/python3/dist-packages/django/conf/locale/th/formats.py&path=//lib/python3/dist-packages/django/conf/locale/th HTTP/1.1" 200 6460 "-" "Mozilla/5.0 (compatible; MJ12bot/v1.4.8; http://mj12bot.com/)" 
69.30.196.218 - - [14/Dec/2025:01:31:34 -0800] "GET /R-487ae47ad790ec1172024975e7df50c8 HTTP/1.1" 200 3502 "-" "-" 
95.91.110.210 - - [14/Dec/2025:01:31:33 -0800] "GET /author/manpreet/feed/?fileloc=//lib/python3/dist-packages/django/conf/locale/tk/__init__.py&path=//lib/python3/dist-packages/django/conf/locale/tk HTTP/1.1" 200 5962 "-" "Mozilla/5.0 (compatible; MJ12bot/v1.4.8; http://mj12bot.com/)" 
216.73.216.158 - - [14/Dec/2025:01:31:34 -0800] "GET /xmlrpc.php?path=%2F%2Fsys%2Fblock%2Fnbd6%2Fsubsystem%2Fnbd11%2Fsubsystem%2Fnbd4%2Fholders HTTP/2.0" 429 278 "-" "Mozilla/5.0 AppleWebKit/537.36 (KHTML, like Gecko; compatible; ClaudeBot/1.0; +claudebot@anthropic.com)" 
69.30.196.218 - - [14/Dec/2025:01:31:36 -0800] "GET /R-487ae47ad790ec1172024975e7df50c8 HTTP/1.1" 200 3502 "-" "-" 
95.91.110.210 - - [14/Dec/2025:01:31:36 -0800] "GET /author/manpreet/feed/?fileloc=//lib/python3/dist-packages/django/conf/locale/tk/formats.py&path=//lib/python3/dist-packages/django/conf/locale/tk HTTP/1.1" 200 6484 "-" "Mozilla/5.0 (compatible; MJ12bot/v1.4.8; http://mj12bot.com/)" 
69.30.196.218 - - [14/Dec/2025:01:31:38 -0800] "GET /R-487ae47ad790ec1172024975e7df50c8 HTTP/1.1" 200 3502 "-" "-" 
95.91.110.210 - - [14/Dec/2025:01:31:38 -0800] "GET /author/manpreet/feed/?fileloc=//lib/python3/dist-packages/django/conf/locale/tr/__init__.py&path=//lib/python3/dist-packages/django/conf/locale/tr HTTP/1.1" 200 5961 "-" "Mozilla/5.0 (compatible; MJ12bot/v1.4.8; http://mj12bot.com/)" 
216.73.216.158 - - [14/Dec/2025:01:31:40 -0800] "GET /xmlrpc.php?path=%2F%2Fsys%2Fblock%2Fnbd6%2Fsubsystem%2Fnbd10%2Fmq%2F0%2Fcpu67 HTTP/2.0" 429 359 "-" "Mozilla/5.0 AppleWebKit/537.36 (KHTML, like Gecko; compatible; ClaudeBot/1.0; +claudebot@anthropic.com)" 
69.30.196.218 - - [14/Dec/2025:01:31:41 -0800] "GET /R-487ae47ad790ec1172024975e7df50c8 HTTP/1.1" 200 3502 "-" "-" 
95.91.110.210 - - [14/Dec/2025:01:31:41 -0800] "GET /author/manpreet/feed/?fileloc=//lib/python3/dist-packages/django/conf/locale/tr/formats.py&path=//lib/python3/dist-packages/django/conf/locale/tr HTTP/1.1" 200 6471 "-" "Mozilla/5.0 (compatible; MJ12bot/v1.4.8; http://mj12bot.com/)" 
69.30.196.218 - - [14/Dec/2025:01:31:44 -0800] "GET /R-487ae47ad790ec1172024975e7df50c8 HTTP/1.1" 200 3502 "-" "-" 
95.91.110.210 - - [14/Dec/2025:01:31:43 -0800] "GET /author/manpreet/feed/?fileloc=//lib/python3/dist-packages/django/conf/locale/uk/__init__.py&path=//lib/python3/dist-packages/django/conf/locale/uk HTTP/1.1" 200 5962 "-" "Mozilla/5.0 (compatible; MJ12bot/v1.4.8; http://mj12bot.com/)" 
69.30.196.218 - - [14/Dec/2025:01:31:44 -0800] "GET /R-487ae47ad790ec1172024975e7df50c8 HTTP/1.1" 200 3502 "-" "-" 
114.119.155.83 - - [14/Dec/2025:01:31:44 -0800] "GET /survey/opinion/analysis/content/2v37r.html HTTP/1.1" 200 8604 "https://lifeofcanada.com/sitemap489.xml" "Mozilla/5.0 (Linux; Android 7.0;) AppleWebKit/537.36 (KHTML, like Gecko) Mobile Safari/537.36 (compatible; PetalBot;+https://webmaster.petalsearch.com/site/petalbot)" 
216.73.216.158 - - [14/Dec/2025:01:31:44 -0800] "GET /xmlrpc.php?path=%2F%2Fsys%2Fblock%2Fnbd6%2Fsubsystem%2Fmd10%2Fsubsystem%2Fnbd0%2Fintegrity HTTP/2.0" 429 278 "-" "Mozilla/5.0 AppleWebKit/537.36 (KHTML, like Gecko; compatible; ClaudeBot/1.0; +claudebot@anthropic.com)" 
69.30.196.218 - - [14/Dec/2025:01:31:48 -0800] "GET /R-487ae47ad790ec1172024975e7df50c8 HTTP/1.1" 200 3502 "-" "-" 
95.91.110.210 - - [14/Dec/2025:01:31:48 -0800] "GET /author/manpreet/feed/?fileloc=//lib/python3/dist-packages/django/conf/locale/uk/formats.py&path=//lib/python3/dist-packages/django/conf/locale/uk HTTP/1.1" 200 6514 "-" "Mozilla/5.0 (compatible; MJ12bot/v1.4.8; http://mj12bot.com/)" 
216.73.216.158 - - [14/Dec/2025:01:31:49 -0800] "GET /xmlrpc.php?path=%2F%2Fsys%2Fblock%2Fnbd6%2Fsubsystem%2Fnbd0%2Fsubsystem%2Fnbd8%2Fmq HTTP/2.0" 429 278 "-" "Mozilla/5.0 AppleWebKit/537.36 (KHTML, like Gecko; compatible; ClaudeBot/1.0; +claudebot@anthropic.com)" 
69.30.196.218 - - [14/Dec/2025:01:31:51 -0800] "GET /R-487ae47ad790ec1172024975e7df50c8 HTTP/1.1" 200 3502 "-" "-" 
95.91.110.210 - - [14/Dec/2025:01:31:51 -0800] "GET /author/manpreet/feed/?fileloc=//lib/python3/dist-packages/django/conf/locale/uz/__init__.py&path=//lib/python3/dist-packages/django/conf/locale/uz HTTP/1.1" 200 5963 "-" "Mozilla/5.0 (compatible; MJ12bot/v1.4.8; http://mj12bot.com/)" 
69.30.196.218 - - [14/Dec/2025:01:31:54 -0800] "GET /R-487ae47ad790ec1172024975e7df50c8 HTTP/1.1" 200 3502 "-" "-" 
95.91.110.210 - - [14/Dec/2025:01:31:53 -0800] "GET /author/manpreet/feed/?fileloc=//lib/python3/dist-packages/django/conf/locale/uz/formats.py&path=//lib/python3/dist-packages/django/conf/locale/uz HTTP/1.1" 200 6507 "-" "Mozilla/5.0 (compatible; MJ12bot/v1.4.8; http://mj12bot.com/)" 
216.73.216.158 - - [14/Dec/2025:01:31:54 -0800] "GET /xmlrpc.php?fileloc=%2F%2Fsys%2Fclass%2Fiommu%2Fivhd2%2Fdevices%2F0000%3A40%3A01.3%2Freset_method&path=%2F%2Fsys%2Fclass%2Fiommu%2Fivhd2%2Fdevices%2F0000%3A40%3A01.3 HTTP/2.0" 429 278 "-" "Mozilla/5.0 AppleWebKit/537.36 (KHTML, like Gecko; compatible; ClaudeBot/1.0; +claudebot@anthropic.com)" 
69.30.196.218 - - [14/Dec/2025:01:31:56 -0800] "GET /R-487ae47ad790ec1172024975e7df50c8 HTTP/1.1" 200 3502 "-" "-" 
95.91.110.210 - - [14/Dec/2025:01:31:56 -0800] "GET /author/manpreet/feed/?fileloc=//lib/python3/dist-packages/django/conf/locale/vi/__init__.py&path=//lib/python3/dist-packages/django/conf/locale/vi HTTP/1.1" 200 5962 "-" "Mozilla/5.0 (compatible; MJ12bot/v1.4.8; http://mj12bot.com/)" 
69.30.196.218 - - [14/Dec/2025:01:31:58 -0800] "GET /R-487ae47ad790ec1172024975e7df50c8 HTTP/1.1" 200 3502 "-" "-" 
95.91.110.210 - - [14/Dec/2025:01:31:58 -0800] "GET /author/manpreet/feed/?fileloc=//lib/python3/dist-packages/django/conf/locale/vi/formats.py&path=//lib/python3/dist-packages/django/conf/locale/vi HTTP/1.1" 200 6370 "-" "Mozilla/5.0 (compatible; MJ12bot/v1.4.8; http://mj12bot.com/)" 
216.73.216.158 - - [14/Dec/2025:01:31:59 -0800] "GET /xmlrpc.php?path=%2F%2Fsys%2Fblock%2Fnbd10%2Fsubsystem%2Fnbd8 HTTP/2.0" 429 278 "-" "Mozilla/5.0 AppleWebKit/537.36 (KHTML, like Gecko; compatible; ClaudeBot/1.0; +claudebot@anthropic.com)" 
69.30.196.218 - - [14/Dec/2025:01:32:01 -0800] "GET /R-487ae47ad790ec1172024975e7df50c8 HTTP/1.1" 200 3502 "-" "-" 
95.91.110.210 - - [14/Dec/2025:01:32:01 -0800] "GET /author/manpreet/feed/?fileloc=//lib/python3/dist-packages/django/conf/locale/zh_Hans/__init__.py&path=//lib/python3/dist-packages/django/conf/locale/zh_Hans HTTP/1.1" 200 5966 "-" "Mozilla/5.0 (compatible; MJ12bot/v1.4.8; http://mj12bot.com/)" 
216.73.216.158 - - [14/Dec/2025:01:32:04 -0800] "GET /xmlrpc.php?path=%2F%2Fsys%2Fblock%2Fnbd6%2Fsubsystem%2Fnbd4%2Fsubsystem%2Fmd0%2Fmd HTTP/2.0" 429 278 "-" "Mozilla/5.0 AppleWebKit/537.36 (KHTML, like Gecko; compatible; ClaudeBot/1.0; +claudebot@anthropic.com)" 
69.30.196.218 - - [14/Dec/2025:01:32:06 -0800] "GET /R-487ae47ad790ec1172024975e7df50c8 HTTP/1.1" 200 3502 "-" "-" 
95.91.110.210 - - [14/Dec/2025:01:32:06 -0800] "GET /author/manpreet/feed/?fileloc=//lib/python3/dist-packages/django/conf/locale/zh_Hans/formats.py&path=//lib/python3/dist-packages/django/conf/locale/zh_Hans HTTP/1.1" 200 6603 "-" "Mozilla/5.0 (compatible; MJ12bot/v1.4.8; http://mj12bot.com/)" 
69.30.196.218 - - [14/Dec/2025:01:32:09 -0800] "GET /R-487ae47ad790ec1172024975e7df50c8 HTTP/1.1" 200 3502 "-" "-" 
95.91.110.210 - - [14/Dec/2025:01:32:09 -0800] "GET /author/manpreet/feed/?fileloc=//lib/python3/dist-packages/django/conf/locale/zh_Hant/__init__.py&path=//lib/python3/dist-packages/django/conf/locale/zh_Hant HTTP/1.1" 200 5966 "-" "Mozilla/5.0 (compatible; MJ12bot/v1.4.8; http://mj12bot.com/)" 
216.73.216.158 - - [14/Dec/2025:01:32:09 -0800] "GET /xmlrpc.php?path=%2F%2Fsys%2Fblock%2Fnbd6%2Fsubsystem%2Fnvme0n1%2Fdevice%2Fsubsystem%2Fnvme0 HTTP/2.0" 429 278 "-" "Mozilla/5.0 AppleWebKit/537.36 (KHTML, like Gecko; compatible; ClaudeBot/1.0; +claudebot@anthropic.com)" 
69.30.196.218 - - [14/Dec/2025:01:32:11 -0800] "GET /R-487ae47ad790ec1172024975e7df50c8 HTTP/1.1" 200 3502 "-" "-" 
95.91.110.210 - - [14/Dec/2025:01:32:11 -0800] "GET /author/manpreet/feed/?fileloc=//lib/python3/dist-packages/django/conf/locale/zh_Hant/formats.py&path=//lib/python3/dist-packages/django/conf/locale/zh_Hant HTTP/1.1" 200 6605 "-" "Mozilla/5.0 (compatible; MJ12bot/v1.4.8; http://mj12bot.com/)" 
69.30.196.218 - - [14/Dec/2025:01:32:13 -0800] "GET /R-487ae47ad790ec1172024975e7df50c8 HTTP/1.1" 200 3502 "-" "-" 
95.91.110.210 - - [14/Dec/2025:01:32:13 -0800] "GET /author/manpreet/feed/?fileloc=//lib/python3/dist-packages/django/conf/project_template/project_name/__init__.py-tpl&path=//lib/python3/dist-packages/django/conf/project_template/project_name HTTP/1.1" 200 5976 "-" "Mozilla/5.0 (compatible; MJ12bot/v1.4.8; http://mj12bot.com/)" 
216.73.216.158 - - [14/Dec/2025:01:32:14 -0800] "GET /xmlrpc.php?fileloc=%2F%2Fsys%2Fblock%2Fnbd6%2Fsubsystem%2Fnbd15%2Fsubsystem%2Fnbd15%2Fqueue%2Fminimum_io_size&path=%2F%2Fsys%2Fblock%2Fnbd6%2Fsubsystem%2Fnbd15%2Fsubsystem%2Fnbd15%2Fqueue HTTP/2.0" 429 278 "-" "Mozilla/5.0 AppleWebKit/537.36 (KHTML, like Gecko; compatible; ClaudeBot/1.0; +claudebot@anthropic.com)" 
69.30.196.218 - - [14/Dec/2025:01:32:16 -0800] "GET /R-487ae47ad790ec1172024975e7df50c8 HTTP/1.1" 200 3502 "-" "-" 
95.91.110.210 - - [14/Dec/2025:01:32:15 -0800] "GET /author/manpreet/feed/?fileloc=//lib/python3/dist-packages/django/conf/project_template/project_name/asgi.py-tpl&path=//lib/python3/dist-packages/django/conf/project_template/project_name HTTP/1.1" 200 6245 "-" "Mozilla/5.0 (compatible; MJ12bot/v1.4.8; http://mj12bot.com/)" 
69.30.196.218 - - [14/Dec/2025:01:32:18 -0800] "GET /R-487ae47ad790ec1172024975e7df50c8 HTTP/1.1" 200 3502 "-" "-" 
95.91.110.210 - - [14/Dec/2025:01:32:18 -0800] "GET /author/manpreet/feed/?fileloc=//lib/python3/dist-packages/django/conf/project_template/project_name/settings.py-tpl&path=//lib/python3/dist-packages/django/conf/project_template/project_name HTTP/1.1" 200 7211 "-" "Mozilla/5.0 (compatible; MJ12bot/v1.4.8; http://mj12bot.com/)" 
216.73.216.158 - - [14/Dec/2025:01:32:19 -0800] "GET /xmlrpc.php?path=%2F%2Fsys%2Fblock%2Fnbd6%2Fsubsystem%2Fnbd11%2Fsubsystem%2Fnbd5%2Fmq HTTP/2.0" 429 278 "-" "Mozilla/5.0 AppleWebKit/537.36 (KHTML, like Gecko; compatible; ClaudeBot/1.0; +claudebot@anthropic.com)" 
66.249.69.225 - - [14/Dec/2025:01:32:20 -0800] "GET /item232?kg=30368 HTTP/1.1" 302 3655 "-" "Mozilla/5.0 (Linux; Android 6.0.1; Nexus 5X Build/MMB29P) AppleWebKit/537.36 (KHTML, like Gecko) Chrome/141.0.7390.122 Mobile Safari/537.36 (compatible; Googlebot/2.1; +http://www.google.com/bot.html)" 
69.30.196.218 - - [14/Dec/2025:01:32:20 -0800] "GET /R-487ae47ad790ec1172024975e7df50c8 HTTP/1.1" 200 3502 "-" "-" 
95.91.110.210 - - [14/Dec/2025:01:32:20 -0800] "GET /author/manpreet/feed/?fileloc=//lib/python3/dist-packages/django/conf/project_template/project_name/urls.py-tpl&path=//lib/python3/dist-packages/django/conf/project_template/project_name HTTP/1.1" 200 6341 "-" "Mozilla/5.0 (compatible; MJ12bot/v1.4.8; http://mj12bot.com/)" 
216.73.216.158 - - [14/Dec/2025:01:32:24 -0800] "GET /xmlrpc.php?path=%2F%2Fsys%2Fblock%2Fnbd6%2Fsubsystem%2Fnvme3n1%2Fmq%2F10%2Fcpu10 HTTP/2.0" 429 278 "-" "Mozilla/5.0 AppleWebKit/537.36 (KHTML, like Gecko; compatible; ClaudeBot/1.0; +claudebot@anthropic.com)" 
69.30.196.218 - - [14/Dec/2025:01:32:25 -0800] "GET /R-487ae47ad790ec1172024975e7df50c8 HTTP/1.1" 200 3502 "-" "-" 
95.91.110.210 - - [14/Dec/2025:01:32:24 -0800] "GET /author/manpreet/feed/?fileloc=//lib/python3/dist-packages/django/conf/project_template/project_name/wsgi.py-tpl&path=//lib/python3/dist-packages/django/conf/project_template/project_name HTTP/1.1" 200 6246 "-" "Mozilla/5.0 (compatible; MJ12bot/v1.4.8; http://mj12bot.com/)" 
69.30.196.218 - - [14/Dec/2025:01:32:27 -0800] "GET /R-487ae47ad790ec1172024975e7df50c8 HTTP/1.1" 200 3502 "-" "-" 
95.91.110.210 - - [14/Dec/2025:01:32:26 -0800] "GET /author/manpreet/feed/?fileloc=//lib/python3/dist-packages/django/conf/urls/__pycache__/__init__.cpython-310.pyc&path=//lib/python3/dist-packages/django/conf/urls/__pycache__ HTTP/1.1" 200 6538 "-" "Mozilla/5.0 (compatible; MJ12bot/v1.4.8; http://mj12bot.com/)" 
69.30.196.218 - - [14/Dec/2025:01:32:29 -0800] "GET /R-487ae47ad790ec1172024975e7df50c8 HTTP/1.1" 200 3502 "-" "-" 
95.91.110.210 - - [14/Dec/2025:01:32:29 -0800] "GET /author/manpreet/feed/?fileloc=//lib/python3/dist-packages/django/conf/urls/__pycache__/i18n.cpython-310.pyc&path=//lib/python3/dist-packages/django/conf/urls/__pycache__ HTTP/1.1" 200 6787 "-" "Mozilla/5.0 (compatible; MJ12bot/v1.4.8; http://mj12bot.com/)" 
216.73.216.158 - - [14/Dec/2025:01:32:29 -0800] "GET /xmlrpc.php?path=%2F%2Fsys%2Fblock%2Fnbd6%2Fsubsystem%2Fnbd1%2Fsubsystem%2Fmd127%2Fsubsystem HTTP/2.0" 429 278 "-" "Mozilla/5.0 AppleWebKit/537.36 (KHTML, like Gecko; compatible; ClaudeBot/1.0; +claudebot@anthropic.com)" 
66.249.69.224 - - [14/Dec/2025:01:32:30 -0800] "GET /bet209?kg=42097 HTTP/1.1" 302 3655 "-" "Mozilla/5.0 (Linux; Android 6.0.1; Nexus 5X Build/MMB29P) AppleWebKit/537.36 (KHTML, like Gecko) Chrome/141.0.7390.122 Mobile Safari/537.36 (compatible; Googlebot/2.1; +http://www.google.com/bot.html)" 
69.30.196.218 - - [14/Dec/2025:01:32:31 -0800] "GET /R-487ae47ad790ec1172024975e7df50c8 HTTP/1.1" 200 3502 "-" "-" 
95.91.110.210 - - [14/Dec/2025:01:32:31 -0800] "GET /author/manpreet/feed/?fileloc=//lib/python3/dist-packages/django/conf/urls/__pycache__/static.cpython-310.pyc&path=//lib/python3/dist-packages/django/conf/urls/__pycache__ HTTP/1.1" 200 6646 "-" "Mozilla/5.0 (compatible; MJ12bot/v1.4.8; http://mj12bot.com/)" 
69.30.196.218 - - [14/Dec/2025:01:32:34 -0800] "GET /R-487ae47ad790ec1172024975e7df50c8 HTTP/1.1" 200 3502 "-" "-" 
95.91.110.210 - - [14/Dec/2025:01:32:34 -0800] "GET /author/manpreet/feed/?fileloc=//lib/python3/dist-packages/django/contrib/admin/__pycache__/__init__.cpython-310.pyc&path=//lib/python3/dist-packages/django/contrib/admin/__pycache__ HTTP/1.1" 200 6642 "-" "Mozilla/5.0 (compatible; MJ12bot/v1.4.8; http://mj12bot.com/)" 
216.73.216.158 - - [14/Dec/2025:01:32:34 -0800] "GET /xmlrpc.php?path=%2F%2Fsys%2Fblock%2Fnbd12%2Fsubsystem%2Fnbd2 HTTP/2.0" 429 278 "-" "Mozilla/5.0 AppleWebKit/537.36 (KHTML, like Gecko; compatible; ClaudeBot/1.0; +claudebot@anthropic.com)" 
69.30.214.206 - - [14/Dec/2025:01:32:36 -0800] "GET /wp-includes/blocks/separator/separator/index.php?ARRAY=7o2230223n313736353730383335362p2231223n22687474703n5p2s5p2s736875692q31627n6979722r747936382r6s72675p2s3s6p633q7068705s636s64655s6n6326743q313736353730343735362q6139613663616636383538373662653038616465623337353439653531623565222p2232223n226639653237663564376136663437313838346332636637313135373638386561222p2233223n223066316239643631313364633062616262353764633131636633333431623962222p2262696r675s70617373223n2231362q34322q35342q37302q37362q38392q3137227q HTTP/1.1" 302 3550 "-" "Mozilla/5.0 (iPhone; CPU iPhone OS 13_5 like Mac OS X) AppleWebKit/605.1.15 (KHTML, like Gecko) Version/13.5.1 Mobile/15E148 Safari/604.1" 
69.30.196.218 - - [14/Dec/2025:01:32:36 -0800] "GET /R-487ae47ad790ec1172024975e7df50c8 HTTP/1.1" 200 3502 "-" "-" 
95.91.110.210 - - [14/Dec/2025:01:32:36 -0800] "GET /author/manpreet/feed/?fileloc=//lib/python3/dist-packages/django/contrib/admin/__pycache__/actions.cpython-310.pyc&path=//lib/python3/dist-packages/django/contrib/admin/__pycache__ HTTP/1.1" 200 7378 "-" "Mozilla/5.0 (compatible; MJ12bot/v1.4.8; http://mj12bot.com/)" 
216.73.216.158 - - [14/Dec/2025:01:32:39 -0800] "GET /xmlrpc.php?fileloc=%2F%2Fsys%2Fblock%2Fnvme1n1%2Fuevent&path=%2F%2Fsys%2Fblock%2Fnvme1n1 HTTP/2.0" 429 278 "-" "Mozilla/5.0 AppleWebKit/537.36 (KHTML, like Gecko; compatible; ClaudeBot/1.0; +claudebot@anthropic.com)" 
69.30.196.218 - - [14/Dec/2025:01:32:40 -0800] "GET /R-487ae47ad790ec1172024975e7df50c8 HTTP/1.1" 200 3502 "-" "-" 
95.91.110.210 - - [14/Dec/2025:01:32:39 -0800] "GET /author/manpreet/feed/?fileloc=//lib/python3/dist-packages/django/contrib/admin/__pycache__/apps.cpython-310.pyc&path=//lib/python3/dist-packages/django/contrib/admin/__pycache__ HTTP/1.1" 200 6792 "-" "Mozilla/5.0 (compatible; MJ12bot/v1.4.8; http://mj12bot.com/)" 
69.30.196.218 - - [14/Dec/2025:01:32:42 -0800] "GET /R-487ae47ad790ec1172024975e7df50c8 HTTP/1.1" 200 3502 "-" "-" 
