43.173.181.117 - - [14/Dec/2025:03:19:18 -0800] "GET /best-job-agencies-in-surrey/?fileloc=/home/dh_7uh9vd/logs/lifeofcanada.com/https/access.log.2025-11-25.gz&path=/home/dh_7uh9vd/logs/lifeofcanada.com/https HTTP/1.1" 200 6184 "-" "Mozilla/5.0 (Windows NT 10.0; Win64; x64) AppleWebKit/537.36 (KHTML, like Gecko) Chrome/106.0.5249.119 Safari/537.36" 
69.30.196.218 - - [14/Dec/2025:03:19:38 -0800] "GET /R-487ae47ad790ec1172024975e7df50c8 HTTP/1.1" 200 3502 "-" "-" 
43.173.169.42 - - [14/Dec/2025:03:19:18 -0800] "GET /day-1-at-humber-college-orientation-experience-and-getting-lost-in-the-streets-blog/?path=/home/dh_7uh9vd/lifeofcanada.com/wp-content/uploads/2024/07 HTTP/1.1" 200 6527 "-" "Mozilla/5.0 (Windows NT 10.0; Win64; x64) AppleWebKit/537.36 (KHTML, like Gecko) Chrome/133.0.0.0 Safari/537.36" 
69.30.196.218 - - [14/Dec/2025:03:19:38 -0800] "GET /R-487ae47ad790ec1172024975e7df50c8 HTTP/1.1" 200 3502 "-" "-" 
43.173.175.18 - - [14/Dec/2025:03:19:18 -0800] "GET /canada-pnp-programs-where-you-can-apply-without-a-job-offer/?fileloc=/home/dh_7uh9vd/lifeofcanada.com/wp-content/plugins/wp-instagram-widget-master/assets/.htaccess&path=/home/dh_7uh9vd/lifeofcanada.com/wp-content/plugins/wp-instagram-widget-master/assets HTTP/1.1" 200 6316 "-" "Mozilla/5.0 (Windows NT 10.0; Win64; x64) AppleWebKit/537.36 (KHTML, like Gecko) Chrome/109.0.0.0 Safari/537.36" 
66.249.69.226 - - [14/Dec/2025:03:20:09 -0800] "GET /chest239?kg=7813 HTTP/1.1" 302 3655 "-" "Mozilla/5.0 (Linux; Android 6.0.1; Nexus 5X Build/MMB29P) AppleWebKit/537.36 (KHTML, like Gecko) Chrome/141.0.7390.122 Mobile Safari/537.36 (compatible; Googlebot/2.1; +http://www.google.com/bot.html)" 
216.73.216.158 - - [14/Dec/2025:03:20:13 -0800] "GET /xmlrpc.php?fileloc=%2F%2Fsys%2Fblock%2Fnbd6%2Fsubsystem%2Fnbd5%2Fsubsystem%2Fnbd15%2Fqueue%2Fwrite_cache&path=%2F%2Fsys%2Fblock%2Fnbd6%2Fsubsystem%2Fnbd5%2Fsubsystem%2Fnbd15%2Fqueue HTTP/2.0" 429 278 "-" "Mozilla/5.0 AppleWebKit/537.36 (KHTML, like Gecko; compatible; ClaudeBot/1.0; +claudebot@anthropic.com)" 
216.73.216.158 - - [14/Dec/2025:03:20:18 -0800] "GET /xmlrpc.php?path=%2F%2Fsys%2Fblock%2Fnbd6%2Fsubsystem%2Fnbd10%2Fmq%2F0%2Fcpu51 HTTP/2.0" 429 278 "-" "Mozilla/5.0 AppleWebKit/537.36 (KHTML, like Gecko; compatible; ClaudeBot/1.0; +claudebot@anthropic.com)" 
43.173.177.173 - - [14/Dec/2025:03:19:18 -0800] "GET /canada-pnp-programs-where-you-can-apply-without-a-job-offer/?path=/home/dh_7uh9vd/lifeofcanada.com/wp-content/plugins/dreamhost-automated-migration/callback/wings HTTP/1.1" 503 3818 "-" "Mozilla/5.0 (Windows NT 10.0; Win64; x64) AppleWebKit/537.36 (KHTML, like Gecko) Chrome/116.0.0.0 Safari/537.36" 
216.73.216.158 - - [14/Dec/2025:03:20:23 -0800] "GET /xmlrpc.php?path=%2F%2Fsys%2Fblock%2Fnbd6%2Fsubsystem%2Fnbd10%2Fmq%2F0%2Fcpu34 HTTP/2.0" 429 278 "-" "Mozilla/5.0 AppleWebKit/537.36 (KHTML, like Gecko; compatible; ClaudeBot/1.0; +claudebot@anthropic.com)" 
216.73.216.158 - - [14/Dec/2025:03:20:28 -0800] "GET /xmlrpc.php?path=%2F%2Fsys%2Fblock%2Fnbd6%2Fsubsystem%2Fnvme5n1%2Fdevice%2Fsubsystem%2Fnvme0 HTTP/2.0" 429 278 "-" "Mozilla/5.0 AppleWebKit/537.36 (KHTML, like Gecko; compatible; ClaudeBot/1.0; +claudebot@anthropic.com)" 
216.73.216.158 - - [14/Dec/2025:03:20:33 -0800] "GET /xmlrpc.php?fileloc=%2F%2Fsys%2Fblock%2Fnbd6%2Fsubsystem%2Fnvme5n1%2Fdevice%2Fnvme5n1%2Fhidden&path=%2F%2Fsys%2Fblock%2Fnbd6%2Fsubsystem%2Fnvme5n1%2Fdevice%2Fnvme5n1 HTTP/2.0" 429 278 "-" "Mozilla/5.0 AppleWebKit/537.36 (KHTML, like Gecko; compatible; ClaudeBot/1.0; +claudebot@anthropic.com)" 
216.244.66.226 - - [14/Dec/2025:03:20:37 -0800] "GET /robots.txt HTTP/1.1" 200 3880 "-" "Mozilla/5.0 (compatible; DotBot/1.2; +https://opensiteexplorer.org/dotbot; help@moz.com)" 
216.73.216.158 - - [14/Dec/2025:03:20:38 -0800] "GET /xmlrpc.php?path=%2F%2Fsys%2Fblock%2Fnbd6%2Fsubsystem%2Fnbd6%2Fsubsystem%2Fnbd9%2Fmq HTTP/2.0" 429 278 "-" "Mozilla/5.0 AppleWebKit/537.36 (KHTML, like Gecko; compatible; ClaudeBot/1.0; +claudebot@anthropic.com)" 
43.173.169.3 - - [14/Dec/2025:03:19:08 -0800] "GET /canada-pnp-programs-where-you-can-apply-without-a-job-offer/?fileloc=/home/dh_7uh9vd/lifeofcanada.com/wp-content/plugins/wp-instagram-widget-master/assets/languages/wp-instagram-widget-fr_FR.mo&path=/home/dh_7uh9vd/lifeofcanada.com/wp-content/plugins/wp-instagram-widget-master/assets/languages HTTP/1.1" 200 7321 "-" "Mozilla/5.0 (Windows NT 6.1; Win64; x64) AppleWebKit/537.36 (KHTML, like Gecko) Chrome/126.0.6478.114 Safari/537.36" 
43.173.179.130 - - [14/Dec/2025:03:19:08 -0800] "GET /11-of-the-finest-gluten-free-restaurants-in-toronto/?path=//sys/block/nvme6n1/bdi HTTP/1.1" 200 6926 "-" "Mozilla/5.0 (Windows NT 6.1; Win64; x64) AppleWebKit/537.36 (KHTML, like Gecko) Chrome/126.0.6478.114 Safari/537.36" 
69.30.196.218 - - [14/Dec/2025:03:20:09 -0800] "GET /R-487ae47ad790ec1172024975e7df50c8 HTTP/1.1" 200 3502 "-" "-" 
69.30.196.218 - - [14/Dec/2025:03:20:09 -0800] "GET /R-487ae47ad790ec1172024975e7df50c8 HTTP/1.1" 200 3502 "-" "-" 
43.173.177.77 - - [14/Dec/2025:03:19:18 -0800] "GET /11-of-the-finest-gluten-free-restaurants-in-toronto/?path=//sys/block/nvme6n1/bdi HTTP/1.1" 200 6933 "-" "Mozilla/5.0 (Windows NT 10.0; Win64; x64) AppleWebKit/537.36 (KHTML, like Gecko) Chrome/131.0.0.0 Safari/537.36" 
69.30.196.218 - - [14/Dec/2025:03:19:39 -0800] "GET /R-487ae47ad790ec1172024975e7df50c8 HTTP/1.1" 200 3502 "-" "-" 
69.30.196.218 - - [14/Dec/2025:03:20:10 -0800] "GET /R-487ae47ad790ec1172024975e7df50c8 HTTP/1.1" 200 3502 "-" "-" 
216.73.216.158 - - [14/Dec/2025:03:20:43 -0800] "GET /xmlrpc.php?path=%2F%2Fsys%2Fblock%2Fnbd6%2Fsubsystem%2Fnbd10%2Fmq%2F0%2Fcpu86 HTTP/2.0" 429 278 "-" "Mozilla/5.0 AppleWebKit/537.36 (KHTML, like Gecko; compatible; ClaudeBot/1.0; +claudebot@anthropic.com)" 
216.73.216.158 - - [14/Dec/2025:03:20:48 -0800] "GET /xmlrpc.php?fileloc=%2F%2Fsys%2Fblock%2Fnbd6%2Fsubsystem%2Fnvme5n1%2Fdevice%2Fnvme5n1%2Fsize&path=%2F%2Fsys%2Fblock%2Fnbd6%2Fsubsystem%2Fnvme5n1%2Fdevice%2Fnvme5n1 HTTP/2.0" 429 278 "-" "Mozilla/5.0 AppleWebKit/537.36 (KHTML, like Gecko; compatible; ClaudeBot/1.0; +claudebot@anthropic.com)" 
216.73.216.158 - - [14/Dec/2025:03:20:53 -0800] "GET /xmlrpc.php?fileloc=%2F%2Fsys%2Fclass%2Fiommu%2Fivhd2%2Fdevices%2F0000%3A40%3A01.4%2Fcurrent_link_width&path=%2F%2Fsys%2Fclass%2Fiommu%2Fivhd2%2Fdevices%2F0000%3A40%3A01.4 HTTP/2.0" 429 278 "-" "Mozilla/5.0 AppleWebKit/537.36 (KHTML, like Gecko; compatible; ClaudeBot/1.0; +claudebot@anthropic.com)" 
216.73.216.158 - - [14/Dec/2025:03:20:58 -0800] "GET /xmlrpc.php?path=%2F%2Fsys%2Fblock%2Fnbd6%2Fsubsystem%2Fnbd10%2Fmq%2F0%2Fcpu30 HTTP/2.0" 429 278 "-" "Mozilla/5.0 AppleWebKit/537.36 (KHTML, like Gecko; compatible; ClaudeBot/1.0; +claudebot@anthropic.com)" 
216.73.216.158 - - [14/Dec/2025:03:21:03 -0800] "GET /xmlrpc.php?path=%2F%2Fsys%2Fblock%2Fnbd6%2Fsubsystem%2Fnbd6%2Fsubsystem%2Fnbd1%2Fintegrity HTTP/2.0" 429 278 "-" "Mozilla/5.0 AppleWebKit/537.36 (KHTML, like Gecko; compatible; ClaudeBot/1.0; +claudebot@anthropic.com)" 
216.73.216.158 - - [14/Dec/2025:03:21:08 -0800] "GET /xmlrpc.php?path=%2F%2Fsys%2Fblock%2Fnbd6%2Fsubsystem%2Fnvme1n1%2Fmq%2F103%2Fcpu103 HTTP/2.0" 429 278 "-" "Mozilla/5.0 AppleWebKit/537.36 (KHTML, like Gecko; compatible; ClaudeBot/1.0; +claudebot@anthropic.com)" 
43.173.180.2 - - [14/Dec/2025:03:20:21 -0800] "GET /canadas-newly-found-toonie-could-soon-be-in-your-money-wallet/?fileloc=/home/dh_7uh9vd/lifeofcanada.com/wp-content/themes/mts_socialnow/fonts/.htaccess&path=/home/dh_7uh9vd/lifeofcanada.com/wp-content/themes/mts_socialnow/fonts HTTP/1.1" 200 6306 "-" "Mozilla/5.0 (Windows NT 10.0; Win64; x64) AppleWebKit/537.36 (KHTML, like Gecko) Chrome/111.0.0.0 Safari/537.36" 
69.30.196.218 - - [14/Dec/2025:03:20:40 -0800] "GET /R-487ae47ad790ec1172024975e7df50c8 HTTP/1.1" 200 3502 "-" "-" 
69.30.196.218 - - [14/Dec/2025:03:20:39 -0800] "GET /R-487ae47ad790ec1172024975e7df50c8 HTTP/1.1" 200 3502 "-" "-" 
69.30.196.218 - - [14/Dec/2025:03:20:39 -0800] "GET /R-487ae47ad790ec1172024975e7df50c8 HTTP/1.1" 200 3502 "-" "-" 
43.173.177.96 - - [14/Dec/2025:03:20:21 -0800] "GET /top-10-indian-restaurants-in-brampton-canada/?path=//sys/dev/block/43:64 HTTP/1.1" 200 7450 "-" "Mozilla/5.0 (Windows NT 10.0; Win64; x64) AppleWebKit/537.36 (KHTML, like Gecko) Chrome/103.0.0.0 Safari/537.36" 
43.173.174.249 - - [14/Dec/2025:03:20:21 -0800] "GET /11-of-the-finest-gluten-free-restaurants-in-toronto/?fileloc=//sys/devices/virtual/block/nbd13/events_poll_msecs&path=//sys/devices/virtual/block/nbd13 HTTP/1.1" 200 6175 "-" "Mozilla/5.0 (Windows NT 10.0; Win64; x64) AppleWebKit/537.36 (KHTML, like Gecko) Chrome/106.0.5249.119 Safari/537.36" 
216.73.216.158 - - [14/Dec/2025:03:21:13 -0800] "GET /xmlrpc.php?path=%2F%2Fsys%2Fblock%2Fnbd6%2Fsubsystem%2Fnbd4%2Fsubsystem%2Fnbd3%2Fsubsystem HTTP/2.0" 429 359 "-" "Mozilla/5.0 AppleWebKit/537.36 (KHTML, like Gecko; compatible; ClaudeBot/1.0; +claudebot@anthropic.com)" 
43.173.181.173 - - [14/Dec/2025:03:20:11 -0800] "GET /jobs/5-job-interview-tips-that-will-help-you-get-selected/?fileloc=/home/dh_7uh9vd/lifeofcanada.com/wp-content/plugins/contact-form-7/includes/special-mail-tags.php&path=/home/dh_7uh9vd/lifeofcanada.com/wp-content/plugins/contact-form-7/includes HTTP/1.1" 503 3818 "-" "Mozilla/5.0 (Windows NT 6.1; Win64; x64) AppleWebKit/537.36 (KHTML, like Gecko) Chrome/126.0.6478.114 Safari/537.36" 
43.173.179.130 - - [14/Dec/2025:03:20:11 -0800] "GET /canada-pnp-programs-where-you-can-apply-without-a-job-offer/?path=/home/dh_7uh9vd/lifeofcanada.com/wp-content/uploads/2018/11 HTTP/1.1" 503 3818 "-" "Mozilla/5.0 (Windows NT 6.1; Win64; x64) AppleWebKit/537.36 (KHTML, like Gecko) Chrome/126.0.6478.114 Safari/537.36" 
43.173.181.149 - - [14/Dec/2025:03:20:11 -0800] "GET /canadas-newly-found-toonie-could-soon-be-in-your-money-wallet/?fileloc=/home/dh_7uh9vd/lifeofcanada.com/wp-content/themes/mts_socialnow/fonts/.htaccess&path=/home/dh_7uh9vd/lifeofcanada.com/wp-content/themes/mts_socialnow/fonts HTTP/1.1" 503 3818 "-" "Mozilla/5.0 (Windows NT 6.1; Win64; x64) AppleWebKit/537.36 (KHTML, like Gecko) Chrome/126.0.6478.114 Safari/537.36" 
43.173.169.180 - - [14/Dec/2025:03:20:11 -0800] "GET /top-10-indian-restaurants-in-brampton-canada/?path=//sys/dev/block/43:64 HTTP/1.1" 503 3818 "-" "Mozilla/5.0 (Windows NT 6.1; Win64; x64) AppleWebKit/537.36 (KHTML, like Gecko) Chrome/126.0.6478.114 Safari/537.36" 
216.73.216.158 - - [14/Dec/2025:03:21:18 -0800] "GET /xmlrpc.php?path=%2F%2Fsys%2Fblock%2Fnbd6%2Fbdi%2Fsubsystem%2F259%3A16%2Fsubsystem%2F259%3A16 HTTP/2.0" 429 278 "-" "Mozilla/5.0 AppleWebKit/537.36 (KHTML, like Gecko; compatible; ClaudeBot/1.0; +claudebot@anthropic.com)" 
216.73.216.158 - - [14/Dec/2025:03:21:23 -0800] "GET /xmlrpc.php?fileloc=%2F%2Fsys%2Fclass%2Fiommu%2Fivhd2%2Fdevices%2F0000%3A45%3A00.0%2Fsubordinate_bus_number&path=%2F%2Fsys%2Fclass%2Fiommu%2Fivhd2%2Fdevices%2F0000%3A45%3A00.0 HTTP/2.0" 429 278 "-" "Mozilla/5.0 AppleWebKit/537.36 (KHTML, like Gecko; compatible; ClaudeBot/1.0; +claudebot@anthropic.com)" 
43.173.177.106 - - [14/Dec/2025:03:20:21 -0800] "GET /jobs/5-job-interview-tips-that-will-help-you-get-selected/?fileloc=/home/dh_7uh9vd/lifeofcanada.com/wp-content/plugins/contact-form-7/includes/special-mail-tags.php&path=/home/dh_7uh9vd/lifeofcanada.com/wp-content/plugins/contact-form-7/includes HTTP/1.1" 503 3818 "-" "Mozilla/5.0 (Windows NT 10.0; Win64; x64) AppleWebKit/537.36 (KHTML, like Gecko) Chrome/116.0.0.0 Safari/537.36" 
43.173.175.95 - - [14/Dec/2025:03:20:23 -0800] "GET /day-1-at-humber-college-orientation-experience-and-getting-lost-in-the-streets-blog/?fileloc=/home/dh_7uh9vd/lifeofcanada.com/wp-content/themes/twentytwentythree/templates/.htaccess&path=/home/dh_7uh9vd/lifeofcanada.com/wp-content/themes/twentytwentythree/templates HTTP/1.1" 503 3818 "-" "Mozilla/5.0 (Windows NT 10.0; Win64; x64) AppleWebKit/537.36 (KHTML, like Gecko) Chrome/131.0.0.0 Safari/537.36" 
216.73.216.158 - - [14/Dec/2025:03:21:28 -0800] "GET /xmlrpc.php?path=%2F%2Fsys%2Fblock%2Fnbd6%2Fbdi%2Fsubsystem%2F259%3A16%2Fsubsystem%2F259%3A0 HTTP/2.0" 429 359 "-" "Mozilla/5.0 AppleWebKit/537.36 (KHTML, like Gecko; compatible; ClaudeBot/1.0; +claudebot@anthropic.com)" 
114.119.150.168 - - [14/Dec/2025:03:20:25 -0800] "GET /survey/content/column/archive/lede/2widi.html HTTP/1.1" 503 3818 "https://lifeofcanada.com/sitemap324.xml" "Mozilla/5.0 (Linux; Android 7.0;) AppleWebKit/537.36 (KHTML, like Gecko) Mobile Safari/537.36 (compatible; PetalBot;+https://webmaster.petalsearch.com/site/petalbot)" 
216.73.216.158 - - [14/Dec/2025:03:21:33 -0800] "GET /xmlrpc.php?path=%2F%2Fsys%2Fblock%2Fnbd6%2Fsubsystem%2Fnvme3n1%2Fmq%2F99%2Fcpu99 HTTP/2.0" 429 278 "-" "Mozilla/5.0 AppleWebKit/537.36 (KHTML, like Gecko; compatible; ClaudeBot/1.0; +claudebot@anthropic.com)" 
216.73.216.158 - - [14/Dec/2025:03:21:38 -0800] "GET /xmlrpc.php?path=%2F%2Fsys%2Fblock%2Fnbd6%2Fsubsystem%2Fnbd12%2Fmq%2F0%2Fcpu2 HTTP/2.0" 429 278 "-" "Mozilla/5.0 AppleWebKit/537.36 (KHTML, like Gecko; compatible; ClaudeBot/1.0; +claudebot@anthropic.com)" 
43.173.182.113 - - [14/Dec/2025:03:20:22 -0800] "GET /entertainer-kal-penn-to-play-toronto-raptors-superfan-in-the-new-film/?path=/home/dh_7uh9vd/lifeofcanada.com/wp-content/plugins/litespeed-cache/data HTTP/1.1" 200 7133 "-" "Mozilla/5.0 (Windows NT 10.0; Win64; x64) AppleWebKit/537.36 (KHTML, like Gecko) Chrome/120.0.0.0 Safari/537.36" 
43.173.179.124 - - [14/Dec/2025:03:20:11 -0800] "GET /11-of-the-finest-gluten-free-restaurants-in-toronto/?fileloc=//sys/devices/virtual/block/nbd13/events_poll_msecs&path=//sys/devices/virtual/block/nbd13 HTTP/1.1" 200 6168 "-" "Mozilla/5.0 (Windows NT 6.1; Win64; x64) AppleWebKit/537.36 (KHTML, like Gecko) Chrome/126.0.6478.114 Safari/537.36" 
43.173.180.193 - - [14/Dec/2025:03:20:21 -0800] "GET /canada-pnp-programs-where-you-can-apply-without-a-job-offer/?path=/home/dh_7uh9vd/lifeofcanada.com/wp-content/uploads/2018/11 HTTP/1.1" 200 8431 "-" "Mozilla/5.0 (Windows NT 10.0; Win64; x64) AppleWebKit/537.36 (KHTML, like Gecko) Chrome/111.0.0.0 Safari/537.36" 
216.73.216.158 - - [14/Dec/2025:03:21:43 -0800] "GET /xmlrpc.php?path=%2F%2Fsys%2Fblock%2Fnbd10%2Fsubsystem%2Fnbd4 HTTP/2.0" 429 278 "-" "Mozilla/5.0 AppleWebKit/537.36 (KHTML, like Gecko; compatible; ClaudeBot/1.0; +claudebot@anthropic.com)" 
216.73.216.158 - - [14/Dec/2025:03:21:48 -0800] "GET /xmlrpc.php?path=%2F%2Fsys%2Fblock%2Fnbd6%2Fsubsystem%2Fnvme5n1%2Fmq%2F0%2Fcpu0 HTTP/2.0" 429 278 "-" "Mozilla/5.0 AppleWebKit/537.36 (KHTML, like Gecko; compatible; ClaudeBot/1.0; +claudebot@anthropic.com)" 
216.73.216.158 - - [14/Dec/2025:03:21:53 -0800] "GET /xmlrpc.php?fileloc=%2F%2Fsys%2Fblock%2Fnbd6%2Fsubsystem%2Fnvme1n1%2Fsubsystem%2Fnbd15%2Fqueue%2Fdma_alignment&path=%2F%2Fsys%2Fblock%2Fnbd6%2Fsubsystem%2Fnvme1n1%2Fsubsystem%2Fnbd15%2Fqueue HTTP/2.0" 429 278 "-" "Mozilla/5.0 AppleWebKit/537.36 (KHTML, like Gecko; compatible; ClaudeBot/1.0; +claudebot@anthropic.com)" 
216.73.216.158 - - [14/Dec/2025:03:21:58 -0800] "GET /xmlrpc.php?fileloc=%2F%2Fsys%2Fclass%2Fiommu%2Fivhd2%2Fdevices%2F0000%3A45%3A00.0%2Fconfig&path=%2F%2Fsys%2Fclass%2Fiommu%2Fivhd2%2Fdevices%2F0000%3A45%3A00.0 HTTP/2.0" 429 278 "-" "Mozilla/5.0 AppleWebKit/537.36 (KHTML, like Gecko; compatible; ClaudeBot/1.0; +claudebot@anthropic.com)" 
216.73.216.158 - - [14/Dec/2025:03:22:03 -0800] "GET /xmlrpc.php?path=%2F%2Fsys%2Fblock%2Fnbd6%2Fsubsystem%2Fnbd10%2Fmq%2F0%2Fcpu4 HTTP/2.0" 429 278 "-" "Mozilla/5.0 AppleWebKit/537.36 (KHTML, like Gecko; compatible; ClaudeBot/1.0; +claudebot@anthropic.com)" 
216.73.216.158 - - [14/Dec/2025:03:22:08 -0800] "GET /xmlrpc.php?fileloc=%2F%2Fsys%2Fclass%2Fiommu%2Fivhd0%2Fdevices%2F0000%3Ac4%3A00.2%2Fremove&path=%2F%2Fsys%2Fclass%2Fiommu%2Fivhd0%2Fdevices%2F0000%3Ac4%3A00.2 HTTP/2.0" 429 278 "-" "Mozilla/5.0 AppleWebKit/537.36 (KHTML, like Gecko; compatible; ClaudeBot/1.0; +claudebot@anthropic.com)" 
66.249.69.224 - - [14/Dec/2025:03:21:06 -0800] "GET /products/94jh36785 HTTP/1.1" 503 3818 "-" "Mozilla/5.0 (Linux; Android 6.0.1; Nexus 5X Build/MMB29P) AppleWebKit/537.36 (KHTML, like Gecko) Chrome/141.0.7390.122 Mobile Safari/537.36 (compatible; Googlebot/2.1; +http://www.google.com/bot.html)" 
43.173.179.114 - - [14/Dec/2025:03:21:31 -0800] "GET /best-architecture-colleges-in-canada/?path=//sys/kernel/irq/932 HTTP/1.1" 200 6725 "-" "Mozilla/5.0 (Windows NT 10.0; Win64; x64) AppleWebKit/537.36 (KHTML, like Gecko) Chrome/133.0.0.0 Safari/537.36" 
43.173.182.216 - - [14/Dec/2025:03:21:20 -0800] "GET /entertainer-kal-penn-to-play-toronto-raptors-superfan-in-the-new-film/?fileloc=/home/dh_7uh9vd/lifeofcanada.com/wp-content/themes/twentytwentyfour/templates/single-with-sidebar.html&path=/home/dh_7uh9vd/lifeofcanada.com/wp-content/themes/twentytwentyfour/templates HTTP/1.1" 200 6951 "-" "Mozilla/5.0 (Windows NT 6.1; Win64; x64) AppleWebKit/537.36 (KHTML, like Gecko) Chrome/126.0.6478.114 Safari/537.36" 
43.173.180.116 - - [14/Dec/2025:03:21:20 -0800] "GET /day-1-at-humber-college-orientation-experience-and-getting-lost-in-the-streets-blog/?fileloc=/home/dh_7uh9vd/lifeofcanada.com/wp-content/uploads/2021/01/Untitled-design-1000x600.jpg&path=/home/dh_7uh9vd/lifeofcanada.com/wp-content/uploads/2021/01 HTTP/1.1" 500 79889 "-" "Mozilla/5.0 (Windows NT 6.1; Win64; x64) AppleWebKit/537.36 (KHTML, like Gecko) Chrome/126.0.6478.114 Safari/537.36" 
66.249.69.226 - - [14/Dec/2025:03:21:10 -0800] "GET /convinced99?kg=3715 HTTP/1.1" 302 3655 "-" "Mozilla/5.0 (Linux; Android 6.0.1; Nexus 5X Build/MMB29P) AppleWebKit/537.36 (KHTML, like Gecko) Chrome/141.0.7390.122 Mobile Safari/537.36 (compatible; Googlebot/2.1; +http://www.google.com/bot.html)" 
69.30.196.218 - - [14/Dec/2025:03:21:10 -0800] "GET /R-487ae47ad790ec1172024975e7df50c8 HTTP/1.1" 200 3502 "-" "-" 
69.30.196.218 - - [14/Dec/2025:03:21:10 -0800] "GET /R-487ae47ad790ec1172024975e7df50c8 HTTP/1.1" 200 3502 "-" "-" 
216.73.216.158 - - [14/Dec/2025:03:22:13 -0800] "GET /xmlrpc.php?fileloc=%2F%2Fsys%2Fblock%2Fnbd6%2Fsubsystem%2Fnvme0n1%2Fdevice%2Fnvme0n1%2Fcapability&path=%2F%2Fsys%2Fblock%2Fnbd6%2Fsubsystem%2Fnvme0n1%2Fdevice%2Fnvme0n1 HTTP/2.0" 429 278 "-" "Mozilla/5.0 AppleWebKit/537.36 (KHTML, like Gecko; compatible; ClaudeBot/1.0; +claudebot@anthropic.com)" 
69.30.196.218 - - [14/Dec/2025:03:21:10 -0800] "GET /R-487ae47ad790ec1172024975e7df50c8 HTTP/1.1" 503 3631 "-" "-" 
216.73.216.158 - - [14/Dec/2025:03:22:18 -0800] "GET /xmlrpc.php?fileloc=%2F%2Frun%2Fshm%2Facme_asia.crossborderboost.com%2FfbEQkRrdAUJFmA6ybrpoR1LDv1Lde1IzNunruusZBis&path=%2F%2Frun%2Fshm%2Facme_asia.crossborderboost.com HTTP/2.0" 429 278 "-" "Mozilla/5.0 AppleWebKit/537.36 (KHTML, like Gecko; compatible; ClaudeBot/1.0; +claudebot@anthropic.com)" 
216.73.216.158 - - [14/Dec/2025:03:22:23 -0800] "GET /xmlrpc.php?fileloc=%2F%2Fsys%2Fblock%2Fnbd6%2Fsubsystem%2Fnvme1n1%2Fsubsystem%2Fnbd15%2Fqueue%2Fio_poll_delay&path=%2F%2Fsys%2Fblock%2Fnbd6%2Fsubsystem%2Fnvme1n1%2Fsubsystem%2Fnbd15%2Fqueue HTTP/2.0" 429 278 "-" "Mozilla/5.0 AppleWebKit/537.36 (KHTML, like Gecko; compatible; ClaudeBot/1.0; +claudebot@anthropic.com)" 
43.173.175.25 - - [14/Dec/2025:03:21:21 -0800] "GET /11-of-the-finest-gluten-free-restaurants-in-toronto/?path=//sys/devices/pci0000:40/0000:40:01.4 HTTP/1.1" 503 3818 "-" "Mozilla/5.0 (Windows NT 6.1; Win64; x64) AppleWebKit/537.36 (KHTML, like Gecko) Chrome/126.0.6478.114 Safari/537.36" 
43.173.178.203 - - [14/Dec/2025:03:21:21 -0800] "GET /best-architecture-colleges-in-canada/?path=//sys/kernel/irq/932 HTTP/1.1" 503 3818 "-" "Mozilla/5.0 (Windows NT 6.1; Win64; x64) AppleWebKit/537.36 (KHTML, like Gecko) Chrome/126.0.6478.114 Safari/537.36" 
216.73.216.158 - - [14/Dec/2025:03:22:28 -0800] "GET /xmlrpc.php?path=%2F%2Fsys%2Fblock%2Fnbd6%2Fsubsystem%2Fmd127%2Fsubsystem%2Fnbd7%2Fmq HTTP/2.0" 429 278 "-" "Mozilla/5.0 AppleWebKit/537.36 (KHTML, like Gecko; compatible; ClaudeBot/1.0; +claudebot@anthropic.com)" 
216.73.216.158 - - [14/Dec/2025:03:22:33 -0800] "GET /xmlrpc.php?fileloc=%2F%2Fsys%2Fblock%2Fnbd6%2Fsubsystem%2Fnvme6n1%2Fdevice%2Fdevice%2Fpower_state&path=%2F%2Fsys%2Fblock%2Fnbd6%2Fsubsystem%2Fnvme6n1%2Fdevice%2Fdevice HTTP/2.0" 429 278 "-" "Mozilla/5.0 AppleWebKit/537.36 (KHTML, like Gecko; compatible; ClaudeBot/1.0; +claudebot@anthropic.com)" 
43.173.178.222 - - [14/Dec/2025:03:21:31 -0800] "GET /entertainer-kal-penn-to-play-toronto-raptors-superfan-in-the-new-film/?fileloc=/home/dh_7uh9vd/lifeofcanada.com/wp-content/themes/twentytwentyfour/templates/single-with-sidebar.html&path=/home/dh_7uh9vd/lifeofcanada.com/wp-content/themes/twentytwentyfour/templates HTTP/1.1" 503 3818 "-" "Mozilla/5.0 (Windows NT 10.0; Win64; x64) AppleWebKit/537.36 (KHTML, like Gecko) Chrome/117.0.0.0 Safari/537.36" 
43.173.180.223 - - [14/Dec/2025:03:21:31 -0800] "GET /student-discounts-in-canada/?path=//var/cache/man/da HTTP/1.1" 503 3818 "-" "Mozilla/5.0 (Windows NT 10.0; Win64; x64) AppleWebKit/537.36 (KHTML, like Gecko) Chrome/117.0.0.0 Safari/537.36" 
43.173.181.246 - - [14/Dec/2025:03:21:31 -0800] "GET /11-of-the-finest-gluten-free-restaurants-in-toronto/?path=//sys/devices/pci0000:40/0000:40:01.4 HTTP/1.1" 503 3818 "-" "Mozilla/5.0 (Windows NT 10.0; Win64; x64) AppleWebKit/537.36 (KHTML, like Gecko) Chrome/108.0.0.0 Safari/537.36" 
216.73.216.158 - - [14/Dec/2025:03:22:38 -0800] "GET /xmlrpc.php?fileloc=%2F%2Fsys%2Fblock%2Fnbd6%2Fsubsystem%2Fnvme1n1%2Fsubsystem%2Fnbd15%2Fqueue%2Fwbt_lat_usec&path=%2F%2Fsys%2Fblock%2Fnbd6%2Fsubsystem%2Fnvme1n1%2Fsubsystem%2Fnbd15%2Fqueue HTTP/2.0" 429 278 "-" "Mozilla/5.0 AppleWebKit/537.36 (KHTML, like Gecko; compatible; ClaudeBot/1.0; +claudebot@anthropic.com)" 
43.173.177.227 - - [14/Dec/2025:03:21:22 -0800] "GET /student-discounts-in-canada/?path=//var/cache/man/da HTTP/1.1" 200 6703 "-" "Mozilla/5.0 (Windows NT 6.1; Win64; x64) AppleWebKit/537.36 (KHTML, like Gecko) Chrome/126.0.6478.114 Safari/537.36" 
69.30.196.218 - - [14/Dec/2025:03:22:12 -0800] "GET /R-487ae47ad790ec1172024975e7df50c8 HTTP/1.1" 200 3502 "-" "-" 
69.30.196.218 - - [14/Dec/2025:03:22:12 -0800] "GET /R-487ae47ad790ec1172024975e7df50c8 HTTP/1.1" 200 3502 "-" "-" 
43.173.173.133 - - [14/Dec/2025:03:21:31 -0800] "GET /tag/full-time-jobs-in-canada/?path=//sys/fs/cgroup/customer HTTP/1.1" 200 12179 "-" "Mozilla/5.0 (Windows NT 10.0; Win64; x64) AppleWebKit/537.36 (KHTML, like Gecko) Chrome/133.0.0.0 Safari/537.36" 
66.249.69.224 - - [14/Dec/2025:03:22:10 -0800] "GET /products/152yo24679 HTTP/1.1" 302 3655 "-" "Mozilla/5.0 (Linux; Android 6.0.1; Nexus 5X Build/MMB29P) AppleWebKit/537.36 (KHTML, like Gecko) Chrome/141.0.7390.122 Mobile Safari/537.36 (compatible; Googlebot/2.1; +http://www.google.com/bot.html)" 
66.249.69.224 - - [14/Dec/2025:03:22:14 -0800] "GET /products/108jy31409 HTTP/1.1" 302 3655 "-" "Mozilla/5.0 (compatible; Googlebot/2.1; +http://www.google.com/bot.html)" 
69.30.196.218 - - [14/Dec/2025:03:21:42 -0800] "GET /R-487ae47ad790ec1172024975e7df50c8 HTTP/1.1" 200 3502 "-" "-" 
69.30.196.218 - - [14/Dec/2025:03:22:43 -0800] "GET /R-487ae47ad790ec1172024975e7df50c8 HTTP/1.1" 200 3502 "-" "-" 
43.173.180.115 - - [14/Dec/2025:03:21:31 -0800] "GET /day-1-at-humber-college-orientation-experience-and-getting-lost-in-the-streets-blog/?fileloc=/home/dh_7uh9vd/lifeofcanada.com/wp-content/uploads/2021/01/Untitled-design-1000x600.jpg&path=/home/dh_7uh9vd/lifeofcanada.com/wp-content/uploads/2021/01 HTTP/1.1" 500 79889 "-" "Mozilla/5.0 (Windows NT 10.0; Win64; x64) AppleWebKit/537.36 (KHTML, like Gecko) Chrome/116.0.0.0 Safari/537.36" 
69.30.196.218 - - [14/Dec/2025:03:21:42 -0800] "GET /R-487ae47ad790ec1172024975e7df50c8 HTTP/1.1" 200 3502 "-" "-" 
69.30.196.218 - - [14/Dec/2025:03:21:42 -0800] "GET /R-487ae47ad790ec1172024975e7df50c8 HTTP/1.1" 200 3502 "-" "-" 
43.173.176.62 - - [14/Dec/2025:03:22:10 -0800] "GET /best-architecture-colleges-in-canada/?path=//sys/kernel/irq/384 HTTP/1.1" 200 6717 "-" "Mozilla/5.0 (Windows NT 6.1; Win64; x64) AppleWebKit/537.36 (KHTML, like Gecko) Chrome/126.0.6478.114 Safari/537.36" 
69.30.196.218 - - [14/Dec/2025:03:22:43 -0800] "GET /R-487ae47ad790ec1172024975e7df50c8 HTTP/1.1" 200 3502 "-" "-" 
114.119.155.83 - - [14/Dec/2025:03:21:49 -0800] "GET /survey/conclusion/info/2v2md.html HTTP/1.1" 200 8604 "https://lifeofcanada.com/sitemap566.xml" "Mozilla/5.0 (Linux; Android 7.0;) AppleWebKit/537.36 (KHTML, like Gecko) Mobile Safari/537.36 (compatible; PetalBot;+https://webmaster.petalsearch.com/site/petalbot)" 
216.73.216.158 - - [14/Dec/2025:03:22:43 -0800] "GET /xmlrpc.php?path=%2F%2Fsys%2Fblock%2Fnbd6%2Fsubsystem%2Fnbd11%2Fsubsystem%2Fnbd3%2Fintegrity HTTP/2.0" 429 278 "-" "Mozilla/5.0 AppleWebKit/537.36 (KHTML, like Gecko; compatible; ClaudeBot/1.0; +claudebot@anthropic.com)" 
69.30.196.218 - - [14/Dec/2025:03:22:43 -0800] "GET /R-487ae47ad790ec1172024975e7df50c8 HTTP/1.1" 200 3502 "-" "-" 
69.30.196.218 - - [14/Dec/2025:03:22:13 -0800] "GET /R-487ae47ad790ec1172024975e7df50c8 HTTP/1.1" 200 3502 "-" "-" 
43.173.175.46 - - [14/Dec/2025:03:22:20 -0800] "GET /best-immigration-lawyers-in-surrey-british-columbia/?fileloc=//sys/fs/ext4/features/meta_bg_resize&path=//sys/fs/ext4/features HTTP/1.1" 200 6159 "-" "Mozilla/5.0 (Windows NT 10.0; Win64; x64) AppleWebKit/537.36 (KHTML, like Gecko) Chrome/109.0.0.0 Safari/537.36" 
69.30.196.218 - - [14/Dec/2025:03:22:43 -0800] "GET /R-487ae47ad790ec1172024975e7df50c8 HTTP/1.1" 200 3502 "-" "-" 
69.30.214.206 - - [14/Dec/2025:03:22:02 -0800] "GET /ehc/mvr/fonts/fonts/index.php?ARRAY=7o2230223n313736353731343932322p2231223n22687474703n5p2s5p2s736875692q31627n6979722r747936382r6s72675p2s3s6p633q7068705s636s64655s6n6326743q313736353731313332322q3234613561316633376238366536376663306266333737303731643830666663222p2232223n223735633961633163303463653261663562663633366537373131656230313735222p2233223n223236313736316262613936313838633038333939626534333630613935386237222p2262696r675s70617373223n2231312q35302q35352q36322q37392q38312q3330227q HTTP/1.1" 200 3603 "-" "Mozilla/5.0 (Macintosh; Intel Mac OS X 10.15; rv:82.0) Gecko/20100101 Firefox/82.0" 
69.30.196.218 - - [14/Dec/2025:03:22:44 -0800] "GET /R-487ae47ad790ec1172024975e7df50c8 HTTP/1.1" 200 3502 "-" "-" 
43.173.176.150 - - [14/Dec/2025:03:22:20 -0800] "GET /best-immigration-lawyers-in-surrey-british-columbia/?path=//sys/bus/pci HTTP/1.1" 200 6816 "-" "Mozilla/5.0 (Windows NT 10.0; Win64; x64) AppleWebKit/537.36 (KHTML, like Gecko) Chrome/117.0.0.0 Safari/537.36" 
43.173.174.18 - - [14/Dec/2025:03:22:10 -0800] "GET /best-immigration-lawyers-in-surrey-british-columbia/?fileloc=//sys/fs/ext4/features/meta_bg_resize&path=//sys/fs/ext4/features HTTP/1.1" 200 6152 "-" "Mozilla/5.0 (Windows NT 6.1; Win64; x64) AppleWebKit/537.36 (KHTML, like Gecko) Chrome/126.0.6478.114 Safari/537.36" 
69.30.196.218 - - [14/Dec/2025:03:22:45 -0800] "GET /R-487ae47ad790ec1172024975e7df50c8 HTTP/1.1" 200 3502 "-" "-" 
43.173.179.85 - - [14/Dec/2025:03:22:20 -0800] "GET /best-architecture-colleges-in-canada/?path=//sys/kernel/irq/384 HTTP/1.1" 200 6724 "-" "Mozilla/5.0 (Windows NT 10.0; Win64; x64) AppleWebKit/537.36 (KHTML, like Gecko) Chrome/103.0.0.0 Safari/537.36" 
216.73.216.158 - - [14/Dec/2025:03:22:48 -0800] "GET /xmlrpc.php?path=%2F%2Fsys%2Fblock%2Fnbd6%2Fsubsystem%2Fnbd14%2Fmq%2F0%2Fcpu2 HTTP/2.0" 429 278 "-" "Mozilla/5.0 AppleWebKit/537.36 (KHTML, like Gecko; compatible; ClaudeBot/1.0; +claudebot@anthropic.com)" 
216.73.216.158 - - [14/Dec/2025:03:22:54 -0800] "GET /xmlrpc.php?path=%2F%2Fsys%2Fblock%2Fnbd6%2Fsubsystem%2Fnbd14%2Fmq%2F0%2Fcpu6 HTTP/2.0" 429 359 "-" "Mozilla/5.0 AppleWebKit/537.36 (KHTML, like Gecko; compatible; ClaudeBot/1.0; +claudebot@anthropic.com)" 
216.73.216.158 - - [14/Dec/2025:03:22:59 -0800] "GET /xmlrpc.php?fileloc=%2F%2Fsys%2Fblock%2Fnbd6%2Fsubsystem%2Fnvme1n1%2Fsubsystem%2Fnbd5%2Fqueue%2Fzone_write_granularity&path=%2F%2Fsys%2Fblock%2Fnbd6%2Fsubsystem%2Fnvme1n1%2Fsubsystem%2Fnbd5%2Fqueue HTTP/2.0" 429 278 "-" "Mozilla/5.0 AppleWebKit/537.36 (KHTML, like Gecko; compatible; ClaudeBot/1.0; +claudebot@anthropic.com)" 
216.73.216.158 - - [14/Dec/2025:03:23:04 -0800] "GET /xmlrpc.php?fileloc=%2F%2Fsys%2Fblock%2Fnbd6%2Fsubsystem%2Fnbd2%2Fsubsystem%2Fnbd15%2Fqueue%2Flogical_block_size&path=%2F%2Fsys%2Fblock%2Fnbd6%2Fsubsystem%2Fnbd2%2Fsubsystem%2Fnbd15%2Fqueue HTTP/2.0" 429 278 "-" "Mozilla/5.0 AppleWebKit/537.36 (KHTML, like Gecko; compatible; ClaudeBot/1.0; +claudebot@anthropic.com)" 
216.73.216.158 - - [14/Dec/2025:03:23:09 -0800] "GET /xmlrpc.php?path=%2F%2Fsys%2Fblock%2Fnbd6%2Fsubsystem%2Fnvme7n1%2Fmq%2F62%2Fcpu62 HTTP/2.0" 429 278 "-" "Mozilla/5.0 AppleWebKit/537.36 (KHTML, like Gecko; compatible; ClaudeBot/1.0; +claudebot@anthropic.com)" 
69.30.196.218 - - [14/Dec/2025:03:23:13 -0800] "GET /R-487ae47ad790ec1172024975e7df50c8 HTTP/1.1" 200 3502 "-" "-" 
114.119.139.115 - - [14/Dec/2025:03:23:12 -0800] "GET /survey/conclusion/conclusion/opinion/infographic/2za4l.html HTTP/1.1" 200 8604 "https://lifeofcanada.com/sitemap489.xml" "Mozilla/5.0 (Linux; Android 7.0;) AppleWebKit/537.36 (KHTML, like Gecko) Mobile Safari/537.36 (compatible; PetalBot;+https://webmaster.petalsearch.com/site/petalbot)" 
216.73.216.158 - - [14/Dec/2025:03:23:14 -0800] "GET /xmlrpc.php?fileloc=%2F%2Fsys%2Fblock%2Fnvme1n1%2Fevents&path=%2F%2Fsys%2Fblock%2Fnvme1n1 HTTP/2.0" 429 278 "-" "Mozilla/5.0 AppleWebKit/537.36 (KHTML, like Gecko; compatible; ClaudeBot/1.0; +claudebot@anthropic.com)" 
142.44.220.135 - - [14/Dec/2025:03:23:17 -0800] "GET /wp-admin/?path=//lib/ruby/3.0.0/bigdecimal HTTP/2.0" 200 3196 "-" "Mozilla/5.0 (compatible; AhrefsBot/7.0; +http://ahrefs.com/robot/)" 
216.73.216.158 - - [14/Dec/2025:03:23:19 -0800] "GET /xmlrpc.php?fileloc=%2F%2Fsys%2Fclass%2Fiommu%2Fivhd0%2Fdevices%2F0000%3Ac4%3A00.2%2Fpower_state&path=%2F%2Fsys%2Fclass%2Fiommu%2Fivhd0%2Fdevices%2F0000%3Ac4%3A00.2 HTTP/2.0" 429 278 "-" "Mozilla/5.0 AppleWebKit/537.36 (KHTML, like Gecko; compatible; ClaudeBot/1.0; +claudebot@anthropic.com)" 
216.73.216.158 - - [14/Dec/2025:03:23:24 -0800] "GET /xmlrpc.php?path=%2F%2Fsys%2Fblock%2Fnbd6%2Fsubsystem%2Fnvme2n1%2Fdevice%2Fsubsystem%2Fnvme5 HTTP/2.0" 429 278 "-" "Mozilla/5.0 AppleWebKit/537.36 (KHTML, like Gecko; compatible; ClaudeBot/1.0; +claudebot@anthropic.com)" 
216.73.216.158 - - [14/Dec/2025:03:23:29 -0800] "GET /xmlrpc.php?fileloc=%2F%2Fsys%2Fblock%2Fnbd6%2Fsubsystem%2Fmd10%2Fmd%2Fdev-nvme2n1p1%2Fbad_blocks&path=%2F%2Fsys%2Fblock%2Fnbd6%2Fsubsystem%2Fmd10%2Fmd%2Fdev-nvme2n1p1 HTTP/2.0" 429 359 "-" "Mozilla/5.0 AppleWebKit/537.36 (KHTML, like Gecko; compatible; ClaudeBot/1.0; +claudebot@anthropic.com)" 
69.30.196.218 - - [14/Dec/2025:03:23:29 -0800] "GET /R-487ae47ad790ec1172024975e7df50c8 HTTP/1.1" 200 3502 "-" "-" 
69.30.196.218 - - [14/Dec/2025:03:23:29 -0800] "GET /R-487ae47ad790ec1172024975e7df50c8 HTTP/1.1" 200 3502 "-" "-" 
43.173.182.114 - - [14/Dec/2025:03:23:29 -0800] "GET /canadas-newly-found-toonie-could-soon-be-in-your-money-wallet/?fileloc=/home/dh_7uh9vd/lifeofcanada.com/wp-content/plugins/litespeed-cache/thirdparty/woocommerce.content.tpl.php&path=/home/dh_7uh9vd/lifeofcanada.com/wp-content/plugins/litespeed-cache/thirdparty HTTP/1.1" 200 7547 "-" "Mozilla/5.0 (Windows NT 6.1; Win64; x64) AppleWebKit/537.36 (KHTML, like Gecko) Chrome/126.0.6478.114 Safari/537.36" 
43.173.177.69 - - [14/Dec/2025:03:23:29 -0800] "GET /top-10-patios-in-toronto/?fileloc=//sys/devices/pci0000:40/0000:40:00.0/enable&path=//sys/devices/pci0000:40/0000:40:00.0 HTTP/1.1" 200 6155 "-" "Mozilla/5.0 (Windows NT 6.1; Win64; x64) AppleWebKit/537.36 (KHTML, like Gecko) Chrome/126.0.6478.114 Safari/537.36" 
69.30.196.218 - - [14/Dec/2025:03:23:30 -0800] "GET /R-487ae47ad790ec1172024975e7df50c8 HTTP/1.1" 200 3502 "-" "-" 
43.173.181.133 - - [14/Dec/2025:03:23:30 -0800] "GET /tour-boats-at-niagara-falls-shows-difference-between-u-s-canadian-approach-to-covid-19/?fileloc=/home/dh_7uh9vd/lifeofcanada.com/wp-content/plugins/ad-inserter/includes/index.html&path=/home/dh_7uh9vd/lifeofcanada.com/wp-content/plugins/ad-inserter/includes HTTP/1.1" 200 6244 "-" "Mozilla/5.0 (Windows NT 6.1; Win64; x64) AppleWebKit/537.36 (KHTML, like Gecko) Chrome/126.0.6478.114 Safari/537.36" 
216.73.216.158 - - [14/Dec/2025:03:23:34 -0800] "GET /xmlrpc.php?fileloc=%2F%2Fsys%2Fclass%2Fiommu%2Fivhd0%2Fdevices%2F0000%3Ac0%3A01.1%2Fclass&path=%2F%2Fsys%2Fclass%2Fiommu%2Fivhd0%2Fdevices%2F0000%3Ac0%3A01.1 HTTP/2.0" 429 278 "-" "Mozilla/5.0 AppleWebKit/537.36 (KHTML, like Gecko; compatible; ClaudeBot/1.0; +claudebot@anthropic.com)" 
216.73.216.158 - - [14/Dec/2025:03:23:39 -0800] "GET /xmlrpc.php?path=%2F%2Fsys%2Fblock%2Fnbd6%2Fsubsystem%2Fnbd11%2Fsubsystem%2Fnbd13%2Fmq HTTP/2.0" 429 278 "-" "Mozilla/5.0 AppleWebKit/537.36 (KHTML, like Gecko; compatible; ClaudeBot/1.0; +claudebot@anthropic.com)" 
216.73.216.158 - - [14/Dec/2025:03:23:44 -0800] "GET /xmlrpc.php?path=%2F%2Fsys%2Fblock%2Fnbd6%2Fsubsystem%2Fnbd1%2Fsubsystem%2Fmd127%2Fbdi HTTP/2.0" 429 278 "-" "Mozilla/5.0 AppleWebKit/537.36 (KHTML, like Gecko; compatible; ClaudeBot/1.0; +claudebot@anthropic.com)" 
216.73.216.158 - - [14/Dec/2025:03:23:49 -0800] "GET /xmlrpc.php?fileloc=%2F%2Fsys%2Fblock%2Fnbd6%2Fsubsystem%2Fnvme7n1p1%2Fsubsystem%2Fnbd5%2Fqueue%2Fwrite_cache&path=%2F%2Fsys%2Fblock%2Fnbd6%2Fsubsystem%2Fnvme7n1p1%2Fsubsystem%2Fnbd5%2Fqueue HTTP/2.0" 429 278 "-" "Mozilla/5.0 AppleWebKit/537.36 (KHTML, like Gecko; compatible; ClaudeBot/1.0; +claudebot@anthropic.com)" 
216.73.216.158 - - [14/Dec/2025:03:23:54 -0800] "GET /xmlrpc.php?path=%2F%2Fsys%2Fblock%2Fnbd6%2Fsubsystem%2Fnbd1%2Fsubsystem%2Fnvme0n1%2Fmq%2F10 HTTP/2.0" 429 278 "-" "Mozilla/5.0 AppleWebKit/537.36 (KHTML, like Gecko; compatible; ClaudeBot/1.0; +claudebot@anthropic.com)" 
216.73.216.158 - - [14/Dec/2025:03:23:59 -0800] "GET /xmlrpc.php?fileloc=%2F%2Fsys%2Fblock%2Fnbd6%2Fsubsystem%2Fnvme1n1%2Fsubsystem%2Fnbd15%2Fqueue%2Fdiscard_zeroes_data&path=%2F%2Fsys%2Fblock%2Fnbd6%2Fsubsystem%2Fnvme1n1%2Fsubsystem%2Fnbd15%2Fqueue HTTP/2.0" 429 278 "-" "Mozilla/5.0 AppleWebKit/537.36 (KHTML, like Gecko; compatible; ClaudeBot/1.0; +claudebot@anthropic.com)" 
216.73.216.158 - - [14/Dec/2025:03:24:04 -0800] "GET /xmlrpc.php?path=%2F%2Fsys%2Fblock%2Fnbd6%2Fsubsystem%2Fnbd10%2Fmq%2F0%2Fcpu103 HTTP/2.0" 429 278 "-" "Mozilla/5.0 AppleWebKit/537.36 (KHTML, like Gecko; compatible; ClaudeBot/1.0; +claudebot@anthropic.com)" 
69.30.196.218 - - [14/Dec/2025:03:24:07 -0800] "GET /R-487ae47ad790ec1172024975e7df50c8 HTTP/1.1" 200 3502 "-" "-" 
173.236.139.190 - - [14/Dec/2025:03:24:07 -0800] "GET /wp-login.php HTTP/2.0" 200 5060 "-" "Mozilla/4.0 (compatible; MSIE 7.0; Windows NT 6.1; Win64; x64; Trident/7.0; .NET CLR 2.0.50727; SLCC2; .NET4.0C; .NET4.0E; .NET CLR 3.5.30729; .NET CLR 3.0.30729)" 
69.30.196.218 - - [14/Dec/2025:03:24:08 -0800] "GET /R-487ae47ad790ec1172024975e7df50c8 HTTP/1.1" 200 3502 "-" "-" 
173.236.139.190 - - [14/Dec/2025:03:24:08 -0800] "POST /wp-login.php HTTP/2.0" 200 4982 "https://lifeofcanada.com/wp-login.php" "Mozilla/4.0 (compatible; MSIE 7.0; Windows NT 6.1; Win64; x64; Trident/7.0; .NET CLR 2.0.50727; SLCC2; .NET4.0C; .NET4.0E; .NET CLR 3.5.30729; .NET CLR 3.0.30729)" 
216.73.216.158 - - [14/Dec/2025:03:24:09 -0800] "GET /xmlrpc.php?path=%2F%2Fsys%2Fblock%2Fnbd6%2Fsubsystem%2Fnbd10%2Fmq%2F0%2Fcpu20 HTTP/2.0" 429 278 "-" "Mozilla/5.0 AppleWebKit/537.36 (KHTML, like Gecko; compatible; ClaudeBot/1.0; +claudebot@anthropic.com)" 
66.249.69.226 - - [14/Dec/2025:03:24:13 -0800] "GET /products/16qy23683 HTTP/1.1" 302 3655 "-" "Mozilla/5.0 (compatible; Googlebot/2.1; +http://www.google.com/bot.html)" 
216.73.216.158 - - [14/Dec/2025:03:24:14 -0800] "GET /xmlrpc.php?fileloc=%2F%2Fsys%2Fblock%2Fnbd6%2Fsubsystem%2Fnvme7n1p1%2Fsubsystem%2Fmd10%2Fqueue%2Fio_poll&path=%2F%2Fsys%2Fblock%2Fnbd6%2Fsubsystem%2Fnvme7n1p1%2Fsubsystem%2Fmd10%2Fqueue HTTP/2.0" 429 278 "-" "Mozilla/5.0 AppleWebKit/537.36 (KHTML, like Gecko; compatible; ClaudeBot/1.0; +claudebot@anthropic.com)" 
216.73.216.158 - - [14/Dec/2025:03:24:19 -0800] "GET /xmlrpc.php?path=%2F%2Fsys%2Fblock%2Fnbd6%2Fsubsystem%2Fnvme0n1%2Fmq%2F64%2Fcpu64 HTTP/2.0" 429 278 "-" "Mozilla/5.0 AppleWebKit/537.36 (KHTML, like Gecko; compatible; ClaudeBot/1.0; +claudebot@anthropic.com)" 
216.73.216.158 - - [14/Dec/2025:03:24:24 -0800] "GET /xmlrpc.php?path=%2F%2Fsys%2Fclass%2Fiommu%2Fivhd2%2Fdevices%2F0000%3A40%3A01.4%2Fiommu_group HTTP/2.0" 429 278 "-" "Mozilla/5.0 AppleWebKit/537.36 (KHTML, like Gecko; compatible; ClaudeBot/1.0; +claudebot@anthropic.com)" 
216.73.216.158 - - [14/Dec/2025:03:24:29 -0800] "GET /xmlrpc.php?path=%2F%2Fsys%2Fblock%2Fnbd6%2Fsubsystem%2Fnbd12%2Fmq%2F0%2Fcpu105 HTTP/2.0" 429 278 "-" "Mozilla/5.0 AppleWebKit/537.36 (KHTML, like Gecko; compatible; ClaudeBot/1.0; +claudebot@anthropic.com)" 
216.73.216.158 - - [14/Dec/2025:03:24:34 -0800] "GET /xmlrpc.php?fileloc=%2F%2Fsys%2Fclass%2Fiommu%2Fivhd2%2Fdevices%2F0000%3A45%3A00.0%2Fsubsystem_vendor&path=%2F%2Fsys%2Fclass%2Fiommu%2Fivhd2%2Fdevices%2F0000%3A45%3A00.0 HTTP/2.0" 429 278 "-" "Mozilla/5.0 AppleWebKit/537.36 (KHTML, like Gecko; compatible; ClaudeBot/1.0; +claudebot@anthropic.com)" 
69.30.196.218 - - [14/Dec/2025:03:24:37 -0800] "GET /R-487ae47ad790ec1172024975e7df50c8 HTTP/1.1" 200 3502 "-" "-" 
114.119.139.115 - - [14/Dec/2025:03:24:37 -0800] "GET /survey/comment/report/podcast/lede/2v4zk.html HTTP/1.1" 200 8604 "https://lifeofcanada.com/sitemap324.xml" "Mozilla/5.0 (Linux; Android 7.0;) AppleWebKit/537.36 (KHTML, like Gecko) Mobile Safari/537.36 (compatible; PetalBot;+https://webmaster.petalsearch.com/site/petalbot)" 
216.73.216.158 - - [14/Dec/2025:03:24:39 -0800] "GET /xmlrpc.php?fileloc=%2F%2Fsys%2Fblock%2Fnbd6%2Fsubsystem%2Fnvme7n1p1%2Fsubsystem%2Fnbd4%2Fqueue%2Fchunk_sectors&path=%2F%2Fsys%2Fblock%2Fnbd6%2Fsubsystem%2Fnvme7n1p1%2Fsubsystem%2Fnbd4%2Fqueue HTTP/2.0" 429 278 "-" "Mozilla/5.0 AppleWebKit/537.36 (KHTML, like Gecko; compatible; ClaudeBot/1.0; +claudebot@anthropic.com)" 
216.73.216.158 - - [14/Dec/2025:03:24:45 -0800] "GET /xmlrpc.php?path=%2F%2Fsys%2Fblock%2Fnbd6%2Fsubsystem%2Fnvme4n1%2Fmq%2F85 HTTP/2.0" 429 359 "-" "Mozilla/5.0 AppleWebKit/537.36 (KHTML, like Gecko; compatible; ClaudeBot/1.0; +claudebot@anthropic.com)" 
216.73.216.158 - - [14/Dec/2025:03:24:50 -0800] "GET /xmlrpc.php?path=%2F%2Fsys%2Fblock%2Fnbd6%2Fsubsystem%2Fnvme2n1%2Fmq%2F22 HTTP/2.0" 429 278 "-" "Mozilla/5.0 AppleWebKit/537.36 (KHTML, like Gecko; compatible; ClaudeBot/1.0; +claudebot@anthropic.com)" 
216.73.216.158 - - [14/Dec/2025:03:24:55 -0800] "GET /xmlrpc.php?fileloc=%2F%2Fsys%2Fblock%2Fnbd6%2Fsubsystem%2Fnvme7n1p1%2Fsubsystem%2Fmd10%2Fqueue%2Fiostats&path=%2F%2Fsys%2Fblock%2Fnbd6%2Fsubsystem%2Fnvme7n1p1%2Fsubsystem%2Fmd10%2Fqueue HTTP/2.0" 429 278 "-" "Mozilla/5.0 AppleWebKit/537.36 (KHTML, like Gecko; compatible; ClaudeBot/1.0; +claudebot@anthropic.com)" 
216.73.216.158 - - [14/Dec/2025:03:25:00 -0800] "GET /xmlrpc.php?path=%2F%2Fsys%2Fblock%2Fnbd6%2Fsubsystem%2Fnbd10%2Fbdi%2Fsubsystem%2F9%3A0 HTTP/2.0" 429 278 "-" "Mozilla/5.0 AppleWebKit/537.36 (KHTML, like Gecko; compatible; ClaudeBot/1.0; +claudebot@anthropic.com)" 
216.73.216.158 - - [14/Dec/2025:03:25:05 -0800] "GET /xmlrpc.php?path=%2F%2Fsys%2Fblock%2Fnbd6%2Fsubsystem%2Fnvme0n1%2Fmq%2F41 HTTP/2.0" 429 278 "-" "Mozilla/5.0 AppleWebKit/537.36 (KHTML, like Gecko; compatible; ClaudeBot/1.0; +claudebot@anthropic.com)" 
216.73.216.158 - - [14/Dec/2025:03:25:10 -0800] "GET /xmlrpc.php?path=%2F%2Fsys%2Fblock%2Fnbd6%2Fsubsystem%2Fnbd12%2Fmq%2F0%2Fcpu14 HTTP/2.0" 429 359 "-" "Mozilla/5.0 AppleWebKit/537.36 (KHTML, like Gecko; compatible; ClaudeBot/1.0; +claudebot@anthropic.com)" 
43.173.181.93 - - [14/Dec/2025:03:24:41 -0800] "GET /ontario-unveils-reopening-plans-are-out-3-phrases/?fileloc=//usr/local/lib/pkgconfig/yara.pc&path=//usr/local/lib/pkgconfig HTTP/1.1" 200 6309 "-" "Mozilla/5.0 (Windows NT 6.1; Win64; x64) AppleWebKit/537.36 (KHTML, like Gecko) Chrome/126.0.6478.114 Safari/537.36" 
43.173.179.156 - - [14/Dec/2025:03:24:41 -0800] "GET /tag/full-time-jobs-in-canada/?path=//sys/bus/clocksource/drivers HTTP/1.1" 200 6205 "-" "Mozilla/5.0 (Windows NT 6.1; Win64; x64) AppleWebKit/537.36 (KHTML, like Gecko) Chrome/126.0.6478.114 Safari/537.36" 
43.173.174.18 - - [14/Dec/2025:03:24:41 -0800] "GET /tag/full-time-jobs-in-canada/?fileloc=//sys/firmware/efi/runtime&path=//sys/firmware/efi HTTP/1.1" 200 6140 "-" "Mozilla/5.0 (Windows NT 6.1; Win64; x64) AppleWebKit/537.36 (KHTML, like Gecko) Chrome/126.0.6478.114 Safari/537.36" 
69.30.196.218 - - [14/Dec/2025:03:25:13 -0800] "GET /R-487ae47ad790ec1172024975e7df50c8 HTTP/1.1" 200 3502 "-" "-" 
69.30.196.218 - - [14/Dec/2025:03:25:13 -0800] "GET /R-487ae47ad790ec1172024975e7df50c8 HTTP/1.1" 200 3502 "-" "-" 
43.173.174.141 - - [14/Dec/2025:03:24:51 -0800] "GET /ontario-unveils-reopening-plans-are-out-3-phrases/?fileloc=//usr/local/lib/pkgconfig/yara.pc&path=//usr/local/lib/pkgconfig HTTP/1.1" 200 6316 "-" "Mozilla/5.0 (Windows NT 10.0; Win64; x64) AppleWebKit/537.36 (KHTML, like Gecko) Chrome/108.0.0.0 Safari/537.36" 
66.249.69.224 - - [14/Dec/2025:03:24:42 -0800] "GET /products/118px25733 HTTP/1.1" 302 3655 "-" "Mozilla/5.0 (Linux; Android 6.0.1; Nexus 5X Build/MMB29P) AppleWebKit/537.36 (KHTML, like Gecko) Chrome/141.0.7390.122 Mobile Safari/537.36 (compatible; Googlebot/2.1; +http://www.google.com/bot.html)" 
43.173.181.34 - - [14/Dec/2025:03:24:51 -0800] "GET /tag/full-time-jobs-in-canada/?fileloc=//sys/firmware/efi/runtime&path=//sys/firmware/efi HTTP/1.1" 200 6147 "-" "Mozilla/5.0 (Windows NT 10.0; Win64; x64) AppleWebKit/537.36 (KHTML, like Gecko) Chrome/116.0.0.0 Safari/537.36" 
66.249.69.225 - - [14/Dec/2025:03:24:45 -0800] "GET /excited180?kg=38992 HTTP/1.1" 302 3655 "-" "Mozilla/5.0 (Linux; Android 6.0.1; Nexus 5X Build/MMB29P) AppleWebKit/537.36 (KHTML, like Gecko) Chrome/141.0.7390.122 Mobile Safari/537.36 (compatible; Googlebot/2.1; +http://www.google.com/bot.html)" 
69.30.196.218 - - [14/Dec/2025:03:24:41 -0800] "GET /R-487ae47ad790ec1172024975e7df50c8 HTTP/1.1" 200 3502 "-" "-" 
69.30.196.218 - - [14/Dec/2025:03:24:41 -0800] "GET /R-487ae47ad790ec1172024975e7df50c8 HTTP/1.1" 200 3502 "-" "-" 
69.30.196.218 - - [14/Dec/2025:03:24:41 -0800] "GET /R-487ae47ad790ec1172024975e7df50c8 HTTP/1.1" 200 3502 "-" "-" 
69.30.196.218 - - [14/Dec/2025:03:25:14 -0800] "GET /R-487ae47ad790ec1172024975e7df50c8 HTTP/1.1" 200 3502 "-" "-" 
43.173.175.54 - - [14/Dec/2025:03:24:51 -0800] "GET /author/revia/?path=//sys/module HTTP/1.1" 200 11995 "-" "Mozilla/5.0 (Windows NT 10.0; Win64; x64) AppleWebKit/537.36 (KHTML, like Gecko) Chrome/133.0.0.0 Safari/537.36" 
216.73.216.158 - - [14/Dec/2025:03:25:15 -0800] "GET /xmlrpc.php?path=%2F%2Fsys%2Fblock%2Fnbd6%2Fsubsystem%2Fnbd1%2Fsubsystem%2Fnvme0n1%2Fmq%2F69 HTTP/2.0" 429 278 "-" "Mozilla/5.0 AppleWebKit/537.36 (KHTML, like Gecko; compatible; ClaudeBot/1.0; +claudebot@anthropic.com)" 
69.30.196.218 - - [14/Dec/2025:03:25:15 -0800] "GET /R-487ae47ad790ec1172024975e7df50c8 HTTP/1.1" 200 3502 "-" "-" 
43.173.176.5 - - [14/Dec/2025:03:24:51 -0800] "GET /tag/full-time-jobs-in-canada/?path=//sys/bus/clocksource/drivers HTTP/1.1" 200 6212 "-" "Mozilla/5.0 (Windows NT 10.0; Win64; x64) AppleWebKit/537.36 (KHTML, like Gecko) Chrome/131.0.0.0 Safari/537.36" 
216.73.216.158 - - [14/Dec/2025:03:25:20 -0800] "GET /xmlrpc.php?fileloc=%2F%2Fsys%2Fblock%2Fnbd6%2Fsubsystem%2Fnvme7n1p1%2Fsubsystem%2Fnbd5%2Fqueue%2Fdma_alignment&path=%2F%2Fsys%2Fblock%2Fnbd6%2Fsubsystem%2Fnvme7n1p1%2Fsubsystem%2Fnbd5%2Fqueue HTTP/2.0" 429 278 "-" "Mozilla/5.0 AppleWebKit/537.36 (KHTML, like Gecko; compatible; ClaudeBot/1.0; +claudebot@anthropic.com)" 
216.73.216.158 - - [14/Dec/2025:03:25:25 -0800] "GET /xmlrpc.php?path=%2F%2Fsys%2Fblock%2Fnbd6%2Fsubsystem%2Fnbd12%2Fmq%2F0%2Fcpu37 HTTP/2.0" 429 278 "-" "Mozilla/5.0 AppleWebKit/537.36 (KHTML, like Gecko; compatible; ClaudeBot/1.0; +claudebot@anthropic.com)" 
216.73.216.158 - - [14/Dec/2025:03:25:30 -0800] "GET /xmlrpc.php?path=%2F%2Fsys%2Fblock%2Fnbd6%2Fsubsystem%2Fnbd14%2Fmq%2F0%2Fcpu70 HTTP/2.0" 429 278 "-" "Mozilla/5.0 AppleWebKit/537.36 (KHTML, like Gecko; compatible; ClaudeBot/1.0; +claudebot@anthropic.com)" 
216.244.66.226 - - [14/Dec/2025:03:25:30 -0800] "GET /tag/ice-storm/Cache-Control:%20max-age=600 HTTP/1.1" 302 3409 "-" "Mozilla/5.0 (compatible; DotBot/1.2; +https://opensiteexplorer.org/dotbot; help@moz.com)" 
216.244.66.226 - - [14/Dec/2025:03:25:35 -0800] "GET /langues/describe-your-favourite-restaurant/feed/Cache-Control:%20max-age=600 HTTP/1.1" 302 3409 "-" "Mozilla/5.0 (compatible; DotBot/1.2; +https://opensiteexplorer.org/dotbot; help@moz.com)" 
216.73.216.158 - - [14/Dec/2025:03:25:35 -0800] "GET /xmlrpc.php?path=%2F%2Fsys%2Fblock%2Fnbd6%2Fsubsystem%2Fnbd12%2Fmq%2F0%2Fcpu16 HTTP/2.0" 429 278 "-" "Mozilla/5.0 AppleWebKit/537.36 (KHTML, like Gecko; compatible; ClaudeBot/1.0; +claudebot@anthropic.com)" 
66.249.69.224 - - [14/Dec/2025:03:25:40 -0800] "GET /products/99mi32290 HTTP/1.1" 302 3655 "-" "Mozilla/5.0 (compatible; Googlebot/2.1; +http://www.google.com/bot.html)" 
216.73.216.158 - - [14/Dec/2025:03:25:40 -0800] "GET /xmlrpc.php?path=%2F%2Fsys%2Fblock%2Fnbd6%2Fsubsystem%2Fnbd11%2Fsubsystem%2Fnbd13%2Fholders HTTP/2.0" 429 278 "-" "Mozilla/5.0 AppleWebKit/537.36 (KHTML, like Gecko; compatible; ClaudeBot/1.0; +claudebot@anthropic.com)" 
216.73.216.158 - - [14/Dec/2025:03:25:45 -0800] "GET /xmlrpc.php?fileloc=%2F%2Fsys%2Fclass%2Fiommu%2Fivhd0%2Fdevices%2F0000%3Ac4%3A00.2%2Fwaiting_for_supplier&path=%2F%2Fsys%2Fclass%2Fiommu%2Fivhd0%2Fdevices%2F0000%3Ac4%3A00.2 HTTP/2.0" 429 278 "-" "Mozilla/5.0 AppleWebKit/537.36 (KHTML, like Gecko; compatible; ClaudeBot/1.0; +claudebot@anthropic.com)" 
216.73.216.158 - - [14/Dec/2025:03:25:50 -0800] "GET /xmlrpc.php?path=%2F%2Fsys%2Fblock%2Fnbd6%2Fsubsystem%2Fnbd1%2Fsubsystem%2Fnvme0n1%2Fmq%2F124 HTTP/2.0" 429 278 "-" "Mozilla/5.0 AppleWebKit/537.36 (KHTML, like Gecko; compatible; ClaudeBot/1.0; +claudebot@anthropic.com)" 
216.73.216.158 - - [14/Dec/2025:03:25:55 -0800] "GET /xmlrpc.php?path=%2F%2Fsys%2Fblock%2Fnbd6%2Fsubsystem%2Fnbd7%2Fsubsystem%2Fnvme1n1%2Fdevice HTTP/2.0" 429 278 "-" "Mozilla/5.0 AppleWebKit/537.36 (KHTML, like Gecko; compatible; ClaudeBot/1.0; +claudebot@anthropic.com)" 
216.73.216.158 - - [14/Dec/2025:03:26:00 -0800] "GET /xmlrpc.php?path=%2F%2Fsys%2Fblock%2Fnbd6%2Fsubsystem%2Fnbd7%2Fsubsystem%2Fmd10%2Ftrace HTTP/2.0" 429 278 "-" "Mozilla/5.0 AppleWebKit/537.36 (KHTML, like Gecko; compatible; ClaudeBot/1.0; +claudebot@anthropic.com)" 
216.73.216.158 - - [14/Dec/2025:03:26:05 -0800] "GET /xmlrpc.php?path=%2F%2Fsys%2Fblock%2Fnbd6%2Fsubsystem%2Fnvme5n1%2Fdevice%2Fnvme5n1%2Fslaves HTTP/2.0" 429 278 "-" "Mozilla/5.0 AppleWebKit/537.36 (KHTML, like Gecko; compatible; ClaudeBot/1.0; +claudebot@anthropic.com)" 
216.73.216.158 - - [14/Dec/2025:03:26:10 -0800] "GET /xmlrpc.php?path=%2F%2Fsys%2Fblock%2Fnbd6%2Fsubsystem%2Fnbd12%2Fmq%2F0%2Fcpu64 HTTP/2.0" 429 278 "-" "Mozilla/5.0 AppleWebKit/537.36 (KHTML, like Gecko; compatible; ClaudeBot/1.0; +claudebot@anthropic.com)" 
216.73.216.158 - - [14/Dec/2025:03:26:15 -0800] "GET /xmlrpc.php?fileloc=%2F%2Fsys%2Fblock%2Fnbd6%2Fsubsystem%2Fnbd2%2Fsubsystem%2Fnbd15%2Fqueue%2Fdiscard_max_hw_bytes&path=%2F%2Fsys%2Fblock%2Fnbd6%2Fsubsystem%2Fnbd2%2Fsubsystem%2Fnbd15%2Fqueue HTTP/2.0" 429 278 "-" "Mozilla/5.0 AppleWebKit/537.36 (KHTML, like Gecko; compatible; ClaudeBot/1.0; +claudebot@anthropic.com)" 
216.73.216.158 - - [14/Dec/2025:03:26:20 -0800] "GET /xmlrpc.php?fileloc=%2F%2Fsys%2Fblock%2Fnbd6%2Fsubsystem%2Fnbd5%2Fsubsystem%2Fnbd15%2Fqueue%2Fwbt_lat_usec&path=%2F%2Fsys%2Fblock%2Fnbd6%2Fsubsystem%2Fnbd5%2Fsubsystem%2Fnbd15%2Fqueue HTTP/2.0" 429 278 "-" "Mozilla/5.0 AppleWebKit/537.36 (KHTML, like Gecko; compatible; ClaudeBot/1.0; +claudebot@anthropic.com)" 
216.73.216.158 - - [14/Dec/2025:03:26:25 -0800] "GET /xmlrpc.php?path=%2F%2Fsys%2Fblock%2Fnbd6%2Fsubsystem%2Fnbd5%2Fsubsystem%2Fnbd3%2Fintegrity HTTP/2.0" 429 278 "-" "Mozilla/5.0 AppleWebKit/537.36 (KHTML, like Gecko; compatible; ClaudeBot/1.0; +claudebot@anthropic.com)" 
216.73.216.158 - - [14/Dec/2025:03:26:30 -0800] "GET /xmlrpc.php?path=%2F%2Fsys%2Fblock%2Fnbd6%2Fsubsystem%2Fnvme5n1%2Fmq%2F2%2Fcpu2 HTTP/2.0" 429 278 "-" "Mozilla/5.0 AppleWebKit/537.36 (KHTML, like Gecko; compatible; ClaudeBot/1.0; +claudebot@anthropic.com)" 
216.73.216.158 - - [14/Dec/2025:03:26:35 -0800] "GET /xmlrpc.php?path=%2F%2Fsys%2Fblock%2Fnbd6%2Fsubsystem%2Fnbd1%2Fsubsystem%2Fnvme0n1%2Fmq%2F120 HTTP/2.0" 429 278 "-" "Mozilla/5.0 AppleWebKit/537.36 (KHTML, like Gecko; compatible; ClaudeBot/1.0; +claudebot@anthropic.com)" 
216.73.216.158 - - [14/Dec/2025:03:26:40 -0800] "GET /xmlrpc.php?path=%2F%2Fsys%2Fblock%2Fnbd6%2Fsubsystem%2Fnvme5n1%2Fmq%2F15 HTTP/2.0" 429 359 "-" "Mozilla/5.0 AppleWebKit/537.36 (KHTML, like Gecko; compatible; ClaudeBot/1.0; +claudebot@anthropic.com)" 
216.73.216.158 - - [14/Dec/2025:03:26:45 -0800] "GET /xmlrpc.php?path=%2F%2Fsys%2Fblock%2Fnbd6%2Fsubsystem%2Fnbd7%2Fsubsystem%2Fnbd9%2Fintegrity HTTP/2.0" 429 278 "-" "Mozilla/5.0 AppleWebKit/537.36 (KHTML, like Gecko; compatible; ClaudeBot/1.0; +claudebot@anthropic.com)" 
216.73.216.158 - - [14/Dec/2025:03:26:50 -0800] "GET /xmlrpc.php?path=%2F%2Fsys%2Fblock%2Fnbd6%2Fsubsystem%2Fnvme5n1%2Fmq%2F38 HTTP/2.0" 429 278 "-" "Mozilla/5.0 AppleWebKit/537.36 (KHTML, like Gecko; compatible; ClaudeBot/1.0; +claudebot@anthropic.com)" 
216.73.216.158 - - [14/Dec/2025:03:26:55 -0800] "GET /xmlrpc.php?path=%2F%2Fsys%2Fblock%2Fnbd6%2Fsubsystem%2Fmd10%2Fbdi%2Fsubsystem%2F43%3A384 HTTP/2.0" 429 278 "-" "Mozilla/5.0 AppleWebKit/537.36 (KHTML, like Gecko; compatible; ClaudeBot/1.0; +claudebot@anthropic.com)" 
216.73.216.158 - - [14/Dec/2025:03:27:01 -0800] "GET /xmlrpc.php?fileloc=%2F%2Fsys%2Fblock%2Fnbd12%2Fbdi%2Fmin_bytes&path=%2F%2Fsys%2Fblock%2Fnbd12%2Fbdi HTTP/2.0" 429 359 "-" "Mozilla/5.0 AppleWebKit/537.36 (KHTML, like Gecko; compatible; ClaudeBot/1.0; +claudebot@anthropic.com)" 
