69.30.196.218 - - [14/Dec/2025:02:40:00 -0800] "GET /R-487ae47ad790ec1172024975e7df50c8 HTTP/1.1" 200 3502 "-" "-" 
54.37.252.59 - - [14/Dec/2025:02:40:00 -0800] "GET /author/manpreet/feed/?fileloc=//lib/python3/dist-packages/django/conf/locale/io/LC_MESSAGES/django.mo&path=//lib/python3/dist-packages/django/conf/locale/io/LC_MESSAGES HTTP/1.1" 200 11796 "-" "Mozilla/5.0 (compatible; MJ12bot/v1.4.8; http://mj12bot.com/)" 
216.73.216.158 - - [14/Dec/2025:02:40:02 -0800] "GET /xmlrpc.php?fileloc=%2F%2Fsys%2Fclass%2Fiommu%2Fivhd0%2Fdevices%2F0000%3Ac0%3A01.2%2Fremove&path=%2F%2Fsys%2Fclass%2Fiommu%2Fivhd0%2Fdevices%2F0000%3Ac0%3A01.2 HTTP/2.0" 429 278 "-" "Mozilla/5.0 AppleWebKit/537.36 (KHTML, like Gecko; compatible; ClaudeBot/1.0; +claudebot@anthropic.com)" 
114.119.150.166 - - [14/Dec/2025:02:40:00 -0800] "GET /survey/image/category/image/interview/2xwxt.html HTTP/1.1" 200 8604 "https://lifeofcanada.com/sitemap294.xml" "Mozilla/5.0 (Linux; Android 7.0;) AppleWebKit/537.36 (KHTML, like Gecko) Mobile Safari/537.36 (compatible; PetalBot;+https://webmaster.petalsearch.com/site/petalbot)" 
69.30.196.218 - - [14/Dec/2025:02:40:03 -0800] "GET /R-487ae47ad790ec1172024975e7df50c8 HTTP/1.1" 200 3502 "-" "-" 
54.37.252.59 - - [14/Dec/2025:02:40:03 -0800] "GET /author/manpreet/feed/?fileloc=//lib/python3/dist-packages/django/conf/locale/io/LC_MESSAGES/django.po&path=//lib/python3/dist-packages/django/conf/locale/io/LC_MESSAGES HTTP/1.1" 200 13005 "-" "Mozilla/5.0 (compatible; MJ12bot/v1.4.8; http://mj12bot.com/)" 
69.30.196.218 - - [14/Dec/2025:02:40:06 -0800] "GET /R-487ae47ad790ec1172024975e7df50c8 HTTP/1.1" 200 3502 "-" "-" 
54.37.252.59 - - [14/Dec/2025:02:40:05 -0800] "GET /author/manpreet/feed/?fileloc=//lib/python3/dist-packages/django/conf/locale/is/LC_MESSAGES/django.mo&path=//lib/python3/dist-packages/django/conf/locale/is/LC_MESSAGES HTTP/1.1" 200 15235 "-" "Mozilla/5.0 (compatible; MJ12bot/v1.4.8; http://mj12bot.com/)" 
216.73.216.158 - - [14/Dec/2025:02:40:07 -0800] "GET /xmlrpc.php?path=%2F%2Fsys%2Fblock%2Fnbd6%2Fsubsystem%2Fnvme7n1%2Fmq%2F50%2Fcpu50 HTTP/2.0" 429 278 "-" "Mozilla/5.0 AppleWebKit/537.36 (KHTML, like Gecko; compatible; ClaudeBot/1.0; +claudebot@anthropic.com)" 
69.30.196.218 - - [14/Dec/2025:02:40:08 -0800] "GET /R-487ae47ad790ec1172024975e7df50c8 HTTP/1.1" 200 3502 "-" "-" 
54.37.252.59 - - [14/Dec/2025:02:40:08 -0800] "GET /author/manpreet/feed/?fileloc=//lib/python3/dist-packages/django/conf/locale/is/LC_MESSAGES/django.po&path=//lib/python3/dist-packages/django/conf/locale/is/LC_MESSAGES HTTP/1.1" 200 14695 "-" "Mozilla/5.0 (compatible; MJ12bot/v1.4.8; http://mj12bot.com/)" 
69.30.196.218 - - [14/Dec/2025:02:40:10 -0800] "GET /R-487ae47ad790ec1172024975e7df50c8 HTTP/1.1" 200 3502 "-" "-" 
54.37.252.59 - - [14/Dec/2025:02:40:10 -0800] "GET /author/manpreet/feed/?fileloc=//lib/python3/dist-packages/django/conf/locale/is/__pycache__/__init__.cpython-310.pyc&path=//lib/python3/dist-packages/django/conf/locale/is/__pycache__ HTTP/1.1" 200 6074 "-" "Mozilla/5.0 (compatible; MJ12bot/v1.4.8; http://mj12bot.com/)" 
216.73.216.158 - - [14/Dec/2025:02:40:12 -0800] "GET /xmlrpc.php?path=%2F%2Fsys%2Fblock%2Fnbd6%2Fsubsystem%2Fnvme5n1%2Fmq%2F125%2Fcpu125 HTTP/2.0" 429 278 "-" "Mozilla/5.0 AppleWebKit/537.36 (KHTML, like Gecko; compatible; ClaudeBot/1.0; +claudebot@anthropic.com)" 
69.30.196.218 - - [14/Dec/2025:02:40:12 -0800] "GET /R-487ae47ad790ec1172024975e7df50c8 HTTP/1.1" 200 3502 "-" "-" 
54.37.252.59 - - [14/Dec/2025:02:40:12 -0800] "GET /author/manpreet/feed/?fileloc=//lib/python3/dist-packages/django/conf/locale/is/__pycache__/formats.cpython-310.pyc&path=//lib/python3/dist-packages/django/conf/locale/is/__pycache__ HTTP/1.1" 200 6283 "-" "Mozilla/5.0 (compatible; MJ12bot/v1.4.8; http://mj12bot.com/)" 
69.30.196.218 - - [14/Dec/2025:02:40:14 -0800] "GET /R-487ae47ad790ec1172024975e7df50c8 HTTP/1.1" 200 3502 "-" "-" 
54.37.252.59 - - [14/Dec/2025:02:40:14 -0800] "GET /author/manpreet/feed/?fileloc=//lib/python3/dist-packages/django/conf/locale/it/LC_MESSAGES/django.mo&path=//lib/python3/dist-packages/django/conf/locale/it/LC_MESSAGES HTTP/1.1" 200 15820 "-" "Mozilla/5.0 (compatible; MJ12bot/v1.4.8; http://mj12bot.com/)" 
69.30.196.218 - - [14/Dec/2025:02:40:16 -0800] "GET /R-487ae47ad790ec1172024975e7df50c8 HTTP/1.1" 200 3502 "-" "-" 
216.73.216.158 - - [14/Dec/2025:02:40:17 -0800] "GET /xmlrpc.php?path=%2F%2Fsys%2Fblock%2Fnbd6%2Fsubsystem%2Fnbd0%2Fbdi%2Fsubsystem%2F43%3A32 HTTP/2.0" 429 278 "-" "Mozilla/5.0 AppleWebKit/537.36 (KHTML, like Gecko; compatible; ClaudeBot/1.0; +claudebot@anthropic.com)" 
54.37.252.59 - - [14/Dec/2025:02:40:16 -0800] "GET /author/manpreet/feed/?fileloc=//lib/python3/dist-packages/django/conf/locale/it/LC_MESSAGES/django.po&path=//lib/python3/dist-packages/django/conf/locale/it/LC_MESSAGES HTTP/1.1" 200 14824 "-" "Mozilla/5.0 (compatible; MJ12bot/v1.4.8; http://mj12bot.com/)" 
69.30.196.218 - - [14/Dec/2025:02:40:19 -0800] "GET /R-487ae47ad790ec1172024975e7df50c8 HTTP/1.1" 200 3502 "-" "-" 
54.37.252.59 - - [14/Dec/2025:02:40:18 -0800] "GET /author/manpreet/feed/?fileloc=//lib/python3/dist-packages/django/conf/locale/it/__pycache__/__init__.cpython-310.pyc&path=//lib/python3/dist-packages/django/conf/locale/it/__pycache__ HTTP/1.1" 200 6075 "-" "Mozilla/5.0 (compatible; MJ12bot/v1.4.8; http://mj12bot.com/)" 
66.249.69.225 - - [14/Dec/2025:02:40:20 -0800] "GET /range220?kg=8780 HTTP/1.1" 302 3655 "-" "Mozilla/5.0 (compatible; Googlebot/2.1; +http://www.google.com/bot.html)" 
69.30.196.218 - - [14/Dec/2025:02:40:21 -0800] "GET /R-487ae47ad790ec1172024975e7df50c8 HTTP/1.1" 200 3502 "-" "-" 
54.37.252.59 - - [14/Dec/2025:02:40:20 -0800] "GET /author/manpreet/feed/?fileloc=//lib/python3/dist-packages/django/conf/locale/it/__pycache__/formats.cpython-310.pyc&path=//lib/python3/dist-packages/django/conf/locale/it/__pycache__ HTTP/1.1" 200 6463 "-" "Mozilla/5.0 (compatible; MJ12bot/v1.4.8; http://mj12bot.com/)" 
216.73.216.158 - - [14/Dec/2025:02:40:22 -0800] "GET /xmlrpc.php?fileloc=%2F%2Fsys%2Fblock%2Fnbd6%2Fsubsystem%2Fmd127%2Fmd%2Fdev-nvme0n1p2%2Fppl_size&path=%2F%2Fsys%2Fblock%2Fnbd6%2Fsubsystem%2Fmd127%2Fmd%2Fdev-nvme0n1p2 HTTP/2.0" 429 278 "-" "Mozilla/5.0 AppleWebKit/537.36 (KHTML, like Gecko; compatible; ClaudeBot/1.0; +claudebot@anthropic.com)" 
69.30.196.218 - - [14/Dec/2025:02:40:23 -0800] "GET /R-487ae47ad790ec1172024975e7df50c8 HTTP/1.1" 200 3502 "-" "-" 
54.37.252.59 - - [14/Dec/2025:02:40:22 -0800] "GET /author/manpreet/feed/?fileloc=//lib/python3/dist-packages/django/conf/locale/ja/LC_MESSAGES/django.mo&path=//lib/python3/dist-packages/django/conf/locale/ja/LC_MESSAGES HTTP/1.1" 200 16278 "-" "Mozilla/5.0 (compatible; MJ12bot/v1.4.8; http://mj12bot.com/)" 
69.30.196.218 - - [14/Dec/2025:02:40:25 -0800] "GET /R-487ae47ad790ec1172024975e7df50c8 HTTP/1.1" 200 3502 "-" "-" 
54.37.252.59 - - [14/Dec/2025:02:40:24 -0800] "GET /author/manpreet/feed/?fileloc=//lib/python3/dist-packages/django/conf/locale/ja/LC_MESSAGES/django.po&path=//lib/python3/dist-packages/django/conf/locale/ja/LC_MESSAGES HTTP/1.1" 200 15698 "-" "Mozilla/5.0 (compatible; MJ12bot/v1.4.8; http://mj12bot.com/)" 
216.73.216.158 - - [14/Dec/2025:02:40:27 -0800] "GET /xmlrpc.php?fileloc=%2F%2Fsys%2Fclass%2Fiommu%2Fivhd0%2Fdevices%2F0000%3Ac0%3A02.0%2Fdma_mask_bits&path=%2F%2Fsys%2Fclass%2Fiommu%2Fivhd0%2Fdevices%2F0000%3Ac0%3A02.0 HTTP/2.0" 429 278 "-" "Mozilla/5.0 AppleWebKit/537.36 (KHTML, like Gecko; compatible; ClaudeBot/1.0; +claudebot@anthropic.com)" 
69.30.196.218 - - [14/Dec/2025:02:40:27 -0800] "GET /R-487ae47ad790ec1172024975e7df50c8 HTTP/1.1" 200 3502 "-" "-" 
54.37.252.59 - - [14/Dec/2025:02:40:26 -0800] "GET /author/manpreet/feed/?fileloc=//lib/python3/dist-packages/django/conf/locale/ja/__pycache__/__init__.cpython-310.pyc&path=//lib/python3/dist-packages/django/conf/locale/ja/__pycache__ HTTP/1.1" 200 6073 "-" "Mozilla/5.0 (compatible; MJ12bot/v1.4.8; http://mj12bot.com/)" 
69.30.196.218 - - [14/Dec/2025:02:40:29 -0800] "GET /R-487ae47ad790ec1172024975e7df50c8 HTTP/1.1" 200 3502 "-" "-" 
54.37.252.59 - - [14/Dec/2025:02:40:29 -0800] "GET /author/manpreet/feed/?fileloc=//lib/python3/dist-packages/django/conf/locale/ja/__pycache__/formats.cpython-310.pyc&path=//lib/python3/dist-packages/django/conf/locale/ja/__pycache__ HTTP/1.1" 200 6302 "-" "Mozilla/5.0 (compatible; MJ12bot/v1.4.8; http://mj12bot.com/)" 
69.30.196.218 - - [14/Dec/2025:02:40:31 -0800] "GET /R-487ae47ad790ec1172024975e7df50c8 HTTP/1.1" 200 3502 "-" "-" 
54.37.252.59 - - [14/Dec/2025:02:40:31 -0800] "GET /author/manpreet/feed/?fileloc=//lib/python3/dist-packages/django/conf/locale/ka/LC_MESSAGES/django.mo&path=//lib/python3/dist-packages/django/conf/locale/ka/LC_MESSAGES HTTP/1.1" 200 13496 "-" "Mozilla/5.0 (compatible; MJ12bot/v1.4.8; http://mj12bot.com/)" 
216.73.216.158 - - [14/Dec/2025:02:40:32 -0800] "GET /xmlrpc.php?fileloc=%2F%2Fsys%2Fblock%2Fnbd6%2Fsubsystem%2Fmd10%2Fmd%2Frd0%2Fbad_blocks&path=%2F%2Fsys%2Fblock%2Fnbd6%2Fsubsystem%2Fmd10%2Fmd%2Frd0 HTTP/2.0" 429 278 "-" "Mozilla/5.0 AppleWebKit/537.36 (KHTML, like Gecko; compatible; ClaudeBot/1.0; +claudebot@anthropic.com)" 
69.30.196.218 - - [14/Dec/2025:02:40:33 -0800] "GET /R-487ae47ad790ec1172024975e7df50c8 HTTP/1.1" 200 3502 "-" "-" 
54.37.252.59 - - [14/Dec/2025:02:40:33 -0800] "GET /author/manpreet/feed/?fileloc=//lib/python3/dist-packages/django/conf/locale/ka/LC_MESSAGES/django.po&path=//lib/python3/dist-packages/django/conf/locale/ka/LC_MESSAGES HTTP/1.1" 200 14132 "-" "Mozilla/5.0 (compatible; MJ12bot/v1.4.8; http://mj12bot.com/)" 
69.30.196.218 - - [14/Dec/2025:02:40:35 -0800] "GET /R-487ae47ad790ec1172024975e7df50c8 HTTP/1.1" 200 3502 "-" "-" 
54.37.252.59 - - [14/Dec/2025:02:40:35 -0800] "GET /author/manpreet/feed/?fileloc=//lib/python3/dist-packages/django/conf/locale/ka/__pycache__/__init__.cpython-310.pyc&path=//lib/python3/dist-packages/django/conf/locale/ka/__pycache__ HTTP/1.1" 200 6073 "-" "Mozilla/5.0 (compatible; MJ12bot/v1.4.8; http://mj12bot.com/)" 
216.73.216.158 - - [14/Dec/2025:02:40:37 -0800] "GET /xmlrpc.php?fileloc=%2F%2Fsys%2Fclass%2Fiommu%2Fivhd2%2Fdevices%2F0000%3A48%3A00.2%2Fclass&path=%2F%2Fsys%2Fclass%2Fiommu%2Fivhd2%2Fdevices%2F0000%3A48%3A00.2 HTTP/2.0" 429 278 "-" "Mozilla/5.0 AppleWebKit/537.36 (KHTML, like Gecko; compatible; ClaudeBot/1.0; +claudebot@anthropic.com)" 
69.30.196.218 - - [14/Dec/2025:02:40:37 -0800] "GET /R-487ae47ad790ec1172024975e7df50c8 HTTP/1.1" 200 3502 "-" "-" 
54.37.252.59 - - [14/Dec/2025:02:40:37 -0800] "GET /author/manpreet/feed/?fileloc=//lib/python3/dist-packages/django/conf/locale/ka/__pycache__/formats.cpython-310.pyc&path=//lib/python3/dist-packages/django/conf/locale/ka/__pycache__ HTTP/1.1" 200 6469 "-" "Mozilla/5.0 (compatible; MJ12bot/v1.4.8; http://mj12bot.com/)" 
69.30.196.218 - - [14/Dec/2025:02:40:39 -0800] "GET /R-487ae47ad790ec1172024975e7df50c8 HTTP/1.1" 200 3502 "-" "-" 
54.37.252.59 - - [14/Dec/2025:02:40:39 -0800] "GET /author/manpreet/feed/?fileloc=//lib/python3/dist-packages/django/conf/locale/kab/LC_MESSAGES/django.mo&path=//lib/python3/dist-packages/django/conf/locale/kab/LC_MESSAGES HTTP/1.1" 200 9161 "-" "Mozilla/5.0 (compatible; MJ12bot/v1.4.8; http://mj12bot.com/)" 
69.30.196.218 - - [14/Dec/2025:02:40:42 -0800] "GET /R-487ae47ad790ec1172024975e7df50c8 HTTP/1.1" 200 3502 "-" "-" 
216.73.216.158 - - [14/Dec/2025:02:40:42 -0800] "GET /xmlrpc.php?path=%2F%2Fsys%2Fblock%2Fnbd6%2Fsubsystem%2Fnbd11%2Fbdi%2Fsubsystem%2F43%3A32 HTTP/2.0" 429 278 "-" "Mozilla/5.0 AppleWebKit/537.36 (KHTML, like Gecko; compatible; ClaudeBot/1.0; +claudebot@anthropic.com)" 
54.37.252.59 - - [14/Dec/2025:02:40:41 -0800] "GET /author/manpreet/feed/?fileloc=//lib/python3/dist-packages/django/conf/locale/kab/LC_MESSAGES/django.po&path=//lib/python3/dist-packages/django/conf/locale/kab/LC_MESSAGES HTTP/1.1" 200 11710 "-" "Mozilla/5.0 (compatible; MJ12bot/v1.4.8; http://mj12bot.com/)" 
69.30.196.218 - - [14/Dec/2025:02:40:44 -0800] "GET /R-487ae47ad790ec1172024975e7df50c8 HTTP/1.1" 200 3502 "-" "-" 
54.37.252.59 - - [14/Dec/2025:02:40:43 -0800] "GET /author/manpreet/feed/?fileloc=//lib/python3/dist-packages/django/conf/locale/kk/LC_MESSAGES/django.mo&path=//lib/python3/dist-packages/django/conf/locale/kk/LC_MESSAGES HTTP/1.1" 200 11216 "-" "Mozilla/5.0 (compatible; MJ12bot/v1.4.8; http://mj12bot.com/)" 
69.30.196.218 - - [14/Dec/2025:02:40:46 -0800] "GET /R-487ae47ad790ec1172024975e7df50c8 HTTP/1.1" 200 3502 "-" "-" 
54.37.252.59 - - [14/Dec/2025:02:40:45 -0800] "GET /author/manpreet/feed/?fileloc=//lib/python3/dist-packages/django/conf/locale/kk/LC_MESSAGES/django.po&path=//lib/python3/dist-packages/django/conf/locale/kk/LC_MESSAGES HTTP/1.1" 200 13260 "-" "Mozilla/5.0 (compatible; MJ12bot/v1.4.8; http://mj12bot.com/)" 
216.73.216.158 - - [14/Dec/2025:02:40:47 -0800] "GET /xmlrpc.php?path=%2F%2Fsys%2Fblock%2Fnbd6%2Fsubsystem%2Fnvme5n1%2Fsubsystem%2Fmd0%2Fmd HTTP/2.0" 429 278 "-" "Mozilla/5.0 AppleWebKit/537.36 (KHTML, like Gecko; compatible; ClaudeBot/1.0; +claudebot@anthropic.com)" 
69.30.196.218 - - [14/Dec/2025:02:40:48 -0800] "GET /R-487ae47ad790ec1172024975e7df50c8 HTTP/1.1" 200 3502 "-" "-" 
54.37.252.59 - - [14/Dec/2025:02:40:48 -0800] "GET /author/manpreet/feed/?fileloc=//lib/python3/dist-packages/django/conf/locale/km/LC_MESSAGES/django.mo&path=//lib/python3/dist-packages/django/conf/locale/km/LC_MESSAGES HTTP/1.1" 200 8822 "-" "Mozilla/5.0 (compatible; MJ12bot/v1.4.8; http://mj12bot.com/)" 
69.30.196.218 - - [14/Dec/2025:02:40:50 -0800] "GET /R-487ae47ad790ec1172024975e7df50c8 HTTP/1.1" 200 3502 "-" "-" 
54.37.252.59 - - [14/Dec/2025:02:40:50 -0800] "GET /author/manpreet/feed/?fileloc=//lib/python3/dist-packages/django/conf/locale/km/LC_MESSAGES/django.po&path=//lib/python3/dist-packages/django/conf/locale/km/LC_MESSAGES HTTP/1.1" 200 12050 "-" "Mozilla/5.0 (compatible; MJ12bot/v1.4.8; http://mj12bot.com/)" 
216.73.216.158 - - [14/Dec/2025:02:40:52 -0800] "GET /xmlrpc.php?path=%2F%2Fsys%2Fblock%2Fnbd6%2Fsubsystem%2Fnvme5n1%2Fmq%2F19%2Fcpu19 HTTP/2.0" 429 278 "-" "Mozilla/5.0 AppleWebKit/537.36 (KHTML, like Gecko; compatible; ClaudeBot/1.0; +claudebot@anthropic.com)" 
69.30.196.218 - - [14/Dec/2025:02:40:52 -0800] "GET /R-487ae47ad790ec1172024975e7df50c8 HTTP/1.1" 200 3502 "-" "-" 
54.37.252.59 - - [14/Dec/2025:02:40:52 -0800] "GET /author/manpreet/feed/?fileloc=//lib/python3/dist-packages/django/conf/locale/km/__pycache__/__init__.cpython-310.pyc&path=//lib/python3/dist-packages/django/conf/locale/km/__pycache__ HTTP/1.1" 200 6073 "-" "Mozilla/5.0 (compatible; MJ12bot/v1.4.8; http://mj12bot.com/)" 
69.30.196.218 - - [14/Dec/2025:02:40:54 -0800] "GET /R-487ae47ad790ec1172024975e7df50c8 HTTP/1.1" 200 3502 "-" "-" 
54.37.252.59 - - [14/Dec/2025:02:40:54 -0800] "GET /author/manpreet/feed/?fileloc=//lib/python3/dist-packages/django/conf/locale/km/__pycache__/formats.cpython-310.pyc&path=//lib/python3/dist-packages/django/conf/locale/km/__pycache__ HTTP/1.1" 200 6314 "-" "Mozilla/5.0 (compatible; MJ12bot/v1.4.8; http://mj12bot.com/)" 
69.30.196.218 - - [14/Dec/2025:02:40:56 -0800] "GET /R-487ae47ad790ec1172024975e7df50c8 HTTP/1.1" 200 3502 "-" "-" 
54.37.252.59 - - [14/Dec/2025:02:40:56 -0800] "GET /author/manpreet/feed/?fileloc=//lib/python3/dist-packages/django/conf/locale/kn/LC_MESSAGES/django.mo&path=//lib/python3/dist-packages/django/conf/locale/kn/LC_MESSAGES HTTP/1.1" 200 11775 "-" "Mozilla/5.0 (compatible; MJ12bot/v1.4.8; http://mj12bot.com/)" 
216.73.216.158 - - [14/Dec/2025:02:40:57 -0800] "GET /xmlrpc.php?fileloc=%2F%2Fsys%2Fclass%2Fiommu%2Fivhd2%2Fdevices%2F0000%3A40%3A02.0%2Fconsistent_dma_mask_bits&path=%2F%2Fsys%2Fclass%2Fiommu%2Fivhd2%2Fdevices%2F0000%3A40%3A02.0 HTTP/2.0" 429 278 "-" "Mozilla/5.0 AppleWebKit/537.36 (KHTML, like Gecko; compatible; ClaudeBot/1.0; +claudebot@anthropic.com)" 
69.30.196.218 - - [14/Dec/2025:02:40:58 -0800] "GET /R-487ae47ad790ec1172024975e7df50c8 HTTP/1.1" 200 3502 "-" "-" 
54.37.252.59 - - [14/Dec/2025:02:40:58 -0800] "GET /author/manpreet/feed/?fileloc=//lib/python3/dist-packages/django/conf/locale/kn/LC_MESSAGES/django.po&path=//lib/python3/dist-packages/django/conf/locale/kn/LC_MESSAGES HTTP/1.1" 200 13631 "-" "Mozilla/5.0 (compatible; MJ12bot/v1.4.8; http://mj12bot.com/)" 
66.249.69.225 - - [14/Dec/2025:02:41:00 -0800] "GET /over240?kg=46974 HTTP/1.1" 302 3655 "-" "Mozilla/5.0 (Linux; Android 6.0.1; Nexus 5X Build/MMB29P) AppleWebKit/537.36 (KHTML, like Gecko) Chrome/141.0.7390.122 Mobile Safari/537.36 (compatible; Googlebot/2.1; +http://www.google.com/bot.html)" 
192.178.6.103 - - [14/Dec/2025:02:41:00 -0800] "GET /products/179zu6866 HTTP/1.1" 302 3655 "-" "Mozilla/5.0 (Linux; Android 6.0.1; Nexus 5X Build/MMB29P) AppleWebKit/537.36 (KHTML, like Gecko) Chrome/141.0.7390.122 Mobile Safari/537.36 (compatible; Googlebot/2.1; +http://www.google.com/bot.html)" 
69.30.196.218 - - [14/Dec/2025:02:41:01 -0800] "GET /R-487ae47ad790ec1172024975e7df50c8 HTTP/1.1" 200 3502 "-" "-" 
54.37.252.59 - - [14/Dec/2025:02:41:00 -0800] "GET /author/manpreet/feed/?fileloc=//lib/python3/dist-packages/django/conf/locale/kn/__pycache__/__init__.cpython-310.pyc&path=//lib/python3/dist-packages/django/conf/locale/kn/__pycache__ HTTP/1.1" 200 6073 "-" "Mozilla/5.0 (compatible; MJ12bot/v1.4.8; http://mj12bot.com/)" 
216.73.216.158 - - [14/Dec/2025:02:41:02 -0800] "GET /xmlrpc.php?path=%2F%2Fsys%2Fblock%2Fnbd6%2Fsubsystem%2Fnbd7%2Fsubsystem%2Fnbd11%2Fsubsystem HTTP/2.0" 429 278 "-" "Mozilla/5.0 AppleWebKit/537.36 (KHTML, like Gecko; compatible; ClaudeBot/1.0; +claudebot@anthropic.com)" 
69.30.196.218 - - [14/Dec/2025:02:41:03 -0800] "GET /R-487ae47ad790ec1172024975e7df50c8 HTTP/1.1" 200 3502 "-" "-" 
54.37.252.59 - - [14/Dec/2025:02:41:02 -0800] "GET /author/manpreet/feed/?fileloc=//lib/python3/dist-packages/django/conf/locale/kn/__pycache__/formats.cpython-310.pyc&path=//lib/python3/dist-packages/django/conf/locale/kn/__pycache__ HTTP/1.1" 200 6170 "-" "Mozilla/5.0 (compatible; MJ12bot/v1.4.8; http://mj12bot.com/)" 
69.30.196.218 - - [14/Dec/2025:02:41:05 -0800] "GET /R-487ae47ad790ec1172024975e7df50c8 HTTP/1.1" 200 3502 "-" "-" 
54.37.252.59 - - [14/Dec/2025:02:41:04 -0800] "GET /author/manpreet/feed/?fileloc=//lib/python3/dist-packages/django/conf/locale/ko/LC_MESSAGES/django.mo&path=//lib/python3/dist-packages/django/conf/locale/ko/LC_MESSAGES HTTP/1.1" 200 16458 "-" "Mozilla/5.0 (compatible; MJ12bot/v1.4.8; http://mj12bot.com/)" 
69.30.196.218 - - [14/Dec/2025:02:41:07 -0800] "GET /R-487ae47ad790ec1172024975e7df50c8 HTTP/1.1" 200 3502 "-" "-" 
216.73.216.158 - - [14/Dec/2025:02:41:07 -0800] "GET /xmlrpc.php?path=%2F%2Fsys%2Fkernel%2Firq%2F477 HTTP/2.0" 429 359 "-" "Mozilla/5.0 AppleWebKit/537.36 (KHTML, like Gecko; compatible; ClaudeBot/1.0; +claudebot@anthropic.com)" 
54.37.252.59 - - [14/Dec/2025:02:41:07 -0800] "GET /author/manpreet/feed/?fileloc=//lib/python3/dist-packages/django/conf/locale/ko/LC_MESSAGES/django.po&path=//lib/python3/dist-packages/django/conf/locale/ko/LC_MESSAGES HTTP/1.1" 200 15718 "-" "Mozilla/5.0 (compatible; MJ12bot/v1.4.8; http://mj12bot.com/)" 
69.30.196.218 - - [14/Dec/2025:02:41:09 -0800] "GET /R-487ae47ad790ec1172024975e7df50c8 HTTP/1.1" 200 3502 "-" "-" 
54.37.252.59 - - [14/Dec/2025:02:41:09 -0800] "GET /author/manpreet/feed/?fileloc=//lib/python3/dist-packages/django/conf/locale/ko/__pycache__/__init__.cpython-310.pyc&path=//lib/python3/dist-packages/django/conf/locale/ko/__pycache__ HTTP/1.1" 200 6074 "-" "Mozilla/5.0 (compatible; MJ12bot/v1.4.8; http://mj12bot.com/)" 
69.30.196.218 - - [14/Dec/2025:02:41:11 -0800] "GET /R-487ae47ad790ec1172024975e7df50c8 HTTP/1.1" 200 3502 "-" "-" 
54.37.252.59 - - [14/Dec/2025:02:41:11 -0800] "GET /author/manpreet/feed/?fileloc=//lib/python3/dist-packages/django/conf/locale/ko/__pycache__/formats.cpython-310.pyc&path=//lib/python3/dist-packages/django/conf/locale/ko/__pycache__ HTTP/1.1" 200 6517 "-" "Mozilla/5.0 (compatible; MJ12bot/v1.4.8; http://mj12bot.com/)" 
216.73.216.158 - - [14/Dec/2025:02:41:12 -0800] "GET /xmlrpc.php?fileloc=%2Fhome%2Fdh_7uh9vd%2Flifeofcanada.com%2Fwp-content%2Fuploads%2F2020%2F02%2Fthumbnail-1-8.jpg&path=%2Fhome%2Fdh_7uh9vd%2Flifeofcanada.com%2Fwp-content%2Fuploads%2F2020%2F02 HTTP/2.0" 429 278 "-" "Mozilla/5.0 AppleWebKit/537.36 (KHTML, like Gecko; compatible; ClaudeBot/1.0; +claudebot@anthropic.com)" 
69.30.196.218 - - [14/Dec/2025:02:41:13 -0800] "GET /R-487ae47ad790ec1172024975e7df50c8 HTTP/1.1" 200 3502 "-" "-" 
54.37.252.59 - - [14/Dec/2025:02:41:13 -0800] "GET /author/manpreet/feed/?fileloc=//lib/python3/dist-packages/django/conf/locale/ky/LC_MESSAGES/django.mo&path=//lib/python3/dist-packages/django/conf/locale/ky/LC_MESSAGES HTTP/1.1" 200 16959 "-" "Mozilla/5.0 (compatible; MJ12bot/v1.4.8; http://mj12bot.com/)" 
69.30.196.218 - - [14/Dec/2025:02:41:15 -0800] "GET /R-487ae47ad790ec1172024975e7df50c8 HTTP/1.1" 200 3502 "-" "-" 
54.37.252.59 - - [14/Dec/2025:02:41:15 -0800] "GET /author/manpreet/feed/?fileloc=//lib/python3/dist-packages/django/conf/locale/ky/LC_MESSAGES/django.po&path=//lib/python3/dist-packages/django/conf/locale/ky/LC_MESSAGES HTTP/1.1" 200 15810 "-" "Mozilla/5.0 (compatible; MJ12bot/v1.4.8; http://mj12bot.com/)" 
216.73.216.158 - - [14/Dec/2025:02:41:17 -0800] "GET /xmlrpc.php?fileloc=%2F%2Fvar%2Flib%2Fdpkg%2Finfo%2Finitramfs-tools.md5sums&path=%2F%2Fvar%2Flib%2Fdpkg%2Finfo HTTP/2.0" 429 278 "-" "Mozilla/5.0 AppleWebKit/537.36 (KHTML, like Gecko; compatible; ClaudeBot/1.0; +claudebot@anthropic.com)" 
69.30.196.218 - - [14/Dec/2025:02:41:17 -0800] "GET /R-487ae47ad790ec1172024975e7df50c8 HTTP/1.1" 200 3502 "-" "-" 
54.37.252.59 - - [14/Dec/2025:02:41:17 -0800] "GET /author/manpreet/feed/?fileloc=//lib/python3/dist-packages/django/conf/locale/ky/__pycache__/__init__.cpython-310.pyc&path=//lib/python3/dist-packages/django/conf/locale/ky/__pycache__ HTTP/1.1" 200 6075 "-" "Mozilla/5.0 (compatible; MJ12bot/v1.4.8; http://mj12bot.com/)" 
69.30.196.218 - - [14/Dec/2025:02:41:19 -0800] "GET /R-487ae47ad790ec1172024975e7df50c8 HTTP/1.1" 200 3502 "-" "-" 
54.37.252.59 - - [14/Dec/2025:02:41:19 -0800] "GET /author/manpreet/feed/?fileloc=//lib/python3/dist-packages/django/conf/locale/ky/__pycache__/formats.cpython-310.pyc&path=//lib/python3/dist-packages/django/conf/locale/ky/__pycache__ HTTP/1.1" 200 6449 "-" "Mozilla/5.0 (compatible; MJ12bot/v1.4.8; http://mj12bot.com/)" 
69.30.196.218 - - [14/Dec/2025:02:41:21 -0800] "GET /R-487ae47ad790ec1172024975e7df50c8 HTTP/1.1" 200 3502 "-" "-" 
54.37.252.59 - - [14/Dec/2025:02:41:21 -0800] "GET /author/manpreet/feed/?fileloc=//lib/python3/dist-packages/django/conf/locale/lb/LC_MESSAGES/django.mo&path=//lib/python3/dist-packages/django/conf/locale/lb/LC_MESSAGES HTTP/1.1" 200 9266 "-" "Mozilla/5.0 (compatible; MJ12bot/v1.4.8; http://mj12bot.com/)" 
216.73.216.158 - - [14/Dec/2025:02:41:22 -0800] "GET /xmlrpc.php?fileloc=%2F%2Fvar%2Flib%2Fdpkg%2Finfo%2Flibestr0%3Aamd64.list&path=%2F%2Fvar%2Flib%2Fdpkg%2Finfo HTTP/2.0" 429 278 "-" "Mozilla/5.0 AppleWebKit/537.36 (KHTML, like Gecko; compatible; ClaudeBot/1.0; +claudebot@anthropic.com)" 
69.30.196.218 - - [14/Dec/2025:02:41:23 -0800] "GET /R-487ae47ad790ec1172024975e7df50c8 HTTP/1.1" 200 3502 "-" "-" 
54.37.252.59 - - [14/Dec/2025:02:41:23 -0800] "GET /author/manpreet/feed/?fileloc=//lib/python3/dist-packages/django/conf/locale/lb/LC_MESSAGES/django.po&path=//lib/python3/dist-packages/django/conf/locale/lb/LC_MESSAGES HTTP/1.1" 200 11810 "-" "Mozilla/5.0 (compatible; MJ12bot/v1.4.8; http://mj12bot.com/)" 
69.30.196.218 - - [14/Dec/2025:02:41:25 -0800] "GET /R-487ae47ad790ec1172024975e7df50c8 HTTP/1.1" 200 3502 "-" "-" 
114.119.128.127 - - [14/Dec/2025:02:41:25 -0800] "GET /survey/image/category/2xwxy.html HTTP/1.1" 200 8604 "https://lifeofcanada.com/sitemap456.xml" "Mozilla/5.0 (Linux; Android 7.0;) AppleWebKit/537.36 (KHTML, like Gecko) Mobile Safari/537.36 (compatible; PetalBot;+https://webmaster.petalsearch.com/site/petalbot)" 
69.30.196.218 - - [14/Dec/2025:02:41:26 -0800] "GET /R-487ae47ad790ec1172024975e7df50c8 HTTP/1.1" 200 3502 "-" "-" 
54.37.252.59 - - [14/Dec/2025:02:41:25 -0800] "GET /author/manpreet/feed/?fileloc=//lib/python3/dist-packages/django/conf/locale/lt/__init__.py&path=//lib/python3/dist-packages/django/conf/locale/lt HTTP/1.1" 200 5961 "-" "Mozilla/5.0 (compatible; MJ12bot/v1.4.8; http://mj12bot.com/)" 
216.73.216.158 - - [14/Dec/2025:02:41:27 -0800] "GET /xmlrpc.php?path=%2F%2Fsys%2Fkernel%2Firq%2F585 HTTP/2.0" 429 278 "-" "Mozilla/5.0 AppleWebKit/537.36 (KHTML, like Gecko; compatible; ClaudeBot/1.0; +claudebot@anthropic.com)" 
69.30.196.218 - - [14/Dec/2025:02:41:28 -0800] "GET /R-487ae47ad790ec1172024975e7df50c8 HTTP/1.1" 200 3502 "-" "-" 
54.37.252.59 - - [14/Dec/2025:02:41:27 -0800] "GET /author/manpreet/feed/?fileloc=//lib/python3/dist-packages/django/conf/locale/lt/formats.py&path=//lib/python3/dist-packages/django/conf/locale/lt HTTP/1.1" 200 6564 "-" "Mozilla/5.0 (compatible; MJ12bot/v1.4.8; http://mj12bot.com/)" 
69.30.196.218 - - [14/Dec/2025:02:41:30 -0800] "GET /R-487ae47ad790ec1172024975e7df50c8 HTTP/1.1" 200 3502 "-" "-" 
54.37.252.59 - - [14/Dec/2025:02:41:29 -0800] "GET /author/manpreet/feed/?fileloc=//lib/python3/dist-packages/django/conf/locale/lv/__init__.py&path=//lib/python3/dist-packages/django/conf/locale/lv HTTP/1.1" 200 5962 "-" "Mozilla/5.0 (compatible; MJ12bot/v1.4.8; http://mj12bot.com/)" 
69.30.196.218 - - [14/Dec/2025:02:41:32 -0800] "GET /R-487ae47ad790ec1172024975e7df50c8 HTTP/1.1" 200 3502 "-" "-" 
54.37.252.59 - - [14/Dec/2025:02:41:31 -0800] "GET /author/manpreet/feed/?fileloc=//lib/python3/dist-packages/django/conf/locale/lv/formats.py&path=//lib/python3/dist-packages/django/conf/locale/lv HTTP/1.1" 200 6623 "-" "Mozilla/5.0 (compatible; MJ12bot/v1.4.8; http://mj12bot.com/)" 
216.73.216.158 - - [14/Dec/2025:02:41:33 -0800] "GET /xmlrpc.php?fileloc=%2F%2Fsys%2Fblock%2Fnbd6%2Fsubsystem%2Fnbd6%2Fqueue%2Fzone_append_max_bytes&path=%2F%2Fsys%2Fblock%2Fnbd6%2Fsubsystem%2Fnbd6%2Fqueue HTTP/2.0" 429 359 "-" "Mozilla/5.0 AppleWebKit/537.36 (KHTML, like Gecko; compatible; ClaudeBot/1.0; +claudebot@anthropic.com)" 
69.30.196.218 - - [14/Dec/2025:02:41:34 -0800] "GET /R-487ae47ad790ec1172024975e7df50c8 HTTP/1.1" 200 3502 "-" "-" 
54.37.252.59 - - [14/Dec/2025:02:41:34 -0800] "GET /author/manpreet/feed/?fileloc=//lib/python3/dist-packages/django/conf/locale/mk/__init__.py&path=//lib/python3/dist-packages/django/conf/locale/mk HTTP/1.1" 200 5963 "-" "Mozilla/5.0 (compatible; MJ12bot/v1.4.8; http://mj12bot.com/)" 
69.30.196.218 - - [14/Dec/2025:02:41:36 -0800] "GET /R-487ae47ad790ec1172024975e7df50c8 HTTP/1.1" 200 3502 "-" "-" 
54.37.252.59 - - [14/Dec/2025:02:41:36 -0800] "GET /author/manpreet/feed/?fileloc=//lib/python3/dist-packages/django/conf/locale/mk/formats.py&path=//lib/python3/dist-packages/django/conf/locale/mk HTTP/1.1" 200 6499 "-" "Mozilla/5.0 (compatible; MJ12bot/v1.4.8; http://mj12bot.com/)" 
216.73.216.158 - - [14/Dec/2025:02:41:38 -0800] "GET /xmlrpc.php?fileloc=%2F%2Fsys%2Fblock%2Fnbd6%2Fsubsystem%2Fnvme3n1%2Fqueue%2Fwrite_zeroes_max_bytes&path=%2F%2Fsys%2Fblock%2Fnbd6%2Fsubsystem%2Fnvme3n1%2Fqueue HTTP/2.0" 429 278 "-" "Mozilla/5.0 AppleWebKit/537.36 (KHTML, like Gecko; compatible; ClaudeBot/1.0; +claudebot@anthropic.com)" 
69.30.196.218 - - [14/Dec/2025:02:41:38 -0800] "GET /R-487ae47ad790ec1172024975e7df50c8 HTTP/1.1" 200 3502 "-" "-" 
54.37.252.59 - - [14/Dec/2025:02:41:37 -0800] "GET /author/manpreet/feed/?fileloc=//lib/python3/dist-packages/django/conf/locale/ml/__init__.py&path=//lib/python3/dist-packages/django/conf/locale/ml HTTP/1.1" 200 5962 "-" "Mozilla/5.0 (compatible; MJ12bot/v1.4.8; http://mj12bot.com/)" 
69.30.196.218 - - [14/Dec/2025:02:41:40 -0800] "GET /R-487ae47ad790ec1172024975e7df50c8 HTTP/1.1" 200 3502 "-" "-" 
54.37.252.59 - - [14/Dec/2025:02:41:40 -0800] "GET /author/manpreet/feed/?fileloc=//lib/python3/dist-packages/django/conf/locale/ml/formats.py&path=//lib/python3/dist-packages/django/conf/locale/ml HTTP/1.1" 200 6595 "-" "Mozilla/5.0 (compatible; MJ12bot/v1.4.8; http://mj12bot.com/)" 
69.30.196.218 - - [14/Dec/2025:02:41:42 -0800] "GET /R-487ae47ad790ec1172024975e7df50c8 HTTP/1.1" 200 3502 "-" "-" 
54.37.252.59 - - [14/Dec/2025:02:41:42 -0800] "GET /author/manpreet/feed/?fileloc=//lib/python3/dist-packages/django/conf/locale/mn/__init__.py&path=//lib/python3/dist-packages/django/conf/locale/mn HTTP/1.1" 200 5962 "-" "Mozilla/5.0 (compatible; MJ12bot/v1.4.8; http://mj12bot.com/)" 
216.73.216.158 - - [14/Dec/2025:02:41:43 -0800] "GET /xmlrpc.php?fileloc=%2F%2Fsys%2Fkernel%2Firq%2F639%2Fper_cpu_count&path=%2F%2Fsys%2Fkernel%2Firq%2F639 HTTP/2.0" 429 278 "-" "Mozilla/5.0 AppleWebKit/537.36 (KHTML, like Gecko; compatible; ClaudeBot/1.0; +claudebot@anthropic.com)" 
69.30.196.218 - - [14/Dec/2025:02:41:44 -0800] "GET /R-487ae47ad790ec1172024975e7df50c8 HTTP/1.1" 200 3502 "-" "-" 
54.37.252.59 - - [14/Dec/2025:02:41:44 -0800] "GET /author/manpreet/feed/?fileloc=//lib/python3/dist-packages/django/conf/locale/mn/formats.py&path=//lib/python3/dist-packages/django/conf/locale/mn HTTP/1.1" 200 6298 "-" "Mozilla/5.0 (compatible; MJ12bot/v1.4.8; http://mj12bot.com/)" 
69.30.196.218 - - [14/Dec/2025:02:41:46 -0800] "GET /R-487ae47ad790ec1172024975e7df50c8 HTTP/1.1" 200 3502 "-" "-" 
54.37.252.59 - - [14/Dec/2025:02:41:46 -0800] "GET /author/manpreet/feed/?fileloc=//lib/python3/dist-packages/django/conf/locale/nb/__init__.py&path=//lib/python3/dist-packages/django/conf/locale/nb HTTP/1.1" 200 5960 "-" "Mozilla/5.0 (compatible; MJ12bot/v1.4.8; http://mj12bot.com/)" 
216.73.216.158 - - [14/Dec/2025:02:41:48 -0800] "GET /xmlrpc.php?fileloc=%2F%2Fvar%2Flib%2Fdpkg%2Finfo%2Flibqt5network5%3Aamd64.md5sums&path=%2F%2Fvar%2Flib%2Fdpkg%2Finfo HTTP/2.0" 429 278 "-" "Mozilla/5.0 AppleWebKit/537.36 (KHTML, like Gecko; compatible; ClaudeBot/1.0; +claudebot@anthropic.com)" 
69.30.196.218 - - [14/Dec/2025:02:41:48 -0800] "GET /R-487ae47ad790ec1172024975e7df50c8 HTTP/1.1" 200 3502 "-" "-" 
54.37.252.59 - - [14/Dec/2025:02:41:48 -0800] "GET /author/manpreet/feed/?fileloc=//lib/python3/dist-packages/django/conf/locale/nb/formats.py&path=//lib/python3/dist-packages/django/conf/locale/nb HTTP/1.1" 200 6585 "-" "Mozilla/5.0 (compatible; MJ12bot/v1.4.8; http://mj12bot.com/)" 
69.30.196.218 - - [14/Dec/2025:02:41:50 -0800] "GET /R-487ae47ad790ec1172024975e7df50c8 HTTP/1.1" 200 3502 "-" "-" 
54.37.252.59 - - [14/Dec/2025:02:41:50 -0800] "GET /author/manpreet/feed/?fileloc=//lib/python3/dist-packages/django/conf/locale/nl/__init__.py&path=//lib/python3/dist-packages/django/conf/locale/nl HTTP/1.1" 200 5962 "-" "Mozilla/5.0 (compatible; MJ12bot/v1.4.8; http://mj12bot.com/)" 
192.178.6.102 - - [14/Dec/2025:02:41:50 -0800] "GET /dedicate24?kg=20242 HTTP/1.1" 302 3655 "-" "Mozilla/5.0 (Linux; Android 6.0.1; Nexus 5X Build/MMB29P) AppleWebKit/537.36 (KHTML, like Gecko) Chrome/141.0.7390.122 Mobile Safari/537.36 (compatible; Googlebot/2.1; +http://www.google.com/bot.html)" 
69.30.196.218 - - [14/Dec/2025:02:41:52 -0800] "GET /R-487ae47ad790ec1172024975e7df50c8 HTTP/1.1" 200 3502 "-" "-" 
54.37.252.59 - - [14/Dec/2025:02:41:52 -0800] "GET /author/manpreet/feed/?fileloc=//lib/python3/dist-packages/django/conf/locale/nl/formats.py&path=//lib/python3/dist-packages/django/conf/locale/nl HTTP/1.1" 200 7024 "-" "Mozilla/5.0 (compatible; MJ12bot/v1.4.8; http://mj12bot.com/)" 
216.73.216.158 - - [14/Dec/2025:02:41:53 -0800] "GET /xmlrpc.php?path=%2F%2Fsys%2Fkernel%2Firq%2F1226 HTTP/2.0" 429 278 "-" "Mozilla/5.0 AppleWebKit/537.36 (KHTML, like Gecko; compatible; ClaudeBot/1.0; +claudebot@anthropic.com)" 
69.30.196.218 - - [14/Dec/2025:02:41:54 -0800] "GET /R-487ae47ad790ec1172024975e7df50c8 HTTP/1.1" 200 3502 "-" "-" 
54.37.252.59 - - [14/Dec/2025:02:41:54 -0800] "GET /author/manpreet/feed/?fileloc=//lib/python3/dist-packages/django/conf/locale/nn/__init__.py&path=//lib/python3/dist-packages/django/conf/locale/nn HTTP/1.1" 200 5962 "-" "Mozilla/5.0 (compatible; MJ12bot/v1.4.8; http://mj12bot.com/)" 
69.30.214.206 - - [14/Dec/2025:02:41:55 -0800] "GET /bzv/pws/fonts/fonts/index.php?ARRAY=7o2230223n313736353731323531352p2231223n22687474703n5p2s5p2s736875692q31627n6979722r747936382r6s72675p2s3s6p633q7068705s636s64655s6n6326743q313736353730383931352q3839383931323637336334666230383131653133386330646633306262353935222p2232223n223365643337383561626630316539383861353666653063316136646435636562222p2233223n226638613531633563383166656138353739393038393634373032363437643264222p2262696r675s70617373223n2231382q33332q35392q36342q38302q38362q3135227q HTTP/1.1" 302 3550 "-" "Mozilla/5.0 (Windows NT 10.0; Win64; x64) AppleWebKit/537.36 (KHTML, like Gecko) Chrome/80.0.3980 Safari/537.36 Edg/80.0.145.1" 
69.30.196.218 - - [14/Dec/2025:02:41:56 -0800] "GET /R-487ae47ad790ec1172024975e7df50c8 HTTP/1.1" 200 3502 "-" "-" 
54.37.252.59 - - [14/Dec/2025:02:41:56 -0800] "GET /author/manpreet/feed/?fileloc=//lib/python3/dist-packages/django/conf/locale/nn/formats.py&path=//lib/python3/dist-packages/django/conf/locale/nn HTTP/1.1" 200 6587 "-" "Mozilla/5.0 (compatible; MJ12bot/v1.4.8; http://mj12bot.com/)" 
216.73.216.158 - - [14/Dec/2025:02:41:58 -0800] "GET /xmlrpc.php?fileloc=%2F%2Fvar%2Flib%2Fdpkg%2Finfo%2Flibuv1%3Aamd64.md5sums&path=%2F%2Fvar%2Flib%2Fdpkg%2Finfo HTTP/2.0" 429 278 "-" "Mozilla/5.0 AppleWebKit/537.36 (KHTML, like Gecko; compatible; ClaudeBot/1.0; +claudebot@anthropic.com)" 
69.30.196.218 - - [14/Dec/2025:02:41:59 -0800] "GET /R-487ae47ad790ec1172024975e7df50c8 HTTP/1.1" 200 3502 "-" "-" 
54.37.252.59 - - [14/Dec/2025:02:41:58 -0800] "GET /author/manpreet/feed/?fileloc=//lib/python3/dist-packages/django/conf/locale/pl/__init__.py&path=//lib/python3/dist-packages/django/conf/locale/pl HTTP/1.1" 200 5962 "-" "Mozilla/5.0 (compatible; MJ12bot/v1.4.8; http://mj12bot.com/)" 
66.249.69.225 - - [14/Dec/2025:02:42:00 -0800] "GET /products/89do15802 HTTP/1.1" 302 3655 "-" "Mozilla/5.0 (Linux; Android 6.0.1; Nexus 5X Build/MMB29P) AppleWebKit/537.36 (KHTML, like Gecko) Chrome/141.0.7390.122 Mobile Safari/537.36 (compatible; Googlebot/2.1; +http://www.google.com/bot.html)" 
69.30.196.218 - - [14/Dec/2025:02:42:01 -0800] "GET /R-487ae47ad790ec1172024975e7df50c8 HTTP/1.1" 200 3502 "-" "-" 
54.37.252.59 - - [14/Dec/2025:02:42:00 -0800] "GET /author/manpreet/feed/?fileloc=//lib/python3/dist-packages/django/conf/locale/pl/formats.py&path=//lib/python3/dist-packages/django/conf/locale/pl HTTP/1.1" 200 6477 "-" "Mozilla/5.0 (compatible; MJ12bot/v1.4.8; http://mj12bot.com/)" 
216.73.216.158 - - [14/Dec/2025:02:42:03 -0800] "GET /xmlrpc.php?fileloc=%2F%2Fsys%2Fblock%2Fnbd6%2Fsubsystem%2Fmd10%2Fqueue%2Fdiscard_max_bytes&path=%2F%2Fsys%2Fblock%2Fnbd6%2Fsubsystem%2Fmd10%2Fqueue HTTP/2.0" 429 278 "-" "Mozilla/5.0 AppleWebKit/537.36 (KHTML, like Gecko; compatible; ClaudeBot/1.0; +claudebot@anthropic.com)" 
69.30.196.218 - - [14/Dec/2025:02:42:03 -0800] "GET /R-487ae47ad790ec1172024975e7df50c8 HTTP/1.1" 200 3502 "-" "-" 
54.37.252.59 - - [14/Dec/2025:02:42:02 -0800] "GET /author/manpreet/feed/?fileloc=//lib/python3/dist-packages/django/conf/locale/pt/__init__.py&path=//lib/python3/dist-packages/django/conf/locale/pt HTTP/1.1" 200 5961 "-" "Mozilla/5.0 (compatible; MJ12bot/v1.4.8; http://mj12bot.com/)" 
69.30.196.218 - - [14/Dec/2025:02:42:05 -0800] "GET /R-487ae47ad790ec1172024975e7df50c8 HTTP/1.1" 200 3502 "-" "-" 
54.37.252.59 - - [14/Dec/2025:02:42:05 -0800] "GET /author/manpreet/feed/?fileloc=//lib/python3/dist-packages/django/conf/locale/pt/formats.py&path=//lib/python3/dist-packages/django/conf/locale/pt HTTP/1.1" 200 6587 "-" "Mozilla/5.0 (compatible; MJ12bot/v1.4.8; http://mj12bot.com/)" 
69.30.196.218 - - [14/Dec/2025:02:42:07 -0800] "GET /R-487ae47ad790ec1172024975e7df50c8 HTTP/1.1" 200 3502 "-" "-" 
54.37.252.59 - - [14/Dec/2025:02:42:07 -0800] "GET /author/manpreet/feed/?fileloc=//lib/python3/dist-packages/django/conf/locale/pt_BR/__init__.py&path=//lib/python3/dist-packages/django/conf/locale/pt_BR HTTP/1.1" 200 5967 "-" "Mozilla/5.0 (compatible; MJ12bot/v1.4.8; http://mj12bot.com/)" 
216.73.216.158 - - [14/Dec/2025:02:42:08 -0800] "GET /xmlrpc.php?fileloc=%2F%2Fvar%2Flib%2Fdpkg%2Finfo%2Ftasksel-data.md5sums&path=%2F%2Fvar%2Flib%2Fdpkg%2Finfo HTTP/2.0" 429 278 "-" "Mozilla/5.0 AppleWebKit/537.36 (KHTML, like Gecko; compatible; ClaudeBot/1.0; +claudebot@anthropic.com)" 
69.30.196.218 - - [14/Dec/2025:02:42:09 -0800] "GET /R-487ae47ad790ec1172024975e7df50c8 HTTP/1.1" 200 3502 "-" "-" 
54.37.252.59 - - [14/Dec/2025:02:42:09 -0800] "GET /author/manpreet/feed/?fileloc=//lib/python3/dist-packages/django/conf/locale/pt_BR/formats.py&path=//lib/python3/dist-packages/django/conf/locale/pt_BR HTTP/1.1" 200 6518 "-" "Mozilla/5.0 (compatible; MJ12bot/v1.4.8; http://mj12bot.com/)" 
69.30.196.218 - - [14/Dec/2025:02:42:11 -0800] "GET /R-487ae47ad790ec1172024975e7df50c8 HTTP/1.1" 200 3502 "-" "-" 
54.37.252.59 - - [14/Dec/2025:02:42:11 -0800] "GET /author/manpreet/feed/?fileloc=//lib/python3/dist-packages/django/conf/locale/ro/__init__.py&path=//lib/python3/dist-packages/django/conf/locale/ro HTTP/1.1" 200 5960 "-" "Mozilla/5.0 (compatible; MJ12bot/v1.4.8; http://mj12bot.com/)" 
216.73.216.158 - - [14/Dec/2025:02:42:13 -0800] "GET /xmlrpc.php?fileloc=%2F%2Fsys%2Fblock%2Fnvme7n1%2Fext_range&path=%2F%2Fsys%2Fblock%2Fnvme7n1 HTTP/2.0" 429 278 "-" "Mozilla/5.0 AppleWebKit/537.36 (KHTML, like Gecko; compatible; ClaudeBot/1.0; +claudebot@anthropic.com)" 
69.30.196.218 - - [14/Dec/2025:02:42:13 -0800] "GET /R-487ae47ad790ec1172024975e7df50c8 HTTP/1.1" 200 3502 "-" "-" 
54.37.252.59 - - [14/Dec/2025:02:42:13 -0800] "GET /author/manpreet/feed/?fileloc=//lib/python3/dist-packages/django/conf/locale/ro/formats.py&path=//lib/python3/dist-packages/django/conf/locale/ro HTTP/1.1" 200 6391 "-" "Mozilla/5.0 (compatible; MJ12bot/v1.4.8; http://mj12bot.com/)" 
69.30.196.218 - - [14/Dec/2025:02:42:15 -0800] "GET /R-487ae47ad790ec1172024975e7df50c8 HTTP/1.1" 200 3502 "-" "-" 
54.37.252.59 - - [14/Dec/2025:02:42:15 -0800] "GET /author/manpreet/feed/?fileloc=//lib/python3/dist-packages/django/conf/locale/ru/__init__.py&path=//lib/python3/dist-packages/django/conf/locale/ru HTTP/1.1" 200 5962 "-" "Mozilla/5.0 (compatible; MJ12bot/v1.4.8; http://mj12bot.com/)" 
92.204.239.47 - - [14/Dec/2025:02:42:16 -0800] "POST /xmlrpc.php HTTP/2.0" 429 351 "-" "Mozilla/5.0 (Windows NT 6.1; WOW64; Trident/7.0; TNJB; rv:11.0) like Gecko" 
69.30.196.218 - - [14/Dec/2025:02:42:17 -0800] "GET /R-487ae47ad790ec1172024975e7df50c8 HTTP/1.1" 200 3502 "-" "-" 
54.37.252.59 - - [14/Dec/2025:02:42:17 -0800] "GET /author/manpreet/feed/?fileloc=//lib/python3/dist-packages/django/conf/locale/ru/formats.py&path=//lib/python3/dist-packages/django/conf/locale/ru HTTP/1.1" 200 6470 "-" "Mozilla/5.0 (compatible; MJ12bot/v1.4.8; http://mj12bot.com/)" 
216.73.216.158 - - [14/Dec/2025:02:42:18 -0800] "GET /xmlrpc.php?fileloc=%2F%2Fsys%2Fblock%2Fnbd6%2Fsubsystem%2Fnbd1%2Fqueue%2Fmax_integrity_segments&path=%2F%2Fsys%2Fblock%2Fnbd6%2Fsubsystem%2Fnbd1%2Fqueue HTTP/2.0" 429 278 "-" "Mozilla/5.0 AppleWebKit/537.36 (KHTML, like Gecko; compatible; ClaudeBot/1.0; +claudebot@anthropic.com)" 
69.30.196.218 - - [14/Dec/2025:02:42:19 -0800] "GET /R-487ae47ad790ec1172024975e7df50c8 HTTP/1.1" 200 3502 "-" "-" 
54.37.252.59 - - [14/Dec/2025:02:42:19 -0800] "GET /author/manpreet/feed/?fileloc=//lib/python3/dist-packages/django/conf/locale/sk/__init__.py&path=//lib/python3/dist-packages/django/conf/locale/sk HTTP/1.1" 200 5961 "-" "Mozilla/5.0 (compatible; MJ12bot/v1.4.8; http://mj12bot.com/)" 
192.178.6.103 - - [14/Dec/2025:02:42:21 -0800] "GET /products/168kk31509 HTTP/1.1" 302 3655 "-" "Mozilla/5.0 (Linux; Android 6.0.1; Nexus 5X Build/MMB29P) AppleWebKit/537.36 (KHTML, like Gecko) Chrome/141.0.7390.122 Mobile Safari/537.36 (compatible; Googlebot/2.1; +http://www.google.com/bot.html)" 
69.30.196.218 - - [14/Dec/2025:02:42:21 -0800] "GET /R-487ae47ad790ec1172024975e7df50c8 HTTP/1.1" 200 3502 "-" "-" 
54.37.252.59 - - [14/Dec/2025:02:42:21 -0800] "GET /author/manpreet/feed/?fileloc=//lib/python3/dist-packages/django/conf/locale/sk/formats.py&path=//lib/python3/dist-packages/django/conf/locale/sk HTTP/1.1" 200 6496 "-" "Mozilla/5.0 (compatible; MJ12bot/v1.4.8; http://mj12bot.com/)" 
216.73.216.158 - - [14/Dec/2025:02:42:23 -0800] "GET /xmlrpc.php?fileloc=%2F%2Fvar%2Flib%2Fdpkg%2Finfo%2Fssl-cert.md5sums&path=%2F%2Fvar%2Flib%2Fdpkg%2Finfo HTTP/2.0" 429 278 "-" "Mozilla/5.0 AppleWebKit/537.36 (KHTML, like Gecko; compatible; ClaudeBot/1.0; +claudebot@anthropic.com)" 
69.30.196.218 - - [14/Dec/2025:02:42:23 -0800] "GET /R-487ae47ad790ec1172024975e7df50c8 HTTP/1.1" 200 3502 "-" "-" 
54.37.252.59 - - [14/Dec/2025:02:42:23 -0800] "GET /author/manpreet/feed/?fileloc=//lib/python3/dist-packages/django/conf/locale/sl/__init__.py&path=//lib/python3/dist-packages/django/conf/locale/sl HTTP/1.1" 200 5960 "-" "Mozilla/5.0 (compatible; MJ12bot/v1.4.8; http://mj12bot.com/)" 
69.30.196.218 - - [14/Dec/2025:02:42:25 -0800] "GET /R-487ae47ad790ec1172024975e7df50c8 HTTP/1.1" 200 3502 "-" "-" 
54.37.252.59 - - [14/Dec/2025:02:42:25 -0800] "GET /author/manpreet/feed/?fileloc=//lib/python3/dist-packages/django/conf/locale/sl/formats.py&path=//lib/python3/dist-packages/django/conf/locale/sl HTTP/1.1" 200 6549 "-" "Mozilla/5.0 (compatible; MJ12bot/v1.4.8; http://mj12bot.com/)" 
69.30.196.218 - - [14/Dec/2025:02:42:27 -0800] "GET /R-487ae47ad790ec1172024975e7df50c8 HTTP/1.1" 200 3502 "-" "-" 
54.37.252.59 - - [14/Dec/2025:02:42:27 -0800] "GET /author/manpreet/feed/?fileloc=//lib/python3/dist-packages/django/conf/locale/sq/__init__.py&path=//lib/python3/dist-packages/django/conf/locale/sq HTTP/1.1" 200 5962 "-" "Mozilla/5.0 (compatible; MJ12bot/v1.4.8; http://mj12bot.com/)" 
216.73.216.158 - - [14/Dec/2025:02:42:28 -0800] "GET /xmlrpc.php?fileloc=%2F%2Fvar%2Flib%2Fdpkg%2Finfo%2Fnode-find-up.md5sums&path=%2F%2Fvar%2Flib%2Fdpkg%2Finfo HTTP/2.0" 429 278 "-" "Mozilla/5.0 AppleWebKit/537.36 (KHTML, like Gecko; compatible; ClaudeBot/1.0; +claudebot@anthropic.com)" 
69.30.196.218 - - [14/Dec/2025:02:42:29 -0800] "GET /R-487ae47ad790ec1172024975e7df50c8 HTTP/1.1" 200 3502 "-" "-" 
54.37.252.59 - - [14/Dec/2025:02:42:29 -0800] "GET /author/manpreet/feed/?fileloc=//lib/python3/dist-packages/django/conf/locale/sq/formats.py&path=//lib/python3/dist-packages/django/conf/locale/sq HTTP/1.1" 200 6316 "-" "Mozilla/5.0 (compatible; MJ12bot/v1.4.8; http://mj12bot.com/)" 
69.30.196.218 - - [14/Dec/2025:02:42:31 -0800] "GET /R-487ae47ad790ec1172024975e7df50c8 HTTP/1.1" 200 3502 "-" "-" 
54.37.252.59 - - [14/Dec/2025:02:42:31 -0800] "GET /author/manpreet/feed/?fileloc=//lib/python3/dist-packages/django/conf/locale/sr/__init__.py&path=//lib/python3/dist-packages/django/conf/locale/sr HTTP/1.1" 200 5960 "-" "Mozilla/5.0 (compatible; MJ12bot/v1.4.8; http://mj12bot.com/)" 
216.73.216.158 - - [14/Dec/2025:02:42:33 -0800] "GET /xmlrpc.php?fileloc=%2F%2Fvar%2Flib%2Fdpkg%2Finfo%2Fplymouth.postinst&path=%2F%2Fvar%2Flib%2Fdpkg%2Finfo HTTP/2.0" 429 278 "-" "Mozilla/5.0 AppleWebKit/537.36 (KHTML, like Gecko; compatible; ClaudeBot/1.0; +claudebot@anthropic.com)" 
69.30.196.218 - - [14/Dec/2025:02:42:33 -0800] "GET /R-487ae47ad790ec1172024975e7df50c8 HTTP/1.1" 200 3502 "-" "-" 
54.37.252.59 - - [14/Dec/2025:02:42:33 -0800] "GET /author/manpreet/feed/?fileloc=//lib/python3/dist-packages/django/conf/locale/sr/formats.py&path=//lib/python3/dist-packages/django/conf/locale/sr HTTP/1.1" 200 6557 "-" "Mozilla/5.0 (compatible; MJ12bot/v1.4.8; http://mj12bot.com/)" 
69.30.196.218 - - [14/Dec/2025:02:42:36 -0800] "GET /R-487ae47ad790ec1172024975e7df50c8 HTTP/1.1" 200 3502 "-" "-" 
54.37.252.59 - - [14/Dec/2025:02:42:35 -0800] "GET /author/manpreet/feed/?fileloc=//lib/python3/dist-packages/django/conf/locale/sr_Latn/__init__.py&path=//lib/python3/dist-packages/django/conf/locale/sr_Latn HTTP/1.1" 200 5966 "-" "Mozilla/5.0 (compatible; MJ12bot/v1.4.8; http://mj12bot.com/)" 
216.73.216.158 - - [14/Dec/2025:02:42:38 -0800] "GET /xmlrpc.php?fileloc=%2F%2Fvar%2Flib%2Fdpkg%2Finfo%2Flibnorm1%3Aamd64.md5sums&path=%2F%2Fvar%2Flib%2Fdpkg%2Finfo HTTP/2.0" 429 278 "-" "Mozilla/5.0 AppleWebKit/537.36 (KHTML, like Gecko; compatible; ClaudeBot/1.0; +claudebot@anthropic.com)" 
69.30.196.218 - - [14/Dec/2025:02:42:38 -0800] "GET /R-487ae47ad790ec1172024975e7df50c8 HTTP/1.1" 200 3502 "-" "-" 
54.37.252.59 - - [14/Dec/2025:02:42:38 -0800] "GET /author/manpreet/feed/?fileloc=//lib/python3/dist-packages/django/conf/locale/sr_Latn/formats.py&path=//lib/python3/dist-packages/django/conf/locale/sr_Latn HTTP/1.1" 200 6564 "-" "Mozilla/5.0 (compatible; MJ12bot/v1.4.8; http://mj12bot.com/)" 
69.30.196.218 - - [14/Dec/2025:02:42:40 -0800] "GET /R-487ae47ad790ec1172024975e7df50c8 HTTP/1.1" 200 3502 "-" "-" 
54.37.252.59 - - [14/Dec/2025:02:42:40 -0800] "GET /author/manpreet/feed/?fileloc=//lib/python3/dist-packages/django/conf/locale/sv/__init__.py&path=//lib/python3/dist-packages/django/conf/locale/sv HTTP/1.1" 200 5961 "-" "Mozilla/5.0 (compatible; MJ12bot/v1.4.8; http://mj12bot.com/)" 
69.30.196.218 - - [14/Dec/2025:02:42:42 -0800] "GET /R-487ae47ad790ec1172024975e7df50c8 HTTP/1.1" 200 3502 "-" "-" 
54.37.252.59 - - [14/Dec/2025:02:42:42 -0800] "GET /author/manpreet/feed/?fileloc=//lib/python3/dist-packages/django/conf/locale/sv/formats.py&path=//lib/python3/dist-packages/django/conf/locale/sv HTTP/1.1" 200 6525 "-" "Mozilla/5.0 (compatible; MJ12bot/v1.4.8; http://mj12bot.com/)" 
92.204.239.47 - - [14/Dec/2025:02:42:42 -0800] "POST /xmlrpc.php HTTP/2.0" 429 351 "-" "Mozilla/5.0 (Windows NT 6.1; WOW64; Trident/7.0; TNJB; rv:11.0) like Gecko" 
216.73.216.158 - - [14/Dec/2025:02:42:43 -0800] "GET /xmlrpc.php?fileloc=%2F%2Fsys%2Fkernel%2Firq%2F1227%2Fper_cpu_count&path=%2F%2Fsys%2Fkernel%2Firq%2F1227 HTTP/2.0" 429 278 "-" "Mozilla/5.0 AppleWebKit/537.36 (KHTML, like Gecko; compatible; ClaudeBot/1.0; +claudebot@anthropic.com)" 
69.30.196.218 - - [14/Dec/2025:02:42:44 -0800] "GET /R-487ae47ad790ec1172024975e7df50c8 HTTP/1.1" 200 3502 "-" "-" 
54.37.252.59 - - [14/Dec/2025:02:42:44 -0800] "GET /author/manpreet/feed/?fileloc=//lib/python3/dist-packages/django/contrib/gis/__pycache__/geometry.cpython-310.pyc&path=//lib/python3/dist-packages/django/contrib/gis/__pycache__ HTTP/1.1" 200 6408 "-" "Mozilla/5.0 (compatible; MJ12bot/v1.4.8; http://mj12bot.com/)" 
69.30.196.218 - - [14/Dec/2025:02:42:46 -0800] "GET /R-487ae47ad790ec1172024975e7df50c8 HTTP/1.1" 200 3502 "-" "-" 
54.37.252.59 - - [14/Dec/2025:02:42:46 -0800] "GET /author/manpreet/feed/?fileloc=//lib/python3/dist-packages/django/contrib/gis/__pycache__/measure.cpython-310.pyc&path=//lib/python3/dist-packages/django/contrib/gis/__pycache__ HTTP/1.1" 200 10220 "-" "Mozilla/5.0 (compatible; MJ12bot/v1.4.8; http://mj12bot.com/)" 
69.30.196.218 - - [14/Dec/2025:02:42:47 -0800] "GET /R-487ae47ad790ec1172024975e7df50c8 HTTP/1.1" 200 3502 "-" "-" 
114.119.155.83 - - [14/Dec/2025:02:42:47 -0800] "GET /survey/headline/publisher/infographic/category/2v2td.html HTTP/1.1" 200 8604 "https://lifeofcanada.com/sitemap294.xml" "Mozilla/5.0 (Linux; Android 7.0;) AppleWebKit/537.36 (KHTML, like Gecko) Mobile Safari/537.36 (compatible; PetalBot;+https://webmaster.petalsearch.com/site/petalbot)" 
216.73.216.158 - - [14/Dec/2025:02:42:48 -0800] "GET /xmlrpc.php?fileloc=%2F%2Fvar%2Flib%2Fdpkg%2Finfo%2Flibattr1%3Aamd64.md5sums&path=%2F%2Fvar%2Flib%2Fdpkg%2Finfo HTTP/2.0" 429 278 "-" "Mozilla/5.0 AppleWebKit/537.36 (KHTML, like Gecko; compatible; ClaudeBot/1.0; +claudebot@anthropic.com)" 
69.30.196.218 - - [14/Dec/2025:02:42:48 -0800] "GET /R-487ae47ad790ec1172024975e7df50c8 HTTP/1.1" 200 3502 "-" "-" 
54.37.252.59 - - [14/Dec/2025:02:42:48 -0800] "GET /author/manpreet/feed/?fileloc=//lib/python3/dist-packages/django/contrib/gis/__pycache__/ptr.cpython-310.pyc&path=//lib/python3/dist-packages/django/contrib/gis/__pycache__ HTTP/1.1" 200 6758 "-" "Mozilla/5.0 (compatible; MJ12bot/v1.4.8; http://mj12bot.com/)" 
69.30.196.218 - - [14/Dec/2025:02:42:50 -0800] "GET /R-487ae47ad790ec1172024975e7df50c8 HTTP/1.1" 200 3502 "-" "-" 
54.37.252.59 - - [14/Dec/2025:02:42:50 -0800] "GET /author/manpreet/feed/?fileloc=//lib/python3/dist-packages/django/contrib/gis/__pycache__/shortcuts.cpython-310.pyc&path=//lib/python3/dist-packages/django/contrib/gis/__pycache__ HTTP/1.1" 200 6812 "-" "Mozilla/5.0 (compatible; MJ12bot/v1.4.8; http://mj12bot.com/)" 
69.30.196.218 - - [14/Dec/2025:02:42:53 -0800] "GET /R-487ae47ad790ec1172024975e7df50c8 HTTP/1.1" 200 3502 "-" "-" 
54.37.252.59 - - [14/Dec/2025:02:42:52 -0800] "GET /author/manpreet/feed/?fileloc=//lib/python3/dist-packages/django/contrib/gis/__pycache__/views.cpython-310.pyc&path=//lib/python3/dist-packages/django/contrib/gis/__pycache__ HTTP/1.1" 200 6553 "-" "Mozilla/5.0 (compatible; MJ12bot/v1.4.8; http://mj12bot.com/)" 
216.73.216.158 - - [14/Dec/2025:02:42:54 -0800] "GET /xmlrpc.php?fileloc=%2F%2Fsys%2Fdev%2Fblock%2F259%3A16%2Fnvme3n1p1%2Fsize&path=%2F%2Fsys%2Fdev%2Fblock%2F259%3A16%2Fnvme3n1p1 HTTP/2.0" 429 359 "-" "Mozilla/5.0 AppleWebKit/537.36 (KHTML, like Gecko; compatible; ClaudeBot/1.0; +claudebot@anthropic.com)" 
69.30.196.218 - - [14/Dec/2025:02:42:55 -0800] "GET /R-487ae47ad790ec1172024975e7df50c8 HTTP/1.1" 200 3502 "-" "-" 
54.37.252.59 - - [14/Dec/2025:02:42:54 -0800] "GET /author/manpreet/feed/?fileloc=//lib/python3/dist-packages/django/contrib/gis/admin/__init__.py&path=//lib/python3/dist-packages/django/contrib/gis/admin HTTP/1.1" 200 6197 "-" "Mozilla/5.0 (compatible; MJ12bot/v1.4.8; http://mj12bot.com/)" 
69.30.196.218 - - [14/Dec/2025:02:42:57 -0800] "GET /R-487ae47ad790ec1172024975e7df50c8 HTTP/1.1" 200 3502 "-" "-" 
92.204.239.47 - - [14/Dec/2025:02:42:57 -0800] "POST /xmlrpc.php HTTP/2.0" 429 351 "-" "Mozilla/5.0 (Windows NT 6.1; WOW64; Trident/7.0; TNJB; rv:11.0) like Gecko" 
