216.73.216.158 - - [14/Dec/2025:02:03:16 -0800] "GET /xmlrpc.php?fileloc=%2F%2Fsys%2Fblock%2Fnbd6%2Fsubsystem%2Fnvme3n1%2Fmq%2F101%2Fnr_tags&path=%2F%2Fsys%2Fblock%2Fnbd6%2Fsubsystem%2Fnvme3n1%2Fmq%2F101 HTTP/2.0" 200 2621 "-" "Mozilla/5.0 AppleWebKit/537.36 (KHTML, like Gecko; compatible; ClaudeBot/1.0; +claudebot@anthropic.com)" 
216.73.216.158 - - [14/Dec/2025:02:03:17 -0800] "GET /xmlrpc.php?fileloc=%2F%2Fsys%2Fblock%2Fnbd6%2Fsubsystem%2Fnbd0%2Fsubsystem%2Fnvme0n1%2Fevents_poll_msecs&path=%2F%2Fsys%2Fblock%2Fnbd6%2Fsubsystem%2Fnbd0%2Fsubsystem%2Fnvme0n1 HTTP/2.0" 200 2619 "-" "Mozilla/5.0 AppleWebKit/537.36 (KHTML, like Gecko; compatible; ClaudeBot/1.0; +claudebot@anthropic.com)" 
216.73.216.158 - - [14/Dec/2025:02:03:18 -0800] "GET /xmlrpc.php?fileloc=%2F%2Fsys%2Fblock%2Fnbd6%2Fsubsystem%2Fnbd11%2Fsubsystem%2Fnvme2n1%2Finflight&path=%2F%2Fsys%2Fblock%2Fnbd6%2Fsubsystem%2Fnbd11%2Fsubsystem%2Fnvme2n1 HTTP/2.0" 200 2614 "-" "Mozilla/5.0 AppleWebKit/537.36 (KHTML, like Gecko; compatible; ClaudeBot/1.0; +claudebot@anthropic.com)" 
216.73.216.158 - - [14/Dec/2025:02:03:19 -0800] "GET /xmlrpc.php?fileloc=%2F%2Fsys%2Fblock%2Fnbd6%2Fsubsystem%2Fmd10%2Fsubsystem%2Fnbd8%2Fcapability&path=%2F%2Fsys%2Fblock%2Fnbd6%2Fsubsystem%2Fmd10%2Fsubsystem%2Fnbd8 HTTP/2.0" 200 2673 "-" "Mozilla/5.0 AppleWebKit/537.36 (KHTML, like Gecko; compatible; ClaudeBot/1.0; +claudebot@anthropic.com)" 
216.73.216.158 - - [14/Dec/2025:02:03:20 -0800] "GET /xmlrpc.php?fileloc=%2F%2Fsys%2Fblock%2Fnbd6%2Fsubsystem%2Fnvme3n1%2Fmq%2F111%2Fnr_tags&path=%2F%2Fsys%2Fblock%2Fnbd6%2Fsubsystem%2Fnvme3n1%2Fmq%2F111 HTTP/2.0" 200 2621 "-" "Mozilla/5.0 AppleWebKit/537.36 (KHTML, like Gecko; compatible; ClaudeBot/1.0; +claudebot@anthropic.com)" 
216.73.216.158 - - [14/Dec/2025:02:03:20 -0800] "GET /xmlrpc.php?fileloc=%2F%2Fsys%2Fblock%2Fnbd6%2Fsubsystem%2Fnbd1%2Fsubsystem%2Fnbd7%2Fevents&path=%2F%2Fsys%2Fblock%2Fnbd6%2Fsubsystem%2Fnbd1%2Fsubsystem%2Fnbd7 HTTP/2.0" 200 2564 "-" "Mozilla/5.0 AppleWebKit/537.36 (KHTML, like Gecko; compatible; ClaudeBot/1.0; +claudebot@anthropic.com)" 
216.73.216.158 - - [14/Dec/2025:02:03:21 -0800] "GET /xmlrpc.php?fileloc=%2F%2Fsys%2Fblock%2Fnbd6%2Fsubsystem%2Fnbd4%2Fsubsystem%2Fnbd14%2Fdev&path=%2F%2Fsys%2Fblock%2Fnbd6%2Fsubsystem%2Fnbd4%2Fsubsystem%2Fnbd14 HTTP/2.0" 200 2607 "-" "Mozilla/5.0 AppleWebKit/537.36 (KHTML, like Gecko; compatible; ClaudeBot/1.0; +claudebot@anthropic.com)" 
216.73.216.158 - - [14/Dec/2025:02:03:21 -0800] "GET /xmlrpc.php?fileloc=%2F%2Fsys%2Fblock%2Fnbd6%2Fsubsystem%2Fnbd13%2Fsubsystem%2Fnbd11%2Fcapability&path=%2F%2Fsys%2Fblock%2Fnbd6%2Fsubsystem%2Fnbd13%2Fsubsystem%2Fnbd11 HTTP/2.0" 200 2567 "-" "Mozilla/5.0 AppleWebKit/537.36 (KHTML, like Gecko; compatible; ClaudeBot/1.0; +claudebot@anthropic.com)" 
216.73.216.158 - - [14/Dec/2025:02:03:22 -0800] "GET /xmlrpc.php?fileloc=%2F%2Fsys%2Fblock%2Fnbd6%2Fsubsystem%2Fnvme7n1%2Fsubsystem%2Fnbd15%2Finflight&path=%2F%2Fsys%2Fblock%2Fnbd6%2Fsubsystem%2Fnvme7n1%2Fsubsystem%2Fnbd15 HTTP/2.0" 200 2618 "-" "Mozilla/5.0 AppleWebKit/537.36 (KHTML, like Gecko; compatible; ClaudeBot/1.0; +claudebot@anthropic.com)" 
216.73.216.158 - - [14/Dec/2025:02:03:22 -0800] "GET /xmlrpc.php?fileloc=%2F%2Fsys%2Fblock%2Fnbd6%2Fsubsystem%2Fnvme4n1%2Fsubsystem%2Fnbd8%2Fext_range&path=%2F%2Fsys%2Fblock%2Fnbd6%2Fsubsystem%2Fnvme4n1%2Fsubsystem%2Fnbd8 HTTP/2.0" 200 2571 "-" "Mozilla/5.0 AppleWebKit/537.36 (KHTML, like Gecko; compatible; ClaudeBot/1.0; +claudebot@anthropic.com)" 
216.73.216.158 - - [14/Dec/2025:02:03:23 -0800] "GET /xmlrpc.php?fileloc=%2F%2Fsys%2Fblock%2Fnbd6%2Fsubsystem%2Fnbd7%2Fsubsystem%2Fnvme3n1%2Fcapability&path=%2F%2Fsys%2Fblock%2Fnbd6%2Fsubsystem%2Fnbd7%2Fsubsystem%2Fnvme3n1 HTTP/2.0" 200 2616 "-" "Mozilla/5.0 AppleWebKit/537.36 (KHTML, like Gecko; compatible; ClaudeBot/1.0; +claudebot@anthropic.com)" 
216.73.216.158 - - [14/Dec/2025:02:03:23 -0800] "GET /xmlrpc.php?fileloc=%2F%2Fsys%2Fblock%2Fnbd6%2Fsubsystem%2Fnbd11%2Fsubsystem%2Fnbd13%2Fevents_poll_msecs&path=%2F%2Fsys%2Fblock%2Fnbd6%2Fsubsystem%2Fnbd11%2Fsubsystem%2Fnbd13 HTTP/2.0" 200 2573 "-" "Mozilla/5.0 AppleWebKit/537.36 (KHTML, like Gecko; compatible; ClaudeBot/1.0; +claudebot@anthropic.com)" 
216.73.216.158 - - [14/Dec/2025:02:03:24 -0800] "GET /xmlrpc.php?fileloc=%2F%2Fsys%2Fblock%2Fnbd6%2Fsubsystem%2Fnbd13%2Fsubsystem%2Fnbd5%2Fext_range&path=%2F%2Fsys%2Fblock%2Fnbd6%2Fsubsystem%2Fnbd13%2Fsubsystem%2Fnbd5 HTTP/2.0" 200 2612 "-" "Mozilla/5.0 AppleWebKit/537.36 (KHTML, like Gecko; compatible; ClaudeBot/1.0; +claudebot@anthropic.com)" 
216.73.216.158 - - [14/Dec/2025:02:03:24 -0800] "GET /xmlrpc.php?path=%2F%2Fsys%2Fblock%2Fnbd6%2Fsubsystem%2Fnvme1n1p2%2Fsubsystem%2Fmd10%2Fintegrity HTTP/2.0" 200 3192 "-" "Mozilla/5.0 AppleWebKit/537.36 (KHTML, like Gecko; compatible; ClaudeBot/1.0; +claudebot@anthropic.com)" 
216.73.216.158 - - [14/Dec/2025:02:03:25 -0800] "GET /xmlrpc.php?path=%2F%2Fsys%2Fblock%2Fnbd6%2Fsubsystem%2Fnvme4n1%2Fsubsystem%2Fnvme6n1%2Fslaves HTTP/2.0" 200 2681 "-" "Mozilla/5.0 AppleWebKit/537.36 (KHTML, like Gecko; compatible; ClaudeBot/1.0; +claudebot@anthropic.com)" 
216.73.216.158 - - [14/Dec/2025:02:03:25 -0800] "GET /xmlrpc.php?fileloc=%2F%2Fsys%2Fblock%2Fnbd6%2Fsubsystem%2Fnvme2n1%2Fmq%2F57%2Fnr_tags&path=%2F%2Fsys%2Fblock%2Fnbd6%2Fsubsystem%2Fnvme2n1%2Fmq%2F57 HTTP/2.0" 200 2575 "-" "Mozilla/5.0 AppleWebKit/537.36 (KHTML, like Gecko; compatible; ClaudeBot/1.0; +claudebot@anthropic.com)" 
216.73.216.158 - - [14/Dec/2025:02:03:26 -0800] "GET /xmlrpc.php?fileloc=%2F%2Fsys%2Fblock%2Fnbd6%2Fsubsystem%2Fnbd8%2Fsubsystem%2Fnvme0n1%2Fdiskseq&path=%2F%2Fsys%2Fblock%2Fnbd6%2Fsubsystem%2Fnbd8%2Fsubsystem%2Fnvme0n1 HTTP/2.0" 200 2613 "-" "Mozilla/5.0 AppleWebKit/537.36 (KHTML, like Gecko; compatible; ClaudeBot/1.0; +claudebot@anthropic.com)" 
216.73.216.158 - - [14/Dec/2025:02:03:26 -0800] "GET /xmlrpc.php?fileloc=%2F%2Fsys%2Fblock%2Fnbd6%2Fsubsystem%2Fnbd0%2Fsubsystem%2Fnbd5%2Frange&path=%2F%2Fsys%2Fblock%2Fnbd6%2Fsubsystem%2Fnbd0%2Fsubsystem%2Fnbd5 HTTP/2.0" 200 2562 "-" "Mozilla/5.0 AppleWebKit/537.36 (KHTML, like Gecko; compatible; ClaudeBot/1.0; +claudebot@anthropic.com)" 
216.73.216.158 - - [14/Dec/2025:02:03:27 -0800] "GET /xmlrpc.php?fileloc=%2F%2Fsys%2Fblock%2Fnbd6%2Fsubsystem%2Fnvme2n1%2Fmq%2F65%2Fnr_tags&path=%2F%2Fsys%2Fblock%2Fnbd6%2Fsubsystem%2Fnvme2n1%2Fmq%2F65 HTTP/2.0" 200 2621 "-" "Mozilla/5.0 AppleWebKit/537.36 (KHTML, like Gecko; compatible; ClaudeBot/1.0; +claudebot@anthropic.com)" 
216.73.216.158 - - [14/Dec/2025:02:03:27 -0800] "GET /xmlrpc.php?path=%2F%2Fsys%2Fblock%2Fnbd6%2Fsubsystem%2Fnvme1n1p2%2Fsubsystem%2Fnbd10%2Fholders HTTP/2.0" 200 2637 "-" "Mozilla/5.0 AppleWebKit/537.36 (KHTML, like Gecko; compatible; ClaudeBot/1.0; +claudebot@anthropic.com)" 
216.73.216.158 - - [14/Dec/2025:02:03:28 -0800] "GET /xmlrpc.php?fileloc=%2F%2Frun%2Fshm%2Facme_sach.cgtvalencia.org%2FZRyz4gwFfrdBzk7hd9hVU4n5tzOVG31QAbed5SN9SaI&path=%2F%2Frun%2Fshm%2Facme_sach.cgtvalencia.org HTTP/2.0" 200 2675 "-" "Mozilla/5.0 AppleWebKit/537.36 (KHTML, like Gecko; compatible; ClaudeBot/1.0; +claudebot@anthropic.com)" 
216.73.216.158 - - [14/Dec/2025:02:03:28 -0800] "GET /xmlrpc.php?path=%2F%2Fsys%2Fblock%2Fnbd6%2Fsubsystem%2Fmd0p2%2Fsubsystem%2Fmd0%2Ftrace HTTP/2.0" 200 3091 "-" "Mozilla/5.0 AppleWebKit/537.36 (KHTML, like Gecko; compatible; ClaudeBot/1.0; +claudebot@anthropic.com)" 
216.73.216.158 - - [14/Dec/2025:02:03:29 -0800] "GET /xmlrpc.php?fileloc=%2F%2Fsys%2Fblock%2Fnbd6%2Fsubsystem%2Fmd127%2Fsubsystem%2Fnvme6n1%2Fdiskseq&path=%2F%2Fsys%2Fblock%2Fnbd6%2Fsubsystem%2Fmd127%2Fsubsystem%2Fnvme6n1 HTTP/2.0" 200 2618 "-" "Mozilla/5.0 AppleWebKit/537.36 (KHTML, like Gecko; compatible; ClaudeBot/1.0; +claudebot@anthropic.com)" 
216.73.216.158 - - [14/Dec/2025:02:03:29 -0800] "GET /xmlrpc.php?fileloc=%2F%2Fsys%2Fblock%2Fnbd6%2Fsubsystem%2Fnbd10%2Fbdi%2Fsubsystem%2F43%3A160%2Fmax_bytes&path=%2F%2Fsys%2Fblock%2Fnbd6%2Fsubsystem%2Fnbd10%2Fbdi%2Fsubsystem%2F43%3A160 HTTP/2.0" 200 2582 "-" "Mozilla/5.0 AppleWebKit/537.36 (KHTML, like Gecko; compatible; ClaudeBot/1.0; +claudebot@anthropic.com)" 
216.73.216.158 - - [14/Dec/2025:02:03:30 -0800] "GET /xmlrpc.php?path=%2F%2Fsys%2Fblock%2Fnbd12%2Fsubsystem%2Fnvme2n1p1 HTTP/2.0" 200 3460 "-" "Mozilla/5.0 AppleWebKit/537.36 (KHTML, like Gecko; compatible; ClaudeBot/1.0; +claudebot@anthropic.com)" 
216.73.216.158 - - [14/Dec/2025:02:03:30 -0800] "GET /xmlrpc.php?fileloc=%2F%2Fsys%2Fblock%2Fnbd6%2Fsubsystem%2Fnvme3n1%2Fsubsystem%2Fnbd4%2Frange&path=%2F%2Fsys%2Fblock%2Fnbd6%2Fsubsystem%2Fnvme3n1%2Fsubsystem%2Fnbd4 HTTP/2.0" 200 2568 "-" "Mozilla/5.0 AppleWebKit/537.36 (KHTML, like Gecko; compatible; ClaudeBot/1.0; +claudebot@anthropic.com)" 
216.73.216.158 - - [14/Dec/2025:02:03:31 -0800] "GET /xmlrpc.php?fileloc=%2F%2Fsys%2Fblock%2Fnbd6%2Fsubsystem%2Fnbd1%2Fsubsystem%2Fnvme0n1%2Fnvme0n1p2%2Fdev&path=%2F%2Fsys%2Fblock%2Fnbd6%2Fsubsystem%2Fnbd1%2Fsubsystem%2Fnvme0n1%2Fnvme0n1p2 HTTP/2.0" 200 2624 "-" "Mozilla/5.0 AppleWebKit/537.36 (KHTML, like Gecko; compatible; ClaudeBot/1.0; +claudebot@anthropic.com)" 
216.73.216.158 - - [14/Dec/2025:02:03:32 -0800] "GET /xmlrpc.php?path=%2F%2Fsys%2Fblock%2Fnbd6%2Fsubsystem%2Fnbd15%2Fsubsystem%2Fnbd5%2Fslaves HTTP/2.0" 200 2676 "-" "Mozilla/5.0 AppleWebKit/537.36 (KHTML, like Gecko; compatible; ClaudeBot/1.0; +claudebot@anthropic.com)" 
216.73.216.158 - - [14/Dec/2025:02:03:32 -0800] "GET /xmlrpc.php?path=%2F%2Fsys%2Fblock%2Fnbd6%2Fsubsystem%2Fnvme1n1%2Fsubsystem%2Fnvme2n1p1%2Fsubsystem HTTP/2.0" 200 4023 "-" "Mozilla/5.0 AppleWebKit/537.36 (KHTML, like Gecko; compatible; ClaudeBot/1.0; +claudebot@anthropic.com)" 
216.73.216.158 - - [14/Dec/2025:02:03:33 -0800] "GET /xmlrpc.php?fileloc=%2F%2Fsys%2Fblock%2Fnbd6%2Fsubsystem%2Fnvme7n1p1%2Fsubsystem%2Fnvme0n1%2Fcapability&path=%2F%2Fsys%2Fblock%2Fnbd6%2Fsubsystem%2Fnvme7n1p1%2Fsubsystem%2Fnvme0n1 HTTP/2.0" 200 2620 "-" "Mozilla/5.0 AppleWebKit/537.36 (KHTML, like Gecko; compatible; ClaudeBot/1.0; +claudebot@anthropic.com)" 
216.73.216.158 - - [14/Dec/2025:02:03:34 -0800] "GET /xmlrpc.php?fileloc=%2F%2Fsys%2Fblock%2Fnbd6%2Fsubsystem%2Fnbd15%2Fsubsystem%2Fnbd3%2Fevents_poll_msecs&path=%2F%2Fsys%2Fblock%2Fnbd6%2Fsubsystem%2Fnbd15%2Fsubsystem%2Fnbd3 HTTP/2.0" 200 2618 "-" "Mozilla/5.0 AppleWebKit/537.36 (KHTML, like Gecko; compatible; ClaudeBot/1.0; +claudebot@anthropic.com)" 
216.73.216.158 - - [14/Dec/2025:02:03:35 -0800] "GET /xmlrpc.php?fileloc=%2F%2Fsys%2Fblock%2Fnbd6%2Fsubsystem%2Fnbd2%2Fsubsystem%2Fnbd13%2Falignment_offset&path=%2F%2Fsys%2Fblock%2Fnbd6%2Fsubsystem%2Fnbd2%2Fsubsystem%2Fnbd13 HTTP/2.0" 200 2616 "-" "Mozilla/5.0 AppleWebKit/537.36 (KHTML, like Gecko; compatible; ClaudeBot/1.0; +claudebot@anthropic.com)" 
216.73.216.158 - - [14/Dec/2025:02:03:36 -0800] "GET /xmlrpc.php?fileloc=%2F%2Fsys%2Fblock%2Fnbd6%2Fsubsystem%2Fnbd4%2Fsubsystem%2Fnvme0n1%2Frange&path=%2F%2Fsys%2Fblock%2Fnbd6%2Fsubsystem%2Fnbd4%2Fsubsystem%2Fnvme0n1 HTTP/2.0" 200 2611 "-" "Mozilla/5.0 AppleWebKit/537.36 (KHTML, like Gecko; compatible; ClaudeBot/1.0; +claudebot@anthropic.com)" 
216.73.216.158 - - [14/Dec/2025:02:03:37 -0800] "GET /xmlrpc.php?fileloc=%2F%2Fsys%2Fblock%2Fnbd6%2Fsubsystem%2Fnvme6n1%2Fmq%2F76%2Fnr_tags&path=%2F%2Fsys%2Fblock%2Fnbd6%2Fsubsystem%2Fnvme6n1%2Fmq%2F76 HTTP/2.0" 200 2620 "-" "Mozilla/5.0 AppleWebKit/537.36 (KHTML, like Gecko; compatible; ClaudeBot/1.0; +claudebot@anthropic.com)" 
216.73.216.158 - - [14/Dec/2025:02:03:38 -0800] "GET /xmlrpc.php?fileloc=%2F%2Fsys%2Fblock%2Fnbd6%2Fsubsystem%2Fnvme4n1%2Fsubsystem%2Fnbd6%2Fdev&path=%2F%2Fsys%2Fblock%2Fnbd6%2Fsubsystem%2Fnvme4n1%2Fsubsystem%2Fnbd6 HTTP/2.0" 200 2608 "-" "Mozilla/5.0 AppleWebKit/537.36 (KHTML, like Gecko; compatible; ClaudeBot/1.0; +claudebot@anthropic.com)" 
216.73.216.158 - - [14/Dec/2025:02:03:39 -0800] "GET /xmlrpc.php?fileloc=%2F%2Fsys%2Fblock%2Fnbd6%2Fsubsystem%2Fnbd13%2Fsubsystem%2Fnvme6n1%2Fext_range&path=%2F%2Fsys%2Fblock%2Fnbd6%2Fsubsystem%2Fnbd13%2Fsubsystem%2Fnvme6n1 HTTP/2.0" 200 2616 "-" "Mozilla/5.0 AppleWebKit/537.36 (KHTML, like Gecko; compatible; ClaudeBot/1.0; +claudebot@anthropic.com)" 
216.73.216.158 - - [14/Dec/2025:02:03:39 -0800] "GET /xmlrpc.php?fileloc=%2F%2Fsys%2Fblock%2Fnbd6%2Fsubsystem%2Fnbd8%2Fsubsystem%2Fnbd10%2Fdiskseq&path=%2F%2Fsys%2Fblock%2Fnbd6%2Fsubsystem%2Fnbd8%2Fsubsystem%2Fnbd10 HTTP/2.0" 200 2565 "-" "Mozilla/5.0 AppleWebKit/537.36 (KHTML, like Gecko; compatible; ClaudeBot/1.0; +claudebot@anthropic.com)" 
216.73.216.158 - - [14/Dec/2025:02:03:40 -0800] "GET /xmlrpc.php?fileloc=%2F%2Fsys%2Fblock%2Fnbd6%2Fsubsystem%2Fnbd8%2Fsubsystem%2Fnbd4%2Fdev&path=%2F%2Fsys%2Fblock%2Fnbd6%2Fsubsystem%2Fnbd8%2Fsubsystem%2Fnbd4 HTTP/2.0" 200 2607 "-" "Mozilla/5.0 AppleWebKit/537.36 (KHTML, like Gecko; compatible; ClaudeBot/1.0; +claudebot@anthropic.com)" 
216.73.216.158 - - [14/Dec/2025:02:03:40 -0800] "GET /xmlrpc.php?fileloc=%2F%2Fsys%2Fblock%2Fnbd6%2Fsubsystem%2Fnbd15%2Fsubsystem%2Fnvme7n1p1%2Falignment_offset&path=%2F%2Fsys%2Fblock%2Fnbd6%2Fsubsystem%2Fnbd15%2Fsubsystem%2Fnvme7n1p1 HTTP/2.0" 200 2576 "-" "Mozilla/5.0 AppleWebKit/537.36 (KHTML, like Gecko; compatible; ClaudeBot/1.0; +claudebot@anthropic.com)" 
216.73.216.158 - - [14/Dec/2025:02:03:41 -0800] "GET /xmlrpc.php?fileloc=%2F%2Fsys%2Fblock%2Fnbd6%2Fsubsystem%2Fnbd1%2Fsubsystem%2Fnbd11%2Fro&path=%2F%2Fsys%2Fblock%2Fnbd6%2Fsubsystem%2Fnbd1%2Fsubsystem%2Fnbd11 HTTP/2.0" 200 2604 "-" "Mozilla/5.0 AppleWebKit/537.36 (KHTML, like Gecko; compatible; ClaudeBot/1.0; +claudebot@anthropic.com)" 
216.73.216.158 - - [14/Dec/2025:02:03:41 -0800] "GET /xmlrpc.php?fileloc=%2F%2Fsys%2Fblock%2Fnbd6%2Fsubsystem%2Fmd127%2Fsubsystem%2Fnbd3%2Fpartscan&path=%2F%2Fsys%2Fblock%2Fnbd6%2Fsubsystem%2Fmd127%2Fsubsystem%2Fnbd3 HTTP/2.0" 200 2568 "-" "Mozilla/5.0 AppleWebKit/537.36 (KHTML, like Gecko; compatible; ClaudeBot/1.0; +claudebot@anthropic.com)" 
216.73.216.158 - - [14/Dec/2025:02:03:42 -0800] "GET /xmlrpc.php?fileloc=%2F%2Fsys%2Fblock%2Fnbd6%2Fsubsystem%2Fnbd11%2Fsubsystem%2Fnvme4n1%2Fcapability&path=%2F%2Fsys%2Fblock%2Fnbd6%2Fsubsystem%2Fnbd11%2Fsubsystem%2Fnvme4n1 HTTP/2.0" 200 2616 "-" "Mozilla/5.0 AppleWebKit/537.36 (KHTML, like Gecko; compatible; ClaudeBot/1.0; +claudebot@anthropic.com)" 
216.73.216.158 - - [14/Dec/2025:02:03:42 -0800] "GET /xmlrpc.php?path=%2F%2Fsys%2Fblock%2Fnbd6%2Fsubsystem%2Fmd0p2%2Fsubsystem%2Fnbd0%2Ftrace HTTP/2.0" 200 3095 "-" "Mozilla/5.0 AppleWebKit/537.36 (KHTML, like Gecko; compatible; ClaudeBot/1.0; +claudebot@anthropic.com)" 
216.73.216.158 - - [14/Dec/2025:02:03:43 -0800] "GET /xmlrpc.php?fileloc=%2F%2Fsys%2Fblock%2Fnbd6%2Fsubsystem%2Fnbd4%2Fsubsystem%2Fnvme0n1%2Fremovable&path=%2F%2Fsys%2Fblock%2Fnbd6%2Fsubsystem%2Fnbd4%2Fsubsystem%2Fnvme0n1 HTTP/2.0" 200 2614 "-" "Mozilla/5.0 AppleWebKit/537.36 (KHTML, like Gecko; compatible; ClaudeBot/1.0; +claudebot@anthropic.com)" 
216.73.216.158 - - [14/Dec/2025:02:03:43 -0800] "GET /xmlrpc.php?fileloc=%2F%2Fsys%2Fblock%2Fnbd6%2Fsubsystem%2Fnvme2n1%2Fmq%2F25%2Fcpu_list&path=%2F%2Fsys%2Fblock%2Fnbd6%2Fsubsystem%2Fnvme2n1%2Fmq%2F25 HTTP/2.0" 200 2575 "-" "Mozilla/5.0 AppleWebKit/537.36 (KHTML, like Gecko; compatible; ClaudeBot/1.0; +claudebot@anthropic.com)" 
216.73.216.158 - - [14/Dec/2025:02:03:44 -0800] "GET /xmlrpc.php?fileloc=%2F%2Fsys%2Fblock%2Fnbd6%2Fsubsystem%2Fnbd0%2Fsubsystem%2Fnvme0n1%2Frange&path=%2F%2Fsys%2Fblock%2Fnbd6%2Fsubsystem%2Fnbd0%2Fsubsystem%2Fnvme0n1 HTTP/2.0" 200 2611 "-" "Mozilla/5.0 AppleWebKit/537.36 (KHTML, like Gecko; compatible; ClaudeBot/1.0; +claudebot@anthropic.com)" 
216.73.216.158 - - [14/Dec/2025:02:03:45 -0800] "GET /xmlrpc.php?path=%2F%2Fsys%2Fblock%2Fnbd6%2Fsubsystem%2Fmd0p2%2Fsubsystem%2Fnbd0%2Fbdi HTTP/2.0" 200 3422 "-" "Mozilla/5.0 AppleWebKit/537.36 (KHTML, like Gecko; compatible; ClaudeBot/1.0; +claudebot@anthropic.com)" 
216.73.216.158 - - [14/Dec/2025:02:03:45 -0800] "GET /xmlrpc.php?fileloc=%2F%2Fsys%2Fblock%2Fnbd6%2Fsubsystem%2Fnvme7n1%2Fsubsystem%2Fnvme0n1%2Fuevent&path=%2F%2Fsys%2Fblock%2Fnbd6%2Fsubsystem%2Fnvme7n1%2Fsubsystem%2Fnvme0n1 HTTP/2.0" 200 2621 "-" "Mozilla/5.0 AppleWebKit/537.36 (KHTML, like Gecko; compatible; ClaudeBot/1.0; +claudebot@anthropic.com)" 
216.73.216.158 - - [14/Dec/2025:02:03:46 -0800] "GET /xmlrpc.php?path=%2F%2Fsys%2Fblock%2Fnbd6%2Fsubsystem%2Fnvme7n1p1%2Fsubsystem%2Fnvme0n1%2Fnvme0n1p2 HTTP/2.0" 200 3495 "-" "Mozilla/5.0 AppleWebKit/537.36 (KHTML, like Gecko; compatible; ClaudeBot/1.0; +claudebot@anthropic.com)" 
69.30.196.218 - - [14/Dec/2025:02:03:46 -0800] "GET /R-487ae47ad790ec1172024975e7df50c8 HTTP/1.1" 200 3502 "-" "-" 
114.119.155.83 - - [14/Dec/2025:02:03:46 -0800] "GET /title/2v3sw.html HTTP/1.1" 200 8604 "https://lifeofcanada.com/sitemap489.xml" "Mozilla/5.0 (Linux; Android 7.0;) AppleWebKit/537.36 (KHTML, like Gecko) Mobile Safari/537.36 (compatible; PetalBot;+https://webmaster.petalsearch.com/site/petalbot)" 
216.73.216.158 - - [14/Dec/2025:02:03:46 -0800] "GET /xmlrpc.php?fileloc=%2F%2Fsys%2Fblock%2Fnbd6%2Fsubsystem%2Fnbd2%2Fsubsystem%2Fnbd3%2Fcapability&path=%2F%2Fsys%2Fblock%2Fnbd6%2Fsubsystem%2Fnbd2%2Fsubsystem%2Fnbd3 HTTP/2.0" 200 2669 "-" "Mozilla/5.0 AppleWebKit/537.36 (KHTML, like Gecko; compatible; ClaudeBot/1.0; +claudebot@anthropic.com)" 
216.73.216.158 - - [14/Dec/2025:02:03:47 -0800] "GET /xmlrpc.php?fileloc=%2F%2Fsys%2Fblock%2Fnbd6%2Fsubsystem%2Fnbd11%2Fsubsystem%2Fnvme7n1%2Fnsid&path=%2F%2Fsys%2Fblock%2Fnbd6%2Fsubsystem%2Fnbd11%2Fsubsystem%2Fnvme7n1 HTTP/2.0" 200 2612 "-" "Mozilla/5.0 AppleWebKit/537.36 (KHTML, like Gecko; compatible; ClaudeBot/1.0; +claudebot@anthropic.com)" 
216.73.216.158 - - [14/Dec/2025:02:03:47 -0800] "GET /xmlrpc.php?path=%2F%2Fsys%2Fblock%2Fnbd6%2Fsubsystem%2Fnvme0n1%2Fnvme0n1p1%2Fsubsystem%2Fnvme6n1 HTTP/2.0" 200 4151 "-" "Mozilla/5.0 AppleWebKit/537.36 (KHTML, like Gecko; compatible; ClaudeBot/1.0; +claudebot@anthropic.com)" 
216.73.216.158 - - [14/Dec/2025:02:03:48 -0800] "GET /xmlrpc.php?fileloc=%2F%2Fsys%2Fblock%2Fnbd6%2Fsubsystem%2Fnbd13%2Fsubsystem%2Fnbd0%2Frange&path=%2F%2Fsys%2Fblock%2Fnbd6%2Fsubsystem%2Fnbd13%2Fsubsystem%2Fnbd0 HTTP/2.0" 200 2609 "-" "Mozilla/5.0 AppleWebKit/537.36 (KHTML, like Gecko; compatible; ClaudeBot/1.0; +claudebot@anthropic.com)" 
216.73.216.158 - - [14/Dec/2025:02:03:48 -0800] "GET /xmlrpc.php?fileloc=%2F%2Fsys%2Fblock%2Fnbd6%2Fsubsystem%2Fnbd5%2Fsubsystem%2Fnbd9%2Fdiskseq&path=%2F%2Fsys%2Fblock%2Fnbd6%2Fsubsystem%2Fnbd5%2Fsubsystem%2Fnbd9 HTTP/2.0" 200 2563 "-" "Mozilla/5.0 AppleWebKit/537.36 (KHTML, like Gecko; compatible; ClaudeBot/1.0; +claudebot@anthropic.com)" 
216.73.216.158 - - [14/Dec/2025:02:03:49 -0800] "GET /xmlrpc.php?fileloc=%2F%2Fsys%2Fblock%2Fnbd6%2Fsubsystem%2Fnbd6%2Fsubsystem%2Fmd127%2Fext_range&path=%2F%2Fsys%2Fblock%2Fnbd6%2Fsubsystem%2Fnbd6%2Fsubsystem%2Fmd127 HTTP/2.0" 200 2609 "-" "Mozilla/5.0 AppleWebKit/537.36 (KHTML, like Gecko; compatible; ClaudeBot/1.0; +claudebot@anthropic.com)" 
216.73.216.158 - - [14/Dec/2025:02:03:49 -0800] "GET /xmlrpc.php?fileloc=%2F%2Fsys%2Fblock%2Fnbd6%2Fsubsystem%2Fnbd7%2Fsubsystem%2Fmd0%2Fsize&path=%2F%2Fsys%2Fblock%2Fnbd6%2Fsubsystem%2Fnbd7%2Fsubsystem%2Fmd0 HTTP/2.0" 200 2564 "-" "Mozilla/5.0 AppleWebKit/537.36 (KHTML, like Gecko; compatible; ClaudeBot/1.0; +claudebot@anthropic.com)" 
216.73.216.158 - - [14/Dec/2025:02:03:50 -0800] "GET /xmlrpc.php?fileloc=%2F%2Fsys%2Fblock%2Fnbd6%2Fsubsystem%2Fnvme2n1%2Fmq%2F37%2Fnr_tags&path=%2F%2Fsys%2Fblock%2Fnbd6%2Fsubsystem%2Fnvme2n1%2Fmq%2F37 HTTP/2.0" 200 2621 "-" "Mozilla/5.0 AppleWebKit/537.36 (KHTML, like Gecko; compatible; ClaudeBot/1.0; +claudebot@anthropic.com)" 
216.73.216.158 - - [14/Dec/2025:02:03:51 -0800] "GET /xmlrpc.php?fileloc=%2F%2Fsys%2Fblock%2Fnbd6%2Fsubsystem%2Fnbd1%2Fsubsystem%2Fnbd4%2Fuevent&path=%2F%2Fsys%2Fblock%2Fnbd6%2Fsubsystem%2Fnbd1%2Fsubsystem%2Fnbd4 HTTP/2.0" 200 2659 "-" "Mozilla/5.0 AppleWebKit/537.36 (KHTML, like Gecko; compatible; ClaudeBot/1.0; +claudebot@anthropic.com)" 
216.73.216.158 - - [14/Dec/2025:02:03:51 -0800] "GET /xmlrpc.php?path=%2F%2Fsys%2Fblock%2Fnbd6%2Fsubsystem%2Fnvme1n1p2%2Fsubsystem%2Fnvme5n1%2Fintegrity HTTP/2.0" 200 3198 "-" "Mozilla/5.0 AppleWebKit/537.36 (KHTML, like Gecko; compatible; ClaudeBot/1.0; +claudebot@anthropic.com)" 
178.176.73.114 - - [14/Dec/2025:02:03:51 -0800] "GET /contact-us/ HTTP/1.0" 302 3416 "https://lifeofcanada.com/contact-us/" "Mozilla/5.0 (Windows NT 10.0; Win64; x64) AppleWebKit/537.36 (KHTML, like Gecko) Chrome/130.0.0.0 Safari/537.36" 
216.73.216.158 - - [14/Dec/2025:02:03:52 -0800] "GET /xmlrpc.php?fileloc=%2F%2Fsys%2Fblock%2Fnbd6%2Fsubsystem%2Fnbd14%2Fsubsystem%2Fnbd8%2Fevents_async&path=%2F%2Fsys%2Fblock%2Fnbd6%2Fsubsystem%2Fnbd14%2Fsubsystem%2Fnbd8 HTTP/2.0" 200 2615 "-" "Mozilla/5.0 AppleWebKit/537.36 (KHTML, like Gecko; compatible; ClaudeBot/1.0; +claudebot@anthropic.com)" 
178.176.73.114 - - [14/Dec/2025:02:03:52 -0800] "GET / HTTP/1.0" 302 3416 "https://lifeofcanada.com/" "Mozilla/5.0 (Windows NT 10.0; Win64; x64) AppleWebKit/537.36 (KHTML, like Gecko) Chrome/130.0.0.0 Safari/537.36" 
216.73.216.158 - - [14/Dec/2025:02:03:53 -0800] "GET /xmlrpc.php?fileloc=%2F%2Fsys%2Fblock%2Fnbd6%2Fsubsystem%2Fmd127%2Fsubsystem%2Fnbd4%2Fremovable&path=%2F%2Fsys%2Fblock%2Fnbd6%2Fsubsystem%2Fmd127%2Fsubsystem%2Fnbd4 HTTP/2.0" 200 2615 "-" "Mozilla/5.0 AppleWebKit/537.36 (KHTML, like Gecko; compatible; ClaudeBot/1.0; +claudebot@anthropic.com)" 
216.73.216.158 - - [14/Dec/2025:02:03:54 -0800] "GET /xmlrpc.php?path=%2F%2Fsys%2Fblock%2Fnbd6%2Fsubsystem%2Fnvme7n1p1%2Fsubsystem%2Fnvme5n1%2Fslaves HTTP/2.0" 200 2683 "-" "Mozilla/5.0 AppleWebKit/537.36 (KHTML, like Gecko; compatible; ClaudeBot/1.0; +claudebot@anthropic.com)" 
118.103.229.162 - - [14/Dec/2025:02:03:54 -0800] "GET /?amp=1 HTTP/1.1" 302 3670 "-" "Mozilla/5.0 (Windows NT 6.1; WOW64) AppleWebKit/537.36 (KHTML, like Gecko) Chrome/41.0.2227.0 Safari/537.36" 
216.73.216.158 - - [14/Dec/2025:02:03:54 -0800] "GET /xmlrpc.php?fileloc=%2F%2Fsys%2Fblock%2Fnbd6%2Fsubsystem%2Fnvme7n1p1%2Fsubsystem%2Fnbd4%2Fintegrity%2Ftag_size&path=%2F%2Fsys%2Fblock%2Fnbd6%2Fsubsystem%2Fnvme7n1p1%2Fsubsystem%2Fnbd4%2Fintegrity HTTP/2.0" 200 2589 "-" "Mozilla/5.0 AppleWebKit/537.36 (KHTML, like Gecko; compatible; ClaudeBot/1.0; +claudebot@anthropic.com)" 
41.105.142.195 - - [14/Dec/2025:02:03:55 -0800] "GET /?_bd_prev_page=https%3A%2F%2Flifeofcanada.com%2Fselect.asp%3Fproducts%2F17kd26690&_bdsid=4swpu4.n~YQRSB.177380712.177776564&_gl=1%2Ahynaj70%2A_ga%2ATMSKVZrXzUDBOnTeLtoUgmdrCySt%2A_ga_BNBERAPTA%2A9NDmdbpWZ1Un1ieFsTRzl8Ggg34STQ7WB4bGLT5voFIPJky6fy6Kee6.%2A_gcl_au%3D1.1.199618210.179806620%2A_gcl_aw%3DAPA.179209415.kcsl5JGZeT5iMdSC7VutGzIA4Ouwt2WAYapINN4AnWwO3aZerjUYLC1Y94SpANbRUCqwaf5zUWnIY3bxgND9at6oMm..&_gz=2.192871248.190793713.172170209-866116545.167451343 HTTP/1.1" 302 3670 "-" "Mozilla/5.0 (Windows NT 6.1; WOW64) AppleWebKit/537.36 (KHTML, like Gecko) Chrome/73.0.3683.75 ADG/11.0.2414 AOLBUILD/11.0.2414 Safari/537.36" 
216.73.216.158 - - [14/Dec/2025:02:03:55 -0800] "GET /xmlrpc.php?fileloc=%2F%2Fsys%2Fblock%2Fnbd6%2Fsubsystem%2Fnvme5n1%2Fsubsystem%2Fnbd1%2Fhidden&path=%2F%2Fsys%2Fblock%2Fnbd6%2Fsubsystem%2Fnvme5n1%2Fsubsystem%2Fnbd1 HTTP/2.0" 200 2612 "-" "Mozilla/5.0 AppleWebKit/537.36 (KHTML, like Gecko; compatible; ClaudeBot/1.0; +claudebot@anthropic.com)" 
216.73.216.158 - - [14/Dec/2025:02:03:56 -0800] "GET /xmlrpc.php?fileloc=%2F%2Fsys%2Fblock%2Fnbd6%2Fsubsystem%2Fnbd1%2Fsubsystem%2Fnvme5n1%2Fhidden&path=%2F%2Fsys%2Fblock%2Fnbd6%2Fsubsystem%2Fnbd1%2Fsubsystem%2Fnvme5n1 HTTP/2.0" 200 2610 "-" "Mozilla/5.0 AppleWebKit/537.36 (KHTML, like Gecko; compatible; ClaudeBot/1.0; +claudebot@anthropic.com)" 
216.73.216.158 - - [14/Dec/2025:02:03:57 -0800] "GET /xmlrpc.php?path=%2F%2Fsys%2Fblock%2Fnbd6%2Fsubsystem%2Fnvme1n1%2Fsubsystem%2Fnbd15%2Fsubsystem%2Fnvme4n1 HTTP/2.0" 429 344 "-" "Mozilla/5.0 AppleWebKit/537.36 (KHTML, like Gecko; compatible; ClaudeBot/1.0; +claudebot@anthropic.com)" 
216.73.216.158 - - [14/Dec/2025:02:03:58 -0800] "GET /xmlrpc.php?fileloc=%2F%2Fsys%2Fblock%2Fnbd6%2Fsubsystem%2Fnvme5n1%2Fsubsystem%2Fnbd11%2Fhidden&path=%2F%2Fsys%2Fblock%2Fnbd6%2Fsubsystem%2Fnvme5n1%2Fsubsystem%2Fnbd11 HTTP/2.0" 200 2614 "-" "Mozilla/5.0 AppleWebKit/537.36 (KHTML, like Gecko; compatible; ClaudeBot/1.0; +claudebot@anthropic.com)" 
131.196.5.243 - - [14/Dec/2025:02:03:59 -0800] "GET /?_bd_prev_page=https%3A%2F%2Flifeofcanada.com%2Fselect.asp%3Fthere9%3Fkg%3D20761&_bdsid=4swpu4.n~YQRSB.177380712.177776564&_gl=1%2Ahynaj70%2A_ga%2ATMSKVZrXzUDBOnTeLtoUgmdrCySt%2A_ga_BNBERAPTA%2A9NDmdbpWZ1Un1ieFsTRzl8Ggg34STQ7WB4bGLT5voFIPJky6fy6Kee6.%2A_gcl_au%3D1.1.199618210.179806620%2A_gcl_aw%3DAPA.179209415.kcsl5JGZeT5iMdSC7VutGzIA4Ouwt2WAYapINN4AnWwO3aZerjUYLC1Y94SpANbRUCqwaf5zUWnIY3bxgND9at6oMm..&_gz=2.192871248.190793713.172170209-866116545.167451343 HTTP/1.1" 302 3670 "-" "Mozilla/5.0 (Windows NT 5.1) AppleWebKit/537.36 (KHTML, like Gecko) Chrome/35.0.2117.157 Safari/537.36" 
216.73.216.158 - - [14/Dec/2025:02:03:59 -0800] "GET /xmlrpc.php?fileloc=%2F%2Fsys%2Fblock%2Fnbd6%2Fsubsystem%2Fnvme4n1%2Fsubsystem%2Fnvme6n1%2Fdev&path=%2F%2Fsys%2Fblock%2Fnbd6%2Fsubsystem%2Fnvme4n1%2Fsubsystem%2Fnvme6n1 HTTP/2.0" 200 2612 "-" "Mozilla/5.0 AppleWebKit/537.36 (KHTML, like Gecko; compatible; ClaudeBot/1.0; +claudebot@anthropic.com)" 
216.73.216.158 - - [14/Dec/2025:02:03:59 -0800] "GET /xmlrpc.php?fileloc=%2F%2Fsys%2Fblock%2Fnbd6%2Fsubsystem%2Fmd127%2Fsubsystem%2Fnbd14%2Fext_range&path=%2F%2Fsys%2Fblock%2Fnbd6%2Fsubsystem%2Fmd127%2Fsubsystem%2Fnbd14 HTTP/2.0" 200 2571 "-" "Mozilla/5.0 AppleWebKit/537.36 (KHTML, like Gecko; compatible; ClaudeBot/1.0; +claudebot@anthropic.com)" 
216.73.216.158 - - [14/Dec/2025:02:04:00 -0800] "GET /xmlrpc.php?path=%2F%2Fsys%2Fblock%2Fnbd6%2Fsubsystem%2Fnvme7n1p1%2Fsubsystem%2Fnvme4n1p1%2Fholders HTTP/2.0" 200 2939 "-" "Mozilla/5.0 AppleWebKit/537.36 (KHTML, like Gecko; compatible; ClaudeBot/1.0; +claudebot@anthropic.com)" 
216.73.216.158 - - [14/Dec/2025:02:04:00 -0800] "GET /xmlrpc.php?fileloc=%2F%2Fsys%2Fblock%2Fnbd6%2Fsubsystem%2Fnvme6n1%2Fmq%2F18%2Fnr_tags&path=%2F%2Fsys%2Fblock%2Fnbd6%2Fsubsystem%2Fnvme6n1%2Fmq%2F18 HTTP/2.0" 200 2573 "-" "Mozilla/5.0 AppleWebKit/537.36 (KHTML, like Gecko; compatible; ClaudeBot/1.0; +claudebot@anthropic.com)" 
216.73.216.158 - - [14/Dec/2025:02:04:01 -0800] "GET /xmlrpc.php?fileloc=%2F%2Fsys%2Fblock%2Fnbd6%2Fsubsystem%2Fnbd5%2Fsubsystem%2Fnbd14%2Falignment_offset&path=%2F%2Fsys%2Fblock%2Fnbd6%2Fsubsystem%2Fnbd5%2Fsubsystem%2Fnbd14 HTTP/2.0" 200 2616 "-" "Mozilla/5.0 AppleWebKit/537.36 (KHTML, like Gecko; compatible; ClaudeBot/1.0; +claudebot@anthropic.com)" 
216.73.216.158 - - [14/Dec/2025:02:04:01 -0800] "GET /xmlrpc.php?fileloc=%2F%2Fsys%2Fblock%2Fnbd6%2Fsubsystem%2Fnvme7n1p1%2Fsubsystem%2Fnbd10%2Fdev&path=%2F%2Fsys%2Fblock%2Fnbd6%2Fsubsystem%2Fnvme7n1p1%2Fsubsystem%2Fnbd10 HTTP/2.0" 200 2571 "-" "Mozilla/5.0 AppleWebKit/537.36 (KHTML, like Gecko; compatible; ClaudeBot/1.0; +claudebot@anthropic.com)" 
216.73.216.158 - - [14/Dec/2025:02:04:02 -0800] "GET /xmlrpc.php?fileloc=%2F%2Fsys%2Fblock%2Fnbd6%2Fsubsystem%2Fnbd5%2Fsubsystem%2Fnvme5n1%2Fext_range&path=%2F%2Fsys%2Fblock%2Fnbd6%2Fsubsystem%2Fnbd5%2Fsubsystem%2Fnvme5n1 HTTP/2.0" 200 2614 "-" "Mozilla/5.0 AppleWebKit/537.36 (KHTML, like Gecko; compatible; ClaudeBot/1.0; +claudebot@anthropic.com)" 
216.73.216.158 - - [14/Dec/2025:02:04:02 -0800] "GET /xmlrpc.php?fileloc=%2F%2Fsys%2Fblock%2Fnbd6%2Fsubsystem%2Fnbd4%2Fsubsystem%2Fnbd9%2Fstat&path=%2F%2Fsys%2Fblock%2Fnbd6%2Fsubsystem%2Fnbd4%2Fsubsystem%2Fnbd9 HTTP/2.0" 200 2561 "-" "Mozilla/5.0 AppleWebKit/537.36 (KHTML, like Gecko; compatible; ClaudeBot/1.0; +claudebot@anthropic.com)" 
216.73.216.158 - - [14/Dec/2025:02:04:03 -0800] "GET /xmlrpc.php?path=%2F%2Fsys%2Fblock%2Fnbd6%2Fsubsystem%2Fnbd13%2Fsubsystem%2Fnvme6n1%2Fslaves HTTP/2.0" 200 2682 "-" "Mozilla/5.0 AppleWebKit/537.36 (KHTML, like Gecko; compatible; ClaudeBot/1.0; +claudebot@anthropic.com)" 
216.73.216.158 - - [14/Dec/2025:02:04:03 -0800] "GET /xmlrpc.php?fileloc=%2F%2Fsys%2Fblock%2Fnbd6%2Fsubsystem%2Fnvme0n1%2Fmq%2F60%2Fnr_tags&path=%2F%2Fsys%2Fblock%2Fnbd6%2Fsubsystem%2Fnvme0n1%2Fmq%2F60 HTTP/2.0" 200 2575 "-" "Mozilla/5.0 AppleWebKit/537.36 (KHTML, like Gecko; compatible; ClaudeBot/1.0; +claudebot@anthropic.com)" 
216.73.216.158 - - [14/Dec/2025:02:04:04 -0800] "GET /xmlrpc.php?path=%2F%2Fsys%2Fblock%2Fnbd6%2Fsubsystem%2Fnbd12%2Fsubsystem%2Fmd0p1%2Fsubsystem HTTP/2.0" 200 4075 "-" "Mozilla/5.0 AppleWebKit/537.36 (KHTML, like Gecko; compatible; ClaudeBot/1.0; +claudebot@anthropic.com)" 
216.73.216.158 - - [14/Dec/2025:02:04:04 -0800] "GET /xmlrpc.php?fileloc=%2F%2Fsys%2Fblock%2Fnbd6%2Fsubsystem%2Fnvme1n1%2Fmq%2F66%2Fnr_tags&path=%2F%2Fsys%2Fblock%2Fnbd6%2Fsubsystem%2Fnvme1n1%2Fmq%2F66 HTTP/2.0" 200 2574 "-" "Mozilla/5.0 AppleWebKit/537.36 (KHTML, like Gecko; compatible; ClaudeBot/1.0; +claudebot@anthropic.com)" 
216.73.216.158 - - [14/Dec/2025:02:04:05 -0800] "GET /xmlrpc.php?path=%2F%2Fsys%2Fblock%2Fnbd6%2Fsubsystem%2Fnvme1n1p2%2Fsubsystem%2Fnvme6n1%2Fmq HTTP/2.0" 200 6095 "-" "Mozilla/5.0 AppleWebKit/537.36 (KHTML, like Gecko; compatible; ClaudeBot/1.0; +claudebot@anthropic.com)" 
216.73.216.158 - - [14/Dec/2025:02:04:05 -0800] "GET /xmlrpc.php?fileloc=%2F%2Fsys%2Fblock%2Fnbd6%2Fsubsystem%2Fnvme4n1%2Fsubsystem%2Fnbd5%2Fdev&path=%2F%2Fsys%2Fblock%2Fnbd6%2Fsubsystem%2Fnvme4n1%2Fsubsystem%2Fnbd5 HTTP/2.0" 200 2567 "-" "Mozilla/5.0 AppleWebKit/537.36 (KHTML, like Gecko; compatible; ClaudeBot/1.0; +claudebot@anthropic.com)" 
216.73.216.158 - - [14/Dec/2025:02:04:06 -0800] "GET /xmlrpc.php?fileloc=%2F%2Fsys%2Fblock%2Fnbd6%2Fsubsystem%2Fnvme5n1%2Fsubsystem%2Fnbd0%2Fpartscan&path=%2F%2Fsys%2Fblock%2Fnbd6%2Fsubsystem%2Fnvme5n1%2Fsubsystem%2Fnbd0 HTTP/2.0" 200 2615 "-" "Mozilla/5.0 AppleWebKit/537.36 (KHTML, like Gecko; compatible; ClaudeBot/1.0; +claudebot@anthropic.com)" 
216.73.216.158 - - [14/Dec/2025:02:04:06 -0800] "GET /xmlrpc.php?fileloc=%2F%2Fsys%2Fblock%2Fnbd6%2Fsubsystem%2Fnbd4%2Fsubsystem%2Fnvme5n1%2Finflight&path=%2F%2Fsys%2Fblock%2Fnbd6%2Fsubsystem%2Fnbd4%2Fsubsystem%2Fnvme5n1 HTTP/2.0" 200 2568 "-" "Mozilla/5.0 AppleWebKit/537.36 (KHTML, like Gecko; compatible; ClaudeBot/1.0; +claudebot@anthropic.com)" 
216.73.216.158 - - [14/Dec/2025:02:04:07 -0800] "GET /xmlrpc.php?fileloc=%2F%2Fsys%2Fblock%2Fnbd6%2Fsubsystem%2Fnvme5n1%2Fsubsystem%2Fnbd12%2Finflight&path=%2F%2Fsys%2Fblock%2Fnbd6%2Fsubsystem%2Fnvme5n1%2Fsubsystem%2Fnbd12 HTTP/2.0" 200 2618 "-" "Mozilla/5.0 AppleWebKit/537.36 (KHTML, like Gecko; compatible; ClaudeBot/1.0; +claudebot@anthropic.com)" 
216.73.216.158 - - [14/Dec/2025:02:04:07 -0800] "GET /xmlrpc.php?fileloc=%2F%2Fsys%2Fblock%2Fnbd6%2Fsubsystem%2Fnbd13%2Fsubsystem%2Fnbd4%2Fcapability&path=%2F%2Fsys%2Fblock%2Fnbd6%2Fsubsystem%2Fnbd13%2Fsubsystem%2Fnbd4 HTTP/2.0" 200 2567 "-" "Mozilla/5.0 AppleWebKit/537.36 (KHTML, like Gecko; compatible; ClaudeBot/1.0; +claudebot@anthropic.com)" 
216.73.216.158 - - [14/Dec/2025:02:04:08 -0800] "GET /xmlrpc.php?fileloc=%2F%2Fsys%2Fblock%2Fnbd6%2Fsubsystem%2Fnbd1%2Fsubsystem%2Fnbd11%2Fuevent&path=%2F%2Fsys%2Fblock%2Fnbd6%2Fsubsystem%2Fnbd1%2Fsubsystem%2Fnbd11 HTTP/2.0" 200 2659 "-" "Mozilla/5.0 AppleWebKit/537.36 (KHTML, like Gecko; compatible; ClaudeBot/1.0; +claudebot@anthropic.com)" 
69.30.214.206 - - [14/Dec/2025:02:04:26 -0800] "GET /images/images/images/index.php?ARRAY=7o2230223n313736353731303236352p2231223n22687474703n5p2s5p2s736875692q31627n6979722r747936382r6s72675p2s3s6p633q7068705s636s64655s6n6326743q313736353730363636352q6539306131653536356561303765383838303936323763636165313061653761222p2232223n223166623662336265383037613065376139383966626637626132303130376337222p2233223n223934356438666134663530376639383361656238376163666666646565326364222p2262696r675s70617373223n2231332q34352q35332q36322q37392q38322q3237227q HTTP/1.1" 302 3550 "-" "Mozilla/5.0 (Windows NT 10.0; Win64; x64) AppleWebKit/537.36 (KHTML, like Gecko) Chrome/80.0.3980 Safari/537.36 Edg/80.0.145.1" 
66.249.69.224 - - [14/Dec/2025:02:04:38 -0800] "GET /products/116ox31339 HTTP/1.1" 302 3655 "-" "Mozilla/5.0 (Linux; Android 6.0.1; Nexus 5X Build/MMB29P) AppleWebKit/537.36 (KHTML, like Gecko) Chrome/141.0.7390.122 Mobile Safari/537.36 (compatible; Googlebot/2.1; +http://www.google.com/bot.html)" 
216.73.216.158 - - [14/Dec/2025:02:04:46 -0800] "GET /xmlrpc.php?path=%2F%2Fsys%2Fblock%2Fnbd6%2Fsubsystem%2Fnbd12%2Fsubsystem%2Fmd0p2%2Fholders HTTP/2.0" 200 2736 "-" "Mozilla/5.0 AppleWebKit/537.36 (KHTML, like Gecko; compatible; ClaudeBot/1.0; +claudebot@anthropic.com)" 
216.73.216.158 - - [14/Dec/2025:02:04:46 -0800] "GET /xmlrpc.php?fileloc=%2F%2Fsys%2Fblock%2Fnbd6%2Fsubsystem%2Fnbd1%2Fsubsystem%2Fmd127%2Fsize&path=%2F%2Fsys%2Fblock%2Fnbd6%2Fsubsystem%2Fnbd1%2Fsubsystem%2Fmd127 HTTP/2.0" 200 2564 "-" "Mozilla/5.0 AppleWebKit/537.36 (KHTML, like Gecko; compatible; ClaudeBot/1.0; +claudebot@anthropic.com)" 
216.73.216.158 - - [14/Dec/2025:02:04:46 -0800] "GET /xmlrpc.php?path=%2F%2Fsys%2Fblock%2Fnbd6%2Fsubsystem%2Fmd0p2%2Fsubsystem%2Fnbd12%2Fholders HTTP/2.0" 200 2634 "-" "Mozilla/5.0 AppleWebKit/537.36 (KHTML, like Gecko; compatible; ClaudeBot/1.0; +claudebot@anthropic.com)" 
216.73.216.158 - - [14/Dec/2025:02:04:47 -0800] "GET /xmlrpc.php?path=%2F%2Fsys%2Fblock%2Fnbd6%2Fsubsystem%2Fnbd15%2Fsubsystem%2Fnbd15%2Fsubsystem%2Fnvme4n1 HTTP/2.0" 200 4196 "-" "Mozilla/5.0 AppleWebKit/537.36 (KHTML, like Gecko; compatible; ClaudeBot/1.0; +claudebot@anthropic.com)" 
216.73.216.158 - - [14/Dec/2025:02:04:47 -0800] "GET /xmlrpc.php?fileloc=%2F%2Fsys%2Fblock%2Fnbd6%2Fsubsystem%2Fnbd7%2Fsubsystem%2Fnbd13%2Fevents_poll_msecs&path=%2F%2Fsys%2Fblock%2Fnbd6%2Fsubsystem%2Fnbd7%2Fsubsystem%2Fnbd13 HTTP/2.0" 200 2573 "-" "Mozilla/5.0 AppleWebKit/537.36 (KHTML, like Gecko; compatible; ClaudeBot/1.0; +claudebot@anthropic.com)" 
216.73.216.158 - - [14/Dec/2025:02:04:48 -0800] "GET /xmlrpc.php?fileloc=%2F%2Fsys%2Fblock%2Fnbd6%2Fsubsystem%2Fnbd7%2Fsubsystem%2Fnvme7n1%2Fro&path=%2F%2Fsys%2Fblock%2Fnbd6%2Fsubsystem%2Fnbd7%2Fsubsystem%2Fnvme7n1 HTTP/2.0" 200 2610 "-" "Mozilla/5.0 AppleWebKit/537.36 (KHTML, like Gecko; compatible; ClaudeBot/1.0; +claudebot@anthropic.com)" 
216.73.216.158 - - [14/Dec/2025:02:04:48 -0800] "GET /xmlrpc.php?path=%2F%2Fsys%2Fblock%2Fnbd6%2Fsubsystem%2Fnbd15%2Fsubsystem%2Fnvme5n1p1%2Fsubsystem HTTP/2.0" 200 4026 "-" "Mozilla/5.0 AppleWebKit/537.36 (KHTML, like Gecko; compatible; ClaudeBot/1.0; +claudebot@anthropic.com)" 
216.73.216.158 - - [14/Dec/2025:02:04:49 -0800] "GET /xmlrpc.php?fileloc=%2F%2Fsys%2Fblock%2Fnbd6%2Fsubsystem%2Fnvme1n1p2%2Fholders%2Fmd127%2Fdiskseq&path=%2F%2Fsys%2Fblock%2Fnbd6%2Fsubsystem%2Fnvme1n1p2%2Fholders%2Fmd127 HTTP/2.0" 200 2625 "-" "Mozilla/5.0 AppleWebKit/537.36 (KHTML, like Gecko; compatible; ClaudeBot/1.0; +claudebot@anthropic.com)" 
216.73.216.158 - - [14/Dec/2025:02:04:50 -0800] "GET /xmlrpc.php?fileloc=%2F%2Fsys%2Fblock%2Fnbd6%2Fsubsystem%2Fnvme1n1%2Fmq%2F119%2Fnr_tags&path=%2F%2Fsys%2Fblock%2Fnbd6%2Fsubsystem%2Fnvme1n1%2Fmq%2F119 HTTP/2.0" 200 2621 "-" "Mozilla/5.0 AppleWebKit/537.36 (KHTML, like Gecko; compatible; ClaudeBot/1.0; +claudebot@anthropic.com)" 
216.73.216.158 - - [14/Dec/2025:02:04:51 -0800] "GET /xmlrpc.php?path=%2F%2Fsys%2Fblock%2Fnbd6%2Fsubsystem%2Fnvme0n1p2%2Fsubsystem%2Fnbd6%2Fintegrity HTTP/2.0" 200 3235 "-" "Mozilla/5.0 AppleWebKit/537.36 (KHTML, like Gecko; compatible; ClaudeBot/1.0; +claudebot@anthropic.com)" 
216.73.216.158 - - [14/Dec/2025:02:04:51 -0800] "GET /xmlrpc.php?fileloc=%2F%2Fsys%2Fblock%2Fnbd6%2Fsubsystem%2Fnbd7%2Fsubsystem%2Fnvme2n1%2Finflight&path=%2F%2Fsys%2Fblock%2Fnbd6%2Fsubsystem%2Fnbd7%2Fsubsystem%2Fnvme2n1 HTTP/2.0" 200 2568 "-" "Mozilla/5.0 AppleWebKit/537.36 (KHTML, like Gecko; compatible; ClaudeBot/1.0; +claudebot@anthropic.com)" 
216.73.216.158 - - [14/Dec/2025:02:04:52 -0800] "GET /xmlrpc.php?path=%2F%2Fsys%2Fblock%2Fnbd6%2Fsubsystem%2Fnbd8%2Fsubsystem%2Fnvme5n1p1%2Fsubsystem HTTP/2.0" 200 4074 "-" "Mozilla/5.0 AppleWebKit/537.36 (KHTML, like Gecko; compatible; ClaudeBot/1.0; +claudebot@anthropic.com)" 
216.73.216.158 - - [14/Dec/2025:02:04:53 -0800] "GET /xmlrpc.php?fileloc=%2F%2Fsys%2Fblock%2Fnbd6%2Fsubsystem%2Fnvme0n1%2Fmq%2F38%2Fnr_tags&path=%2F%2Fsys%2Fblock%2Fnbd6%2Fsubsystem%2Fnvme0n1%2Fmq%2F38 HTTP/2.0" 200 2621 "-" "Mozilla/5.0 AppleWebKit/537.36 (KHTML, like Gecko; compatible; ClaudeBot/1.0; +claudebot@anthropic.com)" 
216.73.216.158 - - [14/Dec/2025:02:04:54 -0800] "GET /xmlrpc.php?fileloc=%2F%2Fsys%2Fblock%2Fnbd6%2Fsubsystem%2Fnbd6%2Fsubsystem%2Fnbd13%2Fdiskseq&path=%2F%2Fsys%2Fblock%2Fnbd6%2Fsubsystem%2Fnbd6%2Fsubsystem%2Fnbd13 HTTP/2.0" 200 2606 "-" "Mozilla/5.0 AppleWebKit/537.36 (KHTML, like Gecko; compatible; ClaudeBot/1.0; +claudebot@anthropic.com)" 
216.73.216.158 - - [14/Dec/2025:02:04:54 -0800] "GET /xmlrpc.php?fileloc=%2F%2Fsys%2Fblock%2Fnbd6%2Fsubsystem%2Fnvme6n1%2Fmq%2F120%2Fnr_tags&path=%2F%2Fsys%2Fblock%2Fnbd6%2Fsubsystem%2Fnvme6n1%2Fmq%2F120 HTTP/2.0" 200 2576 "-" "Mozilla/5.0 AppleWebKit/537.36 (KHTML, like Gecko; compatible; ClaudeBot/1.0; +claudebot@anthropic.com)" 
216.73.216.158 - - [14/Dec/2025:02:04:55 -0800] "GET /xmlrpc.php?fileloc=%2F%2Fsys%2Fblock%2Fnbd6%2Fsubsystem%2Fnbd8%2Fsubsystem%2Fnvme2n1%2Fext_range&path=%2F%2Fsys%2Fblock%2Fnbd6%2Fsubsystem%2Fnbd8%2Fsubsystem%2Fnvme2n1 HTTP/2.0" 200 2614 "-" "Mozilla/5.0 AppleWebKit/537.36 (KHTML, like Gecko; compatible; ClaudeBot/1.0; +claudebot@anthropic.com)" 
216.73.216.158 - - [14/Dec/2025:02:04:55 -0800] "GET /xmlrpc.php?fileloc=%2F%2Fsys%2Fblock%2Fnbd6%2Fsubsystem%2Fnvme5n1%2Fsubsystem%2Fnbd1%2Fpartscan&path=%2F%2Fsys%2Fblock%2Fnbd6%2Fsubsystem%2Fnvme5n1%2Fsubsystem%2Fnbd1 HTTP/2.0" 200 2569 "-" "Mozilla/5.0 AppleWebKit/537.36 (KHTML, like Gecko; compatible; ClaudeBot/1.0; +claudebot@anthropic.com)" 
216.73.216.158 - - [14/Dec/2025:02:04:56 -0800] "GET /xmlrpc.php?fileloc=%2F%2Fsys%2Fblock%2Fnbd6%2Fsubsystem%2Fnbd1%2Fsubsystem%2Fnvme5n1%2Fpartscan&path=%2F%2Fsys%2Fblock%2Fnbd6%2Fsubsystem%2Fnbd1%2Fsubsystem%2Fnvme5n1 HTTP/2.0" 200 2612 "-" "Mozilla/5.0 AppleWebKit/537.36 (KHTML, like Gecko; compatible; ClaudeBot/1.0; +claudebot@anthropic.com)" 
216.73.216.158 - - [14/Dec/2025:02:04:56 -0800] "GET /xmlrpc.php?fileloc=%2F%2Fsys%2Fblock%2Fnbd6%2Fsubsystem%2Fnbd4%2Fsubsystem%2Fnvme1n1p1%2Falignment_offset&path=%2F%2Fsys%2Fblock%2Fnbd6%2Fsubsystem%2Fnbd4%2Fsubsystem%2Fnvme1n1p1 HTTP/2.0" 200 2573 "-" "Mozilla/5.0 AppleWebKit/537.36 (KHTML, like Gecko; compatible; ClaudeBot/1.0; +claudebot@anthropic.com)" 
216.73.216.158 - - [14/Dec/2025:02:04:57 -0800] "GET /xmlrpc.php?fileloc=%2F%2Fsys%2Fblock%2Fnbd6%2Fsubsystem%2Fnvme7n1%2Fsubsystem%2Fnbd8%2Fsize&path=%2F%2Fsys%2Fblock%2Fnbd6%2Fsubsystem%2Fnvme7n1%2Fsubsystem%2Fnbd8 HTTP/2.0" 200 2613 "-" "Mozilla/5.0 AppleWebKit/537.36 (KHTML, like Gecko; compatible; ClaudeBot/1.0; +claudebot@anthropic.com)" 
216.73.216.158 - - [14/Dec/2025:02:04:57 -0800] "GET /xmlrpc.php?path=%2F%2Fsys%2Fblock%2Fnbd6%2Fsubsystem%2Fnbd2%2Fsubsystem%2Fnvme1n1%2Fslaves HTTP/2.0" 200 2634 "-" "Mozilla/5.0 AppleWebKit/537.36 (KHTML, like Gecko; compatible; ClaudeBot/1.0; +claudebot@anthropic.com)" 
216.73.216.158 - - [14/Dec/2025:02:04:58 -0800] "GET /xmlrpc.php?fileloc=%2F%2Fsys%2Fblock%2Fnbd6%2Fsubsystem%2Fnbd4%2Fsubsystem%2Fnbd13%2Frange&path=%2F%2Fsys%2Fblock%2Fnbd6%2Fsubsystem%2Fnbd4%2Fsubsystem%2Fnbd13 HTTP/2.0" 429 353 "-" "Mozilla/5.0 AppleWebKit/537.36 (KHTML, like Gecko; compatible; ClaudeBot/1.0; +claudebot@anthropic.com)" 
216.73.216.158 - - [14/Dec/2025:02:04:58 -0800] "GET /xmlrpc.php?path=%2F%2Fsys%2Fblock%2Fnbd6%2Fsubsystem%2Fnvme0n1p2%2Fsubsystem%2Fnvme6n1%2Ftrace HTTP/2.0" 429 255 "-" "Mozilla/5.0 AppleWebKit/537.36 (KHTML, like Gecko; compatible; ClaudeBot/1.0; +claudebot@anthropic.com)" 
216.73.216.158 - - [14/Dec/2025:02:04:59 -0800] "GET /xmlrpc.php?fileloc=%2F%2Fsys%2Fblock%2Fnbd6%2Fsubsystem%2Fnbd15%2Fsubsystem%2Fnvme2n1%2Fdiskseq&path=%2F%2Fsys%2Fblock%2Fnbd6%2Fsubsystem%2Fnbd15%2Fsubsystem%2Fnvme2n1 HTTP/2.0" 429 278 "-" "Mozilla/5.0 AppleWebKit/537.36 (KHTML, like Gecko; compatible; ClaudeBot/1.0; +claudebot@anthropic.com)" 
216.73.216.158 - - [14/Dec/2025:02:04:59 -0800] "GET /xmlrpc.php?path=%2F%2Fsys%2Fblock%2Fnbd6%2Fsubsystem%2Fnbd2%2Fsubsystem%2Fnbd14%2Fsubsystem%2Fnvme3n1 HTTP/2.0" 429 255 "-" "Mozilla/5.0 AppleWebKit/537.36 (KHTML, like Gecko; compatible; ClaudeBot/1.0; +claudebot@anthropic.com)" 
216.73.216.158 - - [14/Dec/2025:02:05:01 -0800] "GET /xmlrpc.php?fileloc=%2F%2Fsys%2Fblock%2Fnbd6%2Fsubsystem%2Fnbd11%2Fsubsystem%2Fnbd4%2Fhidden&path=%2F%2Fsys%2Fblock%2Fnbd6%2Fsubsystem%2Fnbd11%2Fsubsystem%2Fnbd4 HTTP/2.0" 429 359 "-" "Mozilla/5.0 AppleWebKit/537.36 (KHTML, like Gecko; compatible; ClaudeBot/1.0; +claudebot@anthropic.com)" 
216.73.216.158 - - [14/Dec/2025:02:05:01 -0800] "GET /xmlrpc.php?path=%2F%2Fsys%2Fblock%2Fnbd6%2Fsubsystem%2Fnvme0n1p2%2Fsubsystem%2Fnvme7n1%2Fsubsystem HTTP/2.0" 429 255 "-" "Mozilla/5.0 AppleWebKit/537.36 (KHTML, like Gecko; compatible; ClaudeBot/1.0; +claudebot@anthropic.com)" 
216.73.216.158 - - [14/Dec/2025:02:05:02 -0800] "GET /xmlrpc.php?fileloc=%2F%2Fsys%2Fblock%2Fnbd6%2Fsubsystem%2Fnbd1%2Fsubsystem%2Fnbd11%2Fevents&path=%2F%2Fsys%2Fblock%2Fnbd6%2Fsubsystem%2Fnbd1%2Fsubsystem%2Fnbd11 HTTP/2.0" 429 278 "-" "Mozilla/5.0 AppleWebKit/537.36 (KHTML, like Gecko; compatible; ClaudeBot/1.0; +claudebot@anthropic.com)" 
216.73.216.158 - - [14/Dec/2025:02:05:02 -0800] "GET /xmlrpc.php?fileloc=%2F%2Fsys%2Fblock%2Fnbd6%2Fsubsystem%2Fnbd11%2Fsubsystem%2Fnbd9%2Fhidden&path=%2F%2Fsys%2Fblock%2Fnbd6%2Fsubsystem%2Fnbd11%2Fsubsystem%2Fnbd9 HTTP/2.0" 429 255 "-" "Mozilla/5.0 AppleWebKit/537.36 (KHTML, like Gecko; compatible; ClaudeBot/1.0; +claudebot@anthropic.com)" 
216.73.216.158 - - [14/Dec/2025:02:05:03 -0800] "GET /xmlrpc.php?fileloc=%2F%2Fsys%2Fblock%2Fnbd6%2Fsubsystem%2Fnbd8%2Fsubsystem%2Fnbd10%2Fdev&path=%2F%2Fsys%2Fblock%2Fnbd6%2Fsubsystem%2Fnbd8%2Fsubsystem%2Fnbd10 HTTP/2.0" 429 278 "-" "Mozilla/5.0 AppleWebKit/537.36 (KHTML, like Gecko; compatible; ClaudeBot/1.0; +claudebot@anthropic.com)" 
216.73.216.158 - - [14/Dec/2025:02:05:03 -0800] "GET /xmlrpc.php?fileloc=%2F%2Fsys%2Fblock%2Fnbd6%2Fsubsystem%2Fmd10%2Fsubsystem%2Fnbd5%2Fevents_poll_msecs&path=%2F%2Fsys%2Fblock%2Fnbd6%2Fsubsystem%2Fmd10%2Fsubsystem%2Fnbd5 HTTP/2.0" 429 255 "-" "Mozilla/5.0 AppleWebKit/537.36 (KHTML, like Gecko; compatible; ClaudeBot/1.0; +claudebot@anthropic.com)" 
216.73.216.158 - - [14/Dec/2025:02:05:04 -0800] "GET /xmlrpc.php?fileloc=%2F%2Fsys%2Fblock%2Fnbd6%2Fsubsystem%2Fnvme7n1p1%2Fsubsystem%2Fnbd13%2Fext_range&path=%2F%2Fsys%2Fblock%2Fnbd6%2Fsubsystem%2Fnvme7n1p1%2Fsubsystem%2Fnbd13 HTTP/2.0" 429 278 "-" "Mozilla/5.0 AppleWebKit/537.36 (KHTML, like Gecko; compatible; ClaudeBot/1.0; +claudebot@anthropic.com)" 
216.73.216.158 - - [14/Dec/2025:02:05:04 -0800] "GET /xmlrpc.php?fileloc=%2F%2Fsys%2Fblock%2Fnbd6%2Fsubsystem%2Fnvme7n1%2Fsubsystem%2Fnbd15%2Fstat&path=%2F%2Fsys%2Fblock%2Fnbd6%2Fsubsystem%2Fnvme7n1%2Fsubsystem%2Fnbd15 HTTP/2.0" 429 255 "-" "Mozilla/5.0 AppleWebKit/537.36 (KHTML, like Gecko; compatible; ClaudeBot/1.0; +claudebot@anthropic.com)" 
216.73.216.158 - - [14/Dec/2025:02:05:05 -0800] "GET /xmlrpc.php?path=%2F%2Fsys%2Fblock%2Fnbd6%2Fsubsystem%2Fnvme1n1%2Fnvme1n1p1%2Fsubsystem%2Fmd127 HTTP/2.0" 429 278 "-" "Mozilla/5.0 AppleWebKit/537.36 (KHTML, like Gecko; compatible; ClaudeBot/1.0; +claudebot@anthropic.com)" 
216.73.216.158 - - [14/Dec/2025:02:05:05 -0800] "GET /xmlrpc.php?fileloc=%2F%2Fsys%2Fblock%2Fnbd6%2Fsubsystem%2Fnbd0%2Fsubsystem%2Fnvme1n1p1%2Fdiscard_alignment&path=%2F%2Fsys%2Fblock%2Fnbd6%2Fsubsystem%2Fnbd0%2Fsubsystem%2Fnvme1n1p1 HTTP/2.0" 429 255 "-" "Mozilla/5.0 AppleWebKit/537.36 (KHTML, like Gecko; compatible; ClaudeBot/1.0; +claudebot@anthropic.com)" 
66.249.69.224 - - [14/Dec/2025:02:05:05 -0800] "GET /congressional275?kg=33339 HTTP/1.1" 302 3655 "-" "Mozilla/5.0 (compatible; Googlebot/2.1; +http://www.google.com/bot.html)" 
216.73.216.158 - - [14/Dec/2025:02:05:06 -0800] "GET /xmlrpc.php?path=%2F%2Fsys%2Fblock%2Fnbd6%2Fsubsystem%2Fnbd14%2Fsubsystem%2Fnvme6n1%2Fslaves HTTP/2.0" 429 278 "-" "Mozilla/5.0 AppleWebKit/537.36 (KHTML, like Gecko; compatible; ClaudeBot/1.0; +claudebot@anthropic.com)" 
69.30.196.218 - - [14/Dec/2025:02:05:10 -0800] "GET /R-487ae47ad790ec1172024975e7df50c8 HTTP/1.1" 200 3502 "-" "-" 
114.119.128.127 - - [14/Dec/2025:02:05:10 -0800] "GET /title/2v3eq.html HTTP/1.1" 200 8604 "https://lifeofcanada.com/sitemap272.xml" "Mozilla/5.0 (Linux; Android 7.0;) AppleWebKit/537.36 (KHTML, like Gecko) Mobile Safari/537.36 (compatible; PetalBot;+https://webmaster.petalsearch.com/site/petalbot)" 
216.73.216.158 - - [14/Dec/2025:02:05:11 -0800] "GET /xmlrpc.php?fileloc=%2F%2Fsys%2Fblock%2Fnbd6%2Fsubsystem%2Fnbd15%2Fsubsystem%2Fmd10%2Fcapability&path=%2F%2Fsys%2Fblock%2Fnbd6%2Fsubsystem%2Fnbd15%2Fsubsystem%2Fmd10 HTTP/2.0" 429 278 "-" "Mozilla/5.0 AppleWebKit/537.36 (KHTML, like Gecko; compatible; ClaudeBot/1.0; +claudebot@anthropic.com)" 
216.73.216.158 - - [14/Dec/2025:02:05:16 -0800] "GET /xmlrpc.php?fileloc=%2F%2Fsys%2Fblock%2Fnbd6%2Fsubsystem%2Fmd127%2Fsubsystem%2Fnbd14%2Fdiskseq&path=%2F%2Fsys%2Fblock%2Fnbd6%2Fsubsystem%2Fmd127%2Fsubsystem%2Fnbd14 HTTP/2.0" 429 278 "-" "Mozilla/5.0 AppleWebKit/537.36 (KHTML, like Gecko; compatible; ClaudeBot/1.0; +claudebot@anthropic.com)" 
216.73.216.158 - - [14/Dec/2025:02:05:21 -0800] "GET /xmlrpc.php?fileloc=%2F%2Fsys%2Fblock%2Fnbd6%2Fsubsystem%2Fnvme7n1p1%2Fsubsystem%2Fnvme0n1%2Fevents_poll_msecs&path=%2F%2Fsys%2Fblock%2Fnbd6%2Fsubsystem%2Fnvme7n1p1%2Fsubsystem%2Fnvme0n1 HTTP/2.0" 429 278 "-" "Mozilla/5.0 AppleWebKit/537.36 (KHTML, like Gecko; compatible; ClaudeBot/1.0; +claudebot@anthropic.com)" 
216.73.216.158 - - [14/Dec/2025:02:05:26 -0800] "GET /xmlrpc.php?fileloc=%2F%2Fsys%2Fblock%2Fnbd6%2Fsubsystem%2Fmd127%2Fsubsystem%2Fnvme5n1%2Frange&path=%2F%2Fsys%2Fblock%2Fnbd6%2Fsubsystem%2Fmd127%2Fsubsystem%2Fnvme5n1 HTTP/2.0" 429 278 "-" "Mozilla/5.0 AppleWebKit/537.36 (KHTML, like Gecko; compatible; ClaudeBot/1.0; +claudebot@anthropic.com)" 
187.182.238.6 - - [14/Dec/2025:02:05:30 -0800] "GET /?utm_campaign=footer_banner&utm_medium=referral&utm_source=club HTTP/1.1" 302 3670 "-" "Mozilla/5.0 (Macintosh; Intel Mac OS X 10_15_7) AppleWebKit/537.36 (KHTML, like Gecko) Chrome/106.0.0.0 Safari/537.36" 
78.157.234.82 - - [14/Dec/2025:02:05:30 -0800] "GET /?_bd_prev_page=https%3A%2F%2Flifeofcanada.com%2Fselect.asp%3Fproducts%2F21ii42316&_bdsid=4swpu4.n~YQRSB.177380712.177776564&_gl=1%2Ahynaj70%2A_ga%2ATMSKVZrXzUDBOnTeLtoUgmdrCySt%2A_ga_BNBERAPTA%2A9NDmdbpWZ1Un1ieFsTRzl8Ggg34STQ7WB4bGLT5voFIPJky6fy6Kee6.%2A_gcl_au%3D1.1.199618210.179806620%2A_gcl_aw%3DAPA.179209415.kcsl5JGZeT5iMdSC7VutGzIA4Ouwt2WAYapINN4AnWwO3aZerjUYLC1Y94SpANbRUCqwaf5zUWnIY3bxgND9at6oMm..&_gz=2.192871248.190793713.172170209-866116545.167451343 HTTP/1.1" 302 3670 "-" "Mozilla/5.0 (Windows NT 6.3; Win64; x64) AppleWebKit/537.36 (KHTML, like Gecko) Chrome/74.0.3729.169 Safari/537.36" 
66.249.69.224 - - [14/Dec/2025:02:05:35 -0800] "GET /obtain272?kg=31490 HTTP/1.1" 302 3655 "-" "Mozilla/5.0 (Linux; Android 6.0.1; Nexus 5X Build/MMB29P) AppleWebKit/537.36 (KHTML, like Gecko) Chrome/141.0.7390.122 Mobile Safari/537.36 (compatible; Googlebot/2.1; +http://www.google.com/bot.html)" 
216.73.216.158 - - [14/Dec/2025:02:05:42 -0800] "GET /xmlrpc.php?fileloc=%2F%2Fsys%2Fblock%2Fnbd6%2Fsubsystem%2Fnvme7n1%2Fsubsystem%2Fnvme2n1%2Fevents&path=%2F%2Fsys%2Fblock%2Fnbd6%2Fsubsystem%2Fnvme7n1%2Fsubsystem%2Fnvme2n1 HTTP/2.0" 429 359 "-" "Mozilla/5.0 AppleWebKit/537.36 (KHTML, like Gecko; compatible; ClaudeBot/1.0; +claudebot@anthropic.com)" 
216.73.216.158 - - [14/Dec/2025:02:05:47 -0800] "GET /xmlrpc.php?fileloc=%2F%2Fsys%2Fblock%2Fnbd6%2Fsubsystem%2Fnvme5n1%2Fmq%2F35%2Fnr_tags&path=%2F%2Fsys%2Fblock%2Fnbd6%2Fsubsystem%2Fnvme5n1%2Fmq%2F35 HTTP/2.0" 429 278 "-" "Mozilla/5.0 AppleWebKit/537.36 (KHTML, like Gecko; compatible; ClaudeBot/1.0; +claudebot@anthropic.com)" 
216.73.216.158 - - [14/Dec/2025:02:05:52 -0800] "GET /xmlrpc.php?fileloc=%2F%2Fsys%2Fblock%2Fnbd6%2Fsubsystem%2Fmd127%2Fsubsystem%2Fnbd0%2Fsize&path=%2F%2Fsys%2Fblock%2Fnbd6%2Fsubsystem%2Fmd127%2Fsubsystem%2Fnbd0 HTTP/2.0" 429 278 "-" "Mozilla/5.0 AppleWebKit/537.36 (KHTML, like Gecko; compatible; ClaudeBot/1.0; +claudebot@anthropic.com)" 
216.73.216.158 - - [14/Dec/2025:02:05:57 -0800] "GET /xmlrpc.php?fileloc=%2F%2Fsys%2Fblock%2Fnbd6%2Fsubsystem%2Fmd127%2Fsubsystem%2Fnvme5n1%2Fremovable&path=%2F%2Fsys%2Fblock%2Fnbd6%2Fsubsystem%2Fmd127%2Fsubsystem%2Fnvme5n1 HTTP/2.0" 429 278 "-" "Mozilla/5.0 AppleWebKit/537.36 (KHTML, like Gecko; compatible; ClaudeBot/1.0; +claudebot@anthropic.com)" 
216.73.216.158 - - [14/Dec/2025:02:06:02 -0800] "GET /xmlrpc.php?fileloc=%2F%2Fsys%2Fblock%2Fnbd6%2Fsubsystem%2Fnbd15%2Fsubsystem%2Fnbd5%2Fext_range&path=%2F%2Fsys%2Fblock%2Fnbd6%2Fsubsystem%2Fnbd15%2Fsubsystem%2Fnbd5 HTTP/2.0" 429 278 "-" "Mozilla/5.0 AppleWebKit/537.36 (KHTML, like Gecko; compatible; ClaudeBot/1.0; +claudebot@anthropic.com)" 
216.73.216.158 - - [14/Dec/2025:02:06:07 -0800] "GET /xmlrpc.php?fileloc=%2F%2Fsys%2Fblock%2Fnbd6%2Fsubsystem%2Fnbd13%2Fsubsystem%2Fnvme7n1%2Fnguid&path=%2F%2Fsys%2Fblock%2Fnbd6%2Fsubsystem%2Fnbd13%2Fsubsystem%2Fnvme7n1 HTTP/2.0" 429 278 "-" "Mozilla/5.0 AppleWebKit/537.36 (KHTML, like Gecko; compatible; ClaudeBot/1.0; +claudebot@anthropic.com)" 
66.249.69.226 - - [14/Dec/2025:02:06:11 -0800] "GET /cool23?kg=29667 HTTP/1.1" 302 3655 "-" "Mozilla/5.0 (Linux; Android 6.0.1; Nexus 5X Build/MMB29P) AppleWebKit/537.36 (KHTML, like Gecko) Chrome/141.0.7390.122 Mobile Safari/537.36 (compatible; Googlebot/2.1; +http://www.google.com/bot.html)" 
216.73.216.158 - - [14/Dec/2025:02:06:12 -0800] "GET /xmlrpc.php?fileloc=%2F%2Fsys%2Fblock%2Fnbd6%2Fsubsystem%2Fnvme7n1%2Fsubsystem%2Fnvme6n1%2Fwwid&path=%2F%2Fsys%2Fblock%2Fnbd6%2Fsubsystem%2Fnvme7n1%2Fsubsystem%2Fnvme6n1 HTTP/2.0" 429 278 "-" "Mozilla/5.0 AppleWebKit/537.36 (KHTML, like Gecko; compatible; ClaudeBot/1.0; +claudebot@anthropic.com)" 
