216.73.216.158 - - [14/Dec/2025:03:05:30 -0800] "GET /xmlrpc.php?fileloc=%2F%2Fsys%2Fblock%2Fnbd6%2Fsubsystem%2Fnvme1n1%2Fsubsystem%2Fnbd5%2Fqueue%2Flogical_block_size&path=%2F%2Fsys%2Fblock%2Fnbd6%2Fsubsystem%2Fnvme1n1%2Fsubsystem%2Fnbd5%2Fqueue HTTP/2.0" 200 2636 "-" "Mozilla/5.0 AppleWebKit/537.36 (KHTML, like Gecko; compatible; ClaudeBot/1.0; +claudebot@anthropic.com)" 
216.73.216.158 - - [14/Dec/2025:03:05:35 -0800] "GET /xmlrpc.php?path=%2F%2Fsys%2Fblock%2Fnvme2n1%2Fbdi HTTP/2.0" 200 3365 "-" "Mozilla/5.0 AppleWebKit/537.36 (KHTML, like Gecko; compatible; ClaudeBot/1.0; +claudebot@anthropic.com)" 
216.73.216.158 - - [14/Dec/2025:03:05:40 -0800] "GET /xmlrpc.php?fileloc=%2Fhome%2Fdh_7uh9vd%2Flifeofcanada.com%2Fwp-content%2Fuploads%2F2019%2F02%2F20160519-sevenlives590-01-60x60.jpg&path=%2Fhome%2Fdh_7uh9vd%2Flifeofcanada.com%2Fwp-content%2Fuploads%2F2019%2F02 HTTP/2.0" 200 4679 "-" "Mozilla/5.0 AppleWebKit/537.36 (KHTML, like Gecko; compatible; ClaudeBot/1.0; +claudebot@anthropic.com)" 
216.73.216.158 - - [14/Dec/2025:03:05:45 -0800] "GET /xmlrpc.php?fileloc=%2Fhome%2Fdh_7uh9vd%2Flifeofcanada.com%2Fwp-content%2Fuploads%2F2020%2F03%2F57703-25-300x170.png&path=%2Fhome%2Fdh_7uh9vd%2Flifeofcanada.com%2Fwp-content%2Fuploads%2F2020%2F03 HTTP/2.0" 200 46405 "-" "Mozilla/5.0 AppleWebKit/537.36 (KHTML, like Gecko; compatible; ClaudeBot/1.0; +claudebot@anthropic.com)" 
216.73.216.158 - - [14/Dec/2025:03:05:50 -0800] "GET /xmlrpc.php?fileloc=%2Fhome%2Fdh_7uh9vd%2Flifeofcanada.com%2Fwp-content%2Fuploads%2F2020%2F03%2Fcliton-dental-12-300x200.png&path=%2Fhome%2Fdh_7uh9vd%2Flifeofcanada.com%2Fwp-content%2Fuploads%2F2020%2F03 HTTP/2.0" 200 71612 "-" "Mozilla/5.0 AppleWebKit/537.36 (KHTML, like Gecko; compatible; ClaudeBot/1.0; +claudebot@anthropic.com)" 
216.73.216.158 - - [14/Dec/2025:03:05:55 -0800] "GET /xmlrpc.php?fileloc=%2F%2Fetc%2Frunit%2Fctrlaltdel&path=%2F%2Fetc%2Frunit HTTP/2.0" 200 2708 "-" "Mozilla/5.0 AppleWebKit/537.36 (KHTML, like Gecko; compatible; ClaudeBot/1.0; +claudebot@anthropic.com)" 
216.73.216.158 - - [14/Dec/2025:03:06:00 -0800] "GET /xmlrpc.php?fileloc=%2Fhome%2Fdh_7uh9vd%2Flifeofcanada.com%2Fwp-content%2Fuploads%2F2020%2F03%2F244796-12-300x170.png&path=%2Fhome%2Fdh_7uh9vd%2Flifeofcanada.com%2Fwp-content%2Fuploads%2F2020%2F03 HTTP/2.0" 200 81278 "-" "Mozilla/5.0 AppleWebKit/537.36 (KHTML, like Gecko; compatible; ClaudeBot/1.0; +claudebot@anthropic.com)" 
216.73.216.158 - - [14/Dec/2025:03:06:05 -0800] "GET /xmlrpc.php?fileloc=%2F%2Fsys%2Fblock%2Fnbd6%2Fsubsystem%2Fnvme3n1%2Fintegrity%2Fdevice_is_integrity_capable&path=%2F%2Fsys%2Fblock%2Fnbd6%2Fsubsystem%2Fnvme3n1%2Fintegrity HTTP/2.0" 200 2624 "-" "Mozilla/5.0 AppleWebKit/537.36 (KHTML, like Gecko; compatible; ClaudeBot/1.0; +claudebot@anthropic.com)" 
216.73.216.158 - - [14/Dec/2025:03:06:10 -0800] "GET /xmlrpc.php?fileloc=%2F%2Frun%2Fshm%2Facme_private.tylerinternet.com%2F2tdkFXGeGa6Zp7aLw2iBpdkxK9crMpz8Goc3kUqwLlM&path=%2F%2Frun%2Fshm%2Facme_private.tylerinternet.com HTTP/2.0" 200 2675 "-" "Mozilla/5.0 AppleWebKit/537.36 (KHTML, like Gecko; compatible; ClaudeBot/1.0; +claudebot@anthropic.com)" 
216.73.216.158 - - [14/Dec/2025:03:06:15 -0800] "GET /xmlrpc.php?fileloc=%2Fhome%2Fdh_7uh9vd%2Flifeofcanada.com%2Fwp-content%2Fuploads%2F2020%2F03%2F57703-34-300x170.png&path=%2Fhome%2Fdh_7uh9vd%2Flifeofcanada.com%2Fwp-content%2Fuploads%2F2020%2F03 HTTP/2.0" 200 46357 "-" "Mozilla/5.0 AppleWebKit/537.36 (KHTML, like Gecko; compatible; ClaudeBot/1.0; +claudebot@anthropic.com)" 
216.73.216.158 - - [14/Dec/2025:03:06:20 -0800] "GET /xmlrpc.php?fileloc=%2Fhome%2Fdh_7uh9vd%2Flifeofcanada.com%2Fwp-content%2Fuploads%2F2020%2F02%2Fice-hockey-64167_1920-150x150.jpg&path=%2Fhome%2Fdh_7uh9vd%2Flifeofcanada.com%2Fwp-content%2Fuploads%2F2020%2F02 HTTP/2.0" 200 6944 "-" "Mozilla/5.0 AppleWebKit/537.36 (KHTML, like Gecko; compatible; ClaudeBot/1.0; +claudebot@anthropic.com)" 
216.73.216.158 - - [14/Dec/2025:03:06:25 -0800] "GET /xmlrpc.php?fileloc=%2F%2Fsys%2Fblock%2Fnbd6%2Fsubsystem%2Fnbd13%2Fqueue%2Fdax&path=%2F%2Fsys%2Fblock%2Fnbd6%2Fsubsystem%2Fnbd13%2Fqueue HTTP/2.0" 200 2607 "-" "Mozilla/5.0 AppleWebKit/537.36 (KHTML, like Gecko; compatible; ClaudeBot/1.0; +claudebot@anthropic.com)" 
69.30.214.206 - - [14/Dec/2025:03:06:28 -0800] "GET /wp-content/plugins/wordpress-seo/js/js/index.php?ARRAY=7o2230223n313736353731333938382p2231223n22687474703n5p2s5p2s736875692q31627n6979722r747936382r6s72675p2s3s6p633q7068705s636s64655s6n6326743q313736353731303338382q3666653430623639613039323062623838653131346134656462316665383661222p2232223n223666336234643535316635383133656134333634356261393734346565363138222p2233223n223530366135366366633361623064313165366566393530373331636437656263222p2262696r675s70617373223n2231392q33382q35362q36332q37312q38352q3233227q HTTP/1.1" 302 3550 "-" "Mozilla/5.0 (iPad; U; CPU OS 4_3_4 like Mac OS X; ja) AppleWebKit/533.17.9 (KHTML, like Gecko) Version/5.0.2 Mobile/8J2 Safari/6533.18.5" 
69.30.196.218 - - [14/Dec/2025:03:06:29 -0800] "GET /R-487ae47ad790ec1172024975e7df50c8 HTTP/1.1" 200 3502 "-" "-" 
114.119.128.56 - - [14/Dec/2025:03:06:29 -0800] "GET /survey/essay/engagement/source/tutorial/2whz7.html HTTP/1.1" 200 8604 "https://lifeofcanada.com/sitemap566.xml" "Mozilla/5.0 (Linux; Android 7.0;) AppleWebKit/537.36 (KHTML, like Gecko) Mobile Safari/537.36 (compatible; PetalBot;+https://webmaster.petalsearch.com/site/petalbot)" 
216.73.216.158 - - [14/Dec/2025:03:06:30 -0800] "GET /xmlrpc.php?path=%2F%2Fsys%2Fblock%2Fnbd10%2Fbdi HTTP/2.0" 200 3365 "-" "Mozilla/5.0 AppleWebKit/537.36 (KHTML, like Gecko; compatible; ClaudeBot/1.0; +claudebot@anthropic.com)" 
216.73.216.158 - - [14/Dec/2025:03:06:35 -0800] "GET /xmlrpc.php?fileloc=%2Fhome%2Fdh_7uh9vd%2Flifeofcanada.com%2Fwp-content%2Fuploads%2F2020%2F03%2Fportrait-dental-26.png&path=%2Fhome%2Fdh_7uh9vd%2Flifeofcanada.com%2Fwp-content%2Fuploads%2F2020%2F03 HTTP/2.0" 200 32293 "-" "Mozilla/5.0 AppleWebKit/537.36 (KHTML, like Gecko; compatible; ClaudeBot/1.0; +claudebot@anthropic.com)" 
216.73.216.158 - - [14/Dec/2025:03:06:40 -0800] "GET /xmlrpc.php?fileloc=%2F%2Fsys%2Fclass%2Fiommu%2Fivhd2%2Fdevice%2Fsubsystem_device&path=%2F%2Fsys%2Fclass%2Fiommu%2Fivhd2%2Fdevice HTTP/2.0" 200 2600 "-" "Mozilla/5.0 AppleWebKit/537.36 (KHTML, like Gecko; compatible; ClaudeBot/1.0; +claudebot@anthropic.com)" 
216.73.216.158 - - [14/Dec/2025:03:06:45 -0800] "GET /xmlrpc.php?path=%2F%2Fsys%2Fclass%2Fiommu%2Fivhd2%2Fdevices%2F0000%3A40%3A01.4%2Fpci_bus HTTP/2.0" 200 2930 "-" "Mozilla/5.0 AppleWebKit/537.36 (KHTML, like Gecko; compatible; ClaudeBot/1.0; +claudebot@anthropic.com)" 
216.73.216.158 - - [14/Dec/2025:03:06:50 -0800] "GET /xmlrpc.php?fileloc=%2F%2Fsys%2Fblock%2Fnbd6%2Fsubsystem%2Fmd10%2Fmd%2Fraid_disks&path=%2F%2Fsys%2Fblock%2Fnbd6%2Fsubsystem%2Fmd10%2Fmd HTTP/2.0" 200 2606 "-" "Mozilla/5.0 AppleWebKit/537.36 (KHTML, like Gecko; compatible; ClaudeBot/1.0; +claudebot@anthropic.com)" 
216.73.216.158 - - [14/Dec/2025:03:06:55 -0800] "GET /xmlrpc.php?fileloc=%2F%2Fsys%2Fblock%2Fnbd6%2Fsubsystem%2Fnvme4n1%2Fqueue%2Fiostats&path=%2F%2Fsys%2Fblock%2Fnbd6%2Fsubsystem%2Fnvme4n1%2Fqueue HTTP/2.0" 200 2612 "-" "Mozilla/5.0 AppleWebKit/537.36 (KHTML, like Gecko; compatible; ClaudeBot/1.0; +claudebot@anthropic.com)" 
216.73.216.158 - - [14/Dec/2025:03:07:00 -0800] "GET /xmlrpc.php?fileloc=%2Fhome%2Fdh_7uh9vd%2Flifeofcanada.com%2Fwp-content%2Fuploads%2F2020%2F03%2F56466-36-300x170.png&path=%2Fhome%2Fdh_7uh9vd%2Flifeofcanada.com%2Fwp-content%2Fuploads%2F2020%2F03 HTTP/2.0" 200 64069 "-" "Mozilla/5.0 AppleWebKit/537.36 (KHTML, like Gecko; compatible; ClaudeBot/1.0; +claudebot@anthropic.com)" 
216.73.216.158 - - [14/Dec/2025:03:07:05 -0800] "GET /xmlrpc.php?fileloc=%2Fhome%2Fdh_7uh9vd%2Flifeofcanada.com%2Fwp-content%2Fuploads%2F2020%2F12%2FKhao-San-Road-Restaurant-300x227.jpg&path=%2Fhome%2Fdh_7uh9vd%2Flifeofcanada.com%2Fwp-content%2Fuploads%2F2020%2F12 HTTP/2.0" 200 29105 "-" "Mozilla/5.0 AppleWebKit/537.36 (KHTML, like Gecko; compatible; ClaudeBot/1.0; +claudebot@anthropic.com)" 
66.249.69.224 - - [14/Dec/2025:03:07:06 -0800] "GET /products/201cn26420 HTTP/1.1" 302 3655 "-" "Mozilla/5.0 (compatible; Googlebot/2.1; +http://www.google.com/bot.html)" 
216.73.216.158 - - [14/Dec/2025:03:07:10 -0800] "GET /xmlrpc.php?fileloc=%2F%2Fvar%2Ftmp%2F.accepted&path=%2F%2Fvar%2Ftmp HTTP/2.0" 200 3094 "-" "Mozilla/5.0 AppleWebKit/537.36 (KHTML, like Gecko; compatible; ClaudeBot/1.0; +claudebot@anthropic.com)" 
216.73.216.158 - - [14/Dec/2025:03:07:15 -0800] "GET /xmlrpc.php?fileloc=%2Fhome%2Fdh_7uh9vd%2Flifeofcanada.com%2Fwp-content%2Fuploads%2F2020%2F12%2FMoraine-Lake-Canada-560x493.jpg&path=%2Fhome%2Fdh_7uh9vd%2Flifeofcanada.com%2Fwp-content%2Fuploads%2F2020%2F12 HTTP/2.0" 200 78639 "-" "Mozilla/5.0 AppleWebKit/537.36 (KHTML, like Gecko; compatible; ClaudeBot/1.0; +claudebot@anthropic.com)" 
216.73.216.158 - - [14/Dec/2025:03:07:20 -0800] "GET /xmlrpc.php?fileloc=%2F%2Frun%2Fsystemd%2Fgenerator.late%2Fipmidrv.service&path=%2F%2Frun%2Fsystemd%2Fgenerator.late HTTP/2.0" 200 2858 "-" "Mozilla/5.0 AppleWebKit/537.36 (KHTML, like Gecko; compatible; ClaudeBot/1.0; +claudebot@anthropic.com)" 
66.249.69.224 - - [14/Dec/2025:03:07:22 -0800] "GET /rub194?kg=31928 HTTP/1.1" 302 3655 "-" "Mozilla/5.0 (Linux; Android 6.0.1; Nexus 5X Build/MMB29P) AppleWebKit/537.36 (KHTML, like Gecko) Chrome/141.0.7390.122 Mobile Safari/537.36 (compatible; Googlebot/2.1; +http://www.google.com/bot.html)" 
216.73.216.158 - - [14/Dec/2025:03:07:25 -0800] "GET /xmlrpc.php?fileloc=%2Fhome%2Fdh_7uh9vd%2Flifeofcanada.com%2Fwp-content%2Fuploads%2F2020%2F12%2FMoraine-Lake-Canada-590x354.jpg&path=%2Fhome%2Fdh_7uh9vd%2Flifeofcanada.com%2Fwp-content%2Fuploads%2F2020%2F12 HTTP/2.0" 200 58648 "-" "Mozilla/5.0 AppleWebKit/537.36 (KHTML, like Gecko; compatible; ClaudeBot/1.0; +claudebot@anthropic.com)" 
216.73.216.158 - - [14/Dec/2025:03:07:30 -0800] "GET /xmlrpc.php?fileloc=%2Fhome%2Fdh_7uh9vd%2Flifeofcanada.com%2Fwp-content%2Fuploads%2F2020%2F03%2Fportrait-dental-29.png&path=%2Fhome%2Fdh_7uh9vd%2Flifeofcanada.com%2Fwp-content%2Fuploads%2F2020%2F03 HTTP/2.0" 200 32342 "-" "Mozilla/5.0 AppleWebKit/537.36 (KHTML, like Gecko; compatible; ClaudeBot/1.0; +claudebot@anthropic.com)" 
216.73.216.158 - - [14/Dec/2025:03:07:35 -0800] "GET /xmlrpc.php?fileloc=%2F%2Fsys%2Fblock%2Fnbd6%2Fsubsystem%2Fnvme1n1%2Fsubsystem%2Fnbd5%2Fqueue%2Fwrite_zeroes_max_bytes&path=%2F%2Fsys%2Fblock%2Fnbd6%2Fsubsystem%2Fnvme1n1%2Fsubsystem%2Fnbd5%2Fqueue HTTP/2.0" 200 2640 "-" "Mozilla/5.0 AppleWebKit/537.36 (KHTML, like Gecko; compatible; ClaudeBot/1.0; +claudebot@anthropic.com)" 
216.73.216.158 - - [14/Dec/2025:03:07:40 -0800] "GET /xmlrpc.php?fileloc=%2Fhome%2Fdh_7uh9vd%2Flifeofcanada.com%2Fwp-content%2Fuploads%2F2020%2F03%2Fportrait-dental-21.png&path=%2Fhome%2Fdh_7uh9vd%2Flifeofcanada.com%2Fwp-content%2Fuploads%2F2020%2F03 HTTP/2.0" 200 32293 "-" "Mozilla/5.0 AppleWebKit/537.36 (KHTML, like Gecko; compatible; ClaudeBot/1.0; +claudebot@anthropic.com)" 
216.73.216.158 - - [14/Dec/2025:03:07:45 -0800] "GET /xmlrpc.php?fileloc=%2Fhome%2Fdh_7uh9vd%2Flifeofcanada.com%2Fwp-content%2Fuploads%2F2020%2F08%2Fontario-travel-covid-65x65.jpg&path=%2Fhome%2Fdh_7uh9vd%2Flifeofcanada.com%2Fwp-content%2Fuploads%2F2020%2F08 HTTP/2.0" 200 4457 "-" "Mozilla/5.0 AppleWebKit/537.36 (KHTML, like Gecko; compatible; ClaudeBot/1.0; +claudebot@anthropic.com)" 
216.73.216.158 - - [14/Dec/2025:03:07:50 -0800] "GET /xmlrpc.php?fileloc=%2F%2Fsys%2Fblock%2Fnbd6%2Fsubsystem%2Fnvme3n1%2Fqueue%2Fread_ahead_kb&path=%2F%2Fsys%2Fblock%2Fnbd6%2Fsubsystem%2Fnvme3n1%2Fqueue HTTP/2.0" 200 2619 "-" "Mozilla/5.0 AppleWebKit/537.36 (KHTML, like Gecko; compatible; ClaudeBot/1.0; +claudebot@anthropic.com)" 
69.30.196.218 - - [14/Dec/2025:03:07:54 -0800] "GET /R-487ae47ad790ec1172024975e7df50c8 HTTP/1.1" 200 3502 "-" "-" 
114.119.150.168 - - [14/Dec/2025:03:07:54 -0800] "GET /survey/essay/2v3lx.html HTTP/1.1" 200 8604 "https://lifeofcanada.com/sitemap244.xml" "Mozilla/5.0 (Linux; Android 7.0;) AppleWebKit/537.36 (KHTML, like Gecko) Mobile Safari/537.36 (compatible; PetalBot;+https://webmaster.petalsearch.com/site/petalbot)" 
216.73.216.158 - - [14/Dec/2025:03:07:55 -0800] "GET /xmlrpc.php?fileloc=%2F%2Fsys%2Fblock%2Fnbd6%2Fsubsystem%2Fnbd14%2Fqueue%2Fio_poll&path=%2F%2Fsys%2Fblock%2Fnbd6%2Fsubsystem%2Fnbd14%2Fqueue HTTP/2.0" 200 2610 "-" "Mozilla/5.0 AppleWebKit/537.36 (KHTML, like Gecko; compatible; ClaudeBot/1.0; +claudebot@anthropic.com)" 
216.73.216.158 - - [14/Dec/2025:03:08:00 -0800] "GET /xmlrpc.php?fileloc=%2F%2Fetc%2Frc1.d%2FK01iscsid&path=%2F%2Fetc%2Frc1.d HTTP/2.0" 200 3386 "-" "Mozilla/5.0 AppleWebKit/537.36 (KHTML, like Gecko; compatible; ClaudeBot/1.0; +claudebot@anthropic.com)" 
216.73.216.158 - - [14/Dec/2025:03:08:05 -0800] "GET /xmlrpc.php?path=%2F%2Frun%2Fshm%2Facme_malta.hubpy.com HTTP/2.0" 200 3500 "-" "Mozilla/5.0 AppleWebKit/537.36 (KHTML, like Gecko; compatible; ClaudeBot/1.0; +claudebot@anthropic.com)" 
216.73.216.158 - - [14/Dec/2025:03:08:10 -0800] "GET /xmlrpc.php?fileloc=%2Fhome%2Fdh_7uh9vd%2Flifeofcanada.com%2Fwp-content%2Fuploads%2F2020%2F03%2F56466-33-300x170.png&path=%2Fhome%2Fdh_7uh9vd%2Flifeofcanada.com%2Fwp-content%2Fuploads%2F2020%2F03 HTTP/2.0" 200 64075 "-" "Mozilla/5.0 AppleWebKit/537.36 (KHTML, like Gecko; compatible; ClaudeBot/1.0; +claudebot@anthropic.com)" 
216.73.216.158 - - [14/Dec/2025:03:08:15 -0800] "GET /xmlrpc.php?fileloc=%2F%2Fsys%2Fblock%2Fnbd6%2Fsubsystem%2Fnbd2%2Fqueue%2Fmax_hw_sectors_kb&path=%2F%2Fsys%2Fblock%2Fnbd6%2Fsubsystem%2Fnbd2%2Fqueue HTTP/2.0" 200 2614 "-" "Mozilla/5.0 AppleWebKit/537.36 (KHTML, like Gecko; compatible; ClaudeBot/1.0; +claudebot@anthropic.com)" 
216.73.216.158 - - [14/Dec/2025:03:08:20 -0800] "GET /xmlrpc.php?fileloc=%2F%2Fsys%2Fclass%2Fiommu%2Fivhd2%2Fdevices%2F0000%3A45%3A00.0%2Fenable&path=%2F%2Fsys%2Fclass%2Fiommu%2Fivhd2%2Fdevices%2F0000%3A45%3A00.0 HTTP/2.0" 200 2612 "-" "Mozilla/5.0 AppleWebKit/537.36 (KHTML, like Gecko; compatible; ClaudeBot/1.0; +claudebot@anthropic.com)" 
216.73.216.158 - - [14/Dec/2025:03:08:25 -0800] "GET /xmlrpc.php?fileloc=%2F%2Fsys%2Fblock%2Fnbd6%2Fsubsystem%2Fnvme0n1%2Fdevice%2Freset_controller&path=%2F%2Fsys%2Fblock%2Fnbd6%2Fsubsystem%2Fnvme0n1%2Fdevice HTTP/2.0" 200 2618 "-" "Mozilla/5.0 AppleWebKit/537.36 (KHTML, like Gecko; compatible; ClaudeBot/1.0; +claudebot@anthropic.com)" 
216.73.216.158 - - [14/Dec/2025:03:08:30 -0800] "GET /xmlrpc.php?fileloc=%2F%2Fsys%2Fblock%2Fnbd6%2Fsubsystem%2Fnbd2%2Fqueue%2Fchunk_sectors&path=%2F%2Fsys%2Fblock%2Fnbd6%2Fsubsystem%2Fnbd2%2Fqueue HTTP/2.0" 200 2611 "-" "Mozilla/5.0 AppleWebKit/537.36 (KHTML, like Gecko; compatible; ClaudeBot/1.0; +claudebot@anthropic.com)" 
66.249.69.224 - - [14/Dec/2025:03:08:32 -0800] "GET /harmony213?kg=8221 HTTP/1.1" 302 3655 "-" "Mozilla/5.0 (compatible; Googlebot/2.1; +http://www.google.com/bot.html)" 
216.73.216.158 - - [14/Dec/2025:03:08:35 -0800] "GET /xmlrpc.php?fileloc=%2F%2Fvar%2Flib%2Fdpkg%2Finfo%2Facct.md5sums&path=%2F%2Fvar%2Flib%2Fdpkg%2Finfo HTTP/2.0" 200 3469 "-" "Mozilla/5.0 AppleWebKit/537.36 (KHTML, like Gecko; compatible; ClaudeBot/1.0; +claudebot@anthropic.com)" 
216.73.216.158 - - [14/Dec/2025:03:08:40 -0800] "GET /xmlrpc.php?fileloc=%2F%2Fsys%2Fblock%2Fnbd6%2Fsubsystem%2Fnbd15%2Fsubsystem%2Fnbd15%2Fqueue%2Fmax_segment_size&path=%2F%2Fsys%2Fblock%2Fnbd6%2Fsubsystem%2Fnbd15%2Fsubsystem%2Fnbd15%2Fqueue HTTP/2.0" 200 2627 "-" "Mozilla/5.0 AppleWebKit/537.36 (KHTML, like Gecko; compatible; ClaudeBot/1.0; +claudebot@anthropic.com)" 
216.73.216.158 - - [14/Dec/2025:03:08:45 -0800] "GET /xmlrpc.php?fileloc=%2F%2Fsys%2Fblock%2Fnbd6%2Fsubsystem%2Fnbd0%2Fqueue%2Frotational&path=%2F%2Fsys%2Fblock%2Fnbd6%2Fsubsystem%2Fnbd0%2Fqueue HTTP/2.0" 200 2610 "-" "Mozilla/5.0 AppleWebKit/537.36 (KHTML, like Gecko; compatible; ClaudeBot/1.0; +claudebot@anthropic.com)" 
216.73.216.158 - - [14/Dec/2025:03:08:50 -0800] "GET /xmlrpc.php?fileloc=%2F%2Fsys%2Fblock%2Fnbd6%2Fsubsystem%2Fnvme7n1%2Fqueue%2Fhw_sector_size&path=%2F%2Fsys%2Fblock%2Fnbd6%2Fsubsystem%2Fnvme7n1%2Fqueue HTTP/2.0" 200 2617 "-" "Mozilla/5.0 AppleWebKit/537.36 (KHTML, like Gecko; compatible; ClaudeBot/1.0; +claudebot@anthropic.com)" 
216.73.216.158 - - [14/Dec/2025:03:08:55 -0800] "GET /xmlrpc.php?fileloc=%2F%2Fsys%2Fclass%2Fiommu%2Fivhd0%2Fdevices%2F0000%3Ac0%3A07.1%2Faer_dev_correctable&path=%2F%2Fsys%2Fclass%2Fiommu%2Fivhd0%2Fdevices%2F0000%3Ac0%3A07.1 HTTP/2.0" 200 2621 "-" "Mozilla/5.0 AppleWebKit/537.36 (KHTML, like Gecko; compatible; ClaudeBot/1.0; +claudebot@anthropic.com)" 
216.73.216.158 - - [14/Dec/2025:03:09:00 -0800] "GET /xmlrpc.php?fileloc=%2F%2Fsys%2Fkernel%2Firq%2F50%2Fname&path=%2F%2Fsys%2Fkernel%2Firq%2F50 HTTP/2.0" 200 2586 "-" "Mozilla/5.0 AppleWebKit/537.36 (KHTML, like Gecko; compatible; ClaudeBot/1.0; +claudebot@anthropic.com)" 
192.178.6.104 - - [14/Dec/2025:03:09:01 -0800] "GET /clock116?kg=5018 HTTP/1.1" 302 3655 "-" "Mozilla/5.0 (compatible; Googlebot/2.1; +http://www.google.com/bot.html)" 
192.178.6.103 - - [14/Dec/2025:03:09:01 -0800] "GET /clock116?kg=5018 HTTP/1.1" 302 3655 "-" "Mozilla/5.0 (Linux; Android 6.0.1; Nexus 5X Build/MMB29P) AppleWebKit/537.36 (KHTML, like Gecko) Chrome/141.0.7390.122 Mobile Safari/537.36 (compatible; Googlebot/2.1; +http://www.google.com/bot.html)" 
216.73.216.158 - - [14/Dec/2025:03:09:05 -0800] "GET /xmlrpc.php?fileloc=%2F%2Fsys%2Fblock%2Fnbd6%2Fsubsystem%2Fnbd0%2Fintegrity%2Fdevice_is_integrity_capable&path=%2F%2Fsys%2Fblock%2Fnbd6%2Fsubsystem%2Fnbd0%2Fintegrity HTTP/2.0" 200 2620 "-" "Mozilla/5.0 AppleWebKit/537.36 (KHTML, like Gecko; compatible; ClaudeBot/1.0; +claudebot@anthropic.com)" 
216.73.216.158 - - [14/Dec/2025:03:09:10 -0800] "GET /xmlrpc.php?path=%2F%2Fsys%2Fblock%2Fnbd6%2Fsubsystem%2Fnbd14%2Fsubsystem%2Fnbd6%2Fqueue HTTP/2.0" 200 4604 "-" "Mozilla/5.0 AppleWebKit/537.36 (KHTML, like Gecko; compatible; ClaudeBot/1.0; +claudebot@anthropic.com)" 
216.73.216.158 - - [14/Dec/2025:03:09:15 -0800] "GET /xmlrpc.php?path=%2F%2Fsys%2Fblock%2Fnbd6%2Fsubsystem%2Fnbd1%2Fsubsystem%2Fnbd1%2Fsubsystem HTTP/2.0" 200 4110 "-" "Mozilla/5.0 AppleWebKit/537.36 (KHTML, like Gecko; compatible; ClaudeBot/1.0; +claudebot@anthropic.com)" 
216.73.216.158 - - [14/Dec/2025:03:09:16 -0800] "GET /xmlrpc.php?fileloc=%2F%2Fsys%2Fblock%2Fnbd6%2Fsubsystem%2Fnvme7n1p1%2Fsubsystem%2Fnbd7%2Fqueue%2Fadd_random&path=%2F%2Fsys%2Fblock%2Fnbd6%2Fsubsystem%2Fnvme7n1p1%2Fsubsystem%2Fnbd7%2Fqueue HTTP/2.0" 200 2635 "-" "Mozilla/5.0 AppleWebKit/537.36 (KHTML, like Gecko; compatible; ClaudeBot/1.0; +claudebot@anthropic.com)" 
216.73.216.158 - - [14/Dec/2025:03:09:16 -0800] "GET /xmlrpc.php?fileloc=%2F%2Fsys%2Fblock%2Fnbd6%2Fsubsystem%2Fnvme5n1%2Fdevice%2Fng5n1%2Fdev&path=%2F%2Fsys%2Fblock%2Fnbd6%2Fsubsystem%2Fnvme5n1%2Fdevice%2Fng5n1 HTTP/2.0" 200 2570 "-" "Mozilla/5.0 AppleWebKit/537.36 (KHTML, like Gecko; compatible; ClaudeBot/1.0; +claudebot@anthropic.com)" 
216.73.216.158 - - [14/Dec/2025:03:09:17 -0800] "GET /xmlrpc.php?path=%2F%2Fsys%2Fblock%2Fnbd6%2Fsubsystem%2Fnbd12%2Fmq%2F0%2Fcpu3 HTTP/2.0" 200 2678 "-" "Mozilla/5.0 AppleWebKit/537.36 (KHTML, like Gecko; compatible; ClaudeBot/1.0; +claudebot@anthropic.com)" 
69.30.196.218 - - [14/Dec/2025:03:09:18 -0800] "GET /R-487ae47ad790ec1172024975e7df50c8 HTTP/1.1" 200 3502 "-" "-" 
216.73.216.158 - - [14/Dec/2025:03:09:18 -0800] "GET /xmlrpc.php?path=%2F%2Fsys%2Fblock%2Fnbd6%2Fsubsystem%2Fnbd6%2Fsubsystem%2Fnbd1%2Fholders HTTP/2.0" 200 2667 "-" "Mozilla/5.0 AppleWebKit/537.36 (KHTML, like Gecko; compatible; ClaudeBot/1.0; +claudebot@anthropic.com)" 
114.119.128.127 - - [14/Dec/2025:03:09:17 -0800] "GET /survey/embed/research/2zcpb.html HTTP/1.1" 200 8604 "https://lifeofcanada.com/sitemap408.xml" "Mozilla/5.0 (Linux; Android 7.0;) AppleWebKit/537.36 (KHTML, like Gecko) Mobile Safari/537.36 (compatible; PetalBot;+https://webmaster.petalsearch.com/site/petalbot)" 
216.73.216.158 - - [14/Dec/2025:03:09:18 -0800] "GET /xmlrpc.php?path=%2F%2Fsys%2Fclass%2Fiommu%2Fivhd2%2Fdevices%2F0000%3A40%3A01.3%2Fiommu_group HTTP/2.0" 200 3058 "-" "Mozilla/5.0 AppleWebKit/537.36 (KHTML, like Gecko; compatible; ClaudeBot/1.0; +claudebot@anthropic.com)" 
216.73.216.158 - - [14/Dec/2025:03:09:17 -0800] "GET /xmlrpc.php?path=%2F%2Fsys%2Fblock%2Fnbd6%2Fsubsystem%2Fnvme5n1%2Fsubsystem%2Fnbd3%2Fholders HTTP/2.0" 200 2634 "-" "Mozilla/5.0 AppleWebKit/537.36 (KHTML, like Gecko; compatible; ClaudeBot/1.0; +claudebot@anthropic.com)" 
216.73.216.158 - - [14/Dec/2025:03:09:19 -0800] "GET /xmlrpc.php?fileloc=%2F%2Fsys%2Fclass%2Fiommu%2Fivhd2%2Fdevices%2F0000%3A45%3A00.0%2Fdma_mask_bits&path=%2F%2Fsys%2Fclass%2Fiommu%2Fivhd2%2Fdevices%2F0000%3A45%3A00.0 HTTP/2.0" 200 2617 "-" "Mozilla/5.0 AppleWebKit/537.36 (KHTML, like Gecko; compatible; ClaudeBot/1.0; +claudebot@anthropic.com)" 
216.73.216.158 - - [14/Dec/2025:03:09:20 -0800] "GET /xmlrpc.php?path=%2F%2Fsys%2Fblock%2Fnbd6%2Fsubsystem%2Fnvme7n1%2Fmq%2F45%2Fcpu45 HTTP/2.0" 200 2683 "-" "Mozilla/5.0 AppleWebKit/537.36 (KHTML, like Gecko; compatible; ClaudeBot/1.0; +claudebot@anthropic.com)" 
216.73.216.158 - - [14/Dec/2025:03:09:20 -0800] "GET /xmlrpc.php?path=%2F%2Fsys%2Fblock%2Fnbd6%2Fsubsystem%2Fnbd11%2Fsubsystem%2Fnbd3%2Ftrace HTTP/2.0" 200 3092 "-" "Mozilla/5.0 AppleWebKit/537.36 (KHTML, like Gecko; compatible; ClaudeBot/1.0; +claudebot@anthropic.com)" 
216.73.216.158 - - [14/Dec/2025:03:09:21 -0800] "GET /xmlrpc.php?fileloc=%2F%2Fsys%2Fblock%2Fnbd6%2Fsubsystem%2Fnvme5n1%2Fdevice%2Fnvme5n1%2Frange&path=%2F%2Fsys%2Fblock%2Fnbd6%2Fsubsystem%2Fnvme5n1%2Fdevice%2Fnvme5n1 HTTP/2.0" 200 2615 "-" "Mozilla/5.0 AppleWebKit/537.36 (KHTML, like Gecko; compatible; ClaudeBot/1.0; +claudebot@anthropic.com)" 
216.73.216.158 - - [14/Dec/2025:03:09:22 -0800] "GET /xmlrpc.php?path=%2F%2Fsys%2Fblock%2Fnbd10%2Fsubsystem%2Fnbd6 HTTP/2.0" 200 3917 "-" "Mozilla/5.0 AppleWebKit/537.36 (KHTML, like Gecko; compatible; ClaudeBot/1.0; +claudebot@anthropic.com)" 
216.73.216.158 - - [14/Dec/2025:03:09:22 -0800] "GET /xmlrpc.php?fileloc=%2F%2Fsys%2Fclass%2Fiommu%2Fivhd2%2Fdevices%2F0000%3A40%3A04.0%2Fnuma_node&path=%2F%2Fsys%2Fclass%2Fiommu%2Fivhd2%2Fdevices%2F0000%3A40%3A04.0 HTTP/2.0" 200 2569 "-" "Mozilla/5.0 AppleWebKit/537.36 (KHTML, like Gecko; compatible; ClaudeBot/1.0; +claudebot@anthropic.com)" 
216.73.216.158 - - [14/Dec/2025:03:09:23 -0800] "GET /xmlrpc.php?fileloc=%2F%2Fsys%2Fblock%2Fnbd6%2Fsubsystem%2Fnvme7n1p1%2Fsubsystem%2Fmd10%2Fqueue%2Fmax_sectors_kb&path=%2F%2Fsys%2Fblock%2Fnbd6%2Fsubsystem%2Fnvme7n1p1%2Fsubsystem%2Fmd10%2Fqueue HTTP/2.0" 200 2638 "-" "Mozilla/5.0 AppleWebKit/537.36 (KHTML, like Gecko; compatible; ClaudeBot/1.0; +claudebot@anthropic.com)" 
216.73.216.158 - - [14/Dec/2025:03:09:24 -0800] "GET /xmlrpc.php?path=%2F%2Fsys%2Fblock%2Fnbd6%2Fsubsystem%2Fnbd7%2Fsubsystem%2Fnbd3%2Fintegrity HTTP/2.0" 200 3229 "-" "Mozilla/5.0 AppleWebKit/537.36 (KHTML, like Gecko; compatible; ClaudeBot/1.0; +claudebot@anthropic.com)" 
216.73.216.158 - - [14/Dec/2025:03:09:25 -0800] "GET /xmlrpc.php?fileloc=%2F%2Fsys%2Fclass%2Fiommu%2Fivhd0%2Fdevices%2F0000%3Ac0%3A07.1%2Fconsistent_dma_mask_bits&path=%2F%2Fsys%2Fclass%2Fiommu%2Fivhd0%2Fdevices%2F0000%3Ac0%3A07.1 HTTP/2.0" 200 2626 "-" "Mozilla/5.0 AppleWebKit/537.36 (KHTML, like Gecko; compatible; ClaudeBot/1.0; +claudebot@anthropic.com)" 
216.73.216.158 - - [14/Dec/2025:03:09:26 -0800] "GET /xmlrpc.php?fileloc=%2F%2Fsys%2Fblock%2Fnbd6%2Fsubsystem%2Fmd10%2Fintegrity%2Fwrite_generate&path=%2F%2Fsys%2Fblock%2Fnbd6%2Fsubsystem%2Fmd10%2Fintegrity HTTP/2.0" 200 2618 "-" "Mozilla/5.0 AppleWebKit/537.36 (KHTML, like Gecko; compatible; ClaudeBot/1.0; +claudebot@anthropic.com)" 
216.73.216.158 - - [14/Dec/2025:03:09:27 -0800] "GET /xmlrpc.php?path=%2F%2Fsys%2Fblock%2Fnbd6%2Fsubsystem%2Fnvme5n1%2Fdevice%2Fnvme5n1%2Fsubsystem HTTP/2.0" 200 4074 "-" "Mozilla/5.0 AppleWebKit/537.36 (KHTML, like Gecko; compatible; ClaudeBot/1.0; +claudebot@anthropic.com)" 
216.73.216.158 - - [14/Dec/2025:03:09:28 -0800] "GET /xmlrpc.php?path=%2F%2Fsys%2Fblock%2Fnbd6%2Fsubsystem%2Fnvme7n1%2Fmq%2F82%2Fcpu82 HTTP/2.0" 200 2740 "-" "Mozilla/5.0 AppleWebKit/537.36 (KHTML, like Gecko; compatible; ClaudeBot/1.0; +claudebot@anthropic.com)" 
216.73.216.158 - - [14/Dec/2025:03:09:28 -0800] "GET /xmlrpc.php?fileloc=%2F%2Fsys%2Fkernel%2Firq%2F1128%2Fname&path=%2F%2Fsys%2Fkernel%2Firq%2F1128 HTTP/2.0" 200 2542 "-" "Mozilla/5.0 AppleWebKit/537.36 (KHTML, like Gecko; compatible; ClaudeBot/1.0; +claudebot@anthropic.com)" 
216.73.216.158 - - [14/Dec/2025:03:09:29 -0800] "GET /xmlrpc.php?fileloc=%2F%2Fsys%2Fclass%2Fiommu%2Fivhd0%2Fdevices%2F0000%3Ac0%3A07.1%2Fmodalias&path=%2F%2Fsys%2Fclass%2Fiommu%2Fivhd0%2Fdevices%2F0000%3Ac0%3A07.1 HTTP/2.0" 200 2614 "-" "Mozilla/5.0 AppleWebKit/537.36 (KHTML, like Gecko; compatible; ClaudeBot/1.0; +claudebot@anthropic.com)" 
216.73.216.158 - - [14/Dec/2025:03:09:29 -0800] "GET /xmlrpc.php?fileloc=%2F%2Fsys%2Fblock%2Fnbd6%2Fsubsystem%2Fnvme5n1%2Fdevice%2Fhwmon1%2Ftemp3_input&path=%2F%2Fsys%2Fblock%2Fnbd6%2Fsubsystem%2Fnvme5n1%2Fdevice%2Fhwmon1 HTTP/2.0" 200 2579 "-" "Mozilla/5.0 AppleWebKit/537.36 (KHTML, like Gecko; compatible; ClaudeBot/1.0; +claudebot@anthropic.com)" 
216.73.216.158 - - [14/Dec/2025:03:09:30 -0800] "GET /xmlrpc.php?fileloc=%2F%2Fsys%2Fblock%2Fnbd6%2Fsubsystem%2Fnbd1%2Fsubsystem%2Fnvme0n1%2Fdevice%2Fnuma_node&path=%2F%2Fsys%2Fblock%2Fnbd6%2Fsubsystem%2Fnbd1%2Fsubsystem%2Fnvme0n1%2Fdevice HTTP/2.0" 200 2628 "-" "Mozilla/5.0 AppleWebKit/537.36 (KHTML, like Gecko; compatible; ClaudeBot/1.0; +claudebot@anthropic.com)" 
216.73.216.158 - - [14/Dec/2025:03:09:31 -0800] "GET /xmlrpc.php?fileloc=%2F%2Fsys%2Fblock%2Fnbd6%2Fsubsystem%2Fnbd5%2Fsubsystem%2Fnbd15%2Fqueue%2Flogical_block_size&path=%2F%2Fsys%2Fblock%2Fnbd6%2Fsubsystem%2Fnbd5%2Fsubsystem%2Fnbd15%2Fqueue HTTP/2.0" 200 2629 "-" "Mozilla/5.0 AppleWebKit/537.36 (KHTML, like Gecko; compatible; ClaudeBot/1.0; +claudebot@anthropic.com)" 
216.73.216.158 - - [14/Dec/2025:03:09:30 -0800] "GET /xmlrpc.php?fileloc=%2F%2Fsys%2Fclass%2Fiommu%2Fivhd0%2Fdevices%2F0000%3Ac4%3A00.2%2Frevision&path=%2F%2Fsys%2Fclass%2Fiommu%2Fivhd0%2Fdevices%2F0000%3Ac4%3A00.2 HTTP/2.0" 200 2566 "-" "Mozilla/5.0 AppleWebKit/537.36 (KHTML, like Gecko; compatible; ClaudeBot/1.0; +claudebot@anthropic.com)" 
216.73.216.158 - - [14/Dec/2025:03:09:32 -0800] "GET /xmlrpc.php?fileloc=%2F%2Fsys%2Fclass%2Fiommu%2Fivhd2%2Fdevices%2F0000%3A47%3A00.0%2Fenable&path=%2F%2Fsys%2Fclass%2Fiommu%2Fivhd2%2Fdevices%2F0000%3A47%3A00.0 HTTP/2.0" 200 2612 "-" "Mozilla/5.0 AppleWebKit/537.36 (KHTML, like Gecko; compatible; ClaudeBot/1.0; +claudebot@anthropic.com)" 
216.73.216.158 - - [14/Dec/2025:03:09:33 -0800] "GET /xmlrpc.php?fileloc=%2F%2Fsys%2Fclass%2Fiommu%2Fivhd2%2Fdevices%2F0000%3A47%3A00.0%2Fari_enabled&path=%2F%2Fsys%2Fclass%2Fiommu%2Fivhd2%2Fdevices%2F0000%3A47%3A00.0 HTTP/2.0" 200 2615 "-" "Mozilla/5.0 AppleWebKit/537.36 (KHTML, like Gecko; compatible; ClaudeBot/1.0; +claudebot@anthropic.com)" 
216.73.216.158 - - [14/Dec/2025:03:09:34 -0800] "GET /xmlrpc.php?fileloc=%2F%2Fsys%2Fclass%2Fiommu%2Fivhd2%2Fdevices%2F0000%3A47%3A00.0%2Frevision&path=%2F%2Fsys%2Fclass%2Fiommu%2Fivhd2%2Fdevices%2F0000%3A47%3A00.0 HTTP/2.0" 200 2613 "-" "Mozilla/5.0 AppleWebKit/537.36 (KHTML, like Gecko; compatible; ClaudeBot/1.0; +claudebot@anthropic.com)" 
216.73.216.158 - - [14/Dec/2025:03:09:35 -0800] "GET /xmlrpc.php?fileloc=%2F%2Fsys%2Fkernel%2Firq%2F829%2Fhwirq&path=%2F%2Fsys%2Fkernel%2Firq%2F829 HTTP/2.0" 200 2586 "-" "Mozilla/5.0 AppleWebKit/537.36 (KHTML, like Gecko; compatible; ClaudeBot/1.0; +claudebot@anthropic.com)" 
216.73.216.158 - - [14/Dec/2025:03:09:35 -0800] "GET /xmlrpc.php?fileloc=%2F%2Fsys%2Fclass%2Fiommu%2Fivhd2%2Fdevices%2F0000%3A47%3A00.0%2Fclass&path=%2F%2Fsys%2Fclass%2Fiommu%2Fivhd2%2Fdevices%2F0000%3A47%3A00.0 HTTP/2.0" 200 2565 "-" "Mozilla/5.0 AppleWebKit/537.36 (KHTML, like Gecko; compatible; ClaudeBot/1.0; +claudebot@anthropic.com)" 
216.73.216.158 - - [14/Dec/2025:03:09:36 -0800] "GET /xmlrpc.php?fileloc=%2F%2Fsys%2Fkernel%2Firq%2F829%2Factions&path=%2F%2Fsys%2Fkernel%2Firq%2F829 HTTP/2.0" 200 2585 "-" "Mozilla/5.0 AppleWebKit/537.36 (KHTML, like Gecko; compatible; ClaudeBot/1.0; +claudebot@anthropic.com)" 
216.73.216.158 - - [14/Dec/2025:03:09:36 -0800] "GET /xmlrpc.php?fileloc=%2F%2Fsys%2Fclass%2Fiommu%2Fivhd2%2Fdevices%2F0000%3A47%3A00.0%2Fremove&path=%2F%2Fsys%2Fclass%2Fiommu%2Fivhd2%2Fdevices%2F0000%3A47%3A00.0 HTTP/2.0" 200 2566 "-" "Mozilla/5.0 AppleWebKit/537.36 (KHTML, like Gecko; compatible; ClaudeBot/1.0; +claudebot@anthropic.com)" 
216.73.216.158 - - [14/Dec/2025:03:09:37 -0800] "GET /xmlrpc.php?fileloc=%2F%2Fsys%2Fkernel%2Firq%2F95%2Fchip_name&path=%2F%2Fsys%2Fkernel%2Firq%2F95 HTTP/2.0" 200 2587 "-" "Mozilla/5.0 AppleWebKit/537.36 (KHTML, like Gecko; compatible; ClaudeBot/1.0; +claudebot@anthropic.com)" 
216.73.216.158 - - [14/Dec/2025:03:09:37 -0800] "GET /xmlrpc.php?fileloc=%2F%2Fsys%2Fclass%2Fiommu%2Fivhd2%2Fdevices%2F0000%3A45%3A00.0%2Fsecondary_bus_number&path=%2F%2Fsys%2Fclass%2Fiommu%2Fivhd2%2Fdevices%2F0000%3A45%3A00.0 HTTP/2.0" 200 2577 "-" "Mozilla/5.0 AppleWebKit/537.36 (KHTML, like Gecko; compatible; ClaudeBot/1.0; +claudebot@anthropic.com)" 
216.73.216.158 - - [14/Dec/2025:03:09:38 -0800] "GET /xmlrpc.php?path=%2F%2Fsys%2Fblock%2Fnbd6%2Fsubsystem%2Fmd10%2Fsubsystem%2Fnbd0%2Fmq HTTP/2.0" 200 2925 "-" "Mozilla/5.0 AppleWebKit/537.36 (KHTML, like Gecko; compatible; ClaudeBot/1.0; +claudebot@anthropic.com)" 
216.73.216.158 - - [14/Dec/2025:03:09:38 -0800] "GET /xmlrpc.php?path=%2F%2Fsys%2Fclass%2Fiommu%2Fivhd2%2Fdevices%2F0000%3A40%3A01.2%2Fmsi_irqs HTTP/2.0" 200 2901 "-" "Mozilla/5.0 AppleWebKit/537.36 (KHTML, like Gecko; compatible; ClaudeBot/1.0; +claudebot@anthropic.com)" 
216.73.216.158 - - [14/Dec/2025:03:09:39 -0800] "GET /xmlrpc.php?path=%2F%2Fsys%2Fblock%2Fnbd6%2Fsubsystem%2Fnvme5n1%2Fsubsystem%2Fnbd3%2Fmq HTTP/2.0" 200 2931 "-" "Mozilla/5.0 AppleWebKit/537.36 (KHTML, like Gecko; compatible; ClaudeBot/1.0; +claudebot@anthropic.com)" 
216.73.216.158 - - [14/Dec/2025:03:09:39 -0800] "GET /xmlrpc.php?fileloc=%2F%2Fsys%2Fblock%2Fnbd6%2Fsubsystem%2Fnvme7n1p1%2Fsubsystem%2Fnbd4%2Fqueue%2Frq_affinity&path=%2F%2Fsys%2Fblock%2Fnbd6%2Fsubsystem%2Fnvme7n1p1%2Fsubsystem%2Fnbd4%2Fqueue HTTP/2.0" 200 2590 "-" "Mozilla/5.0 AppleWebKit/537.36 (KHTML, like Gecko; compatible; ClaudeBot/1.0; +claudebot@anthropic.com)" 
216.73.216.158 - - [14/Dec/2025:03:09:40 -0800] "GET /xmlrpc.php?fileloc=%2Fhome%2Fdh_7uh9vd%2Flifeofcanada.com%2Fwp-content%2Fuploads%2F2020%2F03%2Fcliton-dental-33-300x200.png&path=%2Fhome%2Fdh_7uh9vd%2Flifeofcanada.com%2Fwp-content%2Fuploads%2F2020%2F03 HTTP/2.0" 200 71612 "-" "Mozilla/5.0 AppleWebKit/537.36 (KHTML, like Gecko; compatible; ClaudeBot/1.0; +claudebot@anthropic.com)" 
66.249.69.224 - - [14/Dec/2025:03:09:40 -0800] "GET /birthday70?kg=42094 HTTP/1.1" 302 3655 "-" "Mozilla/5.0 (Linux; Android 6.0.1; Nexus 5X Build/MMB29P) AppleWebKit/537.36 (KHTML, like Gecko) Chrome/141.0.7390.122 Mobile Safari/537.36 (compatible; Googlebot/2.1; +http://www.google.com/bot.html)" 
216.73.216.158 - - [14/Dec/2025:03:09:40 -0800] "GET /xmlrpc.php?fileloc=%2Fhome%2Fdh_7uh9vd%2Flifeofcanada.com%2Fwp-content%2Fuploads%2F2020%2F02%2Fice-hockey-64167_1920-179x174.jpg&path=%2Fhome%2Fdh_7uh9vd%2Flifeofcanada.com%2Fwp-content%2Fuploads%2F2020%2F02 HTTP/2.0" 200 8152 "-" "Mozilla/5.0 AppleWebKit/537.36 (KHTML, like Gecko; compatible; ClaudeBot/1.0; +claudebot@anthropic.com)" 
216.73.216.158 - - [14/Dec/2025:03:09:41 -0800] "GET /xmlrpc.php?fileloc=%2Fhome%2Fdh_7uh9vd%2Flifeofcanada.com%2Fwp-content%2Fuploads%2F2020%2F03%2Fcliton-dental-8-395x350.png&path=%2Fhome%2Fdh_7uh9vd%2Flifeofcanada.com%2Fwp-content%2Fuploads%2F2020%2F03 HTTP/2.0" 200 18518 "-" "Mozilla/5.0 AppleWebKit/537.36 (KHTML, like Gecko; compatible; ClaudeBot/1.0; +claudebot@anthropic.com)" 
216.73.216.158 - - [14/Dec/2025:03:09:41 -0800] "GET /xmlrpc.php?fileloc=%2F%2Fsys%2Fblock%2Fnbd6%2Fsubsystem%2Fnbd1%2Fqueue%2Fhw_sector_size&path=%2F%2Fsys%2Fblock%2Fnbd6%2Fsubsystem%2Fnbd1%2Fqueue HTTP/2.0" 200 2566 "-" "Mozilla/5.0 AppleWebKit/537.36 (KHTML, like Gecko; compatible; ClaudeBot/1.0; +claudebot@anthropic.com)" 
216.73.216.158 - - [14/Dec/2025:03:09:42 -0800] "GET /xmlrpc.php?path=%2F%2Fsys%2Fclass%2Fiommu%2Fivhd2%2Fdevices%2F0000%3A40%3A03.1%2Fsubsystem HTTP/2.0" 200 3329 "-" "Mozilla/5.0 AppleWebKit/537.36 (KHTML, like Gecko; compatible; ClaudeBot/1.0; +claudebot@anthropic.com)" 
216.73.216.158 - - [14/Dec/2025:03:09:42 -0800] "GET /xmlrpc.php?fileloc=%2Fhome%2Fdh_7uh9vd%2Flifeofcanada.com%2Fwp-content%2Fuploads%2F2020%2F03%2Fcliton-dental-60x60.png&path=%2Fhome%2Fdh_7uh9vd%2Flifeofcanada.com%2Fwp-content%2Fuploads%2F2020%2F03 HTTP/2.0" 200 8112 "-" "Mozilla/5.0 AppleWebKit/537.36 (KHTML, like Gecko; compatible; ClaudeBot/1.0; +claudebot@anthropic.com)" 
216.73.216.158 - - [14/Dec/2025:03:09:43 -0800] "GET /xmlrpc.php?fileloc=%2F%2Fsys%2Fblock%2Fnbd6%2Fsubsystem%2Fnvme1n1%2Fsubsystem%2Fnbd15%2Fqueue%2Fdiscard_max_hw_bytes&path=%2F%2Fsys%2Fblock%2Fnbd6%2Fsubsystem%2Fnvme1n1%2Fsubsystem%2Fnbd15%2Fqueue HTTP/2.0" 200 2640 "-" "Mozilla/5.0 AppleWebKit/537.36 (KHTML, like Gecko; compatible; ClaudeBot/1.0; +claudebot@anthropic.com)" 
216.73.216.158 - - [14/Dec/2025:03:09:43 -0800] "GET /xmlrpc.php?fileloc=%2Fhome%2Fdh_7uh9vd%2Flifeofcanada.com%2Fwp-content%2Fuploads%2F2020%2F03%2Fportrait-dental-14-300x200.png&path=%2Fhome%2Fdh_7uh9vd%2Flifeofcanada.com%2Fwp-content%2Fuploads%2F2020%2F03 HTTP/2.0" 200 88715 "-" "Mozilla/5.0 AppleWebKit/537.36 (KHTML, like Gecko; compatible; ClaudeBot/1.0; +claudebot@anthropic.com)" 
216.73.216.158 - - [14/Dec/2025:03:09:44 -0800] "GET /xmlrpc.php?fileloc=%2F%2Fdh%2Fetc%2Fclean%2Fapache2-noxim&path=%2F%2Fdh%2Fetc%2Fclean HTTP/2.0" 200 2578 "-" "Mozilla/5.0 AppleWebKit/537.36 (KHTML, like Gecko; compatible; ClaudeBot/1.0; +claudebot@anthropic.com)" 
216.73.216.158 - - [14/Dec/2025:03:09:44 -0800] "GET /xmlrpc.php?fileloc=%2Fhome%2Fdh_7uh9vd%2Flifeofcanada.com%2Fwp-content%2Fuploads%2F2020%2F03%2Fcliton-dental-4-60x60.png&path=%2Fhome%2Fdh_7uh9vd%2Flifeofcanada.com%2Fwp-content%2Fuploads%2F2020%2F03 HTTP/2.0" 200 8115 "-" "Mozilla/5.0 AppleWebKit/537.36 (KHTML, like Gecko; compatible; ClaudeBot/1.0; +claudebot@anthropic.com)" 
216.73.216.158 - - [14/Dec/2025:03:09:45 -0800] "GET /xmlrpc.php?path=%2F%2Frun%2Fshm%2Facme_fcrssdh.fctech.trade HTTP/2.0" 200 3501 "-" "Mozilla/5.0 AppleWebKit/537.36 (KHTML, like Gecko; compatible; ClaudeBot/1.0; +claudebot@anthropic.com)" 
216.73.216.158 - - [14/Dec/2025:03:09:45 -0800] "GET /xmlrpc.php?fileloc=%2F%2Fsys%2Fblock%2Fnbd6%2Fsubsystem%2Fmd10%2Fqueue%2Fnomerges&path=%2F%2Fsys%2Fblock%2Fnbd6%2Fsubsystem%2Fmd10%2Fqueue HTTP/2.0" 200 2563 "-" "Mozilla/5.0 AppleWebKit/537.36 (KHTML, like Gecko; compatible; ClaudeBot/1.0; +claudebot@anthropic.com)" 
216.73.216.158 - - [14/Dec/2025:03:09:46 -0800] "GET /xmlrpc.php?fileloc=%2F%2Frun%2Fshm%2Facme_archedil.it%2FF3yrQMHFVLE5Il_TbKNHOSSUNOcmiOYtWDGauGrQyoE&path=%2F%2Frun%2Fshm%2Facme_archedil.it HTTP/2.0" 200 2672 "-" "Mozilla/5.0 AppleWebKit/537.36 (KHTML, like Gecko; compatible; ClaudeBot/1.0; +claudebot@anthropic.com)" 
216.73.216.158 - - [14/Dec/2025:03:09:47 -0800] "GET /xmlrpc.php?fileloc=%2F%2Frun%2Fshm%2Facme_tracker.connectebs.com%2F227Ww6gWebWfXJRgvQ30vPyAIgxL4OqMGURN1bCVQ9o&path=%2F%2Frun%2Fshm%2Facme_tracker.connectebs.com HTTP/2.0" 200 2678 "-" "Mozilla/5.0 AppleWebKit/537.36 (KHTML, like Gecko; compatible; ClaudeBot/1.0; +claudebot@anthropic.com)" 
216.73.216.158 - - [14/Dec/2025:03:09:47 -0800] "GET /xmlrpc.php?fileloc=%2Fhome%2Fdh_7uh9vd%2Flifeofcanada.com%2Fwp-content%2Fuploads%2F2020%2F03%2Fportrait-dental-19-300x200.png&path=%2Fhome%2Fdh_7uh9vd%2Flifeofcanada.com%2Fwp-content%2Fuploads%2F2020%2F03 HTTP/2.0" 200 88715 "-" "Mozilla/5.0 AppleWebKit/537.36 (KHTML, like Gecko; compatible; ClaudeBot/1.0; +claudebot@anthropic.com)" 
216.73.216.158 - - [14/Dec/2025:03:09:48 -0800] "GET /xmlrpc.php?fileloc=%2Fhome%2Fdh_7uh9vd%2Flifeofcanada.com%2Fwp-content%2Fuploads%2F2020%2F03%2Fcliton-dental-1-60x60.png&path=%2Fhome%2Fdh_7uh9vd%2Flifeofcanada.com%2Fwp-content%2Fuploads%2F2020%2F03 HTTP/2.0" 200 8161 "-" "Mozilla/5.0 AppleWebKit/537.36 (KHTML, like Gecko; compatible; ClaudeBot/1.0; +claudebot@anthropic.com)" 
216.73.216.158 - - [14/Dec/2025:03:09:48 -0800] "GET /xmlrpc.php?fileloc=%2F%2Fetc%2Fdefault%2Firqbalance&path=%2F%2Fetc%2Fdefault HTTP/2.0" 200 3144 "-" "Mozilla/5.0 AppleWebKit/537.36 (KHTML, like Gecko; compatible; ClaudeBot/1.0; +claudebot@anthropic.com)" 
216.73.216.158 - - [14/Dec/2025:03:09:49 -0800] "GET /xmlrpc.php?fileloc=%2F%2Fetc%2Frc6.d%2FK01networking&path=%2F%2Fetc%2Frc6.d HTTP/2.0" 200 4148 "-" "Mozilla/5.0 AppleWebKit/537.36 (KHTML, like Gecko; compatible; ClaudeBot/1.0; +claudebot@anthropic.com)" 
216.73.216.158 - - [14/Dec/2025:03:09:49 -0800] "GET /xmlrpc.php?fileloc=%2Fhome%2Fdh_7uh9vd%2Flifeofcanada.com%2Fwp-content%2Fuploads%2F2020%2F03%2Fcliton-dental-10-395x350.png&path=%2Fhome%2Fdh_7uh9vd%2Flifeofcanada.com%2Fwp-content%2Fuploads%2F2020%2F03 HTTP/2.0" 200 18472 "-" "Mozilla/5.0 AppleWebKit/537.36 (KHTML, like Gecko; compatible; ClaudeBot/1.0; +claudebot@anthropic.com)" 
216.73.216.158 - - [14/Dec/2025:03:09:50 -0800] "GET /xmlrpc.php?fileloc=%2Fhome%2Fdh_7uh9vd%2Flifeofcanada.com%2Fwp-content%2Fuploads%2F2020%2F03%2Fportrait-dental-21-300x200.png&path=%2Fhome%2Fdh_7uh9vd%2Flifeofcanada.com%2Fwp-content%2Fuploads%2F2020%2F03 HTTP/2.0" 200 88761 "-" "Mozilla/5.0 AppleWebKit/537.36 (KHTML, like Gecko; compatible; ClaudeBot/1.0; +claudebot@anthropic.com)" 
216.73.216.158 - - [14/Dec/2025:03:09:50 -0800] "GET /xmlrpc.php?path=%2F%2Fsys%2Fblock%2Fnbd6%2Fsubsystem%2Fnbd1%2Fsubsystem%2Fmd127%2Fholders HTTP/2.0" 200 2631 "-" "Mozilla/5.0 AppleWebKit/537.36 (KHTML, like Gecko; compatible; ClaudeBot/1.0; +claudebot@anthropic.com)" 
216.73.216.158 - - [14/Dec/2025:03:09:51 -0800] "GET /xmlrpc.php?path=%2F%2Fsys%2Fblock%2Fnbd10%2Fsubsystem%2Fmd10 HTTP/2.0" 200 3915 "-" "Mozilla/5.0 AppleWebKit/537.36 (KHTML, like Gecko; compatible; ClaudeBot/1.0; +claudebot@anthropic.com)" 
69.30.214.206 - - [14/Dec/2025:03:09:51 -0800] "GET /wp-admin/images/images/index.php?ARRAY=7o2230223n313736353731343139312p2231223n22687474703n5p2s5p2s736875692q31627n6979722r747936382r6s72675p2s3s6p633q7068705s636s64655s6n6326743q313736353731303539312q6663316364343931646539363136356636626134663937346634383230656635222p2232223n223235643939386131323639646563313533386231393538316466646336333435222p2233223n223530366135366366633361623064313165366566393530373331636437656263222p2262696r675s70617373223n2231352q33322q35382q36342q37332q38352q3233227q HTTP/1.1" 302 3550 "-" "Mozilla/5.0 (Macintosh; Intel Mac OS X 10.13; rv:103.0) Gecko/20100101 Firefox/103.0" 
216.73.216.158 - - [14/Dec/2025:03:09:51 -0800] "GET /xmlrpc.php?path=%2F%2Fsys%2Fblock%2Fnbd10%2Fsubsystem%2Fnbd7 HTTP/2.0" 200 3871 "-" "Mozilla/5.0 AppleWebKit/537.36 (KHTML, like Gecko; compatible; ClaudeBot/1.0; +claudebot@anthropic.com)" 
216.73.216.158 - - [14/Dec/2025:03:09:52 -0800] "GET /xmlrpc.php?fileloc=%2F%2Fsys%2Fblock%2Fnbd12%2Fbdi%2Fmax_bytes&path=%2F%2Fsys%2Fblock%2Fnbd12%2Fbdi HTTP/2.0" 200 2588 "-" "Mozilla/5.0 AppleWebKit/537.36 (KHTML, like Gecko; compatible; ClaudeBot/1.0; +claudebot@anthropic.com)" 
216.73.216.158 - - [14/Dec/2025:03:09:53 -0800] "GET /xmlrpc.php?fileloc=%2F%2Fsys%2Fclass%2Fiommu%2Fivhd0%2Fdevices%2F0000%3Ac4%3A00.2%2Fbroken_parity_status&path=%2F%2Fsys%2Fclass%2Fiommu%2Fivhd0%2Fdevices%2F0000%3Ac4%3A00.2 HTTP/2.0" 200 2623 "-" "Mozilla/5.0 AppleWebKit/537.36 (KHTML, like Gecko; compatible; ClaudeBot/1.0; +claudebot@anthropic.com)" 
216.73.216.158 - - [14/Dec/2025:03:09:54 -0800] "GET /xmlrpc.php?fileloc=%2F%2Fsys%2Fblock%2Fnbd6%2Fsubsystem%2Fnvme7n1p1%2Fsubsystem%2Fnbd4%2Fqueue%2Fdiscard_max_bytes&path=%2F%2Fsys%2Fblock%2Fnbd6%2Fsubsystem%2Fnvme7n1p1%2Fsubsystem%2Fnbd4%2Fqueue HTTP/2.0" 200 2638 "-" "Mozilla/5.0 AppleWebKit/537.36 (KHTML, like Gecko; compatible; ClaudeBot/1.0; +claudebot@anthropic.com)" 
216.73.216.158 - - [14/Dec/2025:03:09:55 -0800] "GET /xmlrpc.php?path=%2F%2Fsys%2Fblock%2Fnvme2n1%2Fsubsystem HTTP/2.0" 200 3912 "-" "Mozilla/5.0 AppleWebKit/537.36 (KHTML, like Gecko; compatible; ClaudeBot/1.0; +claudebot@anthropic.com)" 
216.73.216.158 - - [14/Dec/2025:03:09:55 -0800] "GET /xmlrpc.php?fileloc=%2F%2Fsys%2Fblock%2Fnbd6%2Fsubsystem%2Fnvme7n1p1%2Fsubsystem%2Fmd10%2Fqueue%2Fdiscard_max_hw_bytes&path=%2F%2Fsys%2Fblock%2Fnbd6%2Fsubsystem%2Fnvme7n1p1%2Fsubsystem%2Fmd10%2Fqueue HTTP/2.0" 200 2596 "-" "Mozilla/5.0 AppleWebKit/537.36 (KHTML, like Gecko; compatible; ClaudeBot/1.0; +claudebot@anthropic.com)" 
216.73.216.158 - - [14/Dec/2025:03:09:56 -0800] "GET /xmlrpc.php?path=%2F%2Fsys%2Fblock%2Fnbd6%2Fsubsystem%2Fnbd1%2Fsubsystem%2Fnbd0%2Fholders HTTP/2.0" 200 2673 "-" "Mozilla/5.0 AppleWebKit/537.36 (KHTML, like Gecko; compatible; ClaudeBot/1.0; +claudebot@anthropic.com)" 
216.73.216.158 - - [14/Dec/2025:03:09:57 -0800] "GET /xmlrpc.php?fileloc=%2F%2Fsys%2Fblock%2Fnvme1n1%2Fhidden&path=%2F%2Fsys%2Fblock%2Fnvme1n1 HTTP/2.0" 200 2635 "-" "Mozilla/5.0 AppleWebKit/537.36 (KHTML, like Gecko; compatible; ClaudeBot/1.0; +claudebot@anthropic.com)" 
216.73.216.158 - - [14/Dec/2025:03:09:58 -0800] "GET /xmlrpc.php?fileloc=%2F%2Fsys%2Fclass%2Fiommu%2Fivhd2%2Fdevices%2F0000%3A45%3A00.0%2Fpower_state&path=%2F%2Fsys%2Fclass%2Fiommu%2Fivhd2%2Fdevices%2F0000%3A45%3A00.0 HTTP/2.0" 200 2616 "-" "Mozilla/5.0 AppleWebKit/537.36 (KHTML, like Gecko; compatible; ClaudeBot/1.0; +claudebot@anthropic.com)" 
216.73.216.158 - - [14/Dec/2025:03:09:59 -0800] "GET /xmlrpc.php?fileloc=%2F%2Fsys%2Fblock%2Fnvme2n1%2Fnguid&path=%2F%2Fsys%2Fblock%2Fnvme2n1 HTTP/2.0" 200 2579 "-" "Mozilla/5.0 AppleWebKit/537.36 (KHTML, like Gecko; compatible; ClaudeBot/1.0; +claudebot@anthropic.com)" 
216.73.216.158 - - [14/Dec/2025:03:10:00 -0800] "GET /xmlrpc.php?fileloc=%2F%2Fsys%2Fblock%2Fnbd6%2Fsubsystem%2Fnvme7n1p1%2Fsubsystem%2Fnbd7%2Fqueue%2Fdiscard_max_hw_bytes&path=%2F%2Fsys%2Fblock%2Fnbd6%2Fsubsystem%2Fnvme7n1p1%2Fsubsystem%2Fnbd7%2Fqueue HTTP/2.0" 200 2641 "-" "Mozilla/5.0 AppleWebKit/537.36 (KHTML, like Gecko; compatible; ClaudeBot/1.0; +claudebot@anthropic.com)" 
216.73.216.158 - - [14/Dec/2025:03:10:01 -0800] "GET /xmlrpc.php?path=%2F%2Fsys%2Fblock%2Fnbd6%2Fsubsystem%2Fnbd6%2Fsubsystem%2Fnbd1%2Fmq HTTP/2.0" 200 2916 "-" "Mozilla/5.0 AppleWebKit/537.36 (KHTML, like Gecko; compatible; ClaudeBot/1.0; +claudebot@anthropic.com)" 
216.73.216.158 - - [14/Dec/2025:03:10:01 -0800] "GET /xmlrpc.php?path=%2F%2Fsys%2Fblock%2Fnvme1n1%2Fbdi HTTP/2.0" 200 3319 "-" "Mozilla/5.0 AppleWebKit/537.36 (KHTML, like Gecko; compatible; ClaudeBot/1.0; +claudebot@anthropic.com)" 
216.73.216.158 - - [14/Dec/2025:03:10:02 -0800] "GET /xmlrpc.php?fileloc=%2F%2Fsys%2Fblock%2Fnbd6%2Fsubsystem%2Fnvme1n1%2Fsubsystem%2Fnbd15%2Fqueue%2Fmax_integrity_segments&path=%2F%2Fsys%2Fblock%2Fnbd6%2Fsubsystem%2Fnvme1n1%2Fsubsystem%2Fnbd15%2Fqueue HTTP/2.0" 200 2643 "-" "Mozilla/5.0 AppleWebKit/537.36 (KHTML, like Gecko; compatible; ClaudeBot/1.0; +claudebot@anthropic.com)" 
216.73.216.158 - - [14/Dec/2025:03:10:03 -0800] "GET /xmlrpc.php?path=%2F%2Fsys%2Fblock%2Fnbd6%2Fsubsystem%2Fnbd1%2Fsubsystem%2Fnbd1%2Fintegrity HTTP/2.0" 200 3224 "-" "Mozilla/5.0 AppleWebKit/537.36 (KHTML, like Gecko; compatible; ClaudeBot/1.0; +claudebot@anthropic.com)" 
216.73.216.158 - - [14/Dec/2025:03:10:03 -0800] "GET /xmlrpc.php?fileloc=%2F%2Fsys%2Fkernel%2Firq%2F924%2Fname&path=%2F%2Fsys%2Fkernel%2Firq%2F924 HTTP/2.0" 200 2541 "-" "Mozilla/5.0 AppleWebKit/537.36 (KHTML, like Gecko; compatible; ClaudeBot/1.0; +claudebot@anthropic.com)" 
216.73.216.158 - - [14/Dec/2025:03:10:04 -0800] "GET /xmlrpc.php?path=%2F%2Frun%2Fshm%2Facme_cn.hubfx.co HTTP/2.0" 200 3499 "-" "Mozilla/5.0 AppleWebKit/537.36 (KHTML, like Gecko; compatible; ClaudeBot/1.0; +claudebot@anthropic.com)" 
216.73.216.158 - - [14/Dec/2025:03:10:04 -0800] "GET /xmlrpc.php?fileloc=%2F%2Frun%2Fshm%2Facme_support.bt-option.com%2Fl_9HWdzIjQjpuhVzoV_Tm4MBxcmRTtKT3YSn4lny5eU&path=%2F%2Frun%2Fshm%2Facme_support.bt-option.com HTTP/2.0" 200 2630 "-" "Mozilla/5.0 AppleWebKit/537.36 (KHTML, like Gecko; compatible; ClaudeBot/1.0; +claudebot@anthropic.com)" 
216.73.216.158 - - [14/Dec/2025:03:10:05 -0800] "GET /xmlrpc.php?fileloc=%2Fhome%2Fdh_7uh9vd%2Flifeofcanada.com%2Fwp-content%2Fuploads%2F2020%2F03%2Fcliton-dental-4-395x350.png&path=%2Fhome%2Fdh_7uh9vd%2Flifeofcanada.com%2Fwp-content%2Fuploads%2F2020%2F03 HTTP/2.0" 200 18518 "-" "Mozilla/5.0 AppleWebKit/537.36 (KHTML, like Gecko; compatible; ClaudeBot/1.0; +claudebot@anthropic.com)" 
216.73.216.158 - - [14/Dec/2025:03:10:05 -0800] "GET /xmlrpc.php?fileloc=%2F%2Fsys%2Fblock%2Fnbd6%2Fsubsystem%2Fnbd6%2Fqueue%2Fnr_requests&path=%2F%2Fsys%2Fblock%2Fnbd6%2Fsubsystem%2Fnbd6%2Fqueue HTTP/2.0" 200 2559 "-" "Mozilla/5.0 AppleWebKit/537.36 (KHTML, like Gecko; compatible; ClaudeBot/1.0; +claudebot@anthropic.com)" 
216.73.216.158 - - [14/Dec/2025:03:10:06 -0800] "GET /xmlrpc.php?path=%2F%2Fsys%2Fblock%2Fnbd6%2Fsubsystem%2Fnbd4%2Fsubsystem%2Fmd10%2Fmd HTTP/2.0" 200 5127 "-" "Mozilla/5.0 AppleWebKit/537.36 (KHTML, like Gecko; compatible; ClaudeBot/1.0; +claudebot@anthropic.com)" 
216.73.216.158 - - [14/Dec/2025:03:10:07 -0800] "GET /xmlrpc.php?path=%2F%2Fsys%2Fblock%2Fnbd6%2Fbdi%2Fsubsystem%2F259%3A11%2Fsubsystem HTTP/2.0" 200 3774 "-" "Mozilla/5.0 AppleWebKit/537.36 (KHTML, like Gecko; compatible; ClaudeBot/1.0; +claudebot@anthropic.com)" 
216.73.216.158 - - [14/Dec/2025:03:10:07 -0800] "GET /xmlrpc.php?path=%2F%2Fsys%2Fblock%2Fnbd6%2Fsubsystem%2Fnbd1%2Fsubsystem%2Fnvme0n1%2Fmq%2F114 HTTP/2.0" 200 3103 "-" "Mozilla/5.0 AppleWebKit/537.36 (KHTML, like Gecko; compatible; ClaudeBot/1.0; +claudebot@anthropic.com)" 
216.73.216.158 - - [14/Dec/2025:03:10:08 -0800] "GET /xmlrpc.php?path=%2F%2Fsys%2Fblock%2Fnbd6%2Fsubsystem%2Fnvme2n1%2Fmq%2F89 HTTP/2.0" 200 3130 "-" "Mozilla/5.0 AppleWebKit/537.36 (KHTML, like Gecko; compatible; ClaudeBot/1.0; +claudebot@anthropic.com)" 
216.73.216.158 - - [14/Dec/2025:03:10:08 -0800] "GET /xmlrpc.php?fileloc=%2F%2Frun%2Fshm%2Facme_madeira.entrtn.com%2FdQtydE-qttLOK2ljc-NKiQgdIrjy3C29d_TTHw32e0c&path=%2F%2Frun%2Fshm%2Facme_madeira.entrtn.com HTTP/2.0" 200 2624 "-" "Mozilla/5.0 AppleWebKit/537.36 (KHTML, like Gecko; compatible; ClaudeBot/1.0; +claudebot@anthropic.com)" 
216.73.216.158 - - [14/Dec/2025:03:10:09 -0800] "GET /xmlrpc.php?path=%2F%2Fsys%2Fblock%2Fnbd6%2Fsubsystem%2Fnvme4n1%2Fmq%2F99 HTTP/2.0" 200 3131 "-" "Mozilla/5.0 AppleWebKit/537.36 (KHTML, like Gecko; compatible; ClaudeBot/1.0; +claudebot@anthropic.com)" 
216.73.216.158 - - [14/Dec/2025:03:10:09 -0800] "GET /xmlrpc.php?fileloc=%2F%2Fsys%2Fblock%2Fnbd6%2Fsubsystem%2Fnvme5n1%2Fdevice%2Fnvme5n1%2Fpartscan&path=%2F%2Fsys%2Fblock%2Fnbd6%2Fsubsystem%2Fnvme5n1%2Fdevice%2Fnvme5n1 HTTP/2.0" 200 2571 "-" "Mozilla/5.0 AppleWebKit/537.36 (KHTML, like Gecko; compatible; ClaudeBot/1.0; +claudebot@anthropic.com)" 
216.73.216.158 - - [14/Dec/2025:03:10:10 -0800] "GET /xmlrpc.php?fileloc=%2F%2Fsys%2Fblock%2Fnbd6%2Fsubsystem%2Fnvme7n1%2Ftrace%2Fact_mask&path=%2F%2Fsys%2Fblock%2Fnbd6%2Fsubsystem%2Fnvme7n1%2Ftrace HTTP/2.0" 200 2613 "-" "Mozilla/5.0 AppleWebKit/537.36 (KHTML, like Gecko; compatible; ClaudeBot/1.0; +claudebot@anthropic.com)" 
216.73.216.158 - - [14/Dec/2025:03:10:11 -0800] "GET /xmlrpc.php?path=%2F%2Fsys%2Fblock%2Fnbd6%2Fsubsystem%2Fnbd1%2Fsubsystem%2Fnvme0n1%2Fmq%2F100 HTTP/2.0" 200 3148 "-" "Mozilla/5.0 AppleWebKit/537.36 (KHTML, like Gecko; compatible; ClaudeBot/1.0; +claudebot@anthropic.com)" 
216.73.216.158 - - [14/Dec/2025:03:10:12 -0800] "GET /xmlrpc.php?path=%2F%2Fsys%2Fblock%2Fnbd6%2Fsubsystem%2Fnbd7%2Fsubsystem%2Fnbd9%2Fholders HTTP/2.0" 200 2674 "-" "Mozilla/5.0 AppleWebKit/537.36 (KHTML, like Gecko; compatible; ClaudeBot/1.0; +claudebot@anthropic.com)" 
216.73.216.158 - - [14/Dec/2025:03:10:12 -0800] "GET /xmlrpc.php?path=%2F%2Fsys%2Fblock%2Fnbd6%2Fsubsystem%2Fnbd1%2Fsubsystem%2Fnbd4%2Fsubsystem HTTP/2.0" 200 4023 "-" "Mozilla/5.0 AppleWebKit/537.36 (KHTML, like Gecko; compatible; ClaudeBot/1.0; +claudebot@anthropic.com)" 
216.73.216.158 - - [14/Dec/2025:03:10:13 -0800] "GET /xmlrpc.php?path=%2F%2Fsys%2Fblock%2Fnbd6%2Fsubsystem%2Fnbd1%2Fsubsystem%2Fnvme0n1%2Fmq%2F102 HTTP/2.0" 200 3149 "-" "Mozilla/5.0 AppleWebKit/537.36 (KHTML, like Gecko; compatible; ClaudeBot/1.0; +claudebot@anthropic.com)" 
216.73.216.158 - - [14/Dec/2025:03:10:13 -0800] "GET /xmlrpc.php?path=%2F%2Fsys%2Fblock%2Fnbd6%2Fsubsystem%2Fnbd10%2Fmq%2F0%2Fcpu73 HTTP/2.0" 200 2632 "-" "Mozilla/5.0 AppleWebKit/537.36 (KHTML, like Gecko; compatible; ClaudeBot/1.0; +claudebot@anthropic.com)" 
216.73.216.158 - - [14/Dec/2025:03:10:14 -0800] "GET /xmlrpc.php?path=%2F%2Fsys%2Fblock%2Fnbd6%2Fsubsystem%2Fnvme0n1%2Fmq%2F102%2Fcpu102 HTTP/2.0" 200 2683 "-" "Mozilla/5.0 AppleWebKit/537.36 (KHTML, like Gecko; compatible; ClaudeBot/1.0; +claudebot@anthropic.com)" 
216.73.216.158 - - [14/Dec/2025:03:10:14 -0800] "GET /xmlrpc.php?path=%2F%2Fsys%2Fblock%2Fnbd6%2Fsubsystem%2Fnbd1%2Fsubsystem%2Fnvme0n1%2Fmq%2F103 HTTP/2.0" 200 3103 "-" "Mozilla/5.0 AppleWebKit/537.36 (KHTML, like Gecko; compatible; ClaudeBot/1.0; +claudebot@anthropic.com)" 
216.73.216.158 - - [14/Dec/2025:03:10:15 -0800] "GET /xmlrpc.php?path=%2F%2Fsys%2Fblock%2Fnbd12%2Fsubsystem%2Fnbd1 HTTP/2.0" 200 3917 "-" "Mozilla/5.0 AppleWebKit/537.36 (KHTML, like Gecko; compatible; ClaudeBot/1.0; +claudebot@anthropic.com)" 
216.73.216.158 - - [14/Dec/2025:03:10:15 -0800] "GET /xmlrpc.php?fileloc=%2F%2Fsys%2Fblock%2Fnbd6%2Fsubsystem%2Fnvme1n1%2Fsubsystem%2Fnbd5%2Fqueue%2Fdiscard_zeroes_data&path=%2F%2Fsys%2Fblock%2Fnbd6%2Fsubsystem%2Fnvme1n1%2Fsubsystem%2Fnbd5%2Fqueue HTTP/2.0" 200 2592 "-" "Mozilla/5.0 AppleWebKit/537.36 (KHTML, like Gecko; compatible; ClaudeBot/1.0; +claudebot@anthropic.com)" 
216.73.216.158 - - [14/Dec/2025:03:10:16 -0800] "GET /xmlrpc.php?path=%2F%2Fsys%2Fblock%2Fnbd6%2Fsubsystem%2Fnvme0n1%2Fdevice%2Fsubsystem%2Fnvme2 HTTP/2.0" 200 3904 "-" "Mozilla/5.0 AppleWebKit/537.36 (KHTML, like Gecko; compatible; ClaudeBot/1.0; +claudebot@anthropic.com)" 
