95.91.110.210 - - [14/Dec/2025:01:32:42 -0800] "GET /author/manpreet/feed/?fileloc=//lib/python3/dist-packages/django/contrib/admin/__pycache__/checks.cpython-310.pyc&path=//lib/python3/dist-packages/django/contrib/admin/__pycache__ HTTP/1.1" 200 17658 "-" "Mozilla/5.0 (compatible; MJ12bot/v1.4.8; http://mj12bot.com/)" 
69.30.196.218 - - [14/Dec/2025:01:32:44 -0800] "GET /R-487ae47ad790ec1172024975e7df50c8 HTTP/1.1" 200 3502 "-" "-" 
95.91.110.210 - - [14/Dec/2025:01:32:44 -0800] "GET /author/manpreet/feed/?fileloc=//lib/python3/dist-packages/django/contrib/admin/__pycache__/decorators.cpython-310.pyc&path=//lib/python3/dist-packages/django/contrib/admin/__pycache__ HTTP/1.1" 200 7453 "-" "Mozilla/5.0 (compatible; MJ12bot/v1.4.8; http://mj12bot.com/)" 
216.73.216.158 - - [14/Dec/2025:01:32:44 -0800] "GET /xmlrpc.php?path=%2F%2Fsys%2Fblock%2Fnbd6%2Fsubsystem%2Fnbd10%2Fmq%2F0%2Fcpu19 HTTP/2.0" 429 278 "-" "Mozilla/5.0 AppleWebKit/537.36 (KHTML, like Gecko; compatible; ClaudeBot/1.0; +claudebot@anthropic.com)" 
66.249.69.224 - - [14/Dec/2025:01:32:45 -0800] "GET /products/272dh46789 HTTP/1.1" 302 3655 "-" "Mozilla/5.0 (Linux; Android 6.0.1; Nexus 5X Build/MMB29P) AppleWebKit/537.36 (KHTML, like Gecko) Chrome/141.0.7390.122 Mobile Safari/537.36 (compatible; Googlebot/2.1; +http://www.google.com/bot.html)" 
66.249.69.224 - - [14/Dec/2025:01:32:45 -0800] "GET /products/121sr11462 HTTP/1.1" 302 309 "-" "Mozilla/5.0 (Linux; Android 6.0.1; Nexus 5X Build/MMB29P) AppleWebKit/537.36 (KHTML, like Gecko) Chrome/141.0.7390.122 Mobile Safari/537.36 (compatible; Googlebot/2.1; +http://www.google.com/bot.html)" 
69.30.196.218 - - [14/Dec/2025:01:32:46 -0800] "GET /R-487ae47ad790ec1172024975e7df50c8 HTTP/1.1" 200 3502 "-" "-" 
95.91.110.210 - - [14/Dec/2025:01:32:46 -0800] "GET /author/manpreet/feed/?fileloc=//lib/python3/dist-packages/django/contrib/admin/__pycache__/exceptions.cpython-310.pyc&path=//lib/python3/dist-packages/django/contrib/admin/__pycache__ HTTP/1.1" 200 6366 "-" "Mozilla/5.0 (compatible; MJ12bot/v1.4.8; http://mj12bot.com/)" 
69.30.196.218 - - [14/Dec/2025:01:32:49 -0800] "GET /R-487ae47ad790ec1172024975e7df50c8 HTTP/1.1" 200 3502 "-" "-" 
95.91.110.210 - - [14/Dec/2025:01:32:49 -0800] "GET /author/manpreet/feed/?fileloc=//lib/python3/dist-packages/django/contrib/admin/__pycache__/filters.cpython-310.pyc&path=//lib/python3/dist-packages/django/contrib/admin/__pycache__ HTTP/1.1" 200 12600 "-" "Mozilla/5.0 (compatible; MJ12bot/v1.4.8; http://mj12bot.com/)" 
216.73.216.158 - - [14/Dec/2025:01:32:49 -0800] "GET /xmlrpc.php?path=%2F%2Fsys%2Fblock%2Fnbd6%2Fsubsystem%2Fnvme1n1%2Fmq%2F10%2Fcpu10 HTTP/2.0" 429 278 "-" "Mozilla/5.0 AppleWebKit/537.36 (KHTML, like Gecko; compatible; ClaudeBot/1.0; +claudebot@anthropic.com)" 
69.30.196.218 - - [14/Dec/2025:01:32:51 -0800] "GET /R-487ae47ad790ec1172024975e7df50c8 HTTP/1.1" 200 3502 "-" "-" 
95.91.110.210 - - [14/Dec/2025:01:32:51 -0800] "GET /author/manpreet/feed/?fileloc=//lib/python3/dist-packages/django/contrib/admin/__pycache__/forms.cpython-310.pyc&path=//lib/python3/dist-packages/django/contrib/admin/__pycache__ HTTP/1.1" 200 6810 "-" "Mozilla/5.0 (compatible; MJ12bot/v1.4.8; http://mj12bot.com/)" 
216.73.216.158 - - [14/Dec/2025:01:32:54 -0800] "GET /xmlrpc.php?path=%2F%2Fsys%2Fblock%2Fnbd6%2Fsubsystem%2Fnbd10%2Fmq%2F0%2Fcpu17 HTTP/2.0" 429 278 "-" "Mozilla/5.0 AppleWebKit/537.36 (KHTML, like Gecko; compatible; ClaudeBot/1.0; +claudebot@anthropic.com)" 
69.30.196.218 - - [14/Dec/2025:01:32:55 -0800] "GET /R-487ae47ad790ec1172024975e7df50c8 HTTP/1.1" 200 3502 "-" "-" 
95.91.110.210 - - [14/Dec/2025:01:32:55 -0800] "GET /author/manpreet/feed/?fileloc=//lib/python3/dist-packages/django/contrib/admin/__pycache__/helpers.cpython-310.pyc&path=//lib/python3/dist-packages/django/contrib/admin/__pycache__ HTTP/1.1" 200 12588 "-" "Mozilla/5.0 (compatible; MJ12bot/v1.4.8; http://mj12bot.com/)" 
69.30.196.218 - - [14/Dec/2025:01:32:57 -0800] "GET /R-487ae47ad790ec1172024975e7df50c8 HTTP/1.1" 200 3502 "-" "-" 
95.91.110.210 - - [14/Dec/2025:01:32:57 -0800] "GET /author/manpreet/feed/?fileloc=//lib/python3/dist-packages/django/contrib/admin/__pycache__/models.cpython-310.pyc&path=//lib/python3/dist-packages/django/contrib/admin/__pycache__ HTTP/1.1" 200 8762 "-" "Mozilla/5.0 (compatible; MJ12bot/v1.4.8; http://mj12bot.com/)" 
216.73.216.158 - - [14/Dec/2025:01:32:59 -0800] "GET /xmlrpc.php?fileloc=%2F%2Fsys%2Fclass%2Fiommu%2Fivhd0%2Fdevices%2F0000%3Ac0%3A07.1%2Fremove&path=%2F%2Fsys%2Fclass%2Fiommu%2Fivhd0%2Fdevices%2F0000%3Ac0%3A07.1 HTTP/2.0" 429 278 "-" "Mozilla/5.0 AppleWebKit/537.36 (KHTML, like Gecko; compatible; ClaudeBot/1.0; +claudebot@anthropic.com)" 
69.30.196.218 - - [14/Dec/2025:01:33:01 -0800] "GET /R-487ae47ad790ec1172024975e7df50c8 HTTP/1.1" 200 3502 "-" "-" 
95.91.110.210 - - [14/Dec/2025:01:33:00 -0800] "GET /author/manpreet/feed/?fileloc=//lib/python3/dist-packages/django/contrib/admin/__pycache__/options.cpython-310.pyc&path=//lib/python3/dist-packages/django/contrib/admin/__pycache__ HTTP/1.1" 200 32980 "-" "Mozilla/5.0 (compatible; MJ12bot/v1.4.8; http://mj12bot.com/)" 
69.30.196.218 - - [14/Dec/2025:01:33:03 -0800] "GET /R-487ae47ad790ec1172024975e7df50c8 HTTP/1.1" 200 3502 "-" "-" 
95.91.110.210 - - [14/Dec/2025:01:33:03 -0800] "GET /author/manpreet/feed/?fileloc=//lib/python3/dist-packages/django/contrib/admin/__pycache__/sites.cpython-310.pyc&path=//lib/python3/dist-packages/django/contrib/admin/__pycache__ HTTP/1.1" 200 13924 "-" "Mozilla/5.0 (compatible; MJ12bot/v1.4.8; http://mj12bot.com/)" 
216.73.216.158 - - [14/Dec/2025:01:33:04 -0800] "GET /xmlrpc.php?fileloc=%2F%2Fsys%2Fblock%2Fnbd6%2Fsubsystem%2Fnbd1%2Fsubsystem%2Fnvme0n1%2Fdevice%2Freset_controller&path=%2F%2Fsys%2Fblock%2Fnbd6%2Fsubsystem%2Fnbd1%2Fsubsystem%2Fnvme0n1%2Fdevice HTTP/2.0" 429 278 "-" "Mozilla/5.0 AppleWebKit/537.36 (KHTML, like Gecko; compatible; ClaudeBot/1.0; +claudebot@anthropic.com)" 
69.30.196.218 - - [14/Dec/2025:01:33:07 -0800] "GET /R-487ae47ad790ec1172024975e7df50c8 HTTP/1.1" 200 3502 "-" "-" 
114.119.150.166 - - [14/Dec/2025:01:33:06 -0800] "GET /survey/news/headline/2v4si.html HTTP/1.1" 200 8604 "https://lifeofcanada.com/sitemap244.xml" "Mozilla/5.0 (Linux; Android 7.0;) AppleWebKit/537.36 (KHTML, like Gecko) Mobile Safari/537.36 (compatible; PetalBot;+https://webmaster.petalsearch.com/site/petalbot)" 
69.30.196.218 - - [14/Dec/2025:01:33:08 -0800] "GET /R-487ae47ad790ec1172024975e7df50c8 HTTP/1.1" 200 3502 "-" "-" 
95.91.110.210 - - [14/Dec/2025:01:33:08 -0800] "GET /author/manpreet/feed/?fileloc=//lib/python3/dist-packages/django/contrib/admin/__pycache__/tests.cpython-310.pyc&path=//lib/python3/dist-packages/django/contrib/admin/__pycache__ HTTP/1.1" 200 9384 "-" "Mozilla/5.0 (compatible; MJ12bot/v1.4.8; http://mj12bot.com/)" 
216.73.216.158 - - [14/Dec/2025:01:33:09 -0800] "GET /xmlrpc.php?path=%2F%2Fsys%2Fblock%2Fnbd6%2Fsubsystem%2Fnvme6n1%2Fmq%2F105%2Fcpu105 HTTP/2.0" 429 278 "-" "Mozilla/5.0 AppleWebKit/537.36 (KHTML, like Gecko; compatible; ClaudeBot/1.0; +claudebot@anthropic.com)" 
69.30.196.218 - - [14/Dec/2025:01:33:10 -0800] "GET /R-487ae47ad790ec1172024975e7df50c8 HTTP/1.1" 200 3502 "-" "-" 
95.91.110.210 - - [14/Dec/2025:01:33:10 -0800] "GET /author/manpreet/feed/?fileloc=//lib/python3/dist-packages/django/contrib/admin/__pycache__/utils.cpython-310.pyc&path=//lib/python3/dist-packages/django/contrib/admin/__pycache__ HTTP/1.1" 200 14059 "-" "Mozilla/5.0 (compatible; MJ12bot/v1.4.8; http://mj12bot.com/)" 
69.30.196.218 - - [14/Dec/2025:01:33:12 -0800] "GET /R-487ae47ad790ec1172024975e7df50c8 HTTP/1.1" 200 3502 "-" "-" 
95.91.110.210 - - [14/Dec/2025:01:33:12 -0800] "GET /author/manpreet/feed/?fileloc=//lib/python3/dist-packages/django/contrib/admin/__pycache__/widgets.cpython-310.pyc&path=//lib/python3/dist-packages/django/contrib/admin/__pycache__ HTTP/1.1" 200 14025 "-" "Mozilla/5.0 (compatible; MJ12bot/v1.4.8; http://mj12bot.com/)" 
216.73.216.158 - - [14/Dec/2025:01:33:14 -0800] "GET /xmlrpc.php?path=%2F%2Fsys%2Fblock%2Fnbd6%2Fsubsystem%2Fnbd1%2Fsubsystem%2Fnbd5%2Fholders HTTP/2.0" 429 278 "-" "Mozilla/5.0 AppleWebKit/537.36 (KHTML, like Gecko; compatible; ClaudeBot/1.0; +claudebot@anthropic.com)" 
69.30.196.218 - - [14/Dec/2025:01:33:15 -0800] "GET /R-487ae47ad790ec1172024975e7df50c8 HTTP/1.1" 200 3502 "-" "-" 
95.91.110.210 - - [14/Dec/2025:01:33:14 -0800] "GET /author/manpreet/feed/?fileloc=//lib/python3/dist-packages/django/contrib/admin/migrations/0001_initial.py&path=//lib/python3/dist-packages/django/contrib/admin/migrations HTTP/1.1" 200 6623 "-" "Mozilla/5.0 (compatible; MJ12bot/v1.4.8; http://mj12bot.com/)" 
69.30.196.218 - - [14/Dec/2025:01:33:17 -0800] "GET /R-487ae47ad790ec1172024975e7df50c8 HTTP/1.1" 200 3502 "-" "-" 
95.91.110.210 - - [14/Dec/2025:01:33:17 -0800] "GET /author/manpreet/feed/?fileloc=//lib/python3/dist-packages/django/contrib/admin/migrations/0002_logentry_remove_auto_add.py&path=//lib/python3/dist-packages/django/contrib/admin/migrations HTTP/1.1" 200 6222 "-" "Mozilla/5.0 (compatible; MJ12bot/v1.4.8; http://mj12bot.com/)" 
69.30.196.218 - - [14/Dec/2025:01:33:19 -0800] "GET /R-487ae47ad790ec1172024975e7df50c8 HTTP/1.1" 200 3502 "-" "-" 
95.91.110.210 - - [14/Dec/2025:01:33:19 -0800] "GET /author/manpreet/feed/?fileloc=//lib/python3/dist-packages/django/contrib/admin/migrations/0003_logentry_add_action_flag_choices.py&path=//lib/python3/dist-packages/django/contrib/admin/migrations HTTP/1.1" 200 6231 "-" "Mozilla/5.0 (compatible; MJ12bot/v1.4.8; http://mj12bot.com/)" 
216.73.216.158 - - [14/Dec/2025:01:33:19 -0800] "GET /xmlrpc.php?path=%2F%2Fsys%2Fblock%2Fnbd6%2Fsubsystem%2Fnbd10%2Fmq%2F0%2Fcpu77 HTTP/2.0" 429 278 "-" "Mozilla/5.0 AppleWebKit/537.36 (KHTML, like Gecko; compatible; ClaudeBot/1.0; +claudebot@anthropic.com)" 
69.30.196.218 - - [14/Dec/2025:01:33:21 -0800] "GET /R-487ae47ad790ec1172024975e7df50c8 HTTP/1.1" 200 3502 "-" "-" 
95.91.110.210 - - [14/Dec/2025:01:33:21 -0800] "GET /author/manpreet/feed/?fileloc=//lib/python3/dist-packages/django/contrib/admin/migrations/__init__.py&path=//lib/python3/dist-packages/django/contrib/admin/migrations HTTP/1.1" 200 5966 "-" "Mozilla/5.0 (compatible; MJ12bot/v1.4.8; http://mj12bot.com/)" 
69.30.196.218 - - [14/Dec/2025:01:33:24 -0800] "GET /R-487ae47ad790ec1172024975e7df50c8 HTTP/1.1" 200 3502 "-" "-" 
95.91.110.210 - - [14/Dec/2025:01:33:23 -0800] "GET /author/manpreet/feed/?fileloc=//lib/python3/dist-packages/django/contrib/admin/templatetags/__init__.py&path=//lib/python3/dist-packages/django/contrib/admin/templatetags HTTP/1.1" 200 5969 "-" "Mozilla/5.0 (compatible; MJ12bot/v1.4.8; http://mj12bot.com/)" 
216.73.216.158 - - [14/Dec/2025:01:33:24 -0800] "GET /xmlrpc.php?fileloc=%2F%2Fsys%2Fblock%2Fnbd6%2Fsubsystem%2Fnbd1%2Fsubsystem%2Fnvme0n1%2Fdevice%2Fqueue_count&path=%2F%2Fsys%2Fblock%2Fnbd6%2Fsubsystem%2Fnbd1%2Fsubsystem%2Fnvme0n1%2Fdevice HTTP/2.0" 429 278 "-" "Mozilla/5.0 AppleWebKit/537.36 (KHTML, like Gecko; compatible; ClaudeBot/1.0; +claudebot@anthropic.com)" 
69.30.196.218 - - [14/Dec/2025:01:33:26 -0800] "GET /R-487ae47ad790ec1172024975e7df50c8 HTTP/1.1" 200 3502 "-" "-" 
95.91.110.210 - - [14/Dec/2025:01:33:26 -0800] "GET /author/manpreet/feed/?fileloc=//lib/python3/dist-packages/django/contrib/admin/templatetags/admin_list.py&path=//lib/python3/dist-packages/django/contrib/admin/templatetags HTTP/1.1" 200 10677 "-" "Mozilla/5.0 (compatible; MJ12bot/v1.4.8; http://mj12bot.com/)" 
69.30.196.218 - - [14/Dec/2025:01:33:28 -0800] "GET /R-487ae47ad790ec1172024975e7df50c8 HTTP/1.1" 200 3502 "-" "-" 
95.91.110.210 - - [14/Dec/2025:01:33:28 -0800] "GET /author/manpreet/feed/?fileloc=//lib/python3/dist-packages/django/contrib/admin/templatetags/admin_modify.py&path=//lib/python3/dist-packages/django/contrib/admin/templatetags HTTP/1.1" 200 7226 "-" "Mozilla/5.0 (compatible; MJ12bot/v1.4.8; http://mj12bot.com/)" 
66.249.69.225 - - [14/Dec/2025:01:33:28 -0800] "GET /products/110pe29677 HTTP/1.1" 302 3655 "-" "Mozilla/5.0 (compatible; Googlebot/2.1; +http://www.google.com/bot.html)" 
216.73.216.158 - - [14/Dec/2025:01:33:30 -0800] "GET /xmlrpc.php?path=%2F%2Fsys%2Fblock%2Fnbd6%2Fsubsystem%2Fnvme2n1%2Fmq%2F93%2Fcpu93 HTTP/2.0" 429 359 "-" "Mozilla/5.0 AppleWebKit/537.36 (KHTML, like Gecko; compatible; ClaudeBot/1.0; +claudebot@anthropic.com)" 
69.30.196.218 - - [14/Dec/2025:01:33:31 -0800] "GET /R-487ae47ad790ec1172024975e7df50c8 HTTP/1.1" 200 3502 "-" "-" 
95.91.110.210 - - [14/Dec/2025:01:33:31 -0800] "GET /author/manpreet/feed/?fileloc=//lib/python3/dist-packages/django/contrib/admin/templatetags/admin_urls.py&path=//lib/python3/dist-packages/django/contrib/admin/templatetags HTTP/1.1" 200 6608 "-" "Mozilla/5.0 (compatible; MJ12bot/v1.4.8; http://mj12bot.com/)" 
69.30.196.218 - - [14/Dec/2025:01:33:33 -0800] "GET /R-487ae47ad790ec1172024975e7df50c8 HTTP/1.1" 200 3502 "-" "-" 
95.91.110.210 - - [14/Dec/2025:01:33:33 -0800] "GET /author/manpreet/feed/?fileloc=//lib/python3/dist-packages/django/contrib/admin/templatetags/base.py&path=//lib/python3/dist-packages/django/contrib/admin/templatetags HTTP/1.1" 200 6513 "-" "Mozilla/5.0 (compatible; MJ12bot/v1.4.8; http://mj12bot.com/)" 
216.73.216.158 - - [14/Dec/2025:01:33:35 -0800] "GET /xmlrpc.php?path=%2F%2Fsys%2Fblock%2Fnbd6%2Fbdi%2Fsubsystem%2F259%3A16%2Fsubsystem%2F259%3A1 HTTP/2.0" 429 278 "-" "Mozilla/5.0 AppleWebKit/537.36 (KHTML, like Gecko; compatible; ClaudeBot/1.0; +claudebot@anthropic.com)" 
69.30.196.218 - - [14/Dec/2025:01:33:36 -0800] "GET /R-487ae47ad790ec1172024975e7df50c8 HTTP/1.1" 200 3502 "-" "-" 
95.91.110.210 - - [14/Dec/2025:01:33:35 -0800] "GET /author/manpreet/feed/?fileloc=//lib/python3/dist-packages/django/contrib/admin/templatetags/log.py&path=//lib/python3/dist-packages/django/contrib/admin/templatetags HTTP/1.1" 200 6764 "-" "Mozilla/5.0 (compatible; MJ12bot/v1.4.8; http://mj12bot.com/)" 
69.30.196.218 - - [14/Dec/2025:01:33:38 -0800] "GET /R-487ae47ad790ec1172024975e7df50c8 HTTP/1.1" 200 3502 "-" "-" 
95.91.110.210 - - [14/Dec/2025:01:33:37 -0800] "GET /author/manpreet/feed/?fileloc=//lib/python3/dist-packages/django/contrib/admin/views/__init__.py&path=//lib/python3/dist-packages/django/contrib/admin/views HTTP/1.1" 200 5964 "-" "Mozilla/5.0 (compatible; MJ12bot/v1.4.8; http://mj12bot.com/)" 
216.73.216.158 - - [14/Dec/2025:01:33:40 -0800] "GET /xmlrpc.php?path=%2F%2Fsys%2Fblock%2Fnbd6%2Fsubsystem%2Fnbd1%2Fsubsystem%2Fnvme0n1%2Fmq%2F87 HTTP/2.0" 429 278 "-" "Mozilla/5.0 AppleWebKit/537.36 (KHTML, like Gecko; compatible; ClaudeBot/1.0; +claudebot@anthropic.com)" 
69.30.196.218 - - [14/Dec/2025:01:33:40 -0800] "GET /R-487ae47ad790ec1172024975e7df50c8 HTTP/1.1" 200 3502 "-" "-" 
95.91.110.210 - - [14/Dec/2025:01:33:40 -0800] "GET /author/manpreet/feed/?fileloc=//lib/python3/dist-packages/django/contrib/admin/views/autocomplete.py&path=//lib/python3/dist-packages/django/contrib/admin/views HTTP/1.1" 200 7263 "-" "Mozilla/5.0 (compatible; MJ12bot/v1.4.8; http://mj12bot.com/)" 
69.30.196.218 - - [14/Dec/2025:01:33:43 -0800] "GET /R-487ae47ad790ec1172024975e7df50c8 HTTP/1.1" 200 3502 "-" "-" 
95.91.110.210 - - [14/Dec/2025:01:33:43 -0800] "GET /author/manpreet/feed/?fileloc=//lib/python3/dist-packages/django/contrib/admin/views/decorators.py&path=//lib/python3/dist-packages/django/contrib/admin/views HTTP/1.1" 200 6254 "-" "Mozilla/5.0 (compatible; MJ12bot/v1.4.8; http://mj12bot.com/)" 
216.73.216.158 - - [14/Dec/2025:01:33:45 -0800] "GET /xmlrpc.php?fileloc=%2F%2Fsys%2Fblock%2Fnbd6%2Fsubsystem%2Fnvme1n1%2Fsubsystem%2Fnbd5%2Fqueue%2Fchunk_sectors&path=%2F%2Fsys%2Fblock%2Fnbd6%2Fsubsystem%2Fnvme1n1%2Fsubsystem%2Fnbd5%2Fqueue HTTP/2.0" 429 278 "-" "Mozilla/5.0 AppleWebKit/537.36 (KHTML, like Gecko; compatible; ClaudeBot/1.0; +claudebot@anthropic.com)" 
69.30.196.218 - - [14/Dec/2025:01:33:45 -0800] "GET /R-487ae47ad790ec1172024975e7df50c8 HTTP/1.1" 200 3502 "-" "-" 
95.91.110.210 - - [14/Dec/2025:01:33:45 -0800] "GET /author/manpreet/feed/?fileloc=//lib/python3/dist-packages/django/contrib/admin/views/main.py&path=//lib/python3/dist-packages/django/contrib/admin/views HTTP/1.1" 200 12113 "-" "Mozilla/5.0 (compatible; MJ12bot/v1.4.8; http://mj12bot.com/)" 
69.30.196.218 - - [14/Dec/2025:01:33:48 -0800] "GET /R-487ae47ad790ec1172024975e7df50c8 HTTP/1.1" 200 3502 "-" "-" 
95.91.110.210 - - [14/Dec/2025:01:33:48 -0800] "GET /author/manpreet/feed/?fileloc=//lib/python3/dist-packages/django/contrib/admindocs/__pycache__/__init__.cpython-310.pyc&path=//lib/python3/dist-packages/django/contrib/admindocs/__pycache__ HTTP/1.1" 200 6067 "-" "Mozilla/5.0 (compatible; MJ12bot/v1.4.8; http://mj12bot.com/)" 
216.73.216.158 - - [14/Dec/2025:01:33:50 -0800] "GET /xmlrpc.php?path=%2F%2Fsys%2Fblock%2Fnbd6%2Fsubsystem%2Fnvme0n1%2Fmq%2F93%2Fcpu93 HTTP/2.0" 429 278 "-" "Mozilla/5.0 AppleWebKit/537.36 (KHTML, like Gecko; compatible; ClaudeBot/1.0; +claudebot@anthropic.com)" 
69.30.196.218 - - [14/Dec/2025:01:33:51 -0800] "GET /R-487ae47ad790ec1172024975e7df50c8 HTTP/1.1" 200 3502 "-" "-" 
95.91.110.210 - - [14/Dec/2025:01:33:51 -0800] "GET /author/manpreet/feed/?fileloc=//lib/python3/dist-packages/django/contrib/admindocs/__pycache__/apps.cpython-310.pyc&path=//lib/python3/dist-packages/django/contrib/admindocs/__pycache__ HTTP/1.1" 200 6312 "-" "Mozilla/5.0 (compatible; MJ12bot/v1.4.8; http://mj12bot.com/)" 
69.30.196.218 - - [14/Dec/2025:01:33:53 -0800] "GET /R-487ae47ad790ec1172024975e7df50c8 HTTP/1.1" 200 3502 "-" "-" 
95.91.110.210 - - [14/Dec/2025:01:33:53 -0800] "GET /author/manpreet/feed/?fileloc=//lib/python3/dist-packages/django/contrib/admindocs/__pycache__/middleware.cpython-310.pyc&path=//lib/python3/dist-packages/django/contrib/admindocs/__pycache__ HTTP/1.1" 200 6878 "-" "Mozilla/5.0 (compatible; MJ12bot/v1.4.8; http://mj12bot.com/)" 
216.73.216.158 - - [14/Dec/2025:01:33:55 -0800] "GET /xmlrpc.php?path=%2F%2Fsys%2Fblock%2Fnbd6%2Fsubsystem%2Fnbd10%2Fmq%2F0%2Fcpu83 HTTP/2.0" 429 278 "-" "Mozilla/5.0 AppleWebKit/537.36 (KHTML, like Gecko; compatible; ClaudeBot/1.0; +claudebot@anthropic.com)" 
69.30.196.218 - - [14/Dec/2025:01:33:57 -0800] "GET /R-487ae47ad790ec1172024975e7df50c8 HTTP/1.1" 200 3502 "-" "-" 
95.91.110.210 - - [14/Dec/2025:01:33:57 -0800] "GET /author/manpreet/feed/?fileloc=//lib/python3/dist-packages/django/contrib/admindocs/__pycache__/urls.cpython-310.pyc&path=//lib/python3/dist-packages/django/contrib/admindocs/__pycache__ HTTP/1.1" 200 6580 "-" "Mozilla/5.0 (compatible; MJ12bot/v1.4.8; http://mj12bot.com/)" 
69.30.196.218 - - [14/Dec/2025:01:33:59 -0800] "GET /R-487ae47ad790ec1172024975e7df50c8 HTTP/1.1" 200 3502 "-" "-" 
95.91.110.210 - - [14/Dec/2025:01:33:59 -0800] "GET /author/manpreet/feed/?fileloc=//lib/python3/dist-packages/django/contrib/admindocs/__pycache__/utils.cpython-310.pyc&path=//lib/python3/dist-packages/django/contrib/admindocs/__pycache__ HTTP/1.1" 200 8982 "-" "Mozilla/5.0 (compatible; MJ12bot/v1.4.8; http://mj12bot.com/)" 
216.73.216.158 - - [14/Dec/2025:01:34:00 -0800] "GET /xmlrpc.php?fileloc=%2F%2Fsys%2Fblock%2Fnbd6%2Fsubsystem%2Fnvme7n1p1%2Fsubsystem%2Fnbd7%2Fqueue%2Fstable_writes&path=%2F%2Fsys%2Fblock%2Fnbd6%2Fsubsystem%2Fnvme7n1p1%2Fsubsystem%2Fnbd7%2Fqueue HTTP/2.0" 429 359 "-" "Mozilla/5.0 AppleWebKit/537.36 (KHTML, like Gecko; compatible; ClaudeBot/1.0; +claudebot@anthropic.com)" 
69.30.196.218 - - [14/Dec/2025:01:34:02 -0800] "GET /R-487ae47ad790ec1172024975e7df50c8 HTTP/1.1" 200 3502 "-" "-" 
95.91.110.210 - - [14/Dec/2025:01:34:02 -0800] "GET /author/manpreet/feed/?fileloc=//lib/python3/dist-packages/django/contrib/admindocs/__pycache__/views.cpython-310.pyc&path=//lib/python3/dist-packages/django/contrib/admindocs/__pycache__ HTTP/1.1" 200 11526 "-" "Mozilla/5.0 (compatible; MJ12bot/v1.4.8; http://mj12bot.com/)" 
69.30.196.218 - - [14/Dec/2025:01:34:04 -0800] "GET /R-487ae47ad790ec1172024975e7df50c8 HTTP/1.1" 200 3502 "-" "-" 
95.91.110.210 - - [14/Dec/2025:01:34:04 -0800] "GET /author/manpreet/feed/?fileloc=//lib/python3/dist-packages/django/contrib/auth/__pycache__/__init__.cpython-310.pyc&path=//lib/python3/dist-packages/django/contrib/auth/__pycache__ HTTP/1.1" 200 9442 "-" "Mozilla/5.0 (compatible; MJ12bot/v1.4.8; http://mj12bot.com/)" 
216.73.216.158 - - [14/Dec/2025:01:34:05 -0800] "GET /xmlrpc.php?path=%2F%2Fsys%2Fblock%2Fnbd6%2Fsubsystem%2Fnbd10%2Fmq%2F0%2Fcpu22 HTTP/2.0" 429 278 "-" "Mozilla/5.0 AppleWebKit/537.36 (KHTML, like Gecko; compatible; ClaudeBot/1.0; +claudebot@anthropic.com)" 
69.30.196.218 - - [14/Dec/2025:01:34:06 -0800] "GET /R-487ae47ad790ec1172024975e7df50c8 HTTP/1.1" 200 3502 "-" "-" 
95.91.110.210 - - [14/Dec/2025:01:34:06 -0800] "GET /author/manpreet/feed/?fileloc=//lib/python3/dist-packages/django/contrib/auth/__pycache__/admin.cpython-310.pyc&path=//lib/python3/dist-packages/django/contrib/auth/__pycache__ HTTP/1.1" 200 9603 "-" "Mozilla/5.0 (compatible; MJ12bot/v1.4.8; http://mj12bot.com/)" 
69.30.196.218 - - [14/Dec/2025:01:34:09 -0800] "GET /R-487ae47ad790ec1172024975e7df50c8 HTTP/1.1" 200 3502 "-" "-" 
95.91.110.210 - - [14/Dec/2025:01:34:09 -0800] "GET /author/manpreet/feed/?fileloc=//lib/python3/dist-packages/django/contrib/auth/__pycache__/apps.cpython-310.pyc&path=//lib/python3/dist-packages/django/contrib/auth/__pycache__ HTTP/1.1" 200 6815 "-" "Mozilla/5.0 (compatible; MJ12bot/v1.4.8; http://mj12bot.com/)" 
216.73.216.158 - - [14/Dec/2025:01:34:10 -0800] "GET /xmlrpc.php?fileloc=%2F%2Fsys%2Fblock%2Fnbd6%2Fsubsystem%2Fnvme7n1p1%2Fsubsystem%2Fnbd5%2Fqueue%2Frq_affinity&path=%2F%2Fsys%2Fblock%2Fnbd6%2Fsubsystem%2Fnvme7n1p1%2Fsubsystem%2Fnbd5%2Fqueue HTTP/2.0" 429 278 "-" "Mozilla/5.0 AppleWebKit/537.36 (KHTML, like Gecko; compatible; ClaudeBot/1.0; +claudebot@anthropic.com)" 
69.30.196.218 - - [14/Dec/2025:01:34:11 -0800] "GET /R-487ae47ad790ec1172024975e7df50c8 HTTP/1.1" 200 3502 "-" "-" 
95.91.110.210 - - [14/Dec/2025:01:34:11 -0800] "GET /author/manpreet/feed/?fileloc=//lib/python3/dist-packages/django/contrib/auth/__pycache__/backends.cpython-310.pyc&path=//lib/python3/dist-packages/django/contrib/auth/__pycache__ HTTP/1.1" 200 9961 "-" "Mozilla/5.0 (compatible; MJ12bot/v1.4.8; http://mj12bot.com/)" 
69.30.196.218 - - [14/Dec/2025:01:34:14 -0800] "GET /R-487ae47ad790ec1172024975e7df50c8 HTTP/1.1" 200 3502 "-" "-" 
95.91.110.210 - - [14/Dec/2025:01:34:14 -0800] "GET /author/manpreet/feed/?fileloc=//lib/python3/dist-packages/django/contrib/auth/__pycache__/base_user.cpython-310.pyc&path=//lib/python3/dist-packages/django/contrib/auth/__pycache__ HTTP/1.1" 200 8883 "-" "Mozilla/5.0 (compatible; MJ12bot/v1.4.8; http://mj12bot.com/)" 
216.73.216.158 - - [14/Dec/2025:01:34:15 -0800] "GET /xmlrpc.php?path=%2F%2Fsys%2Fblock%2Fnbd6%2Fsubsystem%2Fnbd10%2Fmq%2F0%2Fcpu70 HTTP/2.0" 429 278 "-" "Mozilla/5.0 AppleWebKit/537.36 (KHTML, like Gecko; compatible; ClaudeBot/1.0; +claudebot@anthropic.com)" 
69.30.196.218 - - [14/Dec/2025:01:34:17 -0800] "GET /R-487ae47ad790ec1172024975e7df50c8 HTTP/1.1" 200 3502 "-" "-" 
95.91.110.210 - - [14/Dec/2025:01:34:16 -0800] "GET /author/manpreet/feed/?fileloc=//lib/python3/dist-packages/django/contrib/auth/__pycache__/checks.cpython-310.pyc&path=//lib/python3/dist-packages/django/contrib/auth/__pycache__ HTTP/1.1" 200 8249 "-" "Mozilla/5.0 (compatible; MJ12bot/v1.4.8; http://mj12bot.com/)" 
69.30.196.218 - - [14/Dec/2025:01:34:19 -0800] "GET /R-487ae47ad790ec1172024975e7df50c8 HTTP/1.1" 200 3502 "-" "-" 
95.91.110.210 - - [14/Dec/2025:01:34:19 -0800] "GET /author/manpreet/feed/?fileloc=//lib/python3/dist-packages/django/contrib/auth/__pycache__/context_processors.cpython-310.pyc&path=//lib/python3/dist-packages/django/contrib/auth/__pycache__ HTTP/1.1" 200 7130 "-" "Mozilla/5.0 (compatible; MJ12bot/v1.4.8; http://mj12bot.com/)" 
216.73.216.158 - - [14/Dec/2025:01:34:20 -0800] "GET /xmlrpc.php?path=%2F%2Fsys%2Fblock%2Fnbd6%2Fsubsystem%2Fnbd1%2Fsubsystem%2Fnbd0%2Fsubsystem HTTP/2.0" 429 278 "-" "Mozilla/5.0 AppleWebKit/537.36 (KHTML, like Gecko; compatible; ClaudeBot/1.0; +claudebot@anthropic.com)" 
69.30.196.218 - - [14/Dec/2025:01:34:21 -0800] "GET /R-487ae47ad790ec1172024975e7df50c8 HTTP/1.1" 200 3502 "-" "-" 
95.91.110.210 - - [14/Dec/2025:01:34:21 -0800] "GET /author/manpreet/feed/?fileloc=//lib/python3/dist-packages/django/contrib/auth/__pycache__/decorators.cpython-310.pyc&path=//lib/python3/dist-packages/django/contrib/auth/__pycache__ HTTP/1.1" 200 7408 "-" "Mozilla/5.0 (compatible; MJ12bot/v1.4.8; http://mj12bot.com/)" 
69.30.196.218 - - [14/Dec/2025:01:34:23 -0800] "GET /R-487ae47ad790ec1172024975e7df50c8 HTTP/1.1" 200 3502 "-" "-" 
95.91.110.210 - - [14/Dec/2025:01:34:23 -0800] "GET /author/manpreet/feed/?fileloc=//lib/python3/dist-packages/django/contrib/auth/__pycache__/forms.cpython-310.pyc&path=//lib/python3/dist-packages/django/contrib/auth/__pycache__ HTTP/1.1" 200 12848 "-" "Mozilla/5.0 (compatible; MJ12bot/v1.4.8; http://mj12bot.com/)" 
216.73.216.158 - - [14/Dec/2025:01:34:25 -0800] "GET /xmlrpc.php?path=%2F%2Fsys%2Fblock%2Fnbd6%2Fsubsystem%2Fnbd1%2Fsubsystem%2Fnbd7%2Fbdi HTTP/2.0" 429 278 "-" "Mozilla/5.0 AppleWebKit/537.36 (KHTML, like Gecko; compatible; ClaudeBot/1.0; +claudebot@anthropic.com)" 
69.30.196.218 - - [14/Dec/2025:01:34:28 -0800] "GET /R-487ae47ad790ec1172024975e7df50c8 HTTP/1.1" 200 3502 "-" "-" 
95.91.110.210 - - [14/Dec/2025:01:34:27 -0800] "GET /author/manpreet/feed/?fileloc=//lib/python3/dist-packages/django/contrib/auth/__pycache__/hashers.cpython-310.pyc&path=//lib/python3/dist-packages/django/contrib/auth/__pycache__ HTTP/1.1" 200 14969 "-" "Mozilla/5.0 (compatible; MJ12bot/v1.4.8; http://mj12bot.com/)" 
216.73.216.158 - - [14/Dec/2025:01:34:30 -0800] "GET /xmlrpc.php?path=%2F%2Fsys%2Fblock%2Fnbd6%2Fsubsystem%2Fnbd10%2Fmq%2F0%2Fcpu90 HTTP/2.0" 429 278 "-" "Mozilla/5.0 AppleWebKit/537.36 (KHTML, like Gecko; compatible; ClaudeBot/1.0; +claudebot@anthropic.com)" 
69.30.196.218 - - [14/Dec/2025:01:34:31 -0800] "GET /R-487ae47ad790ec1172024975e7df50c8 HTTP/1.1" 200 3502 "-" "-" 
95.91.110.210 - - [14/Dec/2025:01:34:31 -0800] "GET /author/manpreet/feed/?fileloc=//lib/python3/dist-packages/django/contrib/auth/__pycache__/middleware.cpython-310.pyc&path=//lib/python3/dist-packages/django/contrib/auth/__pycache__ HTTP/1.1" 200 8071 "-" "Mozilla/5.0 (compatible; MJ12bot/v1.4.8; http://mj12bot.com/)" 
66.249.69.224 - - [14/Dec/2025:01:34:31 -0800] "GET /cling239?kg=2985 HTTP/1.1" 302 3655 "-" "Mozilla/5.0 (compatible; Googlebot/2.1; +http://www.google.com/bot.html)" 
69.30.196.218 - - [14/Dec/2025:01:34:32 -0800] "GET /R-487ae47ad790ec1172024975e7df50c8 HTTP/1.1" 200 3502 "-" "-" 
114.119.156.165 - - [14/Dec/2025:01:34:31 -0800] "GET /survey/media/view/2zabq.html HTTP/1.1" 200 8604 "https://lifeofcanada.com/sitemap566.xml" "Mozilla/5.0 (Linux; Android 7.0;) AppleWebKit/537.36 (KHTML, like Gecko) Mobile Safari/537.36 (compatible; PetalBot;+https://webmaster.petalsearch.com/site/petalbot)" 
69.30.196.218 - - [14/Dec/2025:01:34:33 -0800] "GET /R-487ae47ad790ec1172024975e7df50c8 HTTP/1.1" 200 3502 "-" "-" 
95.91.110.210 - - [14/Dec/2025:01:34:33 -0800] "GET /author/manpreet/feed/?fileloc=//lib/python3/dist-packages/django/contrib/auth/__pycache__/mixins.cpython-310.pyc&path=//lib/python3/dist-packages/django/contrib/auth/__pycache__ HTTP/1.1" 200 8119 "-" "Mozilla/5.0 (compatible; MJ12bot/v1.4.8; http://mj12bot.com/)" 
216.73.216.158 - - [14/Dec/2025:01:34:35 -0800] "GET /xmlrpc.php?path=%2F%2Fsys%2Fblock%2Fnbd6%2Fsubsystem%2Fnvme2n1%2Fmq%2F78%2Fcpu78 HTTP/2.0" 429 278 "-" "Mozilla/5.0 AppleWebKit/537.36 (KHTML, like Gecko; compatible; ClaudeBot/1.0; +claudebot@anthropic.com)" 
69.30.196.218 - - [14/Dec/2025:01:34:36 -0800] "GET /R-487ae47ad790ec1172024975e7df50c8 HTTP/1.1" 200 3502 "-" "-" 
95.91.110.210 - - [14/Dec/2025:01:34:35 -0800] "GET /author/manpreet/feed/?fileloc=//lib/python3/dist-packages/django/contrib/auth/__pycache__/models.cpython-310.pyc&path=//lib/python3/dist-packages/django/contrib/auth/__pycache__ HTTP/1.1" 200 13294 "-" "Mozilla/5.0 (compatible; MJ12bot/v1.4.8; http://mj12bot.com/)" 
69.30.196.218 - - [14/Dec/2025:01:34:38 -0800] "GET /R-487ae47ad790ec1172024975e7df50c8 HTTP/1.1" 200 3502 "-" "-" 
95.91.110.210 - - [14/Dec/2025:01:34:38 -0800] "GET /author/manpreet/feed/?fileloc=//lib/python3/dist-packages/django/contrib/auth/__pycache__/password_validation.cpython-310.pyc&path=//lib/python3/dist-packages/django/contrib/auth/__pycache__ HTTP/1.1" 200 10420 "-" "Mozilla/5.0 (compatible; MJ12bot/v1.4.8; http://mj12bot.com/)" 
216.73.216.158 - - [14/Dec/2025:01:34:40 -0800] "GET /xmlrpc.php?fileloc=%2F%2Fsys%2Fblock%2Fnbd6%2Fsubsystem%2Fnvme7n1p1%2Fsubsystem%2Fnbd4%2Fqueue%2Fdiscard_zeroes_data&path=%2F%2Fsys%2Fblock%2Fnbd6%2Fsubsystem%2Fnvme7n1p1%2Fsubsystem%2Fnbd4%2Fqueue HTTP/2.0" 429 278 "-" "Mozilla/5.0 AppleWebKit/537.36 (KHTML, like Gecko; compatible; ClaudeBot/1.0; +claudebot@anthropic.com)" 
69.30.196.218 - - [14/Dec/2025:01:34:40 -0800] "GET /R-487ae47ad790ec1172024975e7df50c8 HTTP/1.1" 200 3502 "-" "-" 
95.91.110.210 - - [14/Dec/2025:01:34:40 -0800] "GET /author/manpreet/feed/?fileloc=//lib/python3/dist-packages/django/contrib/auth/__pycache__/signals.cpython-310.pyc&path=//lib/python3/dist-packages/django/contrib/auth/__pycache__ HTTP/1.1" 200 6160 "-" "Mozilla/5.0 (compatible; MJ12bot/v1.4.8; http://mj12bot.com/)" 
69.30.196.218 - - [14/Dec/2025:01:34:42 -0800] "GET /R-487ae47ad790ec1172024975e7df50c8 HTTP/1.1" 200 3502 "-" "-" 
95.91.110.210 - - [14/Dec/2025:01:34:42 -0800] "GET /author/manpreet/feed/?fileloc=//lib/python3/dist-packages/django/contrib/auth/__pycache__/tokens.cpython-310.pyc&path=//lib/python3/dist-packages/django/contrib/auth/__pycache__ HTTP/1.1" 200 8012 "-" "Mozilla/5.0 (compatible; MJ12bot/v1.4.8; http://mj12bot.com/)" 
69.30.196.218 - - [14/Dec/2025:01:34:44 -0800] "GET /R-487ae47ad790ec1172024975e7df50c8 HTTP/1.1" 200 3502 "-" "-" 
95.91.110.210 - - [14/Dec/2025:01:34:44 -0800] "GET /author/manpreet/feed/?fileloc=//lib/python3/dist-packages/django/contrib/auth/__pycache__/urls.cpython-310.pyc&path=//lib/python3/dist-packages/django/contrib/auth/__pycache__ HTTP/1.1" 200 6452 "-" "Mozilla/5.0 (compatible; MJ12bot/v1.4.8; http://mj12bot.com/)" 
216.73.216.158 - - [14/Dec/2025:01:34:45 -0800] "GET /xmlrpc.php?fileloc=%2F%2Fsys%2Fblock%2Fnbd6%2Fsubsystem%2Fnvme7n1p1%2Fsubsystem%2Fnbd5%2Fqueue%2Fmax_integrity_segments&path=%2F%2Fsys%2Fblock%2Fnbd6%2Fsubsystem%2Fnvme7n1p1%2Fsubsystem%2Fnbd5%2Fqueue HTTP/2.0" 429 278 "-" "Mozilla/5.0 AppleWebKit/537.36 (KHTML, like Gecko; compatible; ClaudeBot/1.0; +claudebot@anthropic.com)" 
69.30.196.218 - - [14/Dec/2025:01:34:47 -0800] "GET /R-487ae47ad790ec1172024975e7df50c8 HTTP/1.1" 200 3502 "-" "-" 
95.91.110.210 - - [14/Dec/2025:01:34:46 -0800] "GET /author/manpreet/feed/?fileloc=//lib/python3/dist-packages/django/contrib/auth/__pycache__/validators.cpython-310.pyc&path=//lib/python3/dist-packages/django/contrib/auth/__pycache__ HTTP/1.1" 200 6561 "-" "Mozilla/5.0 (compatible; MJ12bot/v1.4.8; http://mj12bot.com/)" 
69.30.196.218 - - [14/Dec/2025:01:34:49 -0800] "GET /R-487ae47ad790ec1172024975e7df50c8 HTTP/1.1" 200 3502 "-" "-" 
95.91.110.210 - - [14/Dec/2025:01:34:49 -0800] "GET /author/manpreet/feed/?fileloc=//lib/python3/dist-packages/django/contrib/auth/__pycache__/views.cpython-310.pyc&path=//lib/python3/dist-packages/django/contrib/auth/__pycache__ HTTP/1.1" 200 11249 "-" "Mozilla/5.0 (compatible; MJ12bot/v1.4.8; http://mj12bot.com/)" 
216.73.216.158 - - [14/Dec/2025:01:34:50 -0800] "GET /xmlrpc.php?path=%2F%2Fsys%2Fblock%2Fnbd6%2Fsubsystem%2Fnbd10%2Fmq%2F0%2Fcpu102 HTTP/2.0" 429 278 "-" "Mozilla/5.0 AppleWebKit/537.36 (KHTML, like Gecko; compatible; ClaudeBot/1.0; +claudebot@anthropic.com)" 
66.249.69.224 - - [14/Dec/2025:01:34:50 -0800] "GET /products/165bs40918 HTTP/1.1" 302 3655 "-" "Mozilla/5.0 (compatible; Googlebot/2.1; +http://www.google.com/bot.html)" 
69.30.196.218 - - [14/Dec/2025:01:34:51 -0800] "GET /R-487ae47ad790ec1172024975e7df50c8 HTTP/1.1" 200 3502 "-" "-" 
95.91.110.210 - - [14/Dec/2025:01:34:51 -0800] "GET /author/manpreet/feed/?fileloc=//lib/python3/dist-packages/django/contrib/auth/handlers/__init__.py&path=//lib/python3/dist-packages/django/contrib/auth/handlers HTTP/1.1" 200 5965 "-" "Mozilla/5.0 (compatible; MJ12bot/v1.4.8; http://mj12bot.com/)" 
192.178.6.103 - - [14/Dec/2025:01:34:53 -0800] "GET /ratio237?kg=35481 HTTP/1.1" 302 3655 "-" "Mozilla/5.0 (Linux; Android 6.0.1; Nexus 5X Build/MMB29P) AppleWebKit/537.36 (KHTML, like Gecko) Chrome/141.0.7390.122 Mobile Safari/537.36 (compatible; Googlebot/2.1; +http://www.google.com/bot.html)" 
69.30.196.218 - - [14/Dec/2025:01:34:53 -0800] "GET /R-487ae47ad790ec1172024975e7df50c8 HTTP/1.1" 200 3502 "-" "-" 
95.91.110.210 - - [14/Dec/2025:01:34:53 -0800] "GET /author/manpreet/feed/?fileloc=//lib/python3/dist-packages/django/contrib/auth/handlers/modwsgi.py&path=//lib/python3/dist-packages/django/contrib/auth/handlers HTTP/1.1" 200 6472 "-" "Mozilla/5.0 (compatible; MJ12bot/v1.4.8; http://mj12bot.com/)" 
216.73.216.158 - - [14/Dec/2025:01:34:55 -0800] "GET /xmlrpc.php?path=%2F%2Fsys%2Fblock%2Fnbd6%2Fsubsystem%2Fnbd10%2Fmq%2F0%2Fcpu76 HTTP/2.0" 429 278 "-" "Mozilla/5.0 AppleWebKit/537.36 (KHTML, like Gecko; compatible; ClaudeBot/1.0; +claudebot@anthropic.com)" 
69.30.196.218 - - [14/Dec/2025:01:34:55 -0800] "GET /R-487ae47ad790ec1172024975e7df50c8 HTTP/1.1" 200 3502 "-" "-" 
95.91.110.210 - - [14/Dec/2025:01:34:55 -0800] "GET /author/manpreet/feed/?fileloc=//lib/python3/dist-packages/django/contrib/auth/management/__init__.py&path=//lib/python3/dist-packages/django/contrib/auth/management HTTP/1.1" 200 7865 "-" "Mozilla/5.0 (compatible; MJ12bot/v1.4.8; http://mj12bot.com/)" 
69.30.196.218 - - [14/Dec/2025:01:34:58 -0800] "GET /R-487ae47ad790ec1172024975e7df50c8 HTTP/1.1" 200 3502 "-" "-" 
95.91.110.210 - - [14/Dec/2025:01:34:57 -0800] "GET /author/manpreet/feed/?fileloc=//lib/python3/dist-packages/django/contrib/auth/migrations/0001_initial.py&path=//lib/python3/dist-packages/django/contrib/auth/migrations HTTP/1.1" 200 7200 "-" "Mozilla/5.0 (compatible; MJ12bot/v1.4.8; http://mj12bot.com/)" 
216.73.216.158 - - [14/Dec/2025:01:35:00 -0800] "GET /xmlrpc.php?path=%2F%2Fsys%2Fblock%2Fnbd6%2Fsubsystem%2Fnvme7n1%2Fmq%2F16%2Fcpu16 HTTP/2.0" 429 278 "-" "Mozilla/5.0 AppleWebKit/537.36 (KHTML, like Gecko; compatible; ClaudeBot/1.0; +claudebot@anthropic.com)" 
69.30.196.218 - - [14/Dec/2025:01:35:00 -0800] "GET /R-487ae47ad790ec1172024975e7df50c8 HTTP/1.1" 200 3502 "-" "-" 
95.91.110.210 - - [14/Dec/2025:01:35:00 -0800] "GET /author/manpreet/feed/?fileloc=//lib/python3/dist-packages/django/contrib/auth/migrations/0002_alter_permission_name_max_length.py&path=//lib/python3/dist-packages/django/contrib/auth/migrations HTTP/1.1" 200 6135 "-" "Mozilla/5.0 (compatible; MJ12bot/v1.4.8; http://mj12bot.com/)" 
69.30.196.218 - - [14/Dec/2025:01:35:02 -0800] "GET /R-487ae47ad790ec1172024975e7df50c8 HTTP/1.1" 200 3502 "-" "-" 
95.91.110.210 - - [14/Dec/2025:01:35:02 -0800] "GET /author/manpreet/feed/?fileloc=//lib/python3/dist-packages/django/contrib/auth/migrations/0003_alter_user_email_max_length.py&path=//lib/python3/dist-packages/django/contrib/auth/migrations HTTP/1.1" 200 6154 "-" "Mozilla/5.0 (compatible; MJ12bot/v1.4.8; http://mj12bot.com/)" 
69.30.196.218 - - [14/Dec/2025:01:35:04 -0800] "GET /R-487ae47ad790ec1172024975e7df50c8 HTTP/1.1" 200 3502 "-" "-" 
95.91.110.210 - - [14/Dec/2025:01:35:04 -0800] "GET /author/manpreet/feed/?fileloc=//lib/python3/dist-packages/django/contrib/auth/migrations/0004_alter_user_username_opts.py&path=//lib/python3/dist-packages/django/contrib/auth/migrations HTTP/1.1" 200 6368 "-" "Mozilla/5.0 (compatible; MJ12bot/v1.4.8; http://mj12bot.com/)" 
216.73.216.158 - - [14/Dec/2025:01:35:05 -0800] "GET /xmlrpc.php?path=%2F%2Fsys%2Fblock%2Fnbd6%2Fsubsystem%2Fnvme6n1%2Fmq%2F0%2Fcpu0 HTTP/2.0" 429 278 "-" "Mozilla/5.0 AppleWebKit/537.36 (KHTML, like Gecko; compatible; ClaudeBot/1.0; +claudebot@anthropic.com)" 
69.30.196.218 - - [14/Dec/2025:01:35:07 -0800] "GET /R-487ae47ad790ec1172024975e7df50c8 HTTP/1.1" 200 3502 "-" "-" 
95.91.110.210 - - [14/Dec/2025:01:35:06 -0800] "GET /author/manpreet/feed/?fileloc=//lib/python3/dist-packages/django/contrib/auth/migrations/0005_alter_user_last_login_null.py&path=//lib/python3/dist-packages/django/contrib/auth/migrations HTTP/1.1" 200 6151 "-" "Mozilla/5.0 (compatible; MJ12bot/v1.4.8; http://mj12bot.com/)" 
69.30.196.218 - - [14/Dec/2025:01:35:09 -0800] "GET /R-487ae47ad790ec1172024975e7df50c8 HTTP/1.1" 200 3502 "-" "-" 
95.91.110.210 - - [14/Dec/2025:01:35:09 -0800] "GET /author/manpreet/feed/?fileloc=//lib/python3/dist-packages/django/contrib/auth/migrations/0006_require_contenttypes_0002.py&path=//lib/python3/dist-packages/django/contrib/auth/migrations HTTP/1.1" 200 6163 "-" "Mozilla/5.0 (compatible; MJ12bot/v1.4.8; http://mj12bot.com/)" 
216.73.216.158 - - [14/Dec/2025:01:35:10 -0800] "GET /xmlrpc.php?path=%2F%2Fsys%2Fblock%2Fnbd6%2Fsubsystem%2Fnbd10%2Fmq%2F0%2Fcpu92 HTTP/2.0" 429 278 "-" "Mozilla/5.0 AppleWebKit/537.36 (KHTML, like Gecko; compatible; ClaudeBot/1.0; +claudebot@anthropic.com)" 
69.30.196.218 - - [14/Dec/2025:01:35:11 -0800] "GET /R-487ae47ad790ec1172024975e7df50c8 HTTP/1.1" 200 3502 "-" "-" 
95.91.110.210 - - [14/Dec/2025:01:35:11 -0800] "GET /author/manpreet/feed/?fileloc=//lib/python3/dist-packages/django/contrib/auth/migrations/0007_alter_validators_add_error_messages.py&path=//lib/python3/dist-packages/django/contrib/auth/migrations HTTP/1.1" 200 6327 "-" "Mozilla/5.0 (compatible; MJ12bot/v1.4.8; http://mj12bot.com/)" 
69.30.196.218 - - [14/Dec/2025:01:35:13 -0800] "GET /R-487ae47ad790ec1172024975e7df50c8 HTTP/1.1" 200 3502 "-" "-" 
95.91.110.210 - - [14/Dec/2025:01:35:13 -0800] "GET /author/manpreet/feed/?fileloc=//lib/python3/dist-packages/django/contrib/auth/migrations/0008_alter_user_username_max_length.py&path=//lib/python3/dist-packages/django/contrib/auth/migrations HTTP/1.1" 200 6320 "-" "Mozilla/5.0 (compatible; MJ12bot/v1.4.8; http://mj12bot.com/)" 
216.73.216.158 - - [14/Dec/2025:01:35:15 -0800] "GET /xmlrpc.php?path=%2F%2Fsys%2Fblock%2Fnbd6%2Fsubsystem%2Fnbd10%2Fmq%2F0%2Fcpu85 HTTP/2.0" 429 278 "-" "Mozilla/5.0 AppleWebKit/537.36 (KHTML, like Gecko; compatible; ClaudeBot/1.0; +claudebot@anthropic.com)" 
69.30.196.218 - - [14/Dec/2025:01:35:15 -0800] "GET /R-487ae47ad790ec1172024975e7df50c8 HTTP/1.1" 200 3502 "-" "-" 
95.91.110.210 - - [14/Dec/2025:01:35:15 -0800] "GET /author/manpreet/feed/?fileloc=//lib/python3/dist-packages/django/contrib/auth/migrations/0009_alter_user_last_name_max_length.py&path=//lib/python3/dist-packages/django/contrib/auth/migrations HTTP/1.1" 200 6151 "-" "Mozilla/5.0 (compatible; MJ12bot/v1.4.8; http://mj12bot.com/)" 
69.30.196.218 - - [14/Dec/2025:01:35:18 -0800] "GET /R-487ae47ad790ec1172024975e7df50c8 HTTP/1.1" 200 3502 "-" "-" 
95.91.110.210 - - [14/Dec/2025:01:35:17 -0800] "GET /author/manpreet/feed/?fileloc=//lib/python3/dist-packages/django/contrib/auth/migrations/0010_alter_group_name_max_length.py&path=//lib/python3/dist-packages/django/contrib/auth/migrations HTTP/1.1" 200 6151 "-" "Mozilla/5.0 (compatible; MJ12bot/v1.4.8; http://mj12bot.com/)" 
216.73.216.158 - - [14/Dec/2025:01:35:20 -0800] "GET /xmlrpc.php?path=%2F%2Fsys%2Fblock%2Fnbd6%2Fsubsystem%2Fnvme5n1%2Fsubsystem%2Fnbd3%2Ftrace HTTP/2.0" 429 278 "-" "Mozilla/5.0 AppleWebKit/537.36 (KHTML, like Gecko; compatible; ClaudeBot/1.0; +claudebot@anthropic.com)" 
69.30.196.218 - - [14/Dec/2025:01:35:20 -0800] "GET /R-487ae47ad790ec1172024975e7df50c8 HTTP/1.1" 200 3502 "-" "-" 
95.91.110.210 - - [14/Dec/2025:01:35:20 -0800] "GET /author/manpreet/feed/?fileloc=//lib/python3/dist-packages/django/contrib/auth/migrations/0011_update_proxy_permissions.py&path=//lib/python3/dist-packages/django/contrib/auth/migrations HTTP/1.1" 200 6884 "-" "Mozilla/5.0 (compatible; MJ12bot/v1.4.8; http://mj12bot.com/)" 
69.30.196.218 - - [14/Dec/2025:01:35:23 -0800] "GET /R-487ae47ad790ec1172024975e7df50c8 HTTP/1.1" 200 3502 "-" "-" 
95.91.110.210 - - [14/Dec/2025:01:35:23 -0800] "GET /author/manpreet/feed/?fileloc=//lib/python3/dist-packages/django/contrib/auth/migrations/0012_alter_user_first_name_max_length.py&path=//lib/python3/dist-packages/django/contrib/auth/migrations HTTP/1.1" 200 6160 "-" "Mozilla/5.0 (compatible; MJ12bot/v1.4.8; http://mj12bot.com/)" 
216.73.216.158 - - [14/Dec/2025:01:35:25 -0800] "GET /xmlrpc.php?fileloc=%2F%2Fsys%2Fblock%2Fnbd6%2Fsubsystem%2Fnvme1n1%2Fsubsystem%2Fnbd15%2Fqueue%2Fio_poll&path=%2F%2Fsys%2Fblock%2Fnbd6%2Fsubsystem%2Fnvme1n1%2Fsubsystem%2Fnbd15%2Fqueue HTTP/2.0" 429 278 "-" "Mozilla/5.0 AppleWebKit/537.36 (KHTML, like Gecko; compatible; ClaudeBot/1.0; +claudebot@anthropic.com)" 
69.30.196.218 - - [14/Dec/2025:01:35:25 -0800] "GET /R-487ae47ad790ec1172024975e7df50c8 HTTP/1.1" 200 3502 "-" "-" 
95.91.110.210 - - [14/Dec/2025:01:35:25 -0800] "GET /author/manpreet/feed/?fileloc=//lib/python3/dist-packages/django/contrib/auth/migrations/__init__.py&path=//lib/python3/dist-packages/django/contrib/auth/migrations HTTP/1.1" 200 5965 "-" "Mozilla/5.0 (compatible; MJ12bot/v1.4.8; http://mj12bot.com/)" 
69.30.196.218 - - [14/Dec/2025:01:35:28 -0800] "GET /R-487ae47ad790ec1172024975e7df50c8 HTTP/1.1" 200 3502 "-" "-" 
95.91.110.210 - - [14/Dec/2025:01:35:28 -0800] "GET /author/manpreet/feed/?fileloc=//lib/python3/dist-packages/django/contrib/contenttypes/__pycache__/__init__.cpython-310.pyc&path=//lib/python3/dist-packages/django/contrib/contenttypes/__pycache__ HTTP/1.1" 200 6066 "-" "Mozilla/5.0 (compatible; MJ12bot/v1.4.8; http://mj12bot.com/)" 
216.73.216.158 - - [14/Dec/2025:01:35:30 -0800] "GET /xmlrpc.php?path=%2F%2Fsys%2Fblock%2Fnbd6%2Fsubsystem%2Fnbd10%2Fmq%2F0%2Fcpu100 HTTP/2.0" 429 278 "-" "Mozilla/5.0 AppleWebKit/537.36 (KHTML, like Gecko; compatible; ClaudeBot/1.0; +claudebot@anthropic.com)" 
69.30.196.218 - - [14/Dec/2025:01:35:30 -0800] "GET /R-487ae47ad790ec1172024975e7df50c8 HTTP/1.1" 200 3502 "-" "-" 
95.91.110.210 - - [14/Dec/2025:01:35:30 -0800] "GET /author/manpreet/feed/?fileloc=//lib/python3/dist-packages/django/contrib/contenttypes/__pycache__/admin.cpython-310.pyc&path=//lib/python3/dist-packages/django/contrib/contenttypes/__pycache__ HTTP/1.1" 200 7864 "-" "Mozilla/5.0 (compatible; MJ12bot/v1.4.8; http://mj12bot.com/)" 
69.30.196.218 - - [14/Dec/2025:01:35:33 -0800] "GET /R-487ae47ad790ec1172024975e7df50c8 HTTP/1.1" 200 3502 "-" "-" 
95.91.110.210 - - [14/Dec/2025:01:35:32 -0800] "GET /author/manpreet/feed/?fileloc=//lib/python3/dist-packages/django/contrib/contenttypes/__pycache__/apps.cpython-310.pyc&path=//lib/python3/dist-packages/django/contrib/contenttypes/__pycache__ HTTP/1.1" 200 6710 "-" "Mozilla/5.0 (compatible; MJ12bot/v1.4.8; http://mj12bot.com/)" 
216.73.216.158 - - [14/Dec/2025:01:35:35 -0800] "GET /xmlrpc.php?fileloc=%2F%2Fdh%2Fetc%2Fclean%2Fftp&path=%2F%2Fdh%2Fetc%2Fclean HTTP/2.0" 429 278 "-" "Mozilla/5.0 AppleWebKit/537.36 (KHTML, like Gecko; compatible; ClaudeBot/1.0; +claudebot@anthropic.com)" 
69.30.196.218 - - [14/Dec/2025:01:35:35 -0800] "GET /R-487ae47ad790ec1172024975e7df50c8 HTTP/1.1" 200 3502 "-" "-" 
95.91.110.210 - - [14/Dec/2025:01:35:35 -0800] "GET /author/manpreet/feed/?fileloc=//lib/python3/dist-packages/django/contrib/contenttypes/__pycache__/checks.cpython-310.pyc&path=//lib/python3/dist-packages/django/contrib/contenttypes/__pycache__ HTTP/1.1" 200 6928 "-" "Mozilla/5.0 (compatible; MJ12bot/v1.4.8; http://mj12bot.com/)" 
69.30.196.218 - - [14/Dec/2025:01:35:38 -0800] "GET /R-487ae47ad790ec1172024975e7df50c8 HTTP/1.1" 200 3502 "-" "-" 
95.91.110.210 - - [14/Dec/2025:01:35:38 -0800] "GET /author/manpreet/feed/?fileloc=//lib/python3/dist-packages/django/contrib/contenttypes/__pycache__/fields.cpython-310.pyc&path=//lib/python3/dist-packages/django/contrib/contenttypes/__pycache__ HTTP/1.1" 200 15474 "-" "Mozilla/5.0 (compatible; MJ12bot/v1.4.8; http://mj12bot.com/)" 
216.73.216.158 - - [14/Dec/2025:01:35:40 -0800] "GET /xmlrpc.php?path=%2F%2Fsys%2Fblock%2Fnbd6%2Fsubsystem%2Fnvme3n1%2Fmq%2F70%2Fcpu70 HTTP/2.0" 429 278 "-" "Mozilla/5.0 AppleWebKit/537.36 (KHTML, like Gecko; compatible; ClaudeBot/1.0; +claudebot@anthropic.com)" 
69.30.196.218 - - [14/Dec/2025:01:35:42 -0800] "GET /R-487ae47ad790ec1172024975e7df50c8 HTTP/1.1" 200 3502 "-" "-" 
95.91.110.210 - - [14/Dec/2025:01:35:41 -0800] "GET /author/manpreet/feed/?fileloc=//lib/python3/dist-packages/django/contrib/contenttypes/__pycache__/forms.cpython-310.pyc&path=//lib/python3/dist-packages/django/contrib/contenttypes/__pycache__ HTTP/1.1" 200 7748 "-" "Mozilla/5.0 (compatible; MJ12bot/v1.4.8; http://mj12bot.com/)" 
69.30.196.218 - - [14/Dec/2025:01:35:44 -0800] "GET /R-487ae47ad790ec1172024975e7df50c8 HTTP/1.1" 200 3502 "-" "-" 
95.91.110.210 - - [14/Dec/2025:01:35:44 -0800] "GET /author/manpreet/feed/?fileloc=//lib/python3/dist-packages/django/contrib/contenttypes/__pycache__/models.cpython-310.pyc&path=//lib/python3/dist-packages/django/contrib/contenttypes/__pycache__ HTTP/1.1" 200 8876 "-" "Mozilla/5.0 (compatible; MJ12bot/v1.4.8; http://mj12bot.com/)" 
216.73.216.158 - - [14/Dec/2025:01:35:45 -0800] "GET /xmlrpc.php?fileloc=%2F%2Fsys%2Fblock%2Fnbd6%2Fsubsystem%2Fnbd0%2Fsubsystem%2Fnbd3%2Fdiscard_alignment&path=%2F%2Fsys%2Fblock%2Fnbd6%2Fsubsystem%2Fnbd0%2Fsubsystem%2Fnbd3 HTTP/2.0" 429 359 "-" "Mozilla/5.0 AppleWebKit/537.36 (KHTML, like Gecko; compatible; ClaudeBot/1.0; +claudebot@anthropic.com)" 
69.30.196.218 - - [14/Dec/2025:01:35:46 -0800] "GET /R-487ae47ad790ec1172024975e7df50c8 HTTP/1.1" 200 3502 "-" "-" 
95.91.110.210 - - [14/Dec/2025:01:35:46 -0800] "GET /author/manpreet/feed/?fileloc=//lib/python3/dist-packages/django/contrib/contenttypes/__pycache__/views.cpython-310.pyc&path=//lib/python3/dist-packages/django/contrib/contenttypes/__pycache__ HTTP/1.1" 200 7233 "-" "Mozilla/5.0 (compatible; MJ12bot/v1.4.8; http://mj12bot.com/)" 
69.30.196.218 - - [14/Dec/2025:01:35:49 -0800] "GET /R-487ae47ad790ec1172024975e7df50c8 HTTP/1.1" 200 3502 "-" "-" 
95.91.110.210 - - [14/Dec/2025:01:35:49 -0800] "GET /author/manpreet/feed/?fileloc=//lib/python3/dist-packages/django/contrib/contenttypes/management/__init__.py&path=//lib/python3/dist-packages/django/contrib/contenttypes/management HTTP/1.1" 200 7463 "-" "Mozilla/5.0 (compatible; MJ12bot/v1.4.8; http://mj12bot.com/)" 
216.73.216.158 - - [14/Dec/2025:01:35:50 -0800] "GET /xmlrpc.php?path=%2F%2Fsys%2Fblock%2Fnbd6%2Fsubsystem%2Fnbd1%2Fsubsystem%2Fnvme0n1%2Fmq%2F37 HTTP/2.0" 429 278 "-" "Mozilla/5.0 AppleWebKit/537.36 (KHTML, like Gecko; compatible; ClaudeBot/1.0; +claudebot@anthropic.com)" 
69.30.196.218 - - [14/Dec/2025:01:35:52 -0800] "GET /R-487ae47ad790ec1172024975e7df50c8 HTTP/1.1" 200 3502 "-" "-" 
95.91.110.210 - - [14/Dec/2025:01:35:52 -0800] "GET /author/manpreet/feed/?fileloc=//lib/python3/dist-packages/django/contrib/contenttypes/migrations/0001_initial.py&path=//lib/python3/dist-packages/django/contrib/contenttypes/migrations HTTP/1.1" 200 6382 "-" "Mozilla/5.0 (compatible; MJ12bot/v1.4.8; http://mj12bot.com/)" 
69.30.196.218 - - [14/Dec/2025:01:35:54 -0800] "GET /R-487ae47ad790ec1172024975e7df50c8 HTTP/1.1" 200 3502 "-" "-" 
95.91.110.210 - - [14/Dec/2025:01:35:54 -0800] "GET /author/manpreet/feed/?fileloc=//lib/python3/dist-packages/django/contrib/contenttypes/migrations/0002_remove_content_type_name.py&path=//lib/python3/dist-packages/django/contrib/contenttypes/migrations HTTP/1.1" 200 6395 "-" "Mozilla/5.0 (compatible; MJ12bot/v1.4.8; http://mj12bot.com/)" 
216.73.216.158 - - [14/Dec/2025:01:35:55 -0800] "GET /xmlrpc.php?path=%2F%2Fsys%2Fblock%2Fnbd6%2Fsubsystem%2Fnbd14%2Fmq%2F0%2Fcpu82 HTTP/2.0" 429 278 "-" "Mozilla/5.0 AppleWebKit/537.36 (KHTML, like Gecko; compatible; ClaudeBot/1.0; +claudebot@anthropic.com)" 
69.30.196.218 - - [14/Dec/2025:01:35:55 -0800] "GET /R-487ae47ad790ec1172024975e7df50c8 HTTP/1.1" 200 3502 "-" "-" 
114.119.150.166 - - [14/Dec/2025:01:35:55 -0800] "GET /survey/media/keyword/waymaker/2whs5.html HTTP/1.1" 200 8604 "https://lifeofcanada.com/sitemap408.xml" "Mozilla/5.0 (Linux; Android 7.0;) AppleWebKit/537.36 (KHTML, like Gecko) Mobile Safari/537.36 (compatible; PetalBot;+https://webmaster.petalsearch.com/site/petalbot)" 
69.30.196.218 - - [14/Dec/2025:01:35:57 -0800] "GET /R-487ae47ad790ec1172024975e7df50c8 HTTP/1.1" 200 3502 "-" "-" 
95.91.110.210 - - [14/Dec/2025:01:35:56 -0800] "GET /author/manpreet/feed/?fileloc=//lib/python3/dist-packages/django/contrib/contenttypes/migrations/__init__.py&path=//lib/python3/dist-packages/django/contrib/contenttypes/migrations HTTP/1.1" 200 5967 "-" "Mozilla/5.0 (compatible; MJ12bot/v1.4.8; http://mj12bot.com/)" 
69.30.196.218 - - [14/Dec/2025:01:36:00 -0800] "GET /R-487ae47ad790ec1172024975e7df50c8 HTTP/1.1" 200 3502 "-" "-" 
95.91.110.210 - - [14/Dec/2025:01:36:00 -0800] "GET /author/manpreet/feed/?fileloc=//lib/python3/dist-packages/django/contrib/flatpages/__pycache__/__init__.cpython-310.pyc&path=//lib/python3/dist-packages/django/contrib/flatpages/__pycache__ HTTP/1.1" 200 6065 "-" "Mozilla/5.0 (compatible; MJ12bot/v1.4.8; http://mj12bot.com/)" 
216.73.216.158 - - [14/Dec/2025:01:36:00 -0800] "GET /xmlrpc.php?path=%2F%2Fsys%2Fblock%2Fnbd6%2Fsubsystem%2Fmd10%2Fsubsystem%2Fnbd0%2Fsubsystem HTTP/2.0" 429 278 "-" "Mozilla/5.0 AppleWebKit/537.36 (KHTML, like Gecko; compatible; ClaudeBot/1.0; +claudebot@anthropic.com)" 
69.30.196.218 - - [14/Dec/2025:01:36:02 -0800] "GET /R-487ae47ad790ec1172024975e7df50c8 HTTP/1.1" 200 3502 "-" "-" 
95.91.110.210 - - [14/Dec/2025:01:36:02 -0800] "GET /author/manpreet/feed/?fileloc=//lib/python3/dist-packages/django/contrib/flatpages/__pycache__/admin.cpython-310.pyc&path=//lib/python3/dist-packages/django/contrib/flatpages/__pycache__ HTTP/1.1" 200 6538 "-" "Mozilla/5.0 (compatible; MJ12bot/v1.4.8; http://mj12bot.com/)" 
69.30.196.218 - - [14/Dec/2025:01:36:04 -0800] "GET /R-487ae47ad790ec1172024975e7df50c8 HTTP/1.1" 200 3502 "-" "-" 
