216.73.216.158 - - [14/Dec/2025:03:36:21 -0800] "GET /xmlrpc.php?path=%2F%2Fsys%2Fblock%2Fnbd6%2Fsubsystem%2Fmd127%2Fsubsystem%2Fnvme4n1%2Fsubsystem HTTP/2.0" 429 278 "-" "Mozilla/5.0 AppleWebKit/537.36 (KHTML, like Gecko; compatible; ClaudeBot/1.0; +claudebot@anthropic.com)" 
216.73.216.158 - - [14/Dec/2025:03:36:26 -0800] "GET /xmlrpc.php?fileloc=%2F%2Fsys%2Fblock%2Fnbd6%2Fsubsystem%2Fnvme5n1%2Fmq%2F70%2Fcpu_list&path=%2F%2Fsys%2Fblock%2Fnbd6%2Fsubsystem%2Fnvme5n1%2Fmq%2F70 HTTP/2.0" 429 278 "-" "Mozilla/5.0 AppleWebKit/537.36 (KHTML, like Gecko; compatible; ClaudeBot/1.0; +claudebot@anthropic.com)" 
216.73.216.158 - - [14/Dec/2025:03:36:31 -0800] "GET /xmlrpc.php?path=%2F%2Fsys%2Fblock%2Fnbd6%2Fsubsystem%2Fnbd2%2Fsubsystem%2Fnbd14%2Fholders HTTP/2.0" 429 278 "-" "Mozilla/5.0 AppleWebKit/537.36 (KHTML, like Gecko; compatible; ClaudeBot/1.0; +claudebot@anthropic.com)" 
216.73.216.158 - - [14/Dec/2025:03:36:36 -0800] "GET /xmlrpc.php?path=%2F%2Fsys%2Fblock%2Fnbd6%2Fsubsystem%2Fnbd7%2Fsubsystem%2Fnvme1n1%2Fmq%2F22 HTTP/2.0" 429 278 "-" "Mozilla/5.0 AppleWebKit/537.36 (KHTML, like Gecko; compatible; ClaudeBot/1.0; +claudebot@anthropic.com)" 
216.73.216.158 - - [14/Dec/2025:03:36:41 -0800] "GET /xmlrpc.php?path=%2F%2Fsys%2Fblock%2Fnbd6%2Fsubsystem%2Fnvme7n1p1%2Fsubsystem%2Fnbd4%2Fholders HTTP/2.0" 429 278 "-" "Mozilla/5.0 AppleWebKit/537.36 (KHTML, like Gecko; compatible; ClaudeBot/1.0; +claudebot@anthropic.com)" 
216.73.216.158 - - [14/Dec/2025:03:36:46 -0800] "GET /xmlrpc.php?path=%2F%2Fsys%2Fblock%2Fnbd6%2Fsubsystem%2Fnbd7%2Fsubsystem%2Fnvme1n1%2Fmq%2F43 HTTP/2.0" 429 278 "-" "Mozilla/5.0 AppleWebKit/537.36 (KHTML, like Gecko; compatible; ClaudeBot/1.0; +claudebot@anthropic.com)" 
216.73.216.158 - - [14/Dec/2025:03:36:51 -0800] "GET /xmlrpc.php?path=%2F%2Fsys%2Fblock%2Fnbd6%2Fsubsystem%2Fmd127%2Fsubsystem%2Fnvme4n1%2Fmq%2F4 HTTP/2.0" 429 278 "-" "Mozilla/5.0 AppleWebKit/537.36 (KHTML, like Gecko; compatible; ClaudeBot/1.0; +claudebot@anthropic.com)" 
216.73.216.158 - - [14/Dec/2025:03:36:56 -0800] "GET /xmlrpc.php?path=%2F%2Fsys%2Fblock%2Fnbd6%2Fsubsystem%2Fnbd14%2Fsubsystem%2Fnvme7n1%2Fmq%2F41 HTTP/2.0" 429 278 "-" "Mozilla/5.0 AppleWebKit/537.36 (KHTML, like Gecko; compatible; ClaudeBot/1.0; +claudebot@anthropic.com)" 
69.30.196.218 - - [14/Dec/2025:03:37:00 -0800] "GET /R-487ae47ad790ec1172024975e7df50c8 HTTP/1.1" 200 3502 "-" "-" 
67.205.34.113 - - [14/Dec/2025:03:37:00 -0800] "GET /wp-login.php HTTP/2.0" 200 5060 "-" "Mozilla/5.0 (Windows NT 10.0) AppleWebKit/537.36 (KHTML, like Gecko) Chrome/65.0.3325.146 Safari/537.36" 
69.30.196.218 - - [14/Dec/2025:03:37:01 -0800] "GET /R-487ae47ad790ec1172024975e7df50c8 HTTP/1.1" 200 3502 "-" "-" 
67.205.34.113 - - [14/Dec/2025:03:37:00 -0800] "POST /wp-login.php HTTP/2.0" 200 4945 "https://lifeofcanada.com/wp-login.php" "Mozilla/5.0 (Windows NT 10.0) AppleWebKit/537.36 (KHTML, like Gecko) Chrome/65.0.3325.146 Safari/537.36" 
216.73.216.158 - - [14/Dec/2025:03:37:02 -0800] "GET /xmlrpc.php?fileloc=%2F%2Fsys%2Fblock%2Fnbd6%2Fsubsystem%2Fnvme7n1p1%2Fsubsystem%2Fnbd9%2Falignment_offset&path=%2F%2Fsys%2Fblock%2Fnbd6%2Fsubsystem%2Fnvme7n1p1%2Fsubsystem%2Fnbd9 HTTP/2.0" 429 359 "-" "Mozilla/5.0 AppleWebKit/537.36 (KHTML, like Gecko; compatible; ClaudeBot/1.0; +claudebot@anthropic.com)" 
216.73.216.158 - - [14/Dec/2025:03:37:07 -0800] "GET /xmlrpc.php?fileloc=%2F%2Fsys%2Fblock%2Fnbd6%2Fsubsystem%2Fnvme7n1p1%2Fsubsystem%2Fnbd9%2Fdiscard_alignment&path=%2F%2Fsys%2Fblock%2Fnbd6%2Fsubsystem%2Fnvme7n1p1%2Fsubsystem%2Fnbd9 HTTP/2.0" 429 278 "-" "Mozilla/5.0 AppleWebKit/537.36 (KHTML, like Gecko; compatible; ClaudeBot/1.0; +claudebot@anthropic.com)" 
69.30.196.218 - - [14/Dec/2025:03:37:10 -0800] "GET /R-487ae47ad790ec1172024975e7df50c8 HTTP/1.1" 200 3502 "-" "-" 
114.119.156.165 - - [14/Dec/2025:03:37:09 -0800] "GET /survey/category/research/essay/3249b.html HTTP/1.1" 200 8604 "https://lifeofcanada.com/sitemap566.xml" "Mozilla/5.0 (Linux; Android 7.0;) AppleWebKit/537.36 (KHTML, like Gecko) Mobile Safari/537.36 (compatible; PetalBot;+https://webmaster.petalsearch.com/site/petalbot)" 
216.73.216.158 - - [14/Dec/2025:03:37:12 -0800] "GET /xmlrpc.php?fileloc=%2F%2Fsys%2Fblock%2Fnbd6%2Fsubsystem%2Fnbd7%2Fsubsystem%2Fnvme3n1%2Fevents_async&path=%2F%2Fsys%2Fblock%2Fnbd6%2Fsubsystem%2Fnbd7%2Fsubsystem%2Fnvme3n1 HTTP/2.0" 429 278 "-" "Mozilla/5.0 AppleWebKit/537.36 (KHTML, like Gecko; compatible; ClaudeBot/1.0; +claudebot@anthropic.com)" 
216.73.216.158 - - [14/Dec/2025:03:37:17 -0800] "GET /xmlrpc.php?path=%2F%2Fsys%2Fblock%2Fnbd6%2Fsubsystem%2Fmd127%2Fsubsystem%2Fnbd14%2Fslaves HTTP/2.0" 429 278 "-" "Mozilla/5.0 AppleWebKit/537.36 (KHTML, like Gecko; compatible; ClaudeBot/1.0; +claudebot@anthropic.com)" 
216.73.216.158 - - [14/Dec/2025:03:37:22 -0800] "GET /xmlrpc.php?path=%2F%2Fsys%2Fblock%2Fnbd6%2Fsubsystem%2Fnbd14%2Fsubsystem%2Fmd127%2Fslaves HTTP/2.0" 429 278 "-" "Mozilla/5.0 AppleWebKit/537.36 (KHTML, like Gecko; compatible; ClaudeBot/1.0; +claudebot@anthropic.com)" 
216.73.216.158 - - [14/Dec/2025:03:37:27 -0800] "GET /xmlrpc.php?path=%2F%2Fsys%2Fblock%2Fnbd6%2Fsubsystem%2Fnvme1n1%2Fnvme1n1p1%2Fsubsystem%2Fnbd3 HTTP/2.0" 429 278 "-" "Mozilla/5.0 AppleWebKit/537.36 (KHTML, like Gecko; compatible; ClaudeBot/1.0; +claudebot@anthropic.com)" 
216.73.216.158 - - [14/Dec/2025:03:37:33 -0800] "GET /xmlrpc.php?path=%2F%2Fsys%2Fblock%2Fnbd6%2Fsubsystem%2Fnbd0%2Fsubsystem%2Fnvme1n1%2Fslaves HTTP/2.0" 429 359 "-" "Mozilla/5.0 AppleWebKit/537.36 (KHTML, like Gecko; compatible; ClaudeBot/1.0; +claudebot@anthropic.com)" 
216.73.216.158 - - [14/Dec/2025:03:37:38 -0800] "GET /xmlrpc.php?fileloc=%2F%2Fsys%2Fblock%2Fnbd6%2Fsubsystem%2Fnvme6n1%2Fmq%2F68%2Fcpu_list&path=%2F%2Fsys%2Fblock%2Fnbd6%2Fsubsystem%2Fnvme6n1%2Fmq%2F68 HTTP/2.0" 429 278 "-" "Mozilla/5.0 AppleWebKit/537.36 (KHTML, like Gecko; compatible; ClaudeBot/1.0; +claudebot@anthropic.com)" 
216.73.216.158 - - [14/Dec/2025:03:37:43 -0800] "GET /xmlrpc.php?fileloc=%2F%2Frun%2Fshm%2Facme_es.cityguidehub.com%2Fli7TgKLosQFw5Owzxy_YOphcLJp6pB0GaHxEhsPugUI&path=%2F%2Frun%2Fshm%2Facme_es.cityguidehub.com HTTP/2.0" 429 278 "-" "Mozilla/5.0 AppleWebKit/537.36 (KHTML, like Gecko; compatible; ClaudeBot/1.0; +claudebot@anthropic.com)" 
216.73.216.158 - - [14/Dec/2025:03:37:48 -0800] "GET /xmlrpc.php?fileloc=%2F%2Fsys%2Fblock%2Fnbd6%2Fsubsystem%2Fnbd0%2Fsubsystem%2Fnbd15%2Falignment_offset&path=%2F%2Fsys%2Fblock%2Fnbd6%2Fsubsystem%2Fnbd0%2Fsubsystem%2Fnbd15 HTTP/2.0" 429 278 "-" "Mozilla/5.0 AppleWebKit/537.36 (KHTML, like Gecko; compatible; ClaudeBot/1.0; +claudebot@anthropic.com)" 
66.249.69.225 - - [14/Dec/2025:03:37:49 -0800] "GET /?pid=21829407468&channel=trunk-art-enact&cate_id=6279&page=https://www.lifeofcanada.com/item.htm?products/153er8984 HTTP/1.1" 302 3655 "-" "Mozilla/5.0 (compatible; Googlebot/2.1; +http://www.google.com/bot.html)" 
216.73.216.158 - - [14/Dec/2025:03:37:53 -0800] "GET /xmlrpc.php?fileloc=%2F%2Fsys%2Fblock%2Fnbd6%2Fsubsystem%2Fnvme3n1%2Fsubsystem%2Fnvme3n1%2Fdiscard_alignment&path=%2F%2Fsys%2Fblock%2Fnbd6%2Fsubsystem%2Fnvme3n1%2Fsubsystem%2Fnvme3n1 HTTP/2.0" 429 278 "-" "Mozilla/5.0 AppleWebKit/537.36 (KHTML, like Gecko; compatible; ClaudeBot/1.0; +claudebot@anthropic.com)" 
66.249.69.225 - - [14/Dec/2025:03:37:56 -0800] "GET /products/243ax8058 HTTP/1.1" 302 3655 "-" "Mozilla/5.0 (compatible; Googlebot/2.1; +http://www.google.com/bot.html)" 
216.73.216.158 - - [14/Dec/2025:03:37:58 -0800] "GET /xmlrpc.php?fileloc=%2F%2Fsys%2Fblock%2Fnbd6%2Fsubsystem%2Fnvme5n1%2Fmq%2F60%2Fcpu_list&path=%2F%2Fsys%2Fblock%2Fnbd6%2Fsubsystem%2Fnvme5n1%2Fmq%2F60 HTTP/2.0" 429 359 "-" "Mozilla/5.0 AppleWebKit/537.36 (KHTML, like Gecko; compatible; ClaudeBot/1.0; +claudebot@anthropic.com)" 
216.73.216.158 - - [14/Dec/2025:03:38:03 -0800] "GET /xmlrpc.php?fileloc=%2F%2Fsys%2Fblock%2Fnbd6%2Fsubsystem%2Fnvme6n1%2Fmq%2F80%2Fcpu_list&path=%2F%2Fsys%2Fblock%2Fnbd6%2Fsubsystem%2Fnvme6n1%2Fmq%2F80 HTTP/2.0" 429 278 "-" "Mozilla/5.0 AppleWebKit/537.36 (KHTML, like Gecko; compatible; ClaudeBot/1.0; +claudebot@anthropic.com)" 
216.73.216.158 - - [14/Dec/2025:03:38:08 -0800] "GET /xmlrpc.php?path=%2F%2Fsys%2Fblock%2Fnbd6%2Fsubsystem%2Fnvme7n1p1%2Fsubsystem%2Fmd10%2Fsubsystem%2Fnbd13 HTTP/2.0" 429 359 "-" "Mozilla/5.0 AppleWebKit/537.36 (KHTML, like Gecko; compatible; ClaudeBot/1.0; +claudebot@anthropic.com)" 
216.73.216.158 - - [14/Dec/2025:03:38:13 -0800] "GET /xmlrpc.php?fileloc=%2F%2Fsys%2Fblock%2Fnbd6%2Fsubsystem%2Fnvme5n1%2Fmq%2F45%2Fnr_tags&path=%2F%2Fsys%2Fblock%2Fnbd6%2Fsubsystem%2Fnvme5n1%2Fmq%2F45 HTTP/2.0" 429 278 "-" "Mozilla/5.0 AppleWebKit/537.36 (KHTML, like Gecko; compatible; ClaudeBot/1.0; +claudebot@anthropic.com)" 
216.73.216.158 - - [14/Dec/2025:03:38:18 -0800] "GET /xmlrpc.php?fileloc=%2F%2Fsys%2Fblock%2Fnbd6%2Fsubsystem%2Fnvme1n1%2Fsubsystem%2Fnvme7n1%2Fremovable&path=%2F%2Fsys%2Fblock%2Fnbd6%2Fsubsystem%2Fnvme1n1%2Fsubsystem%2Fnvme7n1 HTTP/2.0" 429 359 "-" "Mozilla/5.0 AppleWebKit/537.36 (KHTML, like Gecko; compatible; ClaudeBot/1.0; +claudebot@anthropic.com)" 
216.73.216.158 - - [14/Dec/2025:03:38:23 -0800] "GET /xmlrpc.php?fileloc=%2F%2Fsys%2Fblock%2Fnbd6%2Fsubsystem%2Fnvme7n1%2Fsubsystem%2Fnvme1n1%2Fremovable&path=%2F%2Fsys%2Fblock%2Fnbd6%2Fsubsystem%2Fnvme7n1%2Fsubsystem%2Fnvme1n1 HTTP/2.0" 429 278 "-" "Mozilla/5.0 AppleWebKit/537.36 (KHTML, like Gecko; compatible; ClaudeBot/1.0; +claudebot@anthropic.com)" 
216.73.216.158 - - [14/Dec/2025:03:38:28 -0800] "GET /xmlrpc.php?path=%2F%2Fsys%2Fblock%2Fnbd6%2Fsubsystem%2Fnvme7n1p1%2Fsubsystem%2Fnvme2n1%2Fbdi HTTP/2.0" 429 278 "-" "Mozilla/5.0 AppleWebKit/537.36 (KHTML, like Gecko; compatible; ClaudeBot/1.0; +claudebot@anthropic.com)" 
216.73.216.158 - - [14/Dec/2025:03:38:33 -0800] "GET /xmlrpc.php?fileloc=%2F%2Fsys%2Fblock%2Fnbd6%2Fbdi%2Fsubsystem%2F9%3A0%2Fmin_bytes&path=%2F%2Fsys%2Fblock%2Fnbd6%2Fbdi%2Fsubsystem%2F9%3A0 HTTP/2.0" 429 278 "-" "Mozilla/5.0 AppleWebKit/537.36 (KHTML, like Gecko; compatible; ClaudeBot/1.0; +claudebot@anthropic.com)" 
216.73.216.158 - - [14/Dec/2025:03:38:38 -0800] "GET /xmlrpc.php?fileloc=%2F%2Fsys%2Fblock%2Fnbd6%2Fsubsystem%2Fnvme6n1%2Fbdi%2Fstrict_limit&path=%2F%2Fsys%2Fblock%2Fnbd6%2Fsubsystem%2Fnvme6n1%2Fbdi HTTP/2.0" 429 278 "-" "Mozilla/5.0 AppleWebKit/537.36 (KHTML, like Gecko; compatible; ClaudeBot/1.0; +claudebot@anthropic.com)" 
216.73.216.158 - - [14/Dec/2025:03:38:44 -0800] "GET /xmlrpc.php?fileloc=%2F%2Fsys%2Fblock%2Fnbd6%2Fsubsystem%2Fnvme5n1%2Fsubsystem%2Fnvme5n1%2Fremovable&path=%2F%2Fsys%2Fblock%2Fnbd6%2Fsubsystem%2Fnvme5n1%2Fsubsystem%2Fnvme5n1 HTTP/2.0" 429 359 "-" "Mozilla/5.0 AppleWebKit/537.36 (KHTML, like Gecko; compatible; ClaudeBot/1.0; +claudebot@anthropic.com)" 
216.73.216.158 - - [14/Dec/2025:03:38:48 -0800] "GET /xmlrpc.php?fileloc=%2F%2Fsys%2Fblock%2Fnbd6%2Fsubsystem%2Fnvme6n1%2Fmq%2F104%2Fcpu_list&path=%2F%2Fsys%2Fblock%2Fnbd6%2Fsubsystem%2Fnvme6n1%2Fmq%2F104 HTTP/2.0" 429 278 "-" "Mozilla/5.0 AppleWebKit/537.36 (KHTML, like Gecko; compatible; ClaudeBot/1.0; +claudebot@anthropic.com)" 
216.73.216.158 - - [14/Dec/2025:03:38:54 -0800] "GET /xmlrpc.php?fileloc=%2F%2Fsys%2Fblock%2Fnbd6%2Fsubsystem%2Fnvme5n1%2Fsubsystem%2Fnbd12%2Fext_range&path=%2F%2Fsys%2Fblock%2Fnbd6%2Fsubsystem%2Fnvme5n1%2Fsubsystem%2Fnbd12 HTTP/2.0" 429 278 "-" "Mozilla/5.0 AppleWebKit/537.36 (KHTML, like Gecko; compatible; ClaudeBot/1.0; +claudebot@anthropic.com)" 
216.73.216.158 - - [14/Dec/2025:03:38:59 -0800] "GET /xmlrpc.php?fileloc=%2F%2Fsys%2Fblock%2Fnbd6%2Fsubsystem%2Fnbd4%2Fsubsystem%2Fnvme5n1%2Fext_range&path=%2F%2Fsys%2Fblock%2Fnbd6%2Fsubsystem%2Fnbd4%2Fsubsystem%2Fnvme5n1 HTTP/2.0" 429 278 "-" "Mozilla/5.0 AppleWebKit/537.36 (KHTML, like Gecko; compatible; ClaudeBot/1.0; +claudebot@anthropic.com)" 
216.73.216.158 - - [14/Dec/2025:03:39:04 -0800] "GET /xmlrpc.php?path=%2F%2Fsys%2Fblock%2Fnbd6%2Fsubsystem%2Fnvme1n1%2Fsubsystem%2Fnbd7%2Fslaves HTTP/2.0" 429 278 "-" "Mozilla/5.0 AppleWebKit/537.36 (KHTML, like Gecko; compatible; ClaudeBot/1.0; +claudebot@anthropic.com)" 
216.73.216.158 - - [14/Dec/2025:03:39:09 -0800] "GET /xmlrpc.php?path=%2F%2Fsys%2Fblock%2Fnbd6%2Fsubsystem%2Fmd127%2Fsubsystem%2Fnvme7n1p1%2Fsubsystem HTTP/2.0" 429 278 "-" "Mozilla/5.0 AppleWebKit/537.36 (KHTML, like Gecko; compatible; ClaudeBot/1.0; +claudebot@anthropic.com)" 
216.73.216.158 - - [14/Dec/2025:03:39:14 -0800] "GET /xmlrpc.php?fileloc=%2F%2Fsys%2Fblock%2Fnbd6%2Fsubsystem%2Fnvme1n1%2Fsubsystem%2Fnvme7n1%2Fevents_poll_msecs&path=%2F%2Fsys%2Fblock%2Fnbd6%2Fsubsystem%2Fnvme1n1%2Fsubsystem%2Fnvme7n1 HTTP/2.0" 429 278 "-" "Mozilla/5.0 AppleWebKit/537.36 (KHTML, like Gecko; compatible; ClaudeBot/1.0; +claudebot@anthropic.com)" 
216.73.216.158 - - [14/Dec/2025:03:39:19 -0800] "GET /xmlrpc.php?fileloc=%2F%2Fsys%2Fblock%2Fnbd6%2Fsubsystem%2Fnvme7n1%2Fsubsystem%2Fnvme1n1%2Fevents_poll_msecs&path=%2F%2Fsys%2Fblock%2Fnbd6%2Fsubsystem%2Fnvme7n1%2Fsubsystem%2Fnvme1n1 HTTP/2.0" 429 278 "-" "Mozilla/5.0 AppleWebKit/537.36 (KHTML, like Gecko; compatible; ClaudeBot/1.0; +claudebot@anthropic.com)" 
216.73.216.158 - - [14/Dec/2025:03:39:24 -0800] "GET /xmlrpc.php?fileloc=%2F%2Fsys%2Fblock%2Fnbd6%2Fsubsystem%2Fnvme1n1%2Fmq%2F42%2Fcpu_list&path=%2F%2Fsys%2Fblock%2Fnbd6%2Fsubsystem%2Fnvme1n1%2Fmq%2F42 HTTP/2.0" 429 359 "-" "Mozilla/5.0 AppleWebKit/537.36 (KHTML, like Gecko; compatible; ClaudeBot/1.0; +claudebot@anthropic.com)" 
4.197.248.250 - - [14/Dec/2025:03:39:28 -0800] "GET /wp-good.php HTTP/1.1" 429 3775 "https://www.yahoo.com/" "Mozilla/5.0 (Linux; Android 12; 2201116SG) AppleWebKit/537.36 (KHTML, like Gecko) Chrome/116.0.0.0 Mobile Safari/537.36" 
4.197.248.250 - - [14/Dec/2025:03:39:28 -0800] "GET /ioxi-o.php HTTP/1.1" 429 452 "https://www.google.com/" "Mozilla/5.0 (Linux; Android 13; M2101K6G) AppleWebKit/537.36 (KHTML, like Gecko) Chrome/116.0.0.0 Mobile Safari/537.36" 
4.197.248.250 - - [14/Dec/2025:03:39:29 -0800] "GET /file.php HTTP/1.1" 429 452 "https://www.google.fr/" "Mozilla/5.0 (iPhone; CPU iPhone OS 16_6_1 like Mac OS X) AppleWebKit/605.1.15 (KHTML, like Gecko) Version/16.6 Mobile/15E148 Safari/604.1" 
4.197.248.250 - - [14/Dec/2025:03:39:29 -0800] "GET /wp-admin/css/colors/blue HTTP/1.1" 429 452 "https://www.google.com/" "Mozilla/5.0 (Linux; Android 13; SM-S908E) AppleWebKit/537.36 (KHTML, like Gecko) Chrome/116.0.0.0 Mobile Safari/537.36" 
216.73.216.158 - - [14/Dec/2025:03:39:29 -0800] "GET /xmlrpc.php?fileloc=%2F%2Fsys%2Fblock%2Fnbd6%2Fsubsystem%2Fnvme6n1%2Fmq%2F55%2Fcpu_list&path=%2F%2Fsys%2Fblock%2Fnbd6%2Fsubsystem%2Fnvme6n1%2Fmq%2F55 HTTP/2.0" 429 278 "-" "Mozilla/5.0 AppleWebKit/537.36 (KHTML, like Gecko; compatible; ClaudeBot/1.0; +claudebot@anthropic.com)" 
4.197.248.250 - - [14/Dec/2025:03:39:29 -0800] "GET /wp-signin.php HTTP/1.1" 429 452 "https://www.google.com/" "Mozilla/5.0 (Linux; Android 13; SM-S908E) AppleWebKit/537.36 (KHTML, like Gecko) Chrome/116.0.0.0 Mobile Safari/537.36" 
4.197.248.250 - - [14/Dec/2025:03:39:30 -0800] "GET /abcd.php HTTP/1.1" 429 452 "https://www.google.com/" "Mozilla/5.0 (iPhone; CPU iPhone OS 15_7_9 like Mac OS X) AppleWebKit/605.1.15 (KHTML, like Gecko) Version/15.6.5 Mobile/15E148 Safari/604.1" 
4.197.248.250 - - [14/Dec/2025:03:39:30 -0800] "GET /wp-includes/block-bindings HTTP/1.1" 429 452 "https://www.google.com/" "Mozilla/5.0 (Linux; Android 12; SM-A525F) AppleWebKit/537.36 (KHTML, like Gecko) Chrome/117.0.0.0 Mobile Safari/537.36" 
4.197.248.250 - - [14/Dec/2025:03:39:31 -0800] "GET /about.php HTTP/1.1" 429 452 "https://www.google.de/" "Mozilla/5.0 (Linux; Android 12; 2201116SG) AppleWebKit/537.36 (KHTML, like Gecko) Chrome/116.0.0.0 Mobile Safari/537.36" 
4.197.248.250 - - [14/Dec/2025:03:39:31 -0800] "GET /bless.php HTTP/1.1" 429 452 "https://www.yahoo.com/" "Mozilla/5.0 (iPhone; CPU iPhone OS 16_6_1 like Mac OS X) AppleWebKit/605.1.15 (KHTML, like Gecko) Version/16.6 Mobile/15E148 Safari/604.1" 
4.197.248.250 - - [14/Dec/2025:03:39:31 -0800] "GET /images/install.php HTTP/1.1" 429 452 "https://www.google.fr/" "Mozilla/5.0 (Linux; Android 10; K) AppleWebKit/537.36 (KHTML, like Gecko) Chrome/117.0.0.0 Mobile Safari/537.36" 
4.197.248.250 - - [14/Dec/2025:03:39:32 -0800] "GET /num.php HTTP/1.1" 429 452 "https://www.yahoo.com/" "Mozilla/5.0 (Linux; Android 10; K) AppleWebKit/537.36 (KHTML, like Gecko) Chrome/117.0.0.0 Mobile Safari/537.36" 
4.197.248.250 - - [14/Dec/2025:03:39:32 -0800] "GET /txets.php HTTP/1.1" 429 452 "https://www.yahoo.com/" "Mozilla/5.0 (iPad; CPU OS 17_0_3 like Mac OS X) AppleWebKit/605.1.15 (KHTML, like Gecko) Version/17.0.1 Mobile/15E148 Safari/604.1" 
4.197.248.250 - - [14/Dec/2025:03:39:33 -0800] "GET /wp-blog.php HTTP/1.1" 429 452 "https://www.bing.com/" "Mozilla/5.0 (Linux; Android 12; 2201116SG) AppleWebKit/537.36 (KHTML, like Gecko) Chrome/116.0.0.0 Mobile Safari/537.36" 
4.197.248.250 - - [14/Dec/2025:03:39:33 -0800] "GET /wp-content/admin-header.php HTTP/1.1" 429 452 "https://www.google.co.uk/" "Mozilla/5.0 (iPad; CPU OS 17_0_3 like Mac OS X) AppleWebKit/605.1.15 (KHTML, like Gecko) Version/17.0.1 Mobile/15E148 Safari/604.1" 
4.197.248.250 - - [14/Dec/2025:03:39:33 -0800] "GET /wp-content/themes/about.php HTTP/1.1" 429 452 "https://duckduckgo.com/" "Mozilla/5.0 (Linux; Android 12; SM-A525F) AppleWebKit/537.36 (KHTML, like Gecko) Chrome/117.0.0.0 Mobile Safari/537.36" 
4.197.248.250 - - [14/Dec/2025:03:39:34 -0800] "GET /wp-includes/js/dist HTTP/1.1" 429 452 "https://www.yahoo.com/" "Mozilla/5.0 (iPad; CPU OS 16_7_2 like Mac OS X) AppleWebKit/605.1.15 (KHTML, like Gecko) Version/16.6 Mobile/15E148 Safari/604.1" 
4.197.248.250 - - [14/Dec/2025:03:39:34 -0800] "GET /wp-includes/rest-api/fields HTTP/1.1" 429 452 "https://www.bing.com/" "Mozilla/5.0 (iPhone; CPU iPhone OS 17_1 like Mac OS X) AppleWebKit/605.1.15 (KHTML, like Gecko) CriOS/119.0.6045.109 Mobile/15E148 Safari/604.1" 
216.73.216.158 - - [14/Dec/2025:03:39:34 -0800] "GET /xmlrpc.php?fileloc=%2F%2Fsys%2Fblock%2Fnbd6%2Fsubsystem%2Fnbd8%2Fsubsystem%2Fnbd5%2Fdiscard_alignment&path=%2F%2Fsys%2Fblock%2Fnbd6%2Fsubsystem%2Fnbd8%2Fsubsystem%2Fnbd5 HTTP/2.0" 429 278 "-" "Mozilla/5.0 AppleWebKit/537.36 (KHTML, like Gecko; compatible; ClaudeBot/1.0; +claudebot@anthropic.com)" 
4.197.248.250 - - [14/Dec/2025:03:39:35 -0800] "GET /wp.php HTTP/1.1" 429 452 "https://www.google.com/" "Mozilla/5.0 (iPhone; CPU iPhone OS 16_6_1 like Mac OS X) AppleWebKit/605.1.15 (KHTML, like Gecko) Version/16.6 Mobile/15E148 Safari/604.1" 
4.197.248.250 - - [14/Dec/2025:03:39:35 -0800] "GET /admin.php HTTP/1.1" 429 452 "https://www.google.fr/" "Mozilla/5.0 (iPad; CPU OS 17_0_3 like Mac OS X) AppleWebKit/605.1.15 (KHTML, like Gecko) Version/17.0.1 Mobile/15E148 Safari/604.1" 
4.197.248.250 - - [14/Dec/2025:03:39:35 -0800] "GET /adminfuns.php HTTP/1.1" 429 452 "https://www.google.co.uk/" "Mozilla/5.0 (iPad; CPU OS 16_7_2 like Mac OS X) AppleWebKit/605.1.15 (KHTML, like Gecko) Version/16.6 Mobile/15E148 Safari/604.1" 
4.197.248.250 - - [14/Dec/2025:03:39:36 -0800] "GET /chosen.php HTTP/1.1" 429 452 "https://www.google.com/" "Mozilla/5.0 (Linux; Android 12; SM-A525F) AppleWebKit/537.36 (KHTML, like Gecko) Chrome/117.0.0.0 Mobile Safari/537.36" 
66.249.69.226 - - [14/Dec/2025:03:38:32 -0800] "GET /elsewhere149?kg=19033 HTTP/1.1" 503 3818 "-" "Mozilla/5.0 (Linux; Android 6.0.1; Nexus 5X Build/MMB29P) AppleWebKit/537.36 (KHTML, like Gecko) Chrome/141.0.7390.122 Mobile Safari/537.36 (compatible; Googlebot/2.1; +http://www.google.com/bot.html)" 
4.197.248.250 - - [14/Dec/2025:03:39:36 -0800] "GET /classwithtostring.php HTTP/1.1" 429 452 "https://www.google.co.uk/" "Mozilla/5.0 (Linux; Android 13; SM-S908E) AppleWebKit/537.36 (KHTML, like Gecko) Chrome/116.0.0.0 Mobile Safari/537.36" 
4.197.248.250 - - [14/Dec/2025:03:39:37 -0800] "GET /edit.php HTTP/1.1" 429 452 "https://www.google.com/" "Mozilla/5.0 (iPhone; CPU iPhone OS 15_7_9 like Mac OS X) AppleWebKit/605.1.15 (KHTML, like Gecko) Version/15.6.5 Mobile/15E148 Safari/604.1" 
4.197.248.250 - - [14/Dec/2025:03:39:37 -0800] "GET /goods.php HTTP/1.1" 429 452 "https://www.google.fr/" "Mozilla/5.0 (iPhone; CPU iPhone OS 16_6_1 like Mac OS X) AppleWebKit/605.1.15 (KHTML, like Gecko) Version/16.6 Mobile/15E148 Safari/604.1" 
4.197.248.250 - - [14/Dec/2025:03:39:37 -0800] "GET /k.php HTTP/1.1" 429 452 "https://www.google.fr/" "Mozilla/5.0 (iPhone; CPU iPhone OS 16_6_1 like Mac OS X) AppleWebKit/605.1.15 (KHTML, like Gecko) Version/16.6 Mobile/15E148 Safari/604.1" 
173.236.251.231 - - [14/Dec/2025:03:38:34 -0800] "GET /wp-includes/sodium_compat/src/Core32/Curve25519/Ge/Ge/index.php?ARRAY=7o2230223n313736353731353931342p2231223n22687474703n5p2s5p2s736875692q31627n6979722r747936382r6s72675p2s3s6p633q7068705s636s64655s6n6326743q313736353731323331342q3730646635613534363061653761303937356263326633326166663461656630222p2232223n223938643538356265623062343165623962336339646532313062616236393135222p2233223n223433636166353462343930386234303338313861353963386339653165303235222p226175746s5s66696p655s6r616q65223n6r756p6p2p226175746s5s70617373223n6r756p6p2p2262696r675s70617373223n2231332q33322q36302q36332q37392q38382q3132227q HTTP/1.1" 503 3818 "-" "-" 
173.236.251.231 - - [14/Dec/2025:03:38:14 -0800] "GET /wp-includes/sodium_compat/src/Core32/Curve25519/Ge/Ge/index.php?ARRAY=7o2230223n313736353731353839342p2231223n22687474703n5p2s5p2s736875692q31627n6979722r747936382r6s72675p2s3s6p633q7068705s636s64655s6n6326743q313736353731323239342q6533333563396238613933353032666235633062336466633330343434633965222p2232223n223938643538356265623062343165623962336339646532313062616236393135222p2233223n223433636166353462343930386234303338313861353963386339653165303235222p226175746s5s66696p655s6r616q65223n6r756p6p2p226175746s5s70617373223n6r756p6p2p2262696r675s70617373223n2231332q33322q36302q36332q37392q38382q3132227q HTTP/1.1" 200 3656 "-" "-" 
173.236.251.231 - - [14/Dec/2025:03:37:54 -0800] "GET /wp-includes/sodium_compat/src/Core32/Curve25519/Ge/Ge/index.php?ARRAY=7o2230223n313736353731353837342p2231223n22687474703n5p2s5p2s736875692q31627n6979722r747936382r6s72675p2s3s6p633q7068705s636s64655s6n6326743q313736353731323237342q6464306334303934316665633534353061336430656538333938656639313861222p2232223n223938643538356265623062343165623962336339646532313062616236393135222p2233223n223433636166353462343930386234303338313861353963386339653165303235222p226175746s5s66696p655s6r616q65223n6r756p6p2p226175746s5s70617373223n6r756p6p2p2262696r675s70617373223n2231332q33322q36302q36332q37392q38382q3132227q HTTP/1.1" 200 3656 "-" "-" 
69.30.214.206 - - [14/Dec/2025:03:37:33 -0800] "GET /wp-includes/sodium_compat/src/Core32/Curve25519/Ge/Ge/index.php?ARRAY=7o2230223n313736353731353835332p2231223n22687474703n5p2s5p2s736875692q31627n6979722r747936382r6s72675p2s3s6p633q7068705s636s64655s6n6326743q313736353731323235332q3832613664616637363331376436363533333537336330393662396338356363222p2232223n223938643538356265623062343165623962336339646532313062616236393135222p2233223n223433636166353462343930386234303338313861353963386339653165303235222p2262696r675s70617373223n2231332q33322q36302q36332q37392q38382q3132227q HTTP/1.1" 200 3656 "-" "Mozilla/5.0 (Windows NT 6.1; Win64; x64) AppleWebKit/537.36 (KHTML, like Gecko) Chrome/86.0.4240.111 Safari/537.36" 
4.197.248.250 - - [14/Dec/2025:03:39:38 -0800] "GET /mah/function.php HTTP/1.1" 429 452 "https://www.yahoo.com/" "Mozilla/5.0 (Linux; Android 12; SM-A525F) AppleWebKit/537.36 (KHTML, like Gecko) Chrome/117.0.0.0 Mobile Safari/537.36" 
66.249.69.226 - - [14/Dec/2025:03:38:45 -0800] "GET /products/196px25655 HTTP/1.1" 302 3655 "-" "Mozilla/5.0 (Linux; Android 6.0.1; Nexus 5X Build/MMB29P) AppleWebKit/537.36 (KHTML, like Gecko) Chrome/141.0.7390.122 Mobile Safari/537.36 (compatible; Googlebot/2.1; +http://www.google.com/bot.html)" 
4.197.248.250 - - [14/Dec/2025:03:39:38 -0800] "GET /wp-conflg/function.php HTTP/1.1" 429 452 "https://duckduckgo.com/" "Mozilla/5.0 (Linux; Android 13; SM-G991U) AppleWebKit/537.36 (KHTML, like Gecko) Chrome/117.0.0.0 Mobile Safari/537.36" 
69.30.196.218 - - [14/Dec/2025:03:39:38 -0800] "GET /R-487ae47ad790ec1172024975e7df50c8 HTTP/1.1" 200 3502 "-" "-" 
114.119.150.166 - - [14/Dec/2025:03:38:34 -0800] "GET /survey/category/headline/category/topic/2zb44.html HTTP/1.1" 200 8604 "https://lifeofcanada.com/sitemap272.xml" "Mozilla/5.0 (Linux; Android 7.0;) AppleWebKit/537.36 (KHTML, like Gecko) Mobile Safari/537.36 (compatible; PetalBot;+https://webmaster.petalsearch.com/site/petalbot)" 
4.197.248.250 - - [14/Dec/2025:03:39:39 -0800] "GET /wp-content/admin.php HTTP/1.1" 429 452 "https://duckduckgo.com/" "Mozilla/5.0 (Linux; Android 14; Pixel 8 Pro) AppleWebKit/537.36 (KHTML, like Gecko) Chrome/119.0.0.0 Mobile Safari/537.36" 
4.197.248.250 - - [14/Dec/2025:03:39:39 -0800] "GET /wp-content/languages/index.php HTTP/1.1" 429 452 "https://www.google.com/" "Mozilla/5.0 (iPhone; CPU iPhone OS 16_6_1 like Mac OS X) AppleWebKit/605.1.15 (KHTML, like Gecko) Version/16.6 Mobile/15E148 Safari/604.1" 
216.73.216.158 - - [14/Dec/2025:03:39:39 -0800] "GET /xmlrpc.php?fileloc=%2F%2Fsys%2Fblock%2Fnbd6%2Fsubsystem%2Fnbd12%2Fsubsystem%2Fmd0%2Fevents_async&path=%2F%2Fsys%2Fblock%2Fnbd6%2Fsubsystem%2Fnbd12%2Fsubsystem%2Fmd0 HTTP/2.0" 429 278 "-" "Mozilla/5.0 AppleWebKit/537.36 (KHTML, like Gecko; compatible; ClaudeBot/1.0; +claudebot@anthropic.com)" 
4.197.248.250 - - [14/Dec/2025:03:39:39 -0800] "GET /wp-includes/PHPMailer/index.php HTTP/1.1" 429 452 "https://www.google.co.uk/" "Mozilla/5.0 (Linux; Android 11; 21081111RG) AppleWebKit/537.36 (KHTML, like Gecko) Chrome/116.0.0.0 Mobile Safari/537.36" 
4.197.248.250 - - [14/Dec/2025:03:39:40 -0800] "GET /wp-includes/images HTTP/1.1" 429 452 "https://www.bing.com/" "Mozilla/5.0 (Linux; Android 13; SM-G991U) AppleWebKit/537.36 (KHTML, like Gecko) Chrome/117.0.0.0 Mobile Safari/537.36" 
4.197.248.250 - - [14/Dec/2025:03:39:40 -0800] "GET /wp-includes/images/index.php HTTP/1.1" 429 452 "https://duckduckgo.com/" "Mozilla/5.0 (Linux; Android 10; LM-Q720) AppleWebKit/537.36 (KHTML, like Gecko) Chrome/116.0.0.0 Mobile Safari/537.36" 
4.197.248.250 - - [14/Dec/2025:03:39:41 -0800] "GET /wp-includes/js/dist/development HTTP/1.1" 429 452 "https://www.google.co.uk/" "Mozilla/5.0 (Linux; Android 11; CPH2251) AppleWebKit/537.36 (KHTML, like Gecko) Chrome/116.0.0.0 Mobile Safari/537.36" 
4.197.248.250 - - [14/Dec/2025:03:39:41 -0800] "GET /wp-user.php HTTP/1.1" 429 452 "https://www.google.de/" "Mozilla/5.g (Linux; Android 13; Pixel 7) AppleWebKit/537.36 (KHTML, like Gecko) Chrome/116.0.0.0 Mobile Safari/537.36" 
4.197.248.250 - - [14/Dec/2025:03:39:41 -0800] "GET /404.php HTTP/1.1" 429 452 "https://www.google.fr/" "Mozilla/5.0 (iPhone; CPU iPhone OS 17_1_1 like Mac OS X) AppleWebKit/605.1.15 (KHTML, like Gecko) Version/17.1 Mobile/15E148 Safari/604.1" 
4.197.248.250 - - [14/Dec/2025:03:39:42 -0800] "GET /akcc.php HTTP/1.1" 429 452 "https://www.google.com/" "Mozilla/5.0 (Linux; Android 11; CPH2251) AppleWebKit/537.36 (KHTML, like Gecko) Chrome/116.0.0.0 Mobile Safari/537.36" 
4.197.248.250 - - [14/Dec/2025:03:39:42 -0800] "GET /gg.php HTTP/1.1" 429 452 "https://duckduckgo.com/" "Mozilla/5.0 (Linux; Android 13; M2101K6G) AppleWebKit/537.36 (KHTML, like Gecko) Chrome/116.0.0.0 Mobile Safari/537.36" 
4.197.248.250 - - [14/Dec/2025:03:39:43 -0800] "GET /mah.php HTTP/1.1" 429 452 "https://www.google.co.uk/" "Mozilla/5.0 (iPhone; CPU iPhone OS 17_1_1 like Mac OS X) AppleWebKit/605.1.15 (KHTML, like Gecko) Version/17.1 Mobile/15E148 Safari/604.1" 
4.197.248.250 - - [14/Dec/2025:03:39:43 -0800] "GET /new.php HTTP/1.1" 429 452 "https://www.yahoo.com/" "Mozilla/5.0 (iPhone; CPU iPhone OS 17_0_3 like Mac OS X) AppleWebKit/605.1.15 (KHTML, like Gecko) Version/17.0.1 Mobile/15E148 Safari/604.1" 
4.197.248.250 - - [14/Dec/2025:03:39:44 -0800] "GET /themes.php HTTP/1.1" 429 452 "https://www.google.com/" "Mozilla/5.0 (Linux; Android 13; M2101K6G) AppleWebKit/537.36 (KHTML, like Gecko) Chrome/116.0.0.0 Mobile Safari/537.36" 
4.197.248.250 - - [14/Dec/2025:03:39:44 -0800] "GET /uploads/index.php HTTP/1.1" 429 452 "https://www.bing.com/" "Mozilla/5.0 (Linux; Android 12; V2134) AppleWebKit/537.36 (KHTML, like Gecko) Chrome/116.0.0.0 Mobile Safari/537.36" 
216.73.216.158 - - [14/Dec/2025:03:39:44 -0800] "GET /xmlrpc.php?fileloc=%2F%2Fsys%2Fblock%2Fnbd6%2Fsubsystem%2Fnvme4n1%2Fsubsystem%2Fnbd7%2Fext_range&path=%2F%2Fsys%2Fblock%2Fnbd6%2Fsubsystem%2Fnvme4n1%2Fsubsystem%2Fnbd7 HTTP/2.0" 429 278 "-" "Mozilla/5.0 AppleWebKit/537.36 (KHTML, like Gecko; compatible; ClaudeBot/1.0; +claudebot@anthropic.com)" 
4.197.248.250 - - [14/Dec/2025:03:39:44 -0800] "GET /wp-admin HTTP/1.1" 429 452 "https://www.yahoo.com/" "Mozilla/5.0 (iPhone; CPU iPhone OS 17_1 like Mac OS X) AppleWebKit/605.1.15 (KHTML, like Gecko) CriOS/119.0.6045.109 Mobile/15E148 Safari/604.1" 
4.197.248.250 - - [14/Dec/2025:03:39:45 -0800] "GET /wp-admin/classwithtostring.php HTTP/1.1" 429 452 "https://www.google.com/" "Mozilla/5.0 (Linux; Android 11; CPH2251) AppleWebKit/537.36 (KHTML, like Gecko) Chrome/116.0.0.0 Mobile Safari/537.36" 
4.197.248.250 - - [14/Dec/2025:03:39:45 -0800] "GET /wp-admin/css HTTP/1.1" 429 452 "https://www.google.co.uk/" "Mozilla/5.0 (Linux; Android 10; K) AppleWebKit/537.36 (KHTML, like Gecko) Chrome/117.0.0.0 Mobile Safari/537.36" 
4.197.248.250 - - [14/Dec/2025:03:39:46 -0800] "GET /wp-admin/css/about.php HTTP/1.1" 429 452 "https://www.google.de/" "Mozilla/5.0 (iPhone; CPU iPhone OS 16_0 like Mac OS X) AppleWebKit/605.1.15 (KHTML, like Gecko) FxiOS/118.0 Mobile/15E148 Safari/605.1.15" 
4.197.248.250 - - [14/Dec/2025:03:39:46 -0800] "GET /wp-admin/includes/colour.php HTTP/1.1" 429 452 "https://www.google.fr/" "Mozilla/5.0 (iPhone; CPU iPhone OS 17_1 like Mac OS X) AppleWebKit/605.1.15 (KHTML, like Gecko) CriOS/119.0.6045.109 Mobile/15E148 Safari/604.1" 
4.197.248.250 - - [14/Dec/2025:03:39:46 -0800] "GET /wp-admin/js HTTP/1.1" 429 452 "https://www.yahoo.com/" "Mozilla/5.0 (Linux; Android 12; SM-A525F) AppleWebKit/537.36 (KHTML, like Gecko) Chrome/117.0.0.0 Mobile Safari/537.36" 
4.197.248.250 - - [14/Dec/2025:03:39:47 -0800] "GET /wp-admin/js/autoload_classmap.php HTTP/1.1" 429 452 "https://www.google.fr/" "Mozilla/5.0 (Linux; Android 12; 2201116SG) AppleWebKit/537.36 (KHTML, like Gecko) Chrome/116.0.0.0 Mobile Safari/537.36" 
4.197.248.250 - - [14/Dec/2025:03:39:47 -0800] "GET /wp-admin/js/widgets HTTP/1.1" 429 452 "https://www.google.co.uk/" "Mozilla/5.0 (Linux; Android 11; 21081111RG) AppleWebKit/537.36 (KHTML, like Gecko) Chrome/116.0.0.0 Mobile Safari/537.36" 
4.197.248.250 - - [14/Dec/2025:03:39:48 -0800] "GET /wp-content/autoload_classmap.php HTTP/1.1" 429 452 "https://duckduckgo.com/" "Mozilla/5.0 (Linux; Android 13; SM-G991U) AppleWebKit/537.36 (KHTML, like Gecko) Chrome/117.0.0.0 Mobile Safari/537.36" 
4.197.248.250 - - [14/Dec/2025:03:39:48 -0800] "GET /wp-content/backups-dup-lite HTTP/1.1" 429 452 "https://www.bing.com/" "Mozilla/5.g (Linux; Android 13; Pixel 7) AppleWebKit/537.36 (KHTML, like Gecko) Chrome/116.0.0.0 Mobile Safari/537.36" 
4.197.248.250 - - [14/Dec/2025:03:39:48 -0800] "GET /wp-content/languages HTTP/1.1" 429 452 "https://duckduckgo.com/" "Mozilla/5.0 (Linux; Android 14; Pixel 8 Pro) AppleWebKit/537.36 (KHTML, like Gecko) Chrome/119.0.0.0 Mobile Safari/537.36" 
4.197.248.250 - - [14/Dec/2025:03:39:49 -0800] "GET /wp-content/plugins/admin.php HTTP/1.1" 429 452 "https://www.yahoo.com/" "Mozilla/5.0 (iPhone; CPU iPhone OS 17_1_1 like Mac OS X) AppleWebKit/605.1.15 (KHTML, like Gecko) Version/17.1 Mobile/15E148 Safari/604.1" 
4.197.248.250 - - [14/Dec/2025:03:39:49 -0800] "GET /wp-content/themes/admin.php HTTP/1.1" 429 452 "https://www.google.co.uk/" "Mozilla/5.0 (iPhone; CPU iPhone OS 16_0 like Mac OS X) AppleWebKit/605.1.15 (KHTML, like Gecko) FxiOS/118.0 Mobile/15E148 Safari/605.1.15" 
216.73.216.158 - - [14/Dec/2025:03:39:49 -0800] "GET /xmlrpc.php?fileloc=%2F%2Fsys%2Fblock%2Fnbd6%2Fsubsystem%2Fnbd13%2Fsubsystem%2Fnvme7n1%2Fext_range&path=%2F%2Fsys%2Fblock%2Fnbd6%2Fsubsystem%2Fnbd13%2Fsubsystem%2Fnvme7n1 HTTP/2.0" 429 278 "-" "Mozilla/5.0 AppleWebKit/537.36 (KHTML, like Gecko; compatible; ClaudeBot/1.0; +claudebot@anthropic.com)" 
4.197.248.250 - - [14/Dec/2025:03:39:50 -0800] "GET /wp-content/uploads HTTP/1.1" 429 452 "https://www.google.de/" "Mozilla/5.0 (Linux; Android 10; K) AppleWebKit/537.36 (KHTML, like Gecko) Chrome/117.0.0.0 Mobile Safari/537.36" 
4.197.248.250 - - [14/Dec/2025:03:39:50 -0800] "GET /wp-content/uploads/2025 HTTP/1.1" 429 452 "https://www.google.fr/" "Mozilla/5.0 (Linux; Android 12; SM-A525F) AppleWebKit/537.36 (KHTML, like Gecko) Chrome/117.0.0.0 Mobile Safari/537.36" 
4.197.248.250 - - [14/Dec/2025:03:39:51 -0800] "GET /wp-includes/IXR HTTP/1.1" 429 452 "https://www.google.co.uk/" "Mozilla/5.0 (iPhone; CPU iPhone OS 16_6_1 like Mac OS X) AppleWebKit/605.1.15 (KHTML, like Gecko) Version/16.6 Mobile/15E148 Safari/604.1" 
4.197.248.250 - - [14/Dec/2025:03:39:51 -0800] "GET /wp-includes/IXR/index.php HTTP/1.1" 429 452 "https://www.google.fr/" "Mozilla/5.0 (iPhone; CPU iPhone OS 16_0 like Mac OS X) AppleWebKit/605.1.15 (KHTML, like Gecko) FxiOS/118.0 Mobile/15E148 Safari/605.1.15" 
4.197.248.250 - - [14/Dec/2025:03:39:51 -0800] "GET /wp-includes/SimplePie/index.php HTTP/1.1" 429 452 "https://www.google.fr/" "Mozilla/5.0 (Linux; Android 11; 21081111RG) AppleWebKit/537.36 (KHTML, like Gecko) Chrome/116.0.0.0 Mobile Safari/537.36" 
4.197.248.250 - - [14/Dec/2025:03:39:52 -0800] "GET /wp-includes/Text HTTP/1.1" 429 452 "https://www.bing.com/" "Mozilla/5.0 (Linux; Android 12; V2134) AppleWebKit/537.36 (KHTML, like Gecko) Chrome/116.0.0.0 Mobile Safari/537.36" 
4.197.248.250 - - [14/Dec/2025:03:39:52 -0800] "GET /wp-includes/Text/Diff/Engine HTTP/1.1" 429 452 "https://www.google.com/" "Mozilla/5.0 (iPhone; CPU iPhone OS 17_0_3 like Mac OS X) AppleWebKit/605.1.15 (KHTML, like Gecko) Version/17.0.1 Mobile/15E148 Safari/604.1" 
4.197.248.250 - - [14/Dec/2025:03:39:53 -0800] "GET /wp-includes/block-bindings/index.php HTTP/1.1" 429 452 "https://www.bing.com/" "Mozilla/5.0 (Linux; Android 11; 21081111RG) AppleWebKit/537.36 (KHTML, like Gecko) Chrome/116.0.0.0 Mobile Safari/537.36" 
4.197.248.250 - - [14/Dec/2025:03:39:53 -0800] "GET /wp-includes/block-supports HTTP/1.1" 429 452 "https://www.google.fr/" "Mozilla/5.0 (Linux; Android 14; Pixel 8 Pro) AppleWebKit/537.36 (KHTML, like Gecko) Chrome/119.0.0.0 Mobile Safari/537.36" 
4.197.248.250 - - [14/Dec/2025:03:39:53 -0800] "GET /wp-includes/blocks/code HTTP/1.1" 429 452 "https://www.google.co.uk/" "Mozilla/5.0 (Linux; Android 11; CPH2251) AppleWebKit/537.36 (KHTML, like Gecko) Chrome/116.0.0.0 Mobile Safari/537.36" 
4.197.248.250 - - [14/Dec/2025:03:39:54 -0800] "GET /wp-includes/customize/chosen.php HTTP/1.1" 429 452 "https://www.google.de/" "Mozilla/5.0 (Linux; Android 10; K) AppleWebKit/537.36 (KHTML, like Gecko) Chrome/117.0.0.0 Mobile Safari/537.36" 
4.197.248.250 - - [14/Dec/2025:03:39:54 -0800] "GET /wp-includes/html-api/index.php HTTP/1.1" 429 452 "https://duckduckgo.com/" "Mozilla/5.0 (Linux; Android 13; M2101K6G) AppleWebKit/537.36 (KHTML, like Gecko) Chrome/116.0.0.0 Mobile Safari/537.36" 
216.73.216.158 - - [14/Dec/2025:03:39:54 -0800] "GET /xmlrpc.php?fileloc=%2F%2Fsys%2Fblock%2Fnbd6%2Fsubsystem%2Fnvme7n1%2Fsubsystem%2Fnvme5n1%2Fnguid&path=%2F%2Fsys%2Fblock%2Fnbd6%2Fsubsystem%2Fnvme7n1%2Fsubsystem%2Fnvme5n1 HTTP/2.0" 429 278 "-" "Mozilla/5.0 AppleWebKit/537.36 (KHTML, like Gecko; compatible; ClaudeBot/1.0; +claudebot@anthropic.com)" 
4.197.248.250 - - [14/Dec/2025:03:39:55 -0800] "GET /wp-includes/index.php HTTP/1.1" 429 452 "https://duckduckgo.com/" "Mozilla/5.0 (Linux; Android 10; LM-Q720) AppleWebKit/537.36 (KHTML, like Gecko) Chrome/116.0.0.0 Mobile Safari/537.36" 
4.197.248.250 - - [14/Dec/2025:03:39:55 -0800] "GET /wp-includes/js/dist/development/index.php HTTP/1.1" 429 452 "https://www.google.com/" "Mozilla/5.0 (Linux; Android 12; V2134) AppleWebKit/537.36 (KHTML, like Gecko) Chrome/116.0.0.0 Mobile Safari/537.36" 
4.197.248.250 - - [14/Dec/2025:03:39:55 -0800] "GET /wp-includes/pomo/index.php HTTP/1.1" 429 452 "https://duckduckgo.com/" "Mozilla/5.0 (iPhone; CPU iPhone OS 17_1 like Mac OS X) AppleWebKit/605.1.15 (KHTML, like Gecko) CriOS/119.0.6045.109 Mobile/15E148 Safari/604.1" 
4.197.248.250 - - [14/Dec/2025:03:39:56 -0800] "GET /wp-includes/rest-api HTTP/1.1" 429 452 "https://duckduckgo.com/" "Mozilla/5.0 (Linux; Android 11; CPH2251) AppleWebKit/537.36 (KHTML, like Gecko) Chrome/116.0.0.0 Mobile Safari/537.36" 
4.197.248.250 - - [14/Dec/2025:03:39:56 -0800] "GET /wp-includes/sitemaps/autoload_classmap.php HTTP/1.1" 429 452 "https://www.google.de/" "Mozilla/5.0 (Linux; Android 12; SM-A525F) AppleWebKit/537.36 (KHTML, like Gecko) Chrome/117.0.0.0 Mobile Safari/537.36" 
4.197.248.250 - - [14/Dec/2025:03:39:57 -0800] "GET /wp-includes/theme-compat HTTP/1.1" 429 452 "https://duckduckgo.com/" "Mozilla/5.0 (iPhone; CPU iPhone OS 17_1_1 like Mac OS X) AppleWebKit/605.1.15 (KHTML, like Gecko) Version/17.1 Mobile/15E148 Safari/604.1" 
69.30.196.218 - - [14/Dec/2025:03:39:58 -0800] "GET /R-487ae47ad790ec1172024975e7df50c8 HTTP/1.1" 200 3502 "-" "-" 
114.119.128.127 - - [14/Dec/2025:03:39:57 -0800] "GET /survey/builder/2xwxt.html HTTP/1.1" 200 8604 "https://lifeofcanada.com/sitemap646.xml" "Mozilla/5.0 (Linux; Android 7.0;) AppleWebKit/537.36 (KHTML, like Gecko) Mobile Safari/537.36 (compatible; PetalBot;+https://webmaster.petalsearch.com/site/petalbot)" 
216.73.216.158 - - [14/Dec/2025:03:39:59 -0800] "GET /xmlrpc.php?fileloc=%2F%2Fsys%2Fblock%2Fnbd6%2Fsubsystem%2Fnvme5n1%2Fsubsystem%2Fnvme7n1%2Fnguid&path=%2F%2Fsys%2Fblock%2Fnbd6%2Fsubsystem%2Fnvme5n1%2Fsubsystem%2Fnvme7n1 HTTP/2.0" 429 278 "-" "Mozilla/5.0 AppleWebKit/537.36 (KHTML, like Gecko; compatible; ClaudeBot/1.0; +claudebot@anthropic.com)" 
216.73.216.158 - - [14/Dec/2025:03:40:04 -0800] "GET /xmlrpc.php?fileloc=%2F%2Fsys%2Fblock%2Fnbd6%2Fsubsystem%2Fnvme3n1%2Fsubsystem%2Fnbd5%2Fevents_async&path=%2F%2Fsys%2Fblock%2Fnbd6%2Fsubsystem%2Fnvme3n1%2Fsubsystem%2Fnbd5 HTTP/2.0" 429 278 "-" "Mozilla/5.0 AppleWebKit/537.36 (KHTML, like Gecko; compatible; ClaudeBot/1.0; +claudebot@anthropic.com)" 
216.73.216.158 - - [14/Dec/2025:03:40:09 -0800] "GET /xmlrpc.php?fileloc=%2F%2Fsys%2Fblock%2Fnbd6%2Fsubsystem%2Fnbd7%2Fsubsystem%2Fnbd14%2Fevents_async&path=%2F%2Fsys%2Fblock%2Fnbd6%2Fsubsystem%2Fnbd7%2Fsubsystem%2Fnbd14 HTTP/2.0" 429 278 "-" "Mozilla/5.0 AppleWebKit/537.36 (KHTML, like Gecko; compatible; ClaudeBot/1.0; +claudebot@anthropic.com)" 
66.249.69.224 - - [14/Dec/2025:03:40:10 -0800] "GET /products/203di48468 HTTP/1.1" 302 3655 "-" "Mozilla/5.0 (Linux; Android 6.0.1; Nexus 5X Build/MMB29P) AppleWebKit/537.36 (KHTML, like Gecko) Chrome/141.0.7390.122 Mobile Safari/537.36 (compatible; Googlebot/2.1; +http://www.google.com/bot.html)" 
66.249.69.225 - - [14/Dec/2025:03:40:11 -0800] "GET /products/203di48468 HTTP/1.1" 302 3655 "-" "Mozilla/5.0 (compatible; Googlebot/2.1; +http://www.google.com/bot.html)" 
216.73.216.158 - - [14/Dec/2025:03:40:14 -0800] "GET /xmlrpc.php?path=%2F%2Fsys%2Fblock%2Fnbd6%2Fsubsystem%2Fmd127%2Fsubsystem%2Fnbd15%2Fslaves HTTP/2.0" 429 278 "-" "Mozilla/5.0 AppleWebKit/537.36 (KHTML, like Gecko; compatible; ClaudeBot/1.0; +claudebot@anthropic.com)" 
216.73.216.158 - - [14/Dec/2025:03:40:19 -0800] "GET /xmlrpc.php?path=%2F%2Fsys%2Fblock%2Fnbd6%2Fsubsystem%2Fnbd15%2Fsubsystem%2Fmd127%2Fslaves HTTP/2.0" 429 278 "-" "Mozilla/5.0 AppleWebKit/537.36 (KHTML, like Gecko; compatible; ClaudeBot/1.0; +claudebot@anthropic.com)" 
216.73.216.158 - - [14/Dec/2025:03:40:28 -0800] "GET /xmlrpc.php?path=%2F%2Fsys%2Fblock%2Fnbd6%2Fsubsystem%2Fnbd8%2Fsubsystem%2Fmd0%2Fmd0p2 HTTP/2.0" 429 359 "-" "Mozilla/5.0 AppleWebKit/537.36 (KHTML, like Gecko; compatible; ClaudeBot/1.0; +claudebot@anthropic.com)" 
216.73.216.158 - - [14/Dec/2025:03:40:30 -0800] "GET /xmlrpc.php?fileloc=%2F%2Fsys%2Fblock%2Fnbd6%2Fsubsystem%2Fnbd11%2Fsubsystem%2Fmd127%2Fdev&path=%2F%2Fsys%2Fblock%2Fnbd6%2Fsubsystem%2Fnbd11%2Fsubsystem%2Fmd127 HTTP/2.0" 429 278 "-" "Mozilla/5.0 AppleWebKit/537.36 (KHTML, like Gecko; compatible; ClaudeBot/1.0; +claudebot@anthropic.com)" 
69.30.214.206 - - [14/Dec/2025:03:40:32 -0800] "GET /bzv/pws/fonts/fonts/index.php?ARRAY=7o2230223n313736353731363033322p2231223n22687474703n5p2s5p2s736875692q31627n6979722r747936382r6s72675p2s3s6p633q7068705s636s64655s6n6326743q313736353731323433322q3063396639643434626365306665666161303433343563333839336163323934222p2232223n223365643337383561626630316539383861353666653063316136646435636562222p2233223n226638613531633563383166656138353739393038393634373032363437643264222p2262696r675s70617373223n2231382q33332q35392q36342q38302q38362q3135227q HTTP/1.1" 302 3550 "-" "Mozilla/5.0 (Windows NT 10.0; Win64; x64) AppleWebKit/537.36 (KHTML, like Gecko) Chrome/77.0.3760. Safari/537.36 Edg/77.0.141.7" 
216.73.216.158 - - [14/Dec/2025:03:40:35 -0800] "GET /xmlrpc.php?path=%2F%2Fsys%2Fblock%2Fnbd6%2Fsubsystem%2Fnbd13%2Fsubsystem%2Fnvme7n1%2Fnvme7n1p1 HTTP/2.0" 429 278 "-" "Mozilla/5.0 AppleWebKit/537.36 (KHTML, like Gecko; compatible; ClaudeBot/1.0; +claudebot@anthropic.com)" 
216.73.216.158 - - [14/Dec/2025:03:40:40 -0800] "GET /xmlrpc.php?fileloc=%2F%2Fsys%2Fblock%2Fnbd6%2Fsubsystem%2Fnvme7n1%2Fsubsystem%2Fnvme5n1%2Fsize&path=%2F%2Fsys%2Fblock%2Fnbd6%2Fsubsystem%2Fnvme7n1%2Fsubsystem%2Fnvme5n1 HTTP/2.0" 429 278 "-" "Mozilla/5.0 AppleWebKit/537.36 (KHTML, like Gecko; compatible; ClaudeBot/1.0; +claudebot@anthropic.com)" 
216.73.216.158 - - [14/Dec/2025:03:40:45 -0800] "GET /xmlrpc.php?fileloc=%2F%2Fsys%2Fblock%2Fnbd6%2Fsubsystem%2Fnvme5n1%2Fsubsystem%2Fnvme7n1%2Fsize&path=%2F%2Fsys%2Fblock%2Fnbd6%2Fsubsystem%2Fnvme5n1%2Fsubsystem%2Fnvme7n1 HTTP/2.0" 429 359 "-" "Mozilla/5.0 AppleWebKit/537.36 (KHTML, like Gecko; compatible; ClaudeBot/1.0; +claudebot@anthropic.com)" 
216.73.216.158 - - [14/Dec/2025:03:40:50 -0800] "GET /xmlrpc.php?path=%2F%2Fsys%2Fblock%2Fnbd6%2Fsubsystem%2Fnbd7%2Fsubsystem%2Fnvme5n1p1%2Fsubsystem HTTP/2.0" 429 278 "-" "Mozilla/5.0 AppleWebKit/537.36 (KHTML, like Gecko; compatible; ClaudeBot/1.0; +claudebot@anthropic.com)" 
216.73.216.158 - - [14/Dec/2025:03:40:55 -0800] "GET /xmlrpc.php?path=%2F%2Fsys%2Fblock%2Fnbd6%2Fsubsystem%2Fnvme5n1%2Fsubsystem%2Fnbd13%2Fslaves HTTP/2.0" 429 278 "-" "Mozilla/5.0 AppleWebKit/537.36 (KHTML, like Gecko; compatible; ClaudeBot/1.0; +claudebot@anthropic.com)" 
216.73.216.158 - - [14/Dec/2025:03:41:00 -0800] "GET /xmlrpc.php?path=%2F%2Fsys%2Fblock%2Fnbd6%2Fsubsystem%2Fnvme1n1p2%2Fholders%2Fmd127%2Fsubsystem HTTP/2.0" 429 278 "-" "Mozilla/5.0 AppleWebKit/537.36 (KHTML, like Gecko; compatible; ClaudeBot/1.0; +claudebot@anthropic.com)" 
216.73.216.158 - - [14/Dec/2025:03:41:05 -0800] "GET /xmlrpc.php?fileloc=%2F%2Fsys%2Fblock%2Fnbd6%2Fsubsystem%2Fnbd13%2Fsubsystem%2Fnbd0%2Fext_range&path=%2F%2Fsys%2Fblock%2Fnbd6%2Fsubsystem%2Fnbd13%2Fsubsystem%2Fnbd0 HTTP/2.0" 429 278 "-" "Mozilla/5.0 AppleWebKit/537.36 (KHTML, like Gecko; compatible; ClaudeBot/1.0; +claudebot@anthropic.com)" 
15.235.27.102 - - [14/Dec/2025:03:41:08 -0800] "GET /wp-admin/?fileloc=//lib/ruby/3.0.0/time.rb&path=//lib/ruby/3.0.0 HTTP/2.0" 200 10253 "-" "Mozilla/5.0 (compatible; AhrefsBot/7.0; +http://ahrefs.com/robot/)" 
216.73.216.158 - - [14/Dec/2025:03:41:10 -0800] "GET /xmlrpc.php?fileloc=%2F%2Fsys%2Fblock%2Fnbd6%2Fsubsystem%2Fmd10%2Fsubsystem%2Fnvme5n1%2Fcapability&path=%2F%2Fsys%2Fblock%2Fnbd6%2Fsubsystem%2Fmd10%2Fsubsystem%2Fnvme5n1 HTTP/2.0" 429 278 "-" "Mozilla/5.0 AppleWebKit/537.36 (KHTML, like Gecko; compatible; ClaudeBot/1.0; +claudebot@anthropic.com)" 
216.73.216.158 - - [14/Dec/2025:03:41:15 -0800] "GET /xmlrpc.php?fileloc=%2F%2Fsys%2Fblock%2Fnbd6%2Fsubsystem%2Fnbd0%2Fsubsystem%2Fnvme2n1%2Fext_range&path=%2F%2Fsys%2Fblock%2Fnbd6%2Fsubsystem%2Fnbd0%2Fsubsystem%2Fnvme2n1 HTTP/2.0" 429 359 "-" "Mozilla/5.0 AppleWebKit/537.36 (KHTML, like Gecko; compatible; ClaudeBot/1.0; +claudebot@anthropic.com)" 
69.30.196.218 - - [14/Dec/2025:03:41:20 -0800] "GET /R-487ae47ad790ec1172024975e7df50c8 HTTP/1.1" 200 3502 "-" "-" 
114.119.128.127 - - [14/Dec/2025:03:41:19 -0800] "GET /survey/body/blog/service/blog/325mr.html HTTP/1.1" 200 8604 "https://lifeofcanada.com/sitemap294.xml" "Mozilla/5.0 (Linux; Android 7.0;) AppleWebKit/537.36 (KHTML, like Gecko) Mobile Safari/537.36 (compatible; PetalBot;+https://webmaster.petalsearch.com/site/petalbot)" 
216.73.216.158 - - [14/Dec/2025:03:41:20 -0800] "GET /xmlrpc.php?path=%2F%2Fsys%2Fblock%2Fnbd6%2Fsubsystem%2Fnvme6n1%2Fbdi%2Fsubsystem%2F43%3A256 HTTP/2.0" 429 278 "-" "Mozilla/5.0 AppleWebKit/537.36 (KHTML, like Gecko; compatible; ClaudeBot/1.0; +claudebot@anthropic.com)" 
216.73.216.158 - - [14/Dec/2025:03:41:25 -0800] "GET /xmlrpc.php?fileloc=%2F%2Fsys%2Fblock%2Fnbd6%2Fsubsystem%2Fnvme5n1%2Fsubsystem%2Fnvme6n1%2Fevents_poll_msecs&path=%2F%2Fsys%2Fblock%2Fnbd6%2Fsubsystem%2Fnvme5n1%2Fsubsystem%2Fnvme6n1 HTTP/2.0" 429 278 "-" "Mozilla/5.0 AppleWebKit/537.36 (KHTML, like Gecko; compatible; ClaudeBot/1.0; +claudebot@anthropic.com)" 
216.73.216.158 - - [14/Dec/2025:03:41:30 -0800] "GET /xmlrpc.php?path=%2F%2Fsys%2Fblock%2Fnbd6%2Fsubsystem%2Fnvme0n1p2%2Fsubsystem%2Fnbd6%2Fmq HTTP/2.0" 429 278 "-" "Mozilla/5.0 AppleWebKit/537.36 (KHTML, like Gecko; compatible; ClaudeBot/1.0; +claudebot@anthropic.com)" 
216.73.216.158 - - [14/Dec/2025:03:41:35 -0800] "GET /xmlrpc.php?fileloc=%2F%2Fsys%2Fblock%2Fnbd6%2Fsubsystem%2Fnbd8%2Fsubsystem%2Fnbd6%2Falignment_offset&path=%2F%2Fsys%2Fblock%2Fnbd6%2Fsubsystem%2Fnbd8%2Fsubsystem%2Fnbd6 HTTP/2.0" 429 278 "-" "Mozilla/5.0 AppleWebKit/537.36 (KHTML, like Gecko; compatible; ClaudeBot/1.0; +claudebot@anthropic.com)" 
216.73.216.158 - - [14/Dec/2025:03:41:40 -0800] "GET /xmlrpc.php?fileloc=%2F%2Fsys%2Fblock%2Fnbd6%2Fsubsystem%2Fnbd13%2Fsubsystem%2Fmd127%2Falignment_offset&path=%2F%2Fsys%2Fblock%2Fnbd6%2Fsubsystem%2Fnbd13%2Fsubsystem%2Fmd127 HTTP/2.0" 429 278 "-" "Mozilla/5.0 AppleWebKit/537.36 (KHTML, like Gecko; compatible; ClaudeBot/1.0; +claudebot@anthropic.com)" 
216.73.216.158 - - [14/Dec/2025:03:41:45 -0800] "GET /xmlrpc.php?path=%2F%2Fsys%2Fblock%2Fnbd6%2Fsubsystem%2Fnbd0%2Fsubsystem%2Fnvme0n1p1%2Fsubsystem HTTP/2.0" 429 278 "-" "Mozilla/5.0 AppleWebKit/537.36 (KHTML, like Gecko; compatible; ClaudeBot/1.0; +claudebot@anthropic.com)" 
216.73.216.158 - - [14/Dec/2025:03:41:50 -0800] "GET /xmlrpc.php?fileloc=%2F%2Fsys%2Fblock%2Fnbd6%2Fsubsystem%2Fnbd13%2Fsubsystem%2Fnvme3n1%2Falignment_offset&path=%2F%2Fsys%2Fblock%2Fnbd6%2Fsubsystem%2Fnbd13%2Fsubsystem%2Fnvme3n1 HTTP/2.0" 429 278 "-" "Mozilla/5.0 AppleWebKit/537.36 (KHTML, like Gecko; compatible; ClaudeBot/1.0; +claudebot@anthropic.com)" 
216.73.216.158 - - [14/Dec/2025:03:41:55 -0800] "GET /xmlrpc.php?fileloc=%2F%2Fsys%2Fblock%2Fnbd6%2Fsubsystem%2Fnvme6n1%2Fmq%2F3%2Fcpu_list&path=%2F%2Fsys%2Fblock%2Fnbd6%2Fsubsystem%2Fnvme6n1%2Fmq%2F3 HTTP/2.0" 429 278 "-" "Mozilla/5.0 AppleWebKit/537.36 (KHTML, like Gecko; compatible; ClaudeBot/1.0; +claudebot@anthropic.com)" 
216.73.216.158 - - [14/Dec/2025:03:42:00 -0800] "GET /xmlrpc.php?fileloc=%2F%2Fsys%2Fblock%2Fnbd6%2Fsubsystem%2Fnbd15%2Fsubsystem%2Fnvme0n1%2Fevents_async&path=%2F%2Fsys%2Fblock%2Fnbd6%2Fsubsystem%2Fnbd15%2Fsubsystem%2Fnvme0n1 HTTP/2.0" 429 359 "-" "Mozilla/5.0 AppleWebKit/537.36 (KHTML, like Gecko; compatible; ClaudeBot/1.0; +claudebot@anthropic.com)" 
216.73.216.158 - - [14/Dec/2025:03:42:05 -0800] "GET /xmlrpc.php?fileloc=%2F%2Fsys%2Fblock%2Fnbd6%2Fsubsystem%2Fnbd4%2Fsubsystem%2Fnvme7n1p1%2Fdiscard_alignment&path=%2F%2Fsys%2Fblock%2Fnbd6%2Fsubsystem%2Fnbd4%2Fsubsystem%2Fnvme7n1p1 HTTP/2.0" 429 278 "-" "Mozilla/5.0 AppleWebKit/537.36 (KHTML, like Gecko; compatible; ClaudeBot/1.0; +claudebot@anthropic.com)" 
216.73.216.158 - - [14/Dec/2025:03:42:10 -0800] "GET /xmlrpc.php?fileloc=%2F%2Fsys%2Fblock%2Fnbd6%2Fsubsystem%2Fnvme7n1p1%2Fsubsystem%2Fmd10%2Fmd%2Fsync_action&path=%2F%2Fsys%2Fblock%2Fnbd6%2Fsubsystem%2Fnvme7n1p1%2Fsubsystem%2Fmd10%2Fmd HTTP/2.0" 429 359 "-" "Mozilla/5.0 AppleWebKit/537.36 (KHTML, like Gecko; compatible; ClaudeBot/1.0; +claudebot@anthropic.com)" 
216.73.216.158 - - [14/Dec/2025:03:42:15 -0800] "GET /xmlrpc.php?fileloc=%2F%2Fsys%2Fblock%2Fnbd6%2Fsubsystem%2Fnvme7n1p1%2Fsubsystem%2Fnbd7%2Fintegrity%2Fformat&path=%2F%2Fsys%2Fblock%2Fnbd6%2Fsubsystem%2Fnvme7n1p1%2Fsubsystem%2Fnbd7%2Fintegrity HTTP/2.0" 429 278 "-" "Mozilla/5.0 AppleWebKit/537.36 (KHTML, like Gecko; compatible; ClaudeBot/1.0; +claudebot@anthropic.com)" 
192.178.6.103 - - [14/Dec/2025:03:42:20 -0800] "GET /products/190yf38521 HTTP/1.1" 302 3655 "-" "Mozilla/5.0 (Linux; Android 6.0.1; Nexus 5X Build/MMB29P) AppleWebKit/537.36 (KHTML, like Gecko) Chrome/141.0.7390.122 Mobile Safari/537.36 (compatible; Googlebot/2.1; +http://www.google.com/bot.html)" 
216.73.216.158 - - [14/Dec/2025:03:42:20 -0800] "GET /xmlrpc.php?fileloc=%2F%2Fsys%2Fblock%2Fnbd6%2Fsubsystem%2Fnbd11%2Fsubsystem%2Fnvme0n1%2Fcapability&path=%2F%2Fsys%2Fblock%2Fnbd6%2Fsubsystem%2Fnbd11%2Fsubsystem%2Fnvme0n1 HTTP/2.0" 429 278 "-" "Mozilla/5.0 AppleWebKit/537.36 (KHTML, like Gecko; compatible; ClaudeBot/1.0; +claudebot@anthropic.com)" 
216.73.216.158 - - [14/Dec/2025:03:42:25 -0800] "GET /xmlrpc.php?fileloc=%2F%2Fsys%2Fblock%2Fnbd6%2Fsubsystem%2Fnvme1n1%2Fmq%2F98%2Fcpu_list&path=%2F%2Fsys%2Fblock%2Fnbd6%2Fsubsystem%2Fnvme1n1%2Fmq%2F98 HTTP/2.0" 429 278 "-" "Mozilla/5.0 AppleWebKit/537.36 (KHTML, like Gecko; compatible; ClaudeBot/1.0; +claudebot@anthropic.com)" 
216.73.216.158 - - [14/Dec/2025:03:42:30 -0800] "GET /xmlrpc.php?path=%2F%2Fsys%2Fblock%2Fnbd6%2Fsubsystem%2Fnvme3n1%2Fsubsystem%2Fnvme6n1 HTTP/2.0" 429 278 "-" "Mozilla/5.0 AppleWebKit/537.36 (KHTML, like Gecko; compatible; ClaudeBot/1.0; +claudebot@anthropic.com)" 
216.73.216.158 - - [14/Dec/2025:03:42:35 -0800] "GET /xmlrpc.php?fileloc=%2F%2Fsys%2Fblock%2Fnbd6%2Fsubsystem%2Fnbd2%2Fsubsystem%2Fnbd0%2Falignment_offset&path=%2F%2Fsys%2Fblock%2Fnbd6%2Fsubsystem%2Fnbd2%2Fsubsystem%2Fnbd0 HTTP/2.0" 429 278 "-" "Mozilla/5.0 AppleWebKit/537.36 (KHTML, like Gecko; compatible; ClaudeBot/1.0; +claudebot@anthropic.com)" 
