216.73.216.158 - - [14/Dec/2025:02:24:27 -0800] "GET /xmlrpc.php?fileloc=%2F%2Fvar%2Flib%2Fdpkg%2Finfo%2Flibdecor-0-0%3Aamd64.triggers&path=%2F%2Fvar%2Flib%2Fdpkg%2Finfo HTTP/2.0" 429 278 "-" "Mozilla/5.0 AppleWebKit/537.36 (KHTML, like Gecko; compatible; ClaudeBot/1.0; +claudebot@anthropic.com)" 
216.73.216.158 - - [14/Dec/2025:02:24:33 -0800] "GET /xmlrpc.php?fileloc=%2F%2Fvar%2Flib%2Fdpkg%2Finfo%2Flibcrypt-dh-gmp-perl.md5sums&path=%2F%2Fvar%2Flib%2Fdpkg%2Finfo HTTP/2.0" 429 359 "-" "Mozilla/5.0 AppleWebKit/537.36 (KHTML, like Gecko; compatible; ClaudeBot/1.0; +claudebot@anthropic.com)" 
216.73.216.158 - - [14/Dec/2025:02:24:38 -0800] "GET /xmlrpc.php?fileloc=%2F%2Fvar%2Flib%2Fdpkg%2Finfo%2Fpkg-config.list&path=%2F%2Fvar%2Flib%2Fdpkg%2Finfo HTTP/2.0" 429 278 "-" "Mozilla/5.0 AppleWebKit/537.36 (KHTML, like Gecko; compatible; ClaudeBot/1.0; +claudebot@anthropic.com)" 
69.30.196.218 - - [14/Dec/2025:02:24:40 -0800] "GET /R-487ae47ad790ec1172024975e7df50c8 HTTP/1.1" 200 3502 "-" "-" 
43.173.182.124 - - [14/Dec/2025:02:24:40 -0800] "GET /canadas-new-food-guides-recommendations-on-healthy-eating/?fileloc=//dh/etc/ftponly&path=//dh/etc HTTP/1.1" 200 6127 "-" "Mozilla/5.0 (Windows NT 6.1; Win64; x64) AppleWebKit/537.36 (KHTML, like Gecko) Chrome/126.0.6478.114 Safari/537.36" 
69.30.196.218 - - [14/Dec/2025:02:24:42 -0800] "GET /R-487ae47ad790ec1172024975e7df50c8 HTTP/1.1" 200 3502 "-" "-" 
114.119.128.56 - - [14/Dec/2025:02:24:41 -0800] "GET /survey/keyword/reference/essay/ep9.html HTTP/1.1" 200 8604 "https://lifeofcanada.com/sitemap487.xml" "Mozilla/5.0 (Linux; Android 7.0;) AppleWebKit/537.36 (KHTML, like Gecko) Mobile Safari/537.36 (compatible; PetalBot;+https://webmaster.petalsearch.com/site/petalbot)" 
69.30.196.218 - - [14/Dec/2025:02:24:42 -0800] "GET /R-487ae47ad790ec1172024975e7df50c8 HTTP/1.1" 200 3502 "-" "-" 
43.173.180.139 - - [14/Dec/2025:02:24:41 -0800] "GET /best-immigration-consultants-in-canada/?fileloc=/home/dh_7uh9vd/lifeofcanada.com/wp-content/uploads/2022/01/2-400x240.jpg&path=/home/dh_7uh9vd/lifeofcanada.com/wp-content/uploads/2022/01 HTTP/1.1" 200 29461 "-" "Mozilla/5.0 (Windows NT 6.1; Win64; x64) AppleWebKit/537.36 (KHTML, like Gecko) Chrome/126.0.6478.114 Safari/537.36" 
216.73.216.158 - - [14/Dec/2025:02:24:43 -0800] "GET /xmlrpc.php?fileloc=%2F%2Fvar%2Flib%2Fdpkg%2Finfo%2Flibvidstab1.1%3Aamd64.list&path=%2F%2Fvar%2Flib%2Fdpkg%2Finfo HTTP/2.0" 429 278 "-" "Mozilla/5.0 AppleWebKit/537.36 (KHTML, like Gecko; compatible; ClaudeBot/1.0; +claudebot@anthropic.com)" 
216.73.216.158 - - [14/Dec/2025:02:24:48 -0800] "GET /xmlrpc.php?fileloc=%2F%2Fvar%2Flib%2Fdpkg%2Finfo%2Flibxml2%3Aamd64.list&path=%2F%2Fvar%2Flib%2Fdpkg%2Finfo HTTP/2.0" 429 278 "-" "Mozilla/5.0 AppleWebKit/537.36 (KHTML, like Gecko; compatible; ClaudeBot/1.0; +claudebot@anthropic.com)" 
69.30.196.218 - - [14/Dec/2025:02:24:50 -0800] "GET /R-487ae47ad790ec1172024975e7df50c8 HTTP/1.1" 200 3502 "-" "-" 
43.173.177.108 - - [14/Dec/2025:02:24:50 -0800] "GET /best-weather-apps-in-canada/?fileloc=/home/dh_7uh9vd/lifeofcanada.com/bzv/pws/images/doc.jpg&path=/home/dh_7uh9vd/lifeofcanada.com/bzv/pws/images HTTP/1.1" 200 36650 "-" "Mozilla/5.0 (Windows NT 10.0; Win64; x64) AppleWebKit/537.36 (KHTML, like Gecko) Chrome/110.0.0.0 Safari/537.36" 
69.30.196.218 - - [14/Dec/2025:02:24:50 -0800] "GET /R-487ae47ad790ec1172024975e7df50c8 HTTP/1.1" 200 3502 "-" "-" 
43.173.180.148 - - [14/Dec/2025:02:24:50 -0800] "GET /best-job-agencies-in-ottawa-to-help-you-find-job/?path=/home/dh_7uh9vd/lifeofcanada.com/wp-content/plugins/cannix-theme-plugins/slick HTTP/1.1" 200 6919 "-" "Mozilla/5.0 (Windows NT 10.0; Win64; x64) AppleWebKit/537.36 (KHTML, like Gecko) Chrome/107.0.0.0 Safari/537.36" 
216.73.216.158 - - [14/Dec/2025:02:24:53 -0800] "GET /xmlrpc.php?fileloc=%2F%2Fsys%2Fkernel%2Firq%2F1097%2Fper_cpu_count&path=%2F%2Fsys%2Fkernel%2Firq%2F1097 HTTP/2.0" 429 278 "-" "Mozilla/5.0 AppleWebKit/537.36 (KHTML, like Gecko; compatible; ClaudeBot/1.0; +claudebot@anthropic.com)" 
69.30.196.218 - - [14/Dec/2025:02:24:52 -0800] "GET /R-487ae47ad790ec1172024975e7df50c8 HTTP/1.1" 200 3502 "-" "-" 
43.173.179.163 - - [14/Dec/2025:02:24:51 -0800] "GET /5-new-sushi-restaurants-in-toronto/?path=//usr/local/php70/php HTTP/1.1" 200 6456 "-" "Mozilla/5.0 (Windows NT 10.0; Win64; x64) AppleWebKit/537.36 (KHTML, like Gecko) Chrome/109.0.0.0 Safari/537.36" 
69.30.196.218 - - [14/Dec/2025:02:24:54 -0800] "GET /R-487ae47ad790ec1172024975e7df50c8 HTTP/1.1" 200 3502 "-" "-" 
69.30.196.218 - - [14/Dec/2025:02:24:54 -0800] "GET /R-487ae47ad790ec1172024975e7df50c8 HTTP/1.1" 200 3502 "-" "-" 
43.173.177.88 - - [14/Dec/2025:02:24:54 -0800] "GET /canadas-newly-found-toonie-could-soon-be-in-your-money-wallet/?fileloc=/home/dh_7uh9vd/lifeofcanada.com/wp-content/plugins/one-click-demo-import/inc/CustomizerImporter.php&path=/home/dh_7uh9vd/lifeofcanada.com/wp-content/plugins/one-click-demo-import/inc HTTP/1.1" 200 8638 "-" "Mozilla/5.0 (Windows NT 6.1; Win64; x64) AppleWebKit/537.36 (KHTML, like Gecko) Chrome/126.0.6478.114 Safari/537.36" 
43.163.22.11 - - [14/Dec/2025:02:24:54 -0800] "GET /11-of-the-finest-gluten-free-restaurants-in-toronto/?fileloc=//sys/block/nvme1n1/ext_range&path=//sys/block/nvme1n1 HTTP/1.1" 200 6142 "-" "Mozilla/5.0 (Windows NT 6.1; Win64; x64) AppleWebKit/537.36 (KHTML, like Gecko) Chrome/126.0.6478.114 Safari/537.36" 
216.73.216.158 - - [14/Dec/2025:02:24:58 -0800] "GET /xmlrpc.php?fileloc=%2F%2Fvar%2Flib%2Fdpkg%2Finfo%2Ftex-common.postinst&path=%2F%2Fvar%2Flib%2Fdpkg%2Finfo HTTP/2.0" 429 278 "-" "Mozilla/5.0 AppleWebKit/537.36 (KHTML, like Gecko; compatible; ClaudeBot/1.0; +claudebot@anthropic.com)" 
216.73.216.158 - - [14/Dec/2025:02:25:03 -0800] "GET /xmlrpc.php?fileloc=%2Fhome%2Fdh_7uh9vd%2Flifeofcanada.com%2Fwp-content%2Fuploads%2F2020%2F09%2Fnew-coin-canada.jpeg&path=%2Fhome%2Fdh_7uh9vd%2Flifeofcanada.com%2Fwp-content%2Fuploads%2F2020%2F09 HTTP/2.0" 429 278 "-" "Mozilla/5.0 AppleWebKit/537.36 (KHTML, like Gecko; compatible; ClaudeBot/1.0; +claudebot@anthropic.com)" 
69.30.196.218 - - [14/Dec/2025:02:25:05 -0800] "GET /R-487ae47ad790ec1172024975e7df50c8 HTTP/1.1" 200 3502 "-" "-" 
43.173.177.97 - - [14/Dec/2025:02:25:05 -0800] "GET /tag/full-time-jobs-in-canada/?path=//sys/devices/pci0000:00/0000:00:02.0/iommu HTTP/1.1" 200 6721 "-" "Mozilla/5.0 (Windows NT 10.0; Win64; x64) AppleWebKit/537.36 (KHTML, like Gecko) Chrome/133.0.0.0 Safari/537.36" 
192.178.6.102 - - [14/Dec/2025:02:25:06 -0800] "GET /products/6nk6463 HTTP/1.1" 302 3655 "-" "Mozilla/5.0 (compatible; Googlebot/2.1; +http://www.google.com/bot.html)" 
192.178.6.103 - - [14/Dec/2025:02:25:06 -0800] "GET /products/6nk6463 HTTP/1.1" 302 3655 "-" "Mozilla/5.0 (Linux; Android 6.0.1; Nexus 5X Build/MMB29P) AppleWebKit/537.36 (KHTML, like Gecko) Chrome/141.0.7390.122 Mobile Safari/537.36 (compatible; Googlebot/2.1; +http://www.google.com/bot.html)" 
216.73.216.158 - - [14/Dec/2025:02:25:08 -0800] "GET /xmlrpc.php?fileloc=%2F%2Fvar%2Flib%2Fdpkg%2Finfo%2Frush.postrm&path=%2F%2Fvar%2Flib%2Fdpkg%2Finfo HTTP/2.0" 429 278 "-" "Mozilla/5.0 AppleWebKit/537.36 (KHTML, like Gecko; compatible; ClaudeBot/1.0; +claudebot@anthropic.com)" 
216.73.216.158 - - [14/Dec/2025:02:25:13 -0800] "GET /xmlrpc.php?fileloc=%2F%2Fsys%2Fdev%2Fblock%2F259%3A2%2Fuuid&path=%2F%2Fsys%2Fdev%2Fblock%2F259%3A2 HTTP/2.0" 429 278 "-" "Mozilla/5.0 AppleWebKit/537.36 (KHTML, like Gecko; compatible; ClaudeBot/1.0; +claudebot@anthropic.com)" 
216.73.216.158 - - [14/Dec/2025:02:25:18 -0800] "GET /xmlrpc.php?fileloc=%2F%2Fvar%2Flib%2Fdpkg%2Finfo%2Flibemail-valid-perl.md5sums&path=%2F%2Fvar%2Flib%2Fdpkg%2Finfo HTTP/2.0" 429 359 "-" "Mozilla/5.0 AppleWebKit/537.36 (KHTML, like Gecko; compatible; ClaudeBot/1.0; +claudebot@anthropic.com)" 
216.73.216.158 - - [14/Dec/2025:02:25:24 -0800] "GET /xmlrpc.php?fileloc=%2F%2Fsys%2Fkernel%2Firq%2F170%2Fper_cpu_count&path=%2F%2Fsys%2Fkernel%2Firq%2F170 HTTP/2.0" 429 359 "-" "Mozilla/5.0 AppleWebKit/537.36 (KHTML, like Gecko; compatible; ClaudeBot/1.0; +claudebot@anthropic.com)" 
216.73.216.158 - - [14/Dec/2025:02:25:28 -0800] "GET /xmlrpc.php?fileloc=%2F%2Fsys%2Fkernel%2Firq%2F552%2Fper_cpu_count&path=%2F%2Fsys%2Fkernel%2Firq%2F552 HTTP/2.0" 429 278 "-" "Mozilla/5.0 AppleWebKit/537.36 (KHTML, like Gecko; compatible; ClaudeBot/1.0; +claudebot@anthropic.com)" 
216.73.216.158 - - [14/Dec/2025:02:25:33 -0800] "GET /xmlrpc.php?fileloc=%2F%2Fsys%2Fkernel%2Firq%2F142%2Fper_cpu_count&path=%2F%2Fsys%2Fkernel%2Firq%2F142 HTTP/2.0" 429 278 "-" "Mozilla/5.0 AppleWebKit/537.36 (KHTML, like Gecko; compatible; ClaudeBot/1.0; +claudebot@anthropic.com)" 
216.73.216.158 - - [14/Dec/2025:02:25:38 -0800] "GET /xmlrpc.php?fileloc=%2F%2Fvar%2Flib%2Fdpkg%2Finfo%2Fnode-minimalistic-crypto-utils.md5sums&path=%2F%2Fvar%2Flib%2Fdpkg%2Finfo HTTP/2.0" 429 278 "-" "Mozilla/5.0 AppleWebKit/537.36 (KHTML, like Gecko; compatible; ClaudeBot/1.0; +claudebot@anthropic.com)" 
216.73.216.158 - - [14/Dec/2025:02:25:43 -0800] "GET /xmlrpc.php?fileloc=%2F%2Fvar%2Flib%2Fdpkg%2Finfo%2Fnode-browserslist.list&path=%2F%2Fvar%2Flib%2Fdpkg%2Finfo HTTP/2.0" 429 278 "-" "Mozilla/5.0 AppleWebKit/537.36 (KHTML, like Gecko; compatible; ClaudeBot/1.0; +claudebot@anthropic.com)" 
216.73.216.158 - - [14/Dec/2025:02:25:48 -0800] "GET /xmlrpc.php?fileloc=%2F%2Fvar%2Flib%2Fdpkg%2Finfo%2Flibmd0%3Aamd64.list&path=%2F%2Fvar%2Flib%2Fdpkg%2Finfo HTTP/2.0" 429 278 "-" "Mozilla/5.0 AppleWebKit/537.36 (KHTML, like Gecko; compatible; ClaudeBot/1.0; +claudebot@anthropic.com)" 
216.73.216.158 - - [14/Dec/2025:02:25:53 -0800] "GET /xmlrpc.php?fileloc=%2F%2Fsys%2Fclass%2Fnet%2Fphy1%2Fthreaded&path=%2F%2Fsys%2Fclass%2Fnet%2Fphy1 HTTP/2.0" 429 359 "-" "Mozilla/5.0 AppleWebKit/537.36 (KHTML, like Gecko; compatible; ClaudeBot/1.0; +claudebot@anthropic.com)" 
216.73.216.158 - - [14/Dec/2025:02:25:58 -0800] "GET /xmlrpc.php?fileloc=%2F%2Fsys%2Fkernel%2Firq%2F345%2Fper_cpu_count&path=%2F%2Fsys%2Fkernel%2Firq%2F345 HTTP/2.0" 429 278 "-" "Mozilla/5.0 AppleWebKit/537.36 (KHTML, like Gecko; compatible; ClaudeBot/1.0; +claudebot@anthropic.com)" 
216.73.216.158 - - [14/Dec/2025:02:26:03 -0800] "GET /xmlrpc.php?fileloc=%2F%2Fvar%2Flib%2Fdpkg%2Finfo%2Flibmpc3%3Aamd64.symbols&path=%2F%2Fvar%2Flib%2Fdpkg%2Finfo HTTP/2.0" 429 278 "-" "Mozilla/5.0 AppleWebKit/537.36 (KHTML, like Gecko; compatible; ClaudeBot/1.0; +claudebot@anthropic.com)" 
216.73.216.158 - - [14/Dec/2025:02:26:08 -0800] "GET /xmlrpc.php?fileloc=%2F%2Fvar%2Flib%2Fdpkg%2Finfo%2Flvm2.postrm&path=%2F%2Fvar%2Flib%2Fdpkg%2Finfo HTTP/2.0" 429 278 "-" "Mozilla/5.0 AppleWebKit/537.36 (KHTML, like Gecko; compatible; ClaudeBot/1.0; +claudebot@anthropic.com)" 
216.73.216.158 - - [14/Dec/2025:02:26:13 -0800] "GET /xmlrpc.php?fileloc=%2Fhome%2Fdh_7uh9vd%2Flifeofcanada.com%2Fwp-content%2Fuploads%2F2020%2F01%2Fhumber-300x169.jpeg&path=%2Fhome%2Fdh_7uh9vd%2Flifeofcanada.com%2Fwp-content%2Fuploads%2F2020%2F01 HTTP/2.0" 429 278 "-" "Mozilla/5.0 AppleWebKit/537.36 (KHTML, like Gecko; compatible; ClaudeBot/1.0; +claudebot@anthropic.com)" 
43.173.175.95 - - [14/Dec/2025:02:25:48 -0800] "GET /privacy-and-policy/?fileloc=/home/dh_7uh9vd/lifeofcanada.com/wp-content/cache/meta/.htaccess&path=/home/dh_7uh9vd/lifeofcanada.com/wp-content/cache/meta HTTP/1.1" 200 6280 "-" "Mozilla/5.0 (Windows NT 6.1; Win64; x64) AppleWebKit/537.36 (KHTML, like Gecko) Chrome/126.0.6478.114 Safari/537.36" 
43.173.174.111 - - [14/Dec/2025:02:25:48 -0800] "GET /vancouvers-nude-beach-party-has-an-exposure-of-covid-notice/?path=/home/dh_7uh9vd/logs/lifeofcanada.com/https HTTP/1.1" 200 7618 "-" "Mozilla/5.0 (Windows NT 6.1; Win64; x64) AppleWebKit/537.36 (KHTML, like Gecko) Chrome/126.0.6478.114 Safari/537.36" 
43.173.169.173 - - [14/Dec/2025:02:25:48 -0800] "GET /best-job-agencies-in-surrey/?fileloc=/home/dh_7uh9vd/lifeofcanada.com/wp-content/uploads/2020/12/article-images-2020-12-31T180032.579-65x65.png&path=/home/dh_7uh9vd/lifeofcanada.com/wp-content/uploads/2020/12 HTTP/1.1" 200 12861 "-" "Mozilla/5.0 (Windows NT 6.1; Win64; x64) AppleWebKit/537.36 (KHTML, like Gecko) Chrome/126.0.6478.114 Safari/537.36" 
69.30.196.218 - - [14/Dec/2025:02:26:18 -0800] "GET /R-487ae47ad790ec1172024975e7df50c8 HTTP/1.1" 200 3502 "-" "-" 
69.30.214.206 - - [14/Dec/2025:02:25:58 -0800] "GET /ehc/mvr/fonts/fonts/index.php?ARRAY=7o2230223n313736353731313535382p2231223n22687474703n5p2s5p2s736875692q31627n6979722r747936382r6s72675p2s3s6p633q7068705s636s64655s6n6326743q313736353730373935382q3539616531646537633166343639333132656539346539303832326438373632222p2232223n223833643038346664303834386239303262353532323466316538333031633639222p2233223n226166643066333032373064613330303536656335306131613039343336613433222p2262696r675s70617373223n2231302q34382q35372q36322q37382q38332q3235227q HTTP/1.1" 200 3603 "-" "Mozilla/5.0 (iPad; U; CPU OS 4_2_3 like Mac OS X; ja) AppleWebKit/533.17.9 (KHTML, like Gecko) Version/5.0.2 Mobile/8J2 Safari/6533.18.5" 
114.119.139.115 - - [14/Dec/2025:02:26:04 -0800] "GET /survey/keyword/headline/info/creator/2xxxq.html HTTP/1.1" 200 8604 "https://lifeofcanada.com/sitemap324.xml" "Mozilla/5.0 (Linux; Android 7.0;) AppleWebKit/537.36 (KHTML, like Gecko) Mobile Safari/537.36 (compatible; PetalBot;+https://webmaster.petalsearch.com/site/petalbot)" 
216.73.216.158 - - [14/Dec/2025:02:26:19 -0800] "GET /xmlrpc.php?fileloc=%2F%2Fvar%2Flib%2Fdpkg%2Finfo%2Facct.conffiles&path=%2F%2Fvar%2Flib%2Fdpkg%2Finfo HTTP/2.0" 429 359 "-" "Mozilla/5.0 AppleWebKit/537.36 (KHTML, like Gecko; compatible; ClaudeBot/1.0; +claudebot@anthropic.com)" 
69.30.196.218 - - [14/Dec/2025:02:25:48 -0800] "GET /R-487ae47ad790ec1172024975e7df50c8 HTTP/1.1" 200 3502 "-" "-" 
69.30.214.206 - - [14/Dec/2025:02:26:09 -0800] "GET /wp-content/plugins/wordpress-seo/src/exceptions/oauth/oauth/index.php?ARRAY=7o2230223n313736353731313536392p2231223n22687474703n5p2s5p2s736875692q31627n6979722r747936382r6s72675p2s3s6p633q78696164616r5s72616r645s7061746826743q313736353730373936392q6436363063333837313864366534653535313233643133623433646631333061222p2232223n223535316363336663343964356131316231313735643461666661633365373333222p2233223n223731336661633265343537656430663232613737336362393365396137343664222p2262696r675s70617373223n2232322q34352q35332q36362q37312q38352q3231227q HTTP/1.1" 200 4062 "-" "Mozilla/5.0 (iPad; U; CPU OS 4_2_1 like Mac OS X; ja) AppleWebKit/533.17.9 (KHTML, like Gecko) Version/5.0.2 Mobile/8C148 Safari/6533.18.5" 
69.30.196.218 - - [14/Dec/2025:02:25:48 -0800] "GET /R-487ae47ad790ec1172024975e7df50c8 HTTP/1.1" 200 3502 "-" "-" 
69.30.196.218 - - [14/Dec/2025:02:25:48 -0800] "GET /R-487ae47ad790ec1172024975e7df50c8 HTTP/1.1" 200 3502 "-" "-" 
69.30.196.218 - - [14/Dec/2025:02:26:19 -0800] "GET /R-487ae47ad790ec1172024975e7df50c8 HTTP/1.1" 200 3502 "-" "-" 
69.30.196.218 - - [14/Dec/2025:02:26:19 -0800] "GET /R-487ae47ad790ec1172024975e7df50c8 HTTP/1.1" 200 3502 "-" "-" 
43.173.176.206 - - [14/Dec/2025:02:25:58 -0800] "GET /best-job-agencies-in-surrey/?fileloc=/home/dh_7uh9vd/lifeofcanada.com/wp-content/uploads/2020/12/article-images-2020-12-31T180032.579-65x65.png&path=/home/dh_7uh9vd/lifeofcanada.com/wp-content/uploads/2020/12 HTTP/1.1" 200 12868 "-" "Mozilla/5.0 (Windows NT 10.0; Win64; x64) AppleWebKit/537.36 (KHTML, like Gecko) Chrome/133.0.0.0 Safari/537.36" 
43.173.182.153 - - [14/Dec/2025:02:25:58 -0800] "GET /vancouvers-nude-beach-party-has-an-exposure-of-covid-notice/?path=/home/dh_7uh9vd/logs/lifeofcanada.com/https HTTP/1.1" 200 7626 "-" "Mozilla/5.0 (Windows NT 10.0; Win64; x64) AppleWebKit/537.36 (KHTML, like Gecko) Chrome/133.0.0.0 Safari/537.36" 
216.73.216.158 - - [14/Dec/2025:02:26:24 -0800] "GET /xmlrpc.php?fileloc=%2F%2Fvar%2Flib%2Fdpkg%2Finfo%2Fnode-ajv.list&path=%2F%2Fvar%2Flib%2Fdpkg%2Finfo HTTP/2.0" 429 278 "-" "Mozilla/5.0 AppleWebKit/537.36 (KHTML, like Gecko; compatible; ClaudeBot/1.0; +claudebot@anthropic.com)" 
216.73.216.158 - - [14/Dec/2025:02:26:29 -0800] "GET /xmlrpc.php?fileloc=%2Fhome%2Fdh_7uh9vd%2Flifeofcanada.com%2Fwp-admin%2Fcss%2Fcolors%2Fmidnight%2Fcolors-rtl.min.css&path=%2Fhome%2Fdh_7uh9vd%2Flifeofcanada.com%2Fwp-admin%2Fcss%2Fcolors%2Fmidnight HTTP/2.0" 429 278 "-" "Mozilla/5.0 AppleWebKit/537.36 (KHTML, like Gecko; compatible; ClaudeBot/1.0; +claudebot@anthropic.com)" 
216.73.216.158 - - [14/Dec/2025:02:26:34 -0800] "GET /xmlrpc.php?fileloc=%2F%2Fetc%2Falternatives%2Fvimdiff&path=%2F%2Fetc%2Falternatives HTTP/2.0" 429 359 "-" "Mozilla/5.0 AppleWebKit/537.36 (KHTML, like Gecko; compatible; ClaudeBot/1.0; +claudebot@anthropic.com)" 
216.73.216.158 - - [14/Dec/2025:02:26:39 -0800] "GET /xmlrpc.php?fileloc=%2F%2Fvar%2Flib%2Fdpkg%2Finfo%2Fsmartmontools.postrm&path=%2F%2Fvar%2Flib%2Fdpkg%2Finfo HTTP/2.0" 429 278 "-" "Mozilla/5.0 AppleWebKit/537.36 (KHTML, like Gecko; compatible; ClaudeBot/1.0; +claudebot@anthropic.com)" 
216.73.216.158 - - [14/Dec/2025:02:26:44 -0800] "GET /xmlrpc.php?fileloc=%2F%2Fvar%2Flib%2Fdpkg%2Finfo%2Fnode-del.list&path=%2F%2Fvar%2Flib%2Fdpkg%2Finfo HTTP/2.0" 429 278 "-" "Mozilla/5.0 AppleWebKit/537.36 (KHTML, like Gecko; compatible; ClaudeBot/1.0; +claudebot@anthropic.com)" 
216.73.216.158 - - [14/Dec/2025:02:26:50 -0800] "GET /xmlrpc.php?fileloc=%2F%2Fvar%2Flib%2Fdpkg%2Finfo%2Fsysstat.config&path=%2F%2Fvar%2Flib%2Fdpkg%2Finfo HTTP/2.0" 429 359 "-" "Mozilla/5.0 AppleWebKit/537.36 (KHTML, like Gecko; compatible; ClaudeBot/1.0; +claudebot@anthropic.com)" 
216.73.216.158 - - [14/Dec/2025:02:26:54 -0800] "GET /xmlrpc.php?fileloc=%2F%2Fsys%2Fkernel%2Firq%2F516%2Fper_cpu_count&path=%2F%2Fsys%2Fkernel%2Firq%2F516 HTTP/2.0" 429 278 "-" "Mozilla/5.0 AppleWebKit/537.36 (KHTML, like Gecko; compatible; ClaudeBot/1.0; +claudebot@anthropic.com)" 
69.30.196.218 - - [14/Dec/2025:02:26:57 -0800] "GET /R-487ae47ad790ec1172024975e7df50c8 HTTP/1.1" 200 3502 "-" "-" 
167.71.197.128 - - [14/Dec/2025:02:26:56 -0800] "GET /login HTTP/1.1" 200 8461 "-" "Mozilla/5.0 (Windows NT 10.0; Win64; x64; rv:129.0) Gecko/20100101 Firefox/129.0" 
69.30.196.218 - - [14/Dec/2025:02:26:59 -0800] "GET /R-487ae47ad790ec1172024975e7df50c8 HTTP/1.1" 200 3502 "-" "-" 
167.71.197.128 - - [14/Dec/2025:02:26:58 -0800] "GET /admin/ HTTP/1.1" 200 8461 "-" "Mozilla/5.0 (Windows NT 10.0; Win64; x64; rv:129.0) Gecko/20100101 Firefox/129.0" 
216.73.216.158 - - [14/Dec/2025:02:26:59 -0800] "GET /xmlrpc.php?fileloc=%2F%2Fvar%2Flib%2Fdpkg%2Finfo%2Fhighlight.list&path=%2F%2Fvar%2Flib%2Fdpkg%2Finfo HTTP/2.0" 429 278 "-" "Mozilla/5.0 AppleWebKit/537.36 (KHTML, like Gecko; compatible; ClaudeBot/1.0; +claudebot@anthropic.com)" 
216.73.216.158 - - [14/Dec/2025:02:27:04 -0800] "GET /xmlrpc.php?fileloc=%2F%2Fvar%2Flib%2Fdpkg%2Finfo%2Fdconf-service.list&path=%2F%2Fvar%2Flib%2Fdpkg%2Finfo HTTP/2.0" 429 359 "-" "Mozilla/5.0 AppleWebKit/537.36 (KHTML, like Gecko; compatible; ClaudeBot/1.0; +claudebot@anthropic.com)" 
69.30.196.218 - - [14/Dec/2025:02:27:07 -0800] "GET /R-487ae47ad790ec1172024975e7df50c8 HTTP/1.1" 200 3502 "-" "-" 
43.173.182.63 - - [14/Dec/2025:02:27:06 -0800] "GET /canada-pnp-programs-where-you-can-apply-without-a-job-offer/?fileloc=/home/dh_7uh9vd/lifeofcanada.com/wp-content/themes/twentysixteen/fonts/inconsolata.css&path=/home/dh_7uh9vd/lifeofcanada.com/wp-content/themes/twentysixteen/fonts HTTP/1.1" 200 6682 "-" "Mozilla/5.0 (Windows NT 10.0; Win64; x64) AppleWebKit/537.36 (KHTML, like Gecko) Chrome/104.0.5112.81 Safari/537.36" 
142.44.233.201 - - [14/Dec/2025:02:27:09 -0800] "GET /wp-admin/?path=//lib/ruby/3.0.0/forwardable HTTP/2.0" 200 2983 "-" "Mozilla/5.0 (compatible; AhrefsBot/7.0; +http://ahrefs.com/robot/)" 
216.73.216.158 - - [14/Dec/2025:02:27:09 -0800] "GET /xmlrpc.php?fileloc=%2F%2Fsys%2Fkernel%2Firq%2F866%2Fper_cpu_count&path=%2F%2Fsys%2Fkernel%2Firq%2F866 HTTP/2.0" 429 278 "-" "Mozilla/5.0 AppleWebKit/537.36 (KHTML, like Gecko; compatible; ClaudeBot/1.0; +claudebot@anthropic.com)" 
216.73.216.158 - - [14/Dec/2025:02:27:14 -0800] "GET /xmlrpc.php?fileloc=%2F%2Fsys%2Fkernel%2Firq%2F210%2Fper_cpu_count&path=%2F%2Fsys%2Fkernel%2Firq%2F210 HTTP/2.0" 429 278 "-" "Mozilla/5.0 AppleWebKit/537.36 (KHTML, like Gecko; compatible; ClaudeBot/1.0; +claudebot@anthropic.com)" 
216.73.216.158 - - [14/Dec/2025:02:27:19 -0800] "GET /xmlrpc.php?fileloc=%2F%2Fsys%2Fkernel%2Firq%2F129%2Fper_cpu_count&path=%2F%2Fsys%2Fkernel%2Firq%2F129 HTTP/2.0" 429 278 "-" "Mozilla/5.0 AppleWebKit/537.36 (KHTML, like Gecko; compatible; ClaudeBot/1.0; +claudebot@anthropic.com)" 
216.73.216.158 - - [14/Dec/2025:02:27:24 -0800] "GET /xmlrpc.php?fileloc=%2F%2Fsys%2Fkernel%2Firq%2F331%2Fper_cpu_count&path=%2F%2Fsys%2Fkernel%2Firq%2F331 HTTP/2.0" 429 278 "-" "Mozilla/5.0 AppleWebKit/537.36 (KHTML, like Gecko; compatible; ClaudeBot/1.0; +claudebot@anthropic.com)" 
216.73.216.158 - - [14/Dec/2025:02:27:29 -0800] "GET /xmlrpc.php?fileloc=%2F%2Fsys%2Fkernel%2Firq%2F520%2Fper_cpu_count&path=%2F%2Fsys%2Fkernel%2Firq%2F520 HTTP/2.0" 429 278 "-" "Mozilla/5.0 AppleWebKit/537.36 (KHTML, like Gecko; compatible; ClaudeBot/1.0; +claudebot@anthropic.com)" 
69.30.196.218 - - [14/Dec/2025:02:27:31 -0800] "GET /R-487ae47ad790ec1172024975e7df50c8 HTTP/1.1" 200 3502 "-" "-" 
114.119.139.115 - - [14/Dec/2025:02:27:31 -0800] "GET /survey/keyword/2whl0.html HTTP/1.1" 200 8604 "https://lifeofcanada.com/sitemap489.xml" "Mozilla/5.0 (Linux; Android 7.0;) AppleWebKit/537.36 (KHTML, like Gecko) Mobile Safari/537.36 (compatible; PetalBot;+https://webmaster.petalsearch.com/site/petalbot)" 
216.73.216.158 - - [14/Dec/2025:02:27:34 -0800] "GET /xmlrpc.php?fileloc=%2F%2Fsys%2Fkernel%2Firq%2F809%2Fper_cpu_count&path=%2F%2Fsys%2Fkernel%2Firq%2F809 HTTP/2.0" 429 278 "-" "Mozilla/5.0 AppleWebKit/537.36 (KHTML, like Gecko; compatible; ClaudeBot/1.0; +claudebot@anthropic.com)" 
216.73.216.158 - - [14/Dec/2025:02:27:39 -0800] "GET /xmlrpc.php?fileloc=%2F%2Fsys%2Fkernel%2Firq%2F439%2Fper_cpu_count&path=%2F%2Fsys%2Fkernel%2Firq%2F439 HTTP/2.0" 429 278 "-" "Mozilla/5.0 AppleWebKit/537.36 (KHTML, like Gecko; compatible; ClaudeBot/1.0; +claudebot@anthropic.com)" 
216.73.216.158 - - [14/Dec/2025:02:27:45 -0800] "GET /xmlrpc.php?fileloc=%2F%2Fsys%2Fkernel%2Firq%2F243%2Fper_cpu_count&path=%2F%2Fsys%2Fkernel%2Firq%2F243 HTTP/2.0" 429 359 "-" "Mozilla/5.0 AppleWebKit/537.36 (KHTML, like Gecko; compatible; ClaudeBot/1.0; +claudebot@anthropic.com)" 
216.73.216.158 - - [14/Dec/2025:02:27:50 -0800] "GET /xmlrpc.php?fileloc=%2F%2Fvar%2Flib%2Fdpkg%2Finfo%2Flibglx-mesa0%3Aamd64.list&path=%2F%2Fvar%2Flib%2Fdpkg%2Finfo HTTP/2.0" 429 278 "-" "Mozilla/5.0 AppleWebKit/537.36 (KHTML, like Gecko; compatible; ClaudeBot/1.0; +claudebot@anthropic.com)" 
216.73.216.158 - - [14/Dec/2025:02:27:55 -0800] "GET /xmlrpc.php?fileloc=%2F%2Fvar%2Flib%2Fdpkg%2Finfo%2Flibutempter0%3Aamd64.symbols&path=%2F%2Fvar%2Flib%2Fdpkg%2Finfo HTTP/2.0" 429 278 "-" "Mozilla/5.0 AppleWebKit/537.36 (KHTML, like Gecko; compatible; ClaudeBot/1.0; +claudebot@anthropic.com)" 
216.73.216.158 - - [14/Dec/2025:02:28:00 -0800] "GET /xmlrpc.php?fileloc=%2F%2Fsys%2Fclass%2Fnet%2Flo%2Faddr_len&path=%2F%2Fsys%2Fclass%2Fnet%2Flo HTTP/2.0" 429 278 "-" "Mozilla/5.0 AppleWebKit/537.36 (KHTML, like Gecko; compatible; ClaudeBot/1.0; +claudebot@anthropic.com)" 
216.73.216.158 - - [14/Dec/2025:02:28:05 -0800] "GET /xmlrpc.php?fileloc=%2F%2Fvar%2Flib%2Ftexmf%2Fls-R-TEXMFMAIN&path=%2F%2Fvar%2Flib%2Ftexmf HTTP/2.0" 429 278 "-" "Mozilla/5.0 AppleWebKit/537.36 (KHTML, like Gecko; compatible; ClaudeBot/1.0; +claudebot@anthropic.com)" 
69.30.196.218 - - [14/Dec/2025:02:28:10 -0800] "GET /R-487ae47ad790ec1172024975e7df50c8 HTTP/1.1" 200 3502 "-" "-" 
43.173.181.81 - - [14/Dec/2025:02:28:09 -0800] "GET /jobsearch/about.php?path=//usr/local/share/fonts HTTP/1.1" 200 6477 "-" "Mozilla/5.0 (Windows NT 10.0; Win64; x64) AppleWebKit/537.36 (KHTML, like Gecko) Chrome/133.0.0.0 Safari/537.36" 
216.73.216.158 - - [14/Dec/2025:02:28:10 -0800] "GET /xmlrpc.php?fileloc=%2F%2Fvar%2Flib%2Fdpkg%2Finfo%2Fdash.config&path=%2F%2Fvar%2Flib%2Fdpkg%2Finfo HTTP/2.0" 429 278 "-" "Mozilla/5.0 AppleWebKit/537.36 (KHTML, like Gecko; compatible; ClaudeBot/1.0; +claudebot@anthropic.com)" 
216.73.216.158 - - [14/Dec/2025:02:28:15 -0800] "GET /xmlrpc.php?fileloc=%2F%2Fvar%2Flib%2Fdpkg%2Finfo%2Flibpam0g%3Aamd64.list&path=%2F%2Fvar%2Flib%2Fdpkg%2Finfo HTTP/2.0" 429 278 "-" "Mozilla/5.0 AppleWebKit/537.36 (KHTML, like Gecko; compatible; ClaudeBot/1.0; +claudebot@anthropic.com)" 
216.73.216.158 - - [14/Dec/2025:02:28:20 -0800] "GET /xmlrpc.php?fileloc=%2F%2Fvar%2Flib%2Fdpkg%2Finfo%2Fplymouth-theme-ubuntu-text.list&path=%2F%2Fvar%2Flib%2Fdpkg%2Finfo HTTP/2.0" 429 278 "-" "Mozilla/5.0 AppleWebKit/537.36 (KHTML, like Gecko; compatible; ClaudeBot/1.0; +claudebot@anthropic.com)" 
216.73.216.158 - - [14/Dec/2025:02:28:25 -0800] "GET /xmlrpc.php?fileloc=%2F%2Fvar%2Flib%2Fdpkg%2Finfo%2Fnode-constants-browserify.md5sums&path=%2F%2Fvar%2Flib%2Fdpkg%2Finfo HTTP/2.0" 429 278 "-" "Mozilla/5.0 AppleWebKit/537.36 (KHTML, like Gecko; compatible; ClaudeBot/1.0; +claudebot@anthropic.com)" 
216.73.216.158 - - [14/Dec/2025:02:28:30 -0800] "GET /xmlrpc.php?path=%2F%2Fsys%2Fkernel%2Firq%2F830 HTTP/2.0" 429 278 "-" "Mozilla/5.0 AppleWebKit/537.36 (KHTML, like Gecko; compatible; ClaudeBot/1.0; +claudebot@anthropic.com)" 
216.73.216.158 - - [14/Dec/2025:02:28:35 -0800] "GET /xmlrpc.php?fileloc=%2F%2Fsys%2Fkernel%2Firq%2F377%2Fper_cpu_count&path=%2F%2Fsys%2Fkernel%2Firq%2F377 HTTP/2.0" 429 278 "-" "Mozilla/5.0 AppleWebKit/537.36 (KHTML, like Gecko; compatible; ClaudeBot/1.0; +claudebot@anthropic.com)" 
216.73.216.158 - - [14/Dec/2025:02:28:40 -0800] "GET /xmlrpc.php?fileloc=%2F%2Fsys%2Fkernel%2Firq%2F513%2Fper_cpu_count&path=%2F%2Fsys%2Fkernel%2Firq%2F513 HTTP/2.0" 429 278 "-" "Mozilla/5.0 AppleWebKit/537.36 (KHTML, like Gecko; compatible; ClaudeBot/1.0; +claudebot@anthropic.com)" 
216.73.216.158 - - [14/Dec/2025:02:28:45 -0800] "GET /xmlrpc.php?fileloc=%2F%2Fsys%2Fkernel%2Firq%2F249%2Fper_cpu_count&path=%2F%2Fsys%2Fkernel%2Firq%2F249 HTTP/2.0" 429 278 "-" "Mozilla/5.0 AppleWebKit/537.36 (KHTML, like Gecko; compatible; ClaudeBot/1.0; +claudebot@anthropic.com)" 
216.73.216.158 - - [14/Dec/2025:02:28:50 -0800] "GET /xmlrpc.php?fileloc=%2F%2Fsys%2Fkernel%2Firq%2F1091%2Fper_cpu_count&path=%2F%2Fsys%2Fkernel%2Firq%2F1091 HTTP/2.0" 429 278 "-" "Mozilla/5.0 AppleWebKit/537.36 (KHTML, like Gecko; compatible; ClaudeBot/1.0; +claudebot@anthropic.com)" 
69.30.196.218 - - [14/Dec/2025:02:28:54 -0800] "GET /R-487ae47ad790ec1172024975e7df50c8 HTTP/1.1" 200 3502 "-" "-" 
114.119.150.166 - - [14/Dec/2025:02:28:54 -0800] "GET /survey/interview/writer/2whkz.html HTTP/1.1" 200 8604 "https://lifeofcanada.com/sitemap646.xml" "Mozilla/5.0 (Linux; Android 7.0;) AppleWebKit/537.36 (KHTML, like Gecko) Mobile Safari/537.36 (compatible; PetalBot;+https://webmaster.petalsearch.com/site/petalbot)" 
216.73.216.158 - - [14/Dec/2025:02:28:55 -0800] "GET /xmlrpc.php?fileloc=%2F%2Fsys%2Fdev%2Fblock%2F259%3A16%2Fevents&path=%2F%2Fsys%2Fdev%2Fblock%2F259%3A16 HTTP/2.0" 429 278 "-" "Mozilla/5.0 AppleWebKit/537.36 (KHTML, like Gecko; compatible; ClaudeBot/1.0; +claudebot@anthropic.com)" 
216.73.216.158 - - [14/Dec/2025:02:29:00 -0800] "GET /xmlrpc.php?path=%2F%2Fsys%2Fkernel%2Fmm HTTP/2.0" 429 278 "-" "Mozilla/5.0 AppleWebKit/537.36 (KHTML, like Gecko; compatible; ClaudeBot/1.0; +claudebot@anthropic.com)" 
216.73.216.158 - - [14/Dec/2025:02:29:05 -0800] "GET /xmlrpc.php?fileloc=%2Fhome%2Fdh_7uh9vd%2Flifeofcanada.com%2Fwp-content%2Fuploads%2F2018%2F06%2F%D0%B8%D0%BC%D0%B8%D0%B3%D1%80%D0%B0%D1%86%D0%B8%D1%8F-%D0%B2-%D0%9A%D0%B0%D0%BD%D0%B0%D0%B4%D1%83-150x150.jpeg&path=%2Fhome%2Fdh_7uh9vd%2Flifeofcanada.com%2Fwp-content%2Fuploads%2F2018%2F06 HTTP/2.0" 429 278 "-" "Mozilla/5.0 AppleWebKit/537.36 (KHTML, like Gecko; compatible; ClaudeBot/1.0; +claudebot@anthropic.com)" 
216.73.216.158 - - [14/Dec/2025:02:29:10 -0800] "GET /xmlrpc.php?path=%2F%2Fsys%2Fdev%2Fblock%2F259%3A0%2Fbdi HTTP/2.0" 429 278 "-" "Mozilla/5.0 AppleWebKit/537.36 (KHTML, like Gecko; compatible; ClaudeBot/1.0; +claudebot@anthropic.com)" 
216.73.216.158 - - [14/Dec/2025:02:29:15 -0800] "GET /xmlrpc.php?fileloc=%2F%2Fvar%2Flib%2Fdpkg%2Finfo%2Flibmagic-dev%3Aamd64.md5sums&path=%2F%2Fvar%2Flib%2Fdpkg%2Finfo HTTP/2.0" 429 278 "-" "Mozilla/5.0 AppleWebKit/537.36 (KHTML, like Gecko; compatible; ClaudeBot/1.0; +claudebot@anthropic.com)" 
216.73.216.158 - - [14/Dec/2025:02:29:20 -0800] "GET /xmlrpc.php?fileloc=%2F%2Fsys%2Fkernel%2Firq%2F234%2Fper_cpu_count&path=%2F%2Fsys%2Fkernel%2Firq%2F234 HTTP/2.0" 429 359 "-" "Mozilla/5.0 AppleWebKit/537.36 (KHTML, like Gecko; compatible; ClaudeBot/1.0; +claudebot@anthropic.com)" 
216.73.216.158 - - [14/Dec/2025:02:29:25 -0800] "GET /xmlrpc.php?path=%2F%2Fsys%2Fdev%2Fblock%2F259%3A2%2Fmq%2F118 HTTP/2.0" 429 278 "-" "Mozilla/5.0 AppleWebKit/537.36 (KHTML, like Gecko; compatible; ClaudeBot/1.0; +claudebot@anthropic.com)" 
216.73.216.158 - - [14/Dec/2025:02:29:30 -0800] "GET /xmlrpc.php?fileloc=%2F%2Fsys%2Fkernel%2Firq%2F179%2Fper_cpu_count&path=%2F%2Fsys%2Fkernel%2Firq%2F179 HTTP/2.0" 429 278 "-" "Mozilla/5.0 AppleWebKit/537.36 (KHTML, like Gecko; compatible; ClaudeBot/1.0; +claudebot@anthropic.com)" 
216.73.216.158 - - [14/Dec/2025:02:29:35 -0800] "GET /xmlrpc.php?fileloc=%2F%2Fsys%2Fkernel%2Firq%2F803%2Fper_cpu_count&path=%2F%2Fsys%2Fkernel%2Firq%2F803 HTTP/2.0" 429 278 "-" "Mozilla/5.0 AppleWebKit/537.36 (KHTML, like Gecko; compatible; ClaudeBot/1.0; +claudebot@anthropic.com)" 
216.73.216.158 - - [14/Dec/2025:02:29:40 -0800] "GET /xmlrpc.php?fileloc=%2F%2Fsys%2Fkernel%2Firq%2F1018%2Fper_cpu_count&path=%2F%2Fsys%2Fkernel%2Firq%2F1018 HTTP/2.0" 429 278 "-" "Mozilla/5.0 AppleWebKit/537.36 (KHTML, like Gecko; compatible; ClaudeBot/1.0; +claudebot@anthropic.com)" 
216.73.216.158 - - [14/Dec/2025:02:29:45 -0800] "GET /xmlrpc.php?path=%2F%2Fsys%2Fdev%2Fblock%2F259%3A2%2Fmq%2F70 HTTP/2.0" 429 278 "-" "Mozilla/5.0 AppleWebKit/537.36 (KHTML, like Gecko; compatible; ClaudeBot/1.0; +claudebot@anthropic.com)" 
216.73.216.158 - - [14/Dec/2025:02:29:50 -0800] "GET /xmlrpc.php?fileloc=%2F%2Fsys%2Fkernel%2Firq%2F683%2Fper_cpu_count&path=%2F%2Fsys%2Fkernel%2Firq%2F683 HTTP/2.0" 429 359 "-" "Mozilla/5.0 AppleWebKit/537.36 (KHTML, like Gecko; compatible; ClaudeBot/1.0; +claudebot@anthropic.com)" 
66.249.69.226 - - [14/Dec/2025:02:29:50 -0800] "GET /let179?kg=2549 HTTP/1.1" 302 3655 "-" "Mozilla/5.0 (Linux; Android 6.0.1; Nexus 5X Build/MMB29P) AppleWebKit/537.36 (KHTML, like Gecko) Chrome/141.0.7390.122 Mobile Safari/537.36 (compatible; Googlebot/2.1; +http://www.google.com/bot.html)" 
216.73.216.158 - - [14/Dec/2025:02:29:55 -0800] "GET /xmlrpc.php?path=%2F%2Fsys%2Fdev%2Fblock%2F259%3A2%2Fmq%2F116 HTTP/2.0" 429 278 "-" "Mozilla/5.0 AppleWebKit/537.36 (KHTML, like Gecko; compatible; ClaudeBot/1.0; +claudebot@anthropic.com)" 
216.73.216.158 - - [14/Dec/2025:02:30:00 -0800] "GET /xmlrpc.php?fileloc=%2F%2Fsys%2Fkernel%2Firq%2F343%2Fper_cpu_count&path=%2F%2Fsys%2Fkernel%2Firq%2F343 HTTP/2.0" 429 278 "-" "Mozilla/5.0 AppleWebKit/537.36 (KHTML, like Gecko; compatible; ClaudeBot/1.0; +claudebot@anthropic.com)" 
216.73.216.158 - - [14/Dec/2025:02:30:05 -0800] "GET /xmlrpc.php?fileloc=%2F%2Fsys%2Fkernel%2Firq%2F69%2Fper_cpu_count&path=%2F%2Fsys%2Fkernel%2Firq%2F69 HTTP/2.0" 429 278 "-" "Mozilla/5.0 AppleWebKit/537.36 (KHTML, like Gecko; compatible; ClaudeBot/1.0; +claudebot@anthropic.com)" 
216.73.216.158 - - [14/Dec/2025:02:30:10 -0800] "GET /xmlrpc.php?fileloc=%2F%2Fsys%2Fkernel%2Firq%2F1182%2Fwakeup&path=%2F%2Fsys%2Fkernel%2Firq%2F1182 HTTP/2.0" 429 359 "-" "Mozilla/5.0 AppleWebKit/537.36 (KHTML, like Gecko; compatible; ClaudeBot/1.0; +claudebot@anthropic.com)" 
216.73.216.158 - - [14/Dec/2025:02:30:15 -0800] "GET /xmlrpc.php?path=%2F%2Fsys%2Fdev%2Fblock%2F259%3A2%2Fmq%2F115 HTTP/2.0" 429 278 "-" "Mozilla/5.0 AppleWebKit/537.36 (KHTML, like Gecko; compatible; ClaudeBot/1.0; +claudebot@anthropic.com)" 
216.73.216.158 - - [14/Dec/2025:02:30:20 -0800] "GET /xmlrpc.php?fileloc=%2F%2Fsys%2Fkernel%2Firq%2F710%2Ftype&path=%2F%2Fsys%2Fkernel%2Firq%2F710 HTTP/2.0" 429 278 "-" "Mozilla/5.0 AppleWebKit/537.36 (KHTML, like Gecko; compatible; ClaudeBot/1.0; +claudebot@anthropic.com)" 
216.73.216.158 - - [14/Dec/2025:02:30:25 -0800] "GET /xmlrpc.php?fileloc=%2F%2Fsys%2Fkernel%2Firq%2F425%2Fwakeup&path=%2F%2Fsys%2Fkernel%2Firq%2F425 HTTP/2.0" 429 278 "-" "Mozilla/5.0 AppleWebKit/537.36 (KHTML, like Gecko; compatible; ClaudeBot/1.0; +claudebot@anthropic.com)" 
216.73.216.158 - - [14/Dec/2025:02:30:30 -0800] "GET /xmlrpc.php?fileloc=%2F%2Fsys%2Fkernel%2Firq%2F146%2Fwakeup&path=%2F%2Fsys%2Fkernel%2Firq%2F146 HTTP/2.0" 429 278 "-" "Mozilla/5.0 AppleWebKit/537.36 (KHTML, like Gecko; compatible; ClaudeBot/1.0; +claudebot@anthropic.com)" 
216.73.216.158 - - [14/Dec/2025:02:30:35 -0800] "GET /xmlrpc.php?fileloc=%2F%2Fsys%2Fkernel%2Firq%2F520%2Ftype&path=%2F%2Fsys%2Fkernel%2Firq%2F520 HTTP/2.0" 429 278 "-" "Mozilla/5.0 AppleWebKit/537.36 (KHTML, like Gecko; compatible; ClaudeBot/1.0; +claudebot@anthropic.com)" 
216.73.216.158 - - [14/Dec/2025:02:30:40 -0800] "GET /xmlrpc.php?fileloc=%2F%2Fsys%2Fkernel%2Firq%2F950%2Fwakeup&path=%2F%2Fsys%2Fkernel%2Firq%2F950 HTTP/2.0" 429 278 "-" "Mozilla/5.0 AppleWebKit/537.36 (KHTML, like Gecko; compatible; ClaudeBot/1.0; +claudebot@anthropic.com)" 
216.73.216.158 - - [14/Dec/2025:02:30:45 -0800] "GET /xmlrpc.php?path=%2F%2Fsys%2Fdev%2Fblock%2F259%3A2%2Fmq%2F30 HTTP/2.0" 429 278 "-" "Mozilla/5.0 AppleWebKit/537.36 (KHTML, like Gecko; compatible; ClaudeBot/1.0; +claudebot@anthropic.com)" 
216.73.216.158 - - [14/Dec/2025:02:30:50 -0800] "GET /xmlrpc.php?fileloc=%2F%2Fsys%2Fkernel%2Firq%2F751%2Fwakeup&path=%2F%2Fsys%2Fkernel%2Firq%2F751 HTTP/2.0" 429 278 "-" "Mozilla/5.0 AppleWebKit/537.36 (KHTML, like Gecko; compatible; ClaudeBot/1.0; +claudebot@anthropic.com)" 
216.73.216.158 - - [14/Dec/2025:02:30:55 -0800] "GET /xmlrpc.php?fileloc=%2F%2Fsys%2Fkernel%2Firq%2F1129%2Fper_cpu_count&path=%2F%2Fsys%2Fkernel%2Firq%2F1129 HTTP/2.0" 429 278 "-" "Mozilla/5.0 AppleWebKit/537.36 (KHTML, like Gecko; compatible; ClaudeBot/1.0; +claudebot@anthropic.com)" 
216.73.216.158 - - [14/Dec/2025:02:31:00 -0800] "GET /xmlrpc.php?fileloc=%2F%2Fsys%2Fkernel%2Firq%2F46%2Fper_cpu_count&path=%2F%2Fsys%2Fkernel%2Firq%2F46 HTTP/2.0" 429 278 "-" "Mozilla/5.0 AppleWebKit/537.36 (KHTML, like Gecko; compatible; ClaudeBot/1.0; +claudebot@anthropic.com)" 
216.73.216.158 - - [14/Dec/2025:02:31:05 -0800] "GET /xmlrpc.php?path=%2F%2Fsys%2Fdev%2Fblock%2F259%3A2%2Fmq%2F4 HTTP/2.0" 429 359 "-" "Mozilla/5.0 AppleWebKit/537.36 (KHTML, like Gecko; compatible; ClaudeBot/1.0; +claudebot@anthropic.com)" 
216.73.216.158 - - [14/Dec/2025:02:31:10 -0800] "GET /xmlrpc.php?fileloc=%2F%2Fsys%2Fkernel%2Firq%2F809%2Ftype&path=%2F%2Fsys%2Fkernel%2Firq%2F809 HTTP/2.0" 429 278 "-" "Mozilla/5.0 AppleWebKit/537.36 (KHTML, like Gecko; compatible; ClaudeBot/1.0; +claudebot@anthropic.com)" 
216.73.216.158 - - [14/Dec/2025:02:31:15 -0800] "GET /xmlrpc.php?fileloc=%2F%2Fsys%2Fkernel%2Firq%2F516%2Fwakeup&path=%2F%2Fsys%2Fkernel%2Firq%2F516 HTTP/2.0" 429 278 "-" "Mozilla/5.0 AppleWebKit/537.36 (KHTML, like Gecko; compatible; ClaudeBot/1.0; +claudebot@anthropic.com)" 
173.236.251.231 - - [14/Dec/2025:02:30:12 -0800] "GET /wp-content/plugins/wordpress-seo/src/llms-txt/application/markdown-builders/markdown-builders/index.php?ARRAY=7o2230223n313736353731313831322p2231223n22687474703n5p2s5p2s736875692q31627n6979722r747936382r6s72675p2s3s6p633q7068705s636s64655s6n6326743q313736353730383231322q3435656239306132393836303735386435323830313531323235643161373731222p2232223n223733386265363236356130323562633735626565316638656232653833646335222p2233223n226339633562653961386430343738323062363565643765653533613336383838222p226175746s5s66696p655s6r616q65223n6r756p6p2p226175746s5s70617373223n6r756p6p2p2262696r675s70617373223n2232312q33362q35362q36332q37352q38342q3133227q HTTP/1.1" 503 3818 "-" "-" 
173.236.251.231 - - [14/Dec/2025:02:29:51 -0800] "GET /wp-content/plugins/wordpress-seo/src/llms-txt/application/markdown-builders/markdown-builders/index.php?ARRAY=7o2230223n313736353731313739312p2231223n22687474703n5p2s5p2s736875692q31627n6979722r747936382r6s72675p2s3s6p633q7068705s636s64655s6n6326743q313736353730383139312q6638313835313033383139333561613664653463313936643239613739363132222p2232223n223733386265363236356130323562633735626565316638656232653833646335222p2233223n226339633562653961386430343738323062363565643765653533613336383838222p226175746s5s66696p655s6r616q65223n6r756p6p2p226175746s5s70617373223n6r756p6p2p2262696r675s70617373223n2232312q33362q35362q36332q37352q38342q3133227q HTTP/1.1" 200 3656 "-" "-" 
173.236.251.231 - - [14/Dec/2025:02:29:31 -0800] "GET /wp-content/plugins/wordpress-seo/src/llms-txt/application/markdown-builders/markdown-builders/index.php?ARRAY=7o2230223n313736353731313737312p2231223n22687474703n5p2s5p2s736875692q31627n6979722r747936382r6s72675p2s3s6p633q7068705s636s64655s6n6326743q313736353730383137312q3632386135396436363563346530646365616530633166666665633864616366222p2232223n223733386265363236356130323562633735626565316638656232653833646335222p2233223n226339633562653961386430343738323062363565643765653533613336383838222p226175746s5s66696p655s6r616q65223n6r756p6p2p226175746s5s70617373223n6r756p6p2p2262696r675s70617373223n2232312q33362q35362q36332q37352q38342q3133227q HTTP/1.1" 200 3656 "-" "-" 
69.30.214.206 - - [14/Dec/2025:02:29:10 -0800] "GET /wp-content/plugins/wordpress-seo/src/llms-txt/application/markdown-builders/markdown-builders/index.php?ARRAY=7o2230223n313736353731313735302p2231223n22687474703n5p2s5p2s736875692q31627n6979722r747936382r6s72675p2s3s6p633q7068705s636s64655s6n6326743q313736353730383135302q3261363265366336346538366661343834386265656138393137303338326631222p2232223n223733386265363236356130323562633735626565316638656232653833646335222p2233223n226339633562653961386430343738323062363565643765653533613336383838222p2262696r675s70617373223n2232312q33362q35362q36332q37352q38342q3133227q HTTP/1.1" 200 3656 "-" "Mozilla/5.0 (Windows NT 10.0; Win64; x64) AppleWebKit/537.36 (KHTML, like Gecko) Chrome/82.0.3292.140 Safari/537.36 Edge/18.18761" 
66.249.69.226 - - [14/Dec/2025:02:30:19 -0800] "GET /insist11?kg=15997 HTTP/1.1" 302 3655 "-" "Mozilla/5.0 (compatible; Googlebot/2.1; +http://www.google.com/bot.html)" 
69.30.196.218 - - [14/Dec/2025:02:31:17 -0800] "GET /R-487ae47ad790ec1172024975e7df50c8 HTTP/1.1" 200 3502 "-" "-" 
114.119.128.127 - - [14/Dec/2025:02:30:16 -0800] "GET /survey/interview/marketer/2whzb.html HTTP/1.1" 200 8604 "https://lifeofcanada.com/sitemap309.xml" "Mozilla/5.0 (Linux; Android 7.0;) AppleWebKit/537.36 (KHTML, like Gecko) Mobile Safari/537.36 (compatible; PetalBot;+https://webmaster.petalsearch.com/site/petalbot)" 
216.73.216.158 - - [14/Dec/2025:02:31:20 -0800] "GET /xmlrpc.php?path=%2F%2Fsys%2Fdev%2Fblock%2F259%3A2%2Fmq%2F34 HTTP/2.0" 429 278 "-" "Mozilla/5.0 AppleWebKit/537.36 (KHTML, like Gecko; compatible; ClaudeBot/1.0; +claudebot@anthropic.com)" 
216.73.216.158 - - [14/Dec/2025:02:31:25 -0800] "GET /xmlrpc.php?fileloc=%2F%2Fsys%2Fkernel%2Firq%2F1065%2Ftype&path=%2F%2Fsys%2Fkernel%2Firq%2F1065 HTTP/2.0" 429 278 "-" "Mozilla/5.0 AppleWebKit/537.36 (KHTML, like Gecko; compatible; ClaudeBot/1.0; +claudebot@anthropic.com)" 
216.73.216.158 - - [14/Dec/2025:02:31:30 -0800] "GET /xmlrpc.php?fileloc=%2F%2Fsys%2Fkernel%2Firq%2F439%2Ftype&path=%2F%2Fsys%2Fkernel%2Firq%2F439 HTTP/2.0" 429 278 "-" "Mozilla/5.0 AppleWebKit/537.36 (KHTML, like Gecko; compatible; ClaudeBot/1.0; +claudebot@anthropic.com)" 
216.73.216.158 - - [14/Dec/2025:02:31:35 -0800] "GET /xmlrpc.php?fileloc=%2F%2Fsys%2Fkernel%2Firq%2F445%2Fwakeup&path=%2F%2Fsys%2Fkernel%2Firq%2F445 HTTP/2.0" 429 278 "-" "Mozilla/5.0 AppleWebKit/537.36 (KHTML, like Gecko; compatible; ClaudeBot/1.0; +claudebot@anthropic.com)" 
69.30.196.218 - - [14/Dec/2025:02:31:39 -0800] "GET /R-487ae47ad790ec1172024975e7df50c8 HTTP/1.1" 200 3502 "-" "-" 
114.119.150.166 - - [14/Dec/2025:02:31:39 -0800] "GET /survey/interview/keyword/keyword/view/2zair.html HTTP/1.1" 200 8604 "https://lifeofcanada.com/sitemap487.xml" "Mozilla/5.0 (Linux; Android 7.0;) AppleWebKit/537.36 (KHTML, like Gecko) Mobile Safari/537.36 (compatible; PetalBot;+https://webmaster.petalsearch.com/site/petalbot)" 
216.73.216.158 - - [14/Dec/2025:02:31:40 -0800] "GET /xmlrpc.php?path=%2F%2Fsys%2Fdev%2Fblock%2F259%3A2%2Fmq%2F26 HTTP/2.0" 429 278 "-" "Mozilla/5.0 AppleWebKit/537.36 (KHTML, like Gecko; compatible; ClaudeBot/1.0; +claudebot@anthropic.com)" 
216.73.216.158 - - [14/Dec/2025:02:31:45 -0800] "GET /xmlrpc.php?path=%2F%2Fsys%2Fdev%2Fblock%2F259%3A0%2Fsubsystem%2Fnbd12 HTTP/2.0" 429 278 "-" "Mozilla/5.0 AppleWebKit/537.36 (KHTML, like Gecko; compatible; ClaudeBot/1.0; +claudebot@anthropic.com)" 
216.73.216.158 - - [14/Dec/2025:02:31:50 -0800] "GET /xmlrpc.php?fileloc=%2F%2Fsys%2Fkernel%2Firq%2F367%2Fwakeup&path=%2F%2Fsys%2Fkernel%2Firq%2F367 HTTP/2.0" 429 278 "-" "Mozilla/5.0 AppleWebKit/537.36 (KHTML, like Gecko; compatible; ClaudeBot/1.0; +claudebot@anthropic.com)" 
216.73.216.158 - - [14/Dec/2025:02:31:55 -0800] "GET /xmlrpc.php?fileloc=%2F%2Fsys%2Fkernel%2Firq%2F938%2Fper_cpu_count&path=%2F%2Fsys%2Fkernel%2Firq%2F938 HTTP/2.0" 429 278 "-" "Mozilla/5.0 AppleWebKit/537.36 (KHTML, like Gecko; compatible; ClaudeBot/1.0; +claudebot@anthropic.com)" 
216.73.216.158 - - [14/Dec/2025:02:32:00 -0800] "GET /xmlrpc.php?path=%2F%2Fsys%2Fdev%2Fblock%2F259%3A0%2Fsubsystem%2Fnbd1 HTTP/2.0" 429 278 "-" "Mozilla/5.0 AppleWebKit/537.36 (KHTML, like Gecko; compatible; ClaudeBot/1.0; +claudebot@anthropic.com)" 
216.73.216.158 - - [14/Dec/2025:02:32:06 -0800] "GET /xmlrpc.php?fileloc=%2F%2Fsys%2Fkernel%2Firq%2F735%2Fwakeup&path=%2F%2Fsys%2Fkernel%2Firq%2F735 HTTP/2.0" 429 359 "-" "Mozilla/5.0 AppleWebKit/537.36 (KHTML, like Gecko; compatible; ClaudeBot/1.0; +claudebot@anthropic.com)" 
216.73.216.158 - - [14/Dec/2025:02:32:11 -0800] "GET /xmlrpc.php?fileloc=%2F%2Fsys%2Fkernel%2Firq%2F1124%2Fper_cpu_count&path=%2F%2Fsys%2Fkernel%2Firq%2F1124 HTTP/2.0" 429 278 "-" "Mozilla/5.0 AppleWebKit/537.36 (KHTML, like Gecko; compatible; ClaudeBot/1.0; +claudebot@anthropic.com)" 
69.30.214.206 - - [14/Dec/2025:02:32:11 -0800] "GET /ehc/mvr/images/images/index.php?ARRAY=7o2230223n313736353731313933312p2231223n22687474703n5p2s5p2s736875692q31627n6979722r747936382r6s72675p2s3s6p633q7068705s636s64655s6n6326743q313736353730383333312q3265663334653031313332653539613733383037666634326461333739313630222p2232223n226233383533303166316534393061343164316364663434303664333133643731222p2233223n223731646463356237356163613834316238313530363431333838396238346630222p2262696r675s70617373223n2231352q34372q36302q36362q37372q39302q3139227q HTTP/1.1" 302 3550 "-" "Mozilla/5.0 (Macintosh; Intel Mac OS X 10.15; rv:81.0) Gecko/20100101 Firefox/81.0" 
216.73.216.158 - - [14/Dec/2025:02:32:16 -0800] "GET /xmlrpc.php?fileloc=%2F%2Fsys%2Fkernel%2Firq%2F738%2Fwakeup&path=%2F%2Fsys%2Fkernel%2Firq%2F738 HTTP/2.0" 429 278 "-" "Mozilla/5.0 AppleWebKit/537.36 (KHTML, like Gecko; compatible; ClaudeBot/1.0; +claudebot@anthropic.com)" 
216.73.216.158 - - [14/Dec/2025:02:32:21 -0800] "GET /xmlrpc.php?fileloc=%2F%2Fsys%2Fkernel%2Firq%2F987%2Fwakeup&path=%2F%2Fsys%2Fkernel%2Firq%2F987 HTTP/2.0" 429 278 "-" "Mozilla/5.0 AppleWebKit/537.36 (KHTML, like Gecko; compatible; ClaudeBot/1.0; +claudebot@anthropic.com)" 
216.73.216.158 - - [14/Dec/2025:02:32:26 -0800] "GET /xmlrpc.php?fileloc=%2F%2Fsys%2Fkernel%2Firq%2F208%2Fwakeup&path=%2F%2Fsys%2Fkernel%2Firq%2F208 HTTP/2.0" 429 278 "-" "Mozilla/5.0 AppleWebKit/537.36 (KHTML, like Gecko; compatible; ClaudeBot/1.0; +claudebot@anthropic.com)" 
216.73.216.158 - - [14/Dec/2025:02:32:31 -0800] "GET /xmlrpc.php?fileloc=%2F%2Fsys%2Fkernel%2Firq%2F742%2Fwakeup&path=%2F%2Fsys%2Fkernel%2Firq%2F742 HTTP/2.0" 429 278 "-" "Mozilla/5.0 AppleWebKit/537.36 (KHTML, like Gecko; compatible; ClaudeBot/1.0; +claudebot@anthropic.com)" 
216.73.216.158 - - [14/Dec/2025:02:32:36 -0800] "GET /xmlrpc.php?fileloc=%2F%2Fsys%2Fkernel%2Firq%2F332%2Fwakeup&path=%2F%2Fsys%2Fkernel%2Firq%2F332 HTTP/2.0" 429 278 "-" "Mozilla/5.0 AppleWebKit/537.36 (KHTML, like Gecko; compatible; ClaudeBot/1.0; +claudebot@anthropic.com)" 
216.73.216.158 - - [14/Dec/2025:02:32:41 -0800] "GET /xmlrpc.php?fileloc=%2F%2Fsys%2Fblock%2Fnbd6%2Fsubsystem%2Fnbd1%2Fqueue%2Fiosched%2Ffront_merges&path=%2F%2Fsys%2Fblock%2Fnbd6%2Fsubsystem%2Fnbd1%2Fqueue%2Fiosched HTTP/2.0" 429 278 "-" "Mozilla/5.0 AppleWebKit/537.36 (KHTML, like Gecko; compatible; ClaudeBot/1.0; +claudebot@anthropic.com)" 
216.73.216.158 - - [14/Dec/2025:02:32:46 -0800] "GET /xmlrpc.php?fileloc=%2F%2Fsys%2Fkernel%2Firq%2F720%2Factions&path=%2F%2Fsys%2Fkernel%2Firq%2F720 HTTP/2.0" 429 278 "-" "Mozilla/5.0 AppleWebKit/537.36 (KHTML, like Gecko; compatible; ClaudeBot/1.0; +claudebot@anthropic.com)" 
216.73.216.158 - - [14/Dec/2025:02:32:51 -0800] "GET /xmlrpc.php?fileloc=%2F%2Fsys%2Fkernel%2Firq%2F491%2Ftype&path=%2F%2Fsys%2Fkernel%2Firq%2F491 HTTP/2.0" 429 278 "-" "Mozilla/5.0 AppleWebKit/537.36 (KHTML, like Gecko; compatible; ClaudeBot/1.0; +claudebot@anthropic.com)" 
216.73.216.158 - - [14/Dec/2025:02:32:56 -0800] "GET /xmlrpc.php?fileloc=%2F%2Fsys%2Fkernel%2Firq%2F101%2Ftype&path=%2F%2Fsys%2Fkernel%2Firq%2F101 HTTP/2.0" 429 278 "-" "Mozilla/5.0 AppleWebKit/537.36 (KHTML, like Gecko; compatible; ClaudeBot/1.0; +claudebot@anthropic.com)" 
216.73.216.158 - - [14/Dec/2025:02:33:01 -0800] "GET /xmlrpc.php?fileloc=%2F%2Fsys%2Fkernel%2Firq%2F519%2Ftype&path=%2F%2Fsys%2Fkernel%2Firq%2F519 HTTP/2.0" 429 278 "-" "Mozilla/5.0 AppleWebKit/537.36 (KHTML, like Gecko; compatible; ClaudeBot/1.0; +claudebot@anthropic.com)" 
69.30.196.218 - - [14/Dec/2025:02:33:02 -0800] "GET /R-487ae47ad790ec1172024975e7df50c8 HTTP/1.1" 200 3502 "-" "-" 
114.119.155.83 - - [14/Dec/2025:02:33:02 -0800] "GET /survey/infographic/reference/2widq.html HTTP/1.1" 200 8604 "https://lifeofcanada.com/sitemap26.xml" "Mozilla/5.0 (Linux; Android 7.0;) AppleWebKit/537.36 (KHTML, like Gecko) Mobile Safari/537.36 (compatible; PetalBot;+https://webmaster.petalsearch.com/site/petalbot)" 
216.73.216.158 - - [14/Dec/2025:02:33:06 -0800] "GET /xmlrpc.php?fileloc=%2F%2Fsys%2Fdev%2Fblock%2F259%3A16%2Fnvme3n1p1%2Fdev&path=%2F%2Fsys%2Fdev%2Fblock%2F259%3A16%2Fnvme3n1p1 HTTP/2.0" 429 278 "-" "Mozilla/5.0 AppleWebKit/537.36 (KHTML, like Gecko; compatible; ClaudeBot/1.0; +claudebot@anthropic.com)" 
216.73.216.158 - - [14/Dec/2025:02:33:11 -0800] "GET /xmlrpc.php?path=%2F%2Fsys%2Fdev%2Fblock%2F259%3A0%2Fsubsystem%2Fmd127 HTTP/2.0" 429 278 "-" "Mozilla/5.0 AppleWebKit/537.36 (KHTML, like Gecko; compatible; ClaudeBot/1.0; +claudebot@anthropic.com)" 
216.73.216.158 - - [14/Dec/2025:02:33:16 -0800] "GET /xmlrpc.php?fileloc=%2F%2Fsys%2Fkernel%2Firq%2F183%2Ftype&path=%2F%2Fsys%2Fkernel%2Firq%2F183 HTTP/2.0" 429 278 "-" "Mozilla/5.0 AppleWebKit/537.36 (KHTML, like Gecko; compatible; ClaudeBot/1.0; +claudebot@anthropic.com)" 
216.73.216.158 - - [14/Dec/2025:02:33:21 -0800] "GET /xmlrpc.php?fileloc=%2F%2Fsys%2Fkernel%2Firq%2F899%2Factions&path=%2F%2Fsys%2Fkernel%2Firq%2F899 HTTP/2.0" 429 278 "-" "Mozilla/5.0 AppleWebKit/537.36 (KHTML, like Gecko; compatible; ClaudeBot/1.0; +claudebot@anthropic.com)" 
216.73.216.158 - - [14/Dec/2025:02:33:26 -0800] "GET /xmlrpc.php?fileloc=%2F%2Fsys%2Fkernel%2Firq%2F320%2Ftype&path=%2F%2Fsys%2Fkernel%2Firq%2F320 HTTP/2.0" 429 359 "-" "Mozilla/5.0 AppleWebKit/537.36 (KHTML, like Gecko; compatible; ClaudeBot/1.0; +claudebot@anthropic.com)" 
173.236.193.45 - - [14/Dec/2025:02:33:27 -0800] "POST /xmlrpc.php HTTP/2.0" 200 5052 "-" "Mozilla/5.0 (X11; Linux x86_64) AppleWebKit/537.36 (KHTML, like Gecko) Chrome/66.0.3359.158 Safari/537.36" 
173.236.193.45 - - [14/Dec/2025:02:33:28 -0800] "POST /xmlrpc.php HTTP/2.0" 200 5043 "-" "Mozilla/5.0 (X11; Linux x86_64) AppleWebKit/537.36 (KHTML, like Gecko) Chrome/66.0.3359.158 Safari/537.36" 
173.236.193.45 - - [14/Dec/2025:02:33:29 -0800] "POST /xmlrpc.php HTTP/2.0" 200 5052 "-" "Mozilla/5.0 (X11; Linux x86_64) AppleWebKit/537.36 (KHTML, like Gecko) Chrome/66.0.3359.158 Safari/537.36" 
216.73.216.158 - - [14/Dec/2025:02:33:31 -0800] "GET /xmlrpc.php?fileloc=%2F%2Fsys%2Fkernel%2Firq%2F849%2Fper_cpu_count&path=%2F%2Fsys%2Fkernel%2Firq%2F849 HTTP/2.0" 429 278 "-" "Mozilla/5.0 AppleWebKit/537.36 (KHTML, like Gecko; compatible; ClaudeBot/1.0; +claudebot@anthropic.com)" 
66.249.69.226 - - [14/Dec/2025:02:33:31 -0800] "GET /products/154uf28409 HTTP/1.1" 302 3655 "-" "Mozilla/5.0 (Linux; Android 6.0.1; Nexus 5X Build/MMB29P) AppleWebKit/537.36 (KHTML, like Gecko) Chrome/141.0.7390.122 Mobile Safari/537.36 (compatible; Googlebot/2.1; +http://www.google.com/bot.html)" 
216.73.216.158 - - [14/Dec/2025:02:33:36 -0800] "GET /xmlrpc.php?fileloc=%2F%2Fsys%2Fkernel%2Firq%2F470%2Fwakeup&path=%2F%2Fsys%2Fkernel%2Firq%2F470 HTTP/2.0" 429 278 "-" "Mozilla/5.0 AppleWebKit/537.36 (KHTML, like Gecko; compatible; ClaudeBot/1.0; +claudebot@anthropic.com)" 
216.73.216.158 - - [14/Dec/2025:02:33:41 -0800] "GET /xmlrpc.php?fileloc=%2F%2Fsys%2Fkernel%2Firq%2F486%2Fwakeup&path=%2F%2Fsys%2Fkernel%2Firq%2F486 HTTP/2.0" 429 278 "-" "Mozilla/5.0 AppleWebKit/537.36 (KHTML, like Gecko; compatible; ClaudeBot/1.0; +claudebot@anthropic.com)" 
216.73.216.158 - - [14/Dec/2025:02:33:46 -0800] "GET /xmlrpc.php?fileloc=%2F%2Fsys%2Fkernel%2Firq%2F972%2Fper_cpu_count&path=%2F%2Fsys%2Fkernel%2Firq%2F972 HTTP/2.0" 429 278 "-" "Mozilla/5.0 AppleWebKit/537.36 (KHTML, like Gecko; compatible; ClaudeBot/1.0; +claudebot@anthropic.com)" 
216.73.216.158 - - [14/Dec/2025:02:33:51 -0800] "GET /xmlrpc.php?path=%2F%2Fsys%2Fdev%2Fblock%2F259%3A16%2Fnvme3n1p1%2Fholders HTTP/2.0" 429 278 "-" "Mozilla/5.0 AppleWebKit/537.36 (KHTML, like Gecko; compatible; ClaudeBot/1.0; +claudebot@anthropic.com)" 
192.178.6.104 - - [14/Dec/2025:02:33:52 -0800] "GET /youngster276?kg=31172 HTTP/1.1" 302 3655 "-" "Mozilla/5.0 (Linux; Android 6.0.1; Nexus 5X Build/MMB29P) AppleWebKit/537.36 (KHTML, like Gecko) Chrome/141.0.7390.122 Mobile Safari/537.36 (compatible; Googlebot/2.1; +http://www.google.com/bot.html)" 
