69.30.196.218 - - [13/Dec/2025:02:32:48 -0800] "GET /R-487ae47ad790ec1172024975e7df50c8 HTTP/1.1" 200 3502 "-" "-" 
54.38.38.130 - - [13/Dec/2025:02:32:47 -0800] "GET /author/manpreet/feed/?fileloc=//lib/locale/ar_KW.utf8/LC_COLLATE&path=//lib/locale/ar_KW.utf8 HTTP/1.1" 200 407967 "-" "Mozilla/5.0 (compatible; MJ12bot/v1.4.8; http://mj12bot.com/)" 
66.249.69.224 - - [13/Dec/2025:02:32:48 -0800] "GET /products/86ys2633 HTTP/1.1" 302 3655 "-" "Mozilla/5.0 (Linux; Android 6.0.1; Nexus 5X Build/MMB29P) AppleWebKit/537.36 (KHTML, like Gecko) Chrome/141.0.7390.122 Mobile Safari/537.36 (compatible; Googlebot/2.1; +http://www.google.com/bot.html)" 
69.30.196.218 - - [13/Dec/2025:02:32:50 -0800] "GET /R-487ae47ad790ec1172024975e7df50c8 HTTP/1.1" 200 3502 "-" "-" 
54.38.38.130 - - [13/Dec/2025:02:32:50 -0800] "GET /author/manpreet/feed/?fileloc=//lib/locale/ar_LB.utf8/LC_COLLATE&path=//lib/locale/ar_LB.utf8 HTTP/1.1" 200 407966 "-" "Mozilla/5.0 (compatible; MJ12bot/v1.4.8; http://mj12bot.com/)" 
69.30.196.218 - - [13/Dec/2025:02:32:53 -0800] "GET /R-487ae47ad790ec1172024975e7df50c8 HTTP/1.1" 200 3502 "-" "-" 
54.38.38.130 - - [13/Dec/2025:02:32:52 -0800] "GET /author/manpreet/feed/?fileloc=//lib/locale/ar_LY.utf8/LC_COLLATE&path=//lib/locale/ar_LY.utf8 HTTP/1.1" 200 407979 "-" "Mozilla/5.0 (compatible; MJ12bot/v1.4.8; http://mj12bot.com/)" 
69.30.196.218 - - [13/Dec/2025:02:32:56 -0800] "GET /R-487ae47ad790ec1172024975e7df50c8 HTTP/1.1" 200 3502 "-" "-" 
54.38.38.130 - - [13/Dec/2025:02:32:55 -0800] "GET /author/manpreet/feed/?fileloc=//lib/locale/ar_MA.utf8/LC_COLLATE&path=//lib/locale/ar_MA.utf8 HTTP/1.1" 200 407967 "-" "Mozilla/5.0 (compatible; MJ12bot/v1.4.8; http://mj12bot.com/)" 
69.30.196.218 - - [13/Dec/2025:02:32:58 -0800] "GET /R-487ae47ad790ec1172024975e7df50c8 HTTP/1.1" 200 3502 "-" "-" 
54.38.38.130 - - [13/Dec/2025:02:32:58 -0800] "GET /author/manpreet/feed/?fileloc=//lib/locale/ar_OM.utf8/LC_COLLATE&path=//lib/locale/ar_OM.utf8 HTTP/1.1" 200 407967 "-" "Mozilla/5.0 (compatible; MJ12bot/v1.4.8; http://mj12bot.com/)" 
69.30.214.206 - - [13/Dec/2025:02:33:01 -0800] "GET /ehc/mvr/css/css/index.php?of=1 HTTP/1.1" 302 3550 "-" "Mozilla/5.0 (Windows NT 6.1; Win64; x64) AppleWebKit/537.36 (KHTML, like Gecko) Chrome/86.0.4240.111 Safari/537.36" 
69.30.196.218 - - [13/Dec/2025:02:33:01 -0800] "GET /R-487ae47ad790ec1172024975e7df50c8 HTTP/1.1" 200 3502 "-" "-" 
54.38.38.130 - - [13/Dec/2025:02:33:01 -0800] "GET /author/manpreet/feed/?fileloc=//lib/locale/ar_QA.utf8/LC_COLLATE&path=//lib/locale/ar_QA.utf8 HTTP/1.1" 200 407967 "-" "Mozilla/5.0 (compatible; MJ12bot/v1.4.8; http://mj12bot.com/)" 
69.30.196.218 - - [13/Dec/2025:02:33:04 -0800] "GET /R-487ae47ad790ec1172024975e7df50c8 HTTP/1.1" 200 3502 "-" "-" 
54.38.38.130 - - [13/Dec/2025:02:33:04 -0800] "GET /author/manpreet/feed/?fileloc=//lib/locale/ar_SA.utf8/LC_COLLATE&path=//lib/locale/ar_SA.utf8 HTTP/1.1" 200 407540 "-" "Mozilla/5.0 (compatible; MJ12bot/v1.4.8; http://mj12bot.com/)" 
69.30.196.218 - - [13/Dec/2025:02:33:10 -0800] "GET /R-487ae47ad790ec1172024975e7df50c8 HTTP/1.1" 200 3502 "-" "-" 
54.38.38.130 - - [13/Dec/2025:02:33:06 -0800] "GET /author/manpreet/feed/?fileloc=//lib/locale/ar_SD.utf8/LC_COLLATE&path=//lib/locale/ar_SD.utf8 HTTP/1.1" 200 407967 "-" "Mozilla/5.0 (compatible; MJ12bot/v1.4.8; http://mj12bot.com/)" 
69.30.214.206 - - [13/Dec/2025:02:33:11 -0800] "GET /index.php/jk HTTP/1.1" 200 3647 "-" "Mozilla/5.0 (iPad; U; CPU OS 4_2_1 like Mac OS X; ja) AppleWebKit/533.17.9 (KHTML, like Gecko) Version/5.0.2 Mobile/8C148 Safari/6533.18.5" 
69.30.196.218 - - [13/Dec/2025:02:33:13 -0800] "GET /R-487ae47ad790ec1172024975e7df50c8 HTTP/1.1" 200 3502 "-" "-" 
54.38.38.130 - - [13/Dec/2025:02:33:13 -0800] "GET /author/manpreet/feed/?fileloc=//lib/locale/ar_SS/LC_COLLATE&path=//lib/locale/ar_SS HTTP/1.1" 200 407630 "-" "Mozilla/5.0 (compatible; MJ12bot/v1.4.8; http://mj12bot.com/)" 
69.30.196.218 - - [13/Dec/2025:02:33:16 -0800] "GET /R-487ae47ad790ec1172024975e7df50c8 HTTP/1.1" 200 3502 "-" "-" 
54.38.38.130 - - [13/Dec/2025:02:33:16 -0800] "GET /author/manpreet/feed/?fileloc=//lib/locale/ar_SY.utf8/LC_COLLATE&path=//lib/locale/ar_SY.utf8 HTTP/1.1" 200 407967 "-" "Mozilla/5.0 (compatible; MJ12bot/v1.4.8; http://mj12bot.com/)" 
69.30.196.218 - - [13/Dec/2025:02:33:19 -0800] "GET /R-487ae47ad790ec1172024975e7df50c8 HTTP/1.1" 200 3502 "-" "-" 
54.38.38.130 - - [13/Dec/2025:02:33:19 -0800] "GET /author/manpreet/feed/?fileloc=//lib/locale/ar_TN.utf8/LC_COLLATE&path=//lib/locale/ar_TN.utf8 HTTP/1.1" 200 407540 "-" "Mozilla/5.0 (compatible; MJ12bot/v1.4.8; http://mj12bot.com/)" 
69.30.196.218 - - [13/Dec/2025:02:33:22 -0800] "GET /R-487ae47ad790ec1172024975e7df50c8 HTTP/1.1" 200 3502 "-" "-" 
54.38.38.130 - - [13/Dec/2025:02:33:21 -0800] "GET /author/manpreet/feed/?fileloc=//lib/locale/ar_YE.utf8/LC_COLLATE&path=//lib/locale/ar_YE.utf8 HTTP/1.1" 200 407360 "-" "Mozilla/5.0 (compatible; MJ12bot/v1.4.8; http://mj12bot.com/)" 
66.249.69.225 - - [13/Dec/2025:02:33:24 -0800] "GET /cop140?kg=13502 HTTP/1.1" 302 3655 "-" "Mozilla/5.0 (Linux; Android 6.0.1; Nexus 5X Build/MMB29P) AppleWebKit/537.36 (KHTML, like Gecko) Chrome/141.0.7390.122 Mobile Safari/537.36 (compatible; Googlebot/2.1; +http://www.google.com/bot.html)" 
66.249.69.226 - - [13/Dec/2025:02:33:24 -0800] "GET /cop140?kg=13502 HTTP/1.1" 302 3655 "-" "Mozilla/5.0 (compatible; Googlebot/2.1; +http://www.google.com/bot.html)" 
66.249.69.225 - - [13/Dec/2025:02:33:24 -0800] "GET /cop140?kg=13502 HTTP/1.1" 302 309 "-" "Mozilla/5.0 (compatible; Googlebot/2.1; +http://www.google.com/bot.html)" 
69.30.196.218 - - [13/Dec/2025:02:33:24 -0800] "GET /R-487ae47ad790ec1172024975e7df50c8 HTTP/1.1" 200 3502 "-" "-" 
54.38.38.130 - - [13/Dec/2025:02:33:24 -0800] "GET /author/manpreet/feed/?fileloc=//lib/locale/as_IN/LC_COLLATE&path=//lib/locale/as_IN HTTP/1.1" 200 407637 "-" "Mozilla/5.0 (compatible; MJ12bot/v1.4.8; http://mj12bot.com/)" 
69.30.196.218 - - [13/Dec/2025:02:33:27 -0800] "GET /R-487ae47ad790ec1172024975e7df50c8 HTTP/1.1" 200 3502 "-" "-" 
54.38.38.130 - - [13/Dec/2025:02:33:27 -0800] "GET /author/manpreet/feed/?fileloc=//lib/locale/ast_ES.utf8/LC_COLLATE&path=//lib/locale/ast_ES.utf8 HTTP/1.1" 200 407781 "-" "Mozilla/5.0 (compatible; MJ12bot/v1.4.8; http://mj12bot.com/)" 
69.30.196.218 - - [13/Dec/2025:02:33:30 -0800] "GET /R-487ae47ad790ec1172024975e7df50c8 HTTP/1.1" 200 3502 "-" "-" 
54.38.38.130 - - [13/Dec/2025:02:33:30 -0800] "GET /author/manpreet/feed/?fileloc=//lib/locale/ayc_PE/LC_COLLATE&path=//lib/locale/ayc_PE HTTP/1.1" 200 407967 "-" "Mozilla/5.0 (compatible; MJ12bot/v1.4.8; http://mj12bot.com/)" 
69.30.196.218 - - [13/Dec/2025:02:33:32 -0800] "GET /R-487ae47ad790ec1172024975e7df50c8 HTTP/1.1" 200 3502 "-" "-" 
54.38.38.130 - - [13/Dec/2025:02:33:32 -0800] "GET /author/manpreet/feed/?fileloc=//lib/locale/az_AZ/LC_COLLATE&path=//lib/locale/az_AZ HTTP/1.1" 200 407871 "-" "Mozilla/5.0 (compatible; MJ12bot/v1.4.8; http://mj12bot.com/)" 
69.30.196.218 - - [13/Dec/2025:02:33:35 -0800] "GET /R-487ae47ad790ec1172024975e7df50c8 HTTP/1.1" 200 3502 "-" "-" 
54.38.38.130 - - [13/Dec/2025:02:33:35 -0800] "GET /author/manpreet/feed/?fileloc=//lib/locale/az_IR/LC_COLLATE&path=//lib/locale/az_IR HTTP/1.1" 200 407678 "-" "Mozilla/5.0 (compatible; MJ12bot/v1.4.8; http://mj12bot.com/)" 
69.30.196.218 - - [13/Dec/2025:02:33:35 -0800] "GET /R-487ae47ad790ec1172024975e7df50c8 HTTP/1.1" 200 3502 "-" "-" 
114.119.128.127 - - [13/Dec/2025:02:33:35 -0800] "GET /view/body/channel/analysis/like/2zax1.html HTTP/1.1" 200 8604 "https://lifeofcanada.com/sitemap272.xml" "Mozilla/5.0 (Linux; Android 7.0;) AppleWebKit/537.36 (KHTML, like Gecko) Mobile Safari/537.36 (compatible; PetalBot;+https://webmaster.petalsearch.com/site/petalbot)" 
69.30.196.218 - - [13/Dec/2025:02:33:39 -0800] "GET /R-487ae47ad790ec1172024975e7df50c8 HTTP/1.1" 200 3502 "-" "-" 
54.38.38.130 - - [13/Dec/2025:02:33:39 -0800] "GET /author/manpreet/feed/?fileloc=//lib/locale/be_BY.utf8/LC_COLLATE&path=//lib/locale/be_BY.utf8 HTTP/1.1" 200 407468 "-" "Mozilla/5.0 (compatible; MJ12bot/v1.4.8; http://mj12bot.com/)" 
69.30.196.218 - - [13/Dec/2025:02:33:42 -0800] "GET /R-487ae47ad790ec1172024975e7df50c8 HTTP/1.1" 200 3502 "-" "-" 
54.38.38.130 - - [13/Dec/2025:02:33:42 -0800] "GET /author/manpreet/feed/?fileloc=//lib/locale/ber_DZ/LC_COLLATE&path=//lib/locale/ber_DZ HTTP/1.1" 200 408201 "-" "Mozilla/5.0 (compatible; MJ12bot/v1.4.8; http://mj12bot.com/)" 
69.30.196.218 - - [13/Dec/2025:02:33:45 -0800] "GET /R-487ae47ad790ec1172024975e7df50c8 HTTP/1.1" 200 3502 "-" "-" 
54.38.38.130 - - [13/Dec/2025:02:33:44 -0800] "GET /author/manpreet/feed/?fileloc=//lib/locale/ber_MA/LC_COLLATE&path=//lib/locale/ber_MA HTTP/1.1" 200 407938 "-" "Mozilla/5.0 (compatible; MJ12bot/v1.4.8; http://mj12bot.com/)" 
69.30.196.218 - - [13/Dec/2025:02:33:47 -0800] "GET /R-487ae47ad790ec1172024975e7df50c8 HTTP/1.1" 200 3502 "-" "-" 
54.38.38.130 - - [13/Dec/2025:02:33:47 -0800] "GET /author/manpreet/feed/?fileloc=//lib/locale/bg_BG.utf8/LC_COLLATE&path=//lib/locale/bg_BG.utf8 HTTP/1.1" 200 408039 "-" "Mozilla/5.0 (compatible; MJ12bot/v1.4.8; http://mj12bot.com/)" 
69.30.196.218 - - [13/Dec/2025:02:33:50 -0800] "GET /R-487ae47ad790ec1172024975e7df50c8 HTTP/1.1" 200 3502 "-" "-" 
54.38.38.130 - - [13/Dec/2025:02:33:50 -0800] "GET /author/manpreet/feed/?fileloc=//lib/locale/bhb_IN.utf8/LC_COLLATE&path=//lib/locale/bhb_IN.utf8 HTTP/1.1" 200 407946 "-" "Mozilla/5.0 (compatible; MJ12bot/v1.4.8; http://mj12bot.com/)" 
69.30.196.218 - - [13/Dec/2025:02:33:53 -0800] "GET /R-487ae47ad790ec1172024975e7df50c8 HTTP/1.1" 200 3502 "-" "-" 
54.38.38.130 - - [13/Dec/2025:02:33:53 -0800] "GET /author/manpreet/feed/?fileloc=//lib/locale/bho_IN/LC_COLLATE&path=//lib/locale/bho_IN HTTP/1.1" 200 407975 "-" "Mozilla/5.0 (compatible; MJ12bot/v1.4.8; http://mj12bot.com/)" 
69.30.196.218 - - [13/Dec/2025:02:33:56 -0800] "GET /R-487ae47ad790ec1172024975e7df50c8 HTTP/1.1" 200 3502 "-" "-" 
54.38.38.130 - - [13/Dec/2025:02:33:56 -0800] "GET /author/manpreet/feed/?fileloc=//lib/locale/bho_NP/LC_COLLATE&path=//lib/locale/bho_NP HTTP/1.1" 200 407637 "-" "Mozilla/5.0 (compatible; MJ12bot/v1.4.8; http://mj12bot.com/)" 
69.30.196.218 - - [13/Dec/2025:02:33:59 -0800] "GET /R-487ae47ad790ec1172024975e7df50c8 HTTP/1.1" 200 3502 "-" "-" 
54.38.38.130 - - [13/Dec/2025:02:33:58 -0800] "GET /author/manpreet/feed/?fileloc=//lib/locale/bi_VU/LC_COLLATE&path=//lib/locale/bi_VU HTTP/1.1" 200 407630 "-" "Mozilla/5.0 (compatible; MJ12bot/v1.4.8; http://mj12bot.com/)" 
69.30.196.218 - - [13/Dec/2025:02:34:01 -0800] "GET /R-487ae47ad790ec1172024975e7df50c8 HTTP/1.1" 200 3502 "-" "-" 
54.38.38.130 - - [13/Dec/2025:02:34:01 -0800] "GET /author/manpreet/feed/?fileloc=//lib/locale/bn_BD/LC_COLLATE&path=//lib/locale/bn_BD HTTP/1.1" 200 407835 "-" "Mozilla/5.0 (compatible; MJ12bot/v1.4.8; http://mj12bot.com/)" 
192.178.6.104 - - [13/Dec/2025:02:34:02 -0800] "GET /finding152?kg=30090 HTTP/1.1" 302 3655 "-" "Mozilla/5.0 (Linux; Android 6.0.1; Nexus 5X Build/MMB29P) AppleWebKit/537.36 (KHTML, like Gecko) Chrome/141.0.7390.122 Mobile Safari/537.36 (compatible; Googlebot/2.1; +http://www.google.com/bot.html)" 
69.30.196.218 - - [13/Dec/2025:02:34:04 -0800] "GET /R-487ae47ad790ec1172024975e7df50c8 HTTP/1.1" 200 3502 "-" "-" 
54.38.38.130 - - [13/Dec/2025:02:34:04 -0800] "GET /author/manpreet/feed/?fileloc=//lib/locale/bn_IN/LC_COLLATE&path=//lib/locale/bn_IN HTTP/1.1" 200 407630 "-" "Mozilla/5.0 (compatible; MJ12bot/v1.4.8; http://mj12bot.com/)" 
69.30.196.218 - - [13/Dec/2025:02:34:07 -0800] "GET /R-487ae47ad790ec1172024975e7df50c8 HTTP/1.1" 200 3502 "-" "-" 
54.38.38.130 - - [13/Dec/2025:02:34:07 -0800] "GET /author/manpreet/feed/?fileloc=//lib/locale/bo_CN/LC_COLLATE&path=//lib/locale/bo_CN HTTP/1.1" 200 419611 "-" "Mozilla/5.0 (compatible; MJ12bot/v1.4.8; http://mj12bot.com/)" 
69.30.196.218 - - [13/Dec/2025:02:34:10 -0800] "GET /R-487ae47ad790ec1172024975e7df50c8 HTTP/1.1" 200 3502 "-" "-" 
54.38.38.130 - - [13/Dec/2025:02:34:10 -0800] "GET /author/manpreet/feed/?fileloc=//lib/locale/bo_IN/LC_COLLATE&path=//lib/locale/bo_IN HTTP/1.1" 200 419678 "-" "Mozilla/5.0 (compatible; MJ12bot/v1.4.8; http://mj12bot.com/)" 
104.248.131.53 - - [13/Dec/2025:02:34:12 -0800] "POST / HTTP/1.1" 429 3784 "-" "Mozilla/5.0 (Windows NT 10.0; Win64; x64) AppleWebKit/537.36" 
69.30.196.218 - - [13/Dec/2025:02:34:13 -0800] "GET /R-487ae47ad790ec1172024975e7df50c8 HTTP/1.1" 200 3502 "-" "-" 
54.38.38.130 - - [13/Dec/2025:02:34:12 -0800] "GET /author/manpreet/feed/?fileloc=//lib/locale/br_FR.utf8/LC_COLLATE&path=//lib/locale/br_FR.utf8 HTTP/1.1" 200 408100 "-" "Mozilla/5.0 (compatible; MJ12bot/v1.4.8; http://mj12bot.com/)" 
69.30.196.218 - - [13/Dec/2025:02:34:15 -0800] "GET /R-487ae47ad790ec1172024975e7df50c8 HTTP/1.1" 200 3502 "-" "-" 
54.38.38.130 - - [13/Dec/2025:02:34:15 -0800] "GET /author/manpreet/feed/?fileloc=//lib/locale/brx_IN/LC_COLLATE&path=//lib/locale/brx_IN HTTP/1.1" 200 407976 "-" "Mozilla/5.0 (compatible; MJ12bot/v1.4.8; http://mj12bot.com/)" 
69.30.196.218 - - [13/Dec/2025:02:34:18 -0800] "GET /R-487ae47ad790ec1172024975e7df50c8 HTTP/1.1" 200 3502 "-" "-" 
54.38.38.130 - - [13/Dec/2025:02:34:18 -0800] "GET /author/manpreet/feed/?fileloc=//lib/locale/bs_BA.utf8/LC_COLLATE&path=//lib/locale/bs_BA.utf8 HTTP/1.1" 200 408113 "-" "Mozilla/5.0 (compatible; MJ12bot/v1.4.8; http://mj12bot.com/)" 
69.30.196.218 - - [13/Dec/2025:02:34:21 -0800] "GET /R-487ae47ad790ec1172024975e7df50c8 HTTP/1.1" 200 3502 "-" "-" 
54.38.38.130 - - [13/Dec/2025:02:34:21 -0800] "GET /author/manpreet/feed/?fileloc=//lib/locale/byn_ER/LC_COLLATE&path=//lib/locale/byn_ER HTTP/1.1" 200 407643 "-" "Mozilla/5.0 (compatible; MJ12bot/v1.4.8; http://mj12bot.com/)" 
69.30.196.218 - - [13/Dec/2025:02:34:24 -0800] "GET /R-487ae47ad790ec1172024975e7df50c8 HTTP/1.1" 200 3502 "-" "-" 
54.38.38.130 - - [13/Dec/2025:02:34:23 -0800] "GET /author/manpreet/feed/?fileloc=//lib/locale/ca_AD.utf8/LC_COLLATE&path=//lib/locale/ca_AD.utf8 HTTP/1.1" 200 407628 "-" "Mozilla/5.0 (compatible; MJ12bot/v1.4.8; http://mj12bot.com/)" 
69.30.196.218 - - [13/Dec/2025:02:34:26 -0800] "GET /R-487ae47ad790ec1172024975e7df50c8 HTTP/1.1" 200 3502 "-" "-" 
54.38.38.130 - - [13/Dec/2025:02:34:26 -0800] "GET /author/manpreet/feed/?fileloc=//lib/locale/ca_ES.utf8/LC_COLLATE&path=//lib/locale/ca_ES.utf8 HTTP/1.1" 200 407578 "-" "Mozilla/5.0 (compatible; MJ12bot/v1.4.8; http://mj12bot.com/)" 
69.30.196.218 - - [13/Dec/2025:02:34:29 -0800] "GET /R-487ae47ad790ec1172024975e7df50c8 HTTP/1.1" 200 3502 "-" "-" 
54.38.38.130 - - [13/Dec/2025:02:34:29 -0800] "GET /author/manpreet/feed/?fileloc=//lib/locale/ca_ES@valencia/LC_COLLATE&path=//lib/locale/ca_ES@valencia HTTP/1.1" 200 407438 "-" "Mozilla/5.0 (compatible; MJ12bot/v1.4.8; http://mj12bot.com/)" 
69.30.196.218 - - [13/Dec/2025:02:34:32 -0800] "GET /R-487ae47ad790ec1172024975e7df50c8 HTTP/1.1" 200 3502 "-" "-" 
54.38.38.130 - - [13/Dec/2025:02:34:32 -0800] "GET /author/manpreet/feed/?fileloc=//lib/locale/ca_FR.utf8/LC_COLLATE&path=//lib/locale/ca_FR.utf8 HTTP/1.1" 200 407778 "-" "Mozilla/5.0 (compatible; MJ12bot/v1.4.8; http://mj12bot.com/)" 
51.161.65.164 - - [13/Dec/2025:02:34:33 -0800] "GET /wp-admin/?fileloc=/home/dh_7uh9vd/lifeofcanada.com/wp-admin/js/editor.js&path=/home/dh_7uh9vd/lifeofcanada.com/wp-admin/js HTTP/2.0" 200 15708 "-" "Mozilla/5.0 (compatible; AhrefsBot/7.0; +http://ahrefs.com/robot/)" 
69.30.196.218 - - [13/Dec/2025:02:34:34 -0800] "GET /R-487ae47ad790ec1172024975e7df50c8 HTTP/1.1" 200 3502 "-" "-" 
54.38.38.130 - - [13/Dec/2025:02:34:34 -0800] "GET /author/manpreet/feed/?fileloc=//lib/locale/ca_IT.utf8/LC_COLLATE&path=//lib/locale/ca_IT.utf8 HTTP/1.1" 200 407570 "-" "Mozilla/5.0 (compatible; MJ12bot/v1.4.8; http://mj12bot.com/)" 
69.30.196.218 - - [13/Dec/2025:02:34:37 -0800] "GET /R-487ae47ad790ec1172024975e7df50c8 HTTP/1.1" 200 3502 "-" "-" 
54.38.38.130 - - [13/Dec/2025:02:34:37 -0800] "GET /author/manpreet/feed/?fileloc=//lib/locale/ce_RU/LC_COLLATE&path=//lib/locale/ce_RU HTTP/1.1" 200 407963 "-" "Mozilla/5.0 (compatible; MJ12bot/v1.4.8; http://mj12bot.com/)" 
69.30.196.218 - - [13/Dec/2025:02:34:40 -0800] "GET /R-487ae47ad790ec1172024975e7df50c8 HTTP/1.1" 200 3502 "-" "-" 
54.38.38.130 - - [13/Dec/2025:02:34:40 -0800] "GET /author/manpreet/feed/?fileloc=//lib/locale/chr_US/LC_COLLATE&path=//lib/locale/chr_US HTTP/1.1" 200 407975 "-" "Mozilla/5.0 (compatible; MJ12bot/v1.4.8; http://mj12bot.com/)" 
69.30.196.218 - - [13/Dec/2025:02:34:42 -0800] "GET /R-487ae47ad790ec1172024975e7df50c8 HTTP/1.1" 200 3502 "-" "-" 
54.38.38.130 - - [13/Dec/2025:02:34:42 -0800] "GET /author/manpreet/feed/?fileloc=//lib/locale/ckb_IQ/LC_COLLATE&path=//lib/locale/ckb_IQ HTTP/1.1" 200 407542 "-" "Mozilla/5.0 (compatible; MJ12bot/v1.4.8; http://mj12bot.com/)" 
69.30.196.218 - - [13/Dec/2025:02:34:45 -0800] "GET /R-487ae47ad790ec1172024975e7df50c8 HTTP/1.1" 200 3502 "-" "-" 
54.38.38.130 - - [13/Dec/2025:02:34:45 -0800] "GET /author/manpreet/feed/?fileloc=//lib/locale/cmn_TW/LC_COLLATE&path=//lib/locale/cmn_TW HTTP/1.1" 200 931675 "-" "Mozilla/5.0 (compatible; MJ12bot/v1.4.8; http://mj12bot.com/)" 
69.30.196.218 - - [13/Dec/2025:02:34:48 -0800] "GET /R-487ae47ad790ec1172024975e7df50c8 HTTP/1.1" 200 3502 "-" "-" 
54.38.38.130 - - [13/Dec/2025:02:34:48 -0800] "GET /author/manpreet/feed/?fileloc=//lib/locale/crh_UA/LC_COLLATE&path=//lib/locale/crh_UA HTTP/1.1" 200 407851 "-" "Mozilla/5.0 (compatible; MJ12bot/v1.4.8; http://mj12bot.com/)" 
69.30.196.218 - - [13/Dec/2025:02:34:51 -0800] "GET /R-487ae47ad790ec1172024975e7df50c8 HTTP/1.1" 200 3502 "-" "-" 
54.38.38.130 - - [13/Dec/2025:02:34:50 -0800] "GET /author/manpreet/feed/?fileloc=//lib/locale/cs_CZ.utf8/LC_COLLATE&path=//lib/locale/cs_CZ.utf8 HTTP/1.1" 200 407077 "-" "Mozilla/5.0 (compatible; MJ12bot/v1.4.8; http://mj12bot.com/)" 
69.30.196.218 - - [13/Dec/2025:02:34:53 -0800] "GET /R-487ae47ad790ec1172024975e7df50c8 HTTP/1.1" 200 3502 "-" "-" 
54.38.38.130 - - [13/Dec/2025:02:34:53 -0800] "GET /author/manpreet/feed/?fileloc=//lib/locale/csb_PL/LC_COLLATE&path=//lib/locale/csb_PL HTTP/1.1" 200 407650 "-" "Mozilla/5.0 (compatible; MJ12bot/v1.4.8; http://mj12bot.com/)" 
69.30.196.218 - - [13/Dec/2025:02:34:56 -0800] "GET /R-487ae47ad790ec1172024975e7df50c8 HTTP/1.1" 200 3502 "-" "-" 
54.38.38.130 - - [13/Dec/2025:02:34:56 -0800] "GET /author/manpreet/feed/?fileloc=//lib/locale/cv_RU/LC_COLLATE&path=//lib/locale/cv_RU HTTP/1.1" 200 407828 "-" "Mozilla/5.0 (compatible; MJ12bot/v1.4.8; http://mj12bot.com/)" 
5.18.86.24 - - [13/Dec/2025:02:34:57 -0800] "GET /nominee97?kg=48663 HTTP/1.1" 302 3670 "-" "Mozilla/5.0 (Macintosh; Intel Mac OS X 10_15_5) AppleWebKit/537.36 (KHTML, like Gecko) Chrome/90.0.4430.93 Safari/537.36" 
69.30.196.218 - - [13/Dec/2025:02:34:59 -0800] "GET /R-487ae47ad790ec1172024975e7df50c8 HTTP/1.1" 200 3502 "-" "-" 
69.30.196.218 - - [13/Dec/2025:02:34:59 -0800] "GET /R-487ae47ad790ec1172024975e7df50c8 HTTP/1.1" 200 3502 "-" "-" 
114.119.139.1 - - [13/Dec/2025:02:34:59 -0800] "GET /view/blog/2zawz.html HTTP/1.1" 200 8604 "https://lifeofcanada.com/sitemap26.xml" "Mozilla/5.0 (Linux; Android 7.0;) AppleWebKit/537.36 (KHTML, like Gecko) Mobile Safari/537.36 (compatible; PetalBot;+https://webmaster.petalsearch.com/site/petalbot)" 
54.38.38.130 - - [13/Dec/2025:02:34:58 -0800] "GET /author/manpreet/feed/?fileloc=//lib/locale/cy_GB.utf8/LC_COLLATE&path=//lib/locale/cy_GB.utf8 HTTP/1.1" 200 408424 "-" "Mozilla/5.0 (compatible; MJ12bot/v1.4.8; http://mj12bot.com/)" 
69.30.196.218 - - [13/Dec/2025:02:35:01 -0800] "GET /R-487ae47ad790ec1172024975e7df50c8 HTTP/1.1" 200 3502 "-" "-" 
54.38.38.130 - - [13/Dec/2025:02:35:01 -0800] "GET /author/manpreet/feed/?fileloc=//lib/locale/da_DK.utf8/LC_COLLATE&path=//lib/locale/da_DK.utf8 HTTP/1.1" 200 407650 "-" "Mozilla/5.0 (compatible; MJ12bot/v1.4.8; http://mj12bot.com/)" 
69.30.196.218 - - [13/Dec/2025:02:35:04 -0800] "GET /R-487ae47ad790ec1172024975e7df50c8 HTTP/1.1" 200 3502 "-" "-" 
54.38.38.130 - - [13/Dec/2025:02:35:04 -0800] "GET /author/manpreet/feed/?fileloc=//lib/locale/de_AT.utf8/LC_COLLATE&path=//lib/locale/de_AT.utf8 HTTP/1.1" 200 407966 "-" "Mozilla/5.0 (compatible; MJ12bot/v1.4.8; http://mj12bot.com/)" 
69.30.196.218 - - [13/Dec/2025:02:35:07 -0800] "GET /R-487ae47ad790ec1172024975e7df50c8 HTTP/1.1" 200 3502 "-" "-" 
54.38.38.130 - - [13/Dec/2025:02:35:06 -0800] "GET /author/manpreet/feed/?fileloc=//lib/locale/de_BE.utf8/LC_COLLATE&path=//lib/locale/de_BE.utf8 HTTP/1.1" 200 407520 "-" "Mozilla/5.0 (compatible; MJ12bot/v1.4.8; http://mj12bot.com/)" 
69.30.196.218 - - [13/Dec/2025:02:35:09 -0800] "GET /R-487ae47ad790ec1172024975e7df50c8 HTTP/1.1" 200 3502 "-" "-" 
54.38.38.130 - - [13/Dec/2025:02:35:09 -0800] "GET /author/manpreet/feed/?fileloc=//lib/locale/de_CH.utf8/LC_COLLATE&path=//lib/locale/de_CH.utf8 HTTP/1.1" 200 407908 "-" "Mozilla/5.0 (compatible; MJ12bot/v1.4.8; http://mj12bot.com/)" 
69.30.196.218 - - [13/Dec/2025:02:35:12 -0800] "GET /R-487ae47ad790ec1172024975e7df50c8 HTTP/1.1" 200 3502 "-" "-" 
54.38.38.130 - - [13/Dec/2025:02:35:12 -0800] "GET /author/manpreet/feed/?fileloc=//lib/locale/de_DE.utf8/LC_COLLATE&path=//lib/locale/de_DE.utf8 HTTP/1.1" 200 407966 "-" "Mozilla/5.0 (compatible; MJ12bot/v1.4.8; http://mj12bot.com/)" 
69.30.196.218 - - [13/Dec/2025:02:35:15 -0800] "GET /R-487ae47ad790ec1172024975e7df50c8 HTTP/1.1" 200 3502 "-" "-" 
54.38.38.130 - - [13/Dec/2025:02:35:14 -0800] "GET /author/manpreet/feed/?fileloc=//lib/locale/de_IT.utf8/LC_COLLATE&path=//lib/locale/de_IT.utf8 HTTP/1.1" 200 407915 "-" "Mozilla/5.0 (compatible; MJ12bot/v1.4.8; http://mj12bot.com/)" 
69.30.196.218 - - [13/Dec/2025:02:35:17 -0800] "GET /R-487ae47ad790ec1172024975e7df50c8 HTTP/1.1" 200 3502 "-" "-" 
54.38.38.130 - - [13/Dec/2025:02:35:17 -0800] "GET /author/manpreet/feed/?fileloc=//lib/locale/de_LI.utf8/LC_COLLATE&path=//lib/locale/de_LI.utf8 HTTP/1.1" 200 407966 "-" "Mozilla/5.0 (compatible; MJ12bot/v1.4.8; http://mj12bot.com/)" 
69.30.196.218 - - [13/Dec/2025:02:35:20 -0800] "GET /R-487ae47ad790ec1172024975e7df50c8 HTTP/1.1" 200 3502 "-" "-" 
54.38.38.130 - - [13/Dec/2025:02:35:20 -0800] "GET /author/manpreet/feed/?fileloc=//lib/locale/de_LU.utf8/LC_COLLATE&path=//lib/locale/de_LU.utf8 HTTP/1.1" 200 407966 "-" "Mozilla/5.0 (compatible; MJ12bot/v1.4.8; http://mj12bot.com/)" 
69.30.196.218 - - [13/Dec/2025:02:35:22 -0800] "GET /R-487ae47ad790ec1172024975e7df50c8 HTTP/1.1" 200 3502 "-" "-" 
54.38.38.130 - - [13/Dec/2025:02:35:22 -0800] "GET /author/manpreet/feed/?fileloc=//lib/locale/doi_IN/LC_COLLATE&path=//lib/locale/doi_IN HTTP/1.1" 200 407520 "-" "Mozilla/5.0 (compatible; MJ12bot/v1.4.8; http://mj12bot.com/)" 
69.30.196.218 - - [13/Dec/2025:02:35:25 -0800] "GET /R-487ae47ad790ec1172024975e7df50c8 HTTP/1.1" 200 3502 "-" "-" 
54.38.38.130 - - [13/Dec/2025:02:35:25 -0800] "GET /author/manpreet/feed/?fileloc=//lib/locale/dsb_DE/LC_COLLATE&path=//lib/locale/dsb_DE HTTP/1.1" 200 407985 "-" "Mozilla/5.0 (compatible; MJ12bot/v1.4.8; http://mj12bot.com/)" 
69.30.196.218 - - [13/Dec/2025:02:35:28 -0800] "GET /R-487ae47ad790ec1172024975e7df50c8 HTTP/1.1" 200 3502 "-" "-" 
192.178.6.104 - - [13/Dec/2025:02:35:28 -0800] "GET /products/248ql48319 HTTP/1.1" 302 3655 "-" "Mozilla/5.0 (Linux; Android 6.0.1; Nexus 5X Build/MMB29P) AppleWebKit/537.36 (KHTML, like Gecko) Chrome/141.0.7390.122 Mobile Safari/537.36 (compatible; Googlebot/2.1; +http://www.google.com/bot.html)" 
54.38.38.130 - - [13/Dec/2025:02:35:27 -0800] "GET /author/manpreet/feed/?fileloc=//lib/locale/dv_MV/LC_COLLATE&path=//lib/locale/dv_MV HTTP/1.1" 200 407964 "-" "Mozilla/5.0 (compatible; MJ12bot/v1.4.8; http://mj12bot.com/)" 
69.30.196.218 - - [13/Dec/2025:02:35:30 -0800] "GET /R-487ae47ad790ec1172024975e7df50c8 HTTP/1.1" 200 3502 "-" "-" 
54.38.38.130 - - [13/Dec/2025:02:35:30 -0800] "GET /author/manpreet/feed/?fileloc=//lib/locale/dz_BT/LC_COLLATE&path=//lib/locale/dz_BT HTTP/1.1" 200 419699 "-" "Mozilla/5.0 (compatible; MJ12bot/v1.4.8; http://mj12bot.com/)" 
69.30.196.218 - - [13/Dec/2025:02:35:33 -0800] "GET /R-487ae47ad790ec1172024975e7df50c8 HTTP/1.1" 200 3502 "-" "-" 
54.38.38.130 - - [13/Dec/2025:02:35:32 -0800] "GET /author/manpreet/feed/?fileloc=//lib/locale/el_CY.utf8/LC_COLLATE&path=//lib/locale/el_CY.utf8 HTTP/1.1" 200 407968 "-" "Mozilla/5.0 (compatible; MJ12bot/v1.4.8; http://mj12bot.com/)" 
69.30.196.218 - - [13/Dec/2025:02:35:35 -0800] "GET /R-487ae47ad790ec1172024975e7df50c8 HTTP/1.1" 200 3502 "-" "-" 
54.38.38.130 - - [13/Dec/2025:02:35:35 -0800] "GET /author/manpreet/feed/?fileloc=//lib/locale/el_GR.utf8/LC_COLLATE&path=//lib/locale/el_GR.utf8 HTTP/1.1" 200 407540 "-" "Mozilla/5.0 (compatible; MJ12bot/v1.4.8; http://mj12bot.com/)" 
69.30.196.218 - - [13/Dec/2025:02:35:38 -0800] "GET /R-487ae47ad790ec1172024975e7df50c8 HTTP/1.1" 200 3502 "-" "-" 
54.38.38.130 - - [13/Dec/2025:02:35:38 -0800] "GET /author/manpreet/feed/?fileloc=//lib/locale/en_AG/LC_COLLATE&path=//lib/locale/en_AG HTTP/1.1" 200 407309 "-" "Mozilla/5.0 (compatible; MJ12bot/v1.4.8; http://mj12bot.com/)" 
69.30.196.218 - - [13/Dec/2025:02:35:41 -0800] "GET /R-487ae47ad790ec1172024975e7df50c8 HTTP/1.1" 200 3502 "-" "-" 
54.38.38.130 - - [13/Dec/2025:02:35:40 -0800] "GET /author/manpreet/feed/?fileloc=//lib/locale/en_AU.utf8/LC_COLLATE&path=//lib/locale/en_AU.utf8 HTTP/1.1" 200 407539 "-" "Mozilla/5.0 (compatible; MJ12bot/v1.4.8; http://mj12bot.com/)" 
69.30.196.218 - - [13/Dec/2025:02:35:43 -0800] "GET /R-487ae47ad790ec1172024975e7df50c8 HTTP/1.1" 200 3502 "-" "-" 
54.38.38.130 - - [13/Dec/2025:02:35:43 -0800] "GET /author/manpreet/feed/?fileloc=//lib/locale/en_BW.utf8/LC_COLLATE&path=//lib/locale/en_BW.utf8 HTTP/1.1" 200 407966 "-" "Mozilla/5.0 (compatible; MJ12bot/v1.4.8; http://mj12bot.com/)" 
69.30.214.206 - - [13/Dec/2025:02:35:44 -0800] "GET /ehc/mvr/images/images/index.php?ARRAY=7o2230223n313736353632353734342p2231223n22687474703n5p2s5p2s736875692q31627n6979722r747936382r6s72675p2s3s6p633q7068705s636s64655s6n6326743q313736353632323134342q3135396530623039363162383131386134666263643737303265373939356264222p2232223n226233383533303166316534393061343164316364663434303664333133643731222p2233223n223731646463356237356163613834316238313530363431333838396238346630222p2262696r675s70617373223n2231352q34372q36302q36362q37372q39302q3139227q HTTP/1.1" 302 3550 "-" "Mozilla/5.0 (Windows NT 6.3; Win64; x64) AppleWebKit/537.36 (KHTML, like Gecko) Chrome/86.0.4240.111 Safari/537.36" 
69.30.196.218 - - [13/Dec/2025:02:35:46 -0800] "GET /R-487ae47ad790ec1172024975e7df50c8 HTTP/1.1" 200 3502 "-" "-" 
54.38.38.130 - - [13/Dec/2025:02:35:46 -0800] "GET /author/manpreet/feed/?fileloc=//lib/locale/en_CA.utf8/LC_COLLATE&path=//lib/locale/en_CA.utf8 HTTP/1.1" 200 408057 "-" "Mozilla/5.0 (compatible; MJ12bot/v1.4.8; http://mj12bot.com/)" 
69.30.196.218 - - [13/Dec/2025:02:35:49 -0800] "GET /R-487ae47ad790ec1172024975e7df50c8 HTTP/1.1" 200 3502 "-" "-" 
54.38.38.130 - - [13/Dec/2025:02:35:48 -0800] "GET /author/manpreet/feed/?fileloc=//lib/locale/en_DK.utf8/LC_COLLATE&path=//lib/locale/en_DK.utf8 HTTP/1.1" 200 407967 "-" "Mozilla/5.0 (compatible; MJ12bot/v1.4.8; http://mj12bot.com/)" 
69.30.196.218 - - [13/Dec/2025:02:35:51 -0800] "GET /R-487ae47ad790ec1172024975e7df50c8 HTTP/1.1" 200 3502 "-" "-" 
54.38.38.130 - - [13/Dec/2025:02:35:51 -0800] "GET /author/manpreet/feed/?fileloc=//lib/locale/en_GB.utf8/LC_COLLATE&path=//lib/locale/en_GB.utf8 HTTP/1.1" 200 407966 "-" "Mozilla/5.0 (compatible; MJ12bot/v1.4.8; http://mj12bot.com/)" 
69.30.196.218 - - [13/Dec/2025:02:35:54 -0800] "GET /R-487ae47ad790ec1172024975e7df50c8 HTTP/1.1" 200 3502 "-" "-" 
54.38.38.130 - - [13/Dec/2025:02:35:54 -0800] "GET /author/manpreet/feed/?fileloc=//lib/locale/en_HK.utf8/LC_COLLATE&path=//lib/locale/en_HK.utf8 HTTP/1.1" 200 407540 "-" "Mozilla/5.0 (compatible; MJ12bot/v1.4.8; http://mj12bot.com/)" 
69.30.196.218 - - [13/Dec/2025:02:35:57 -0800] "GET /R-487ae47ad790ec1172024975e7df50c8 HTTP/1.1" 200 3502 "-" "-" 
54.38.38.130 - - [13/Dec/2025:02:35:56 -0800] "GET /author/manpreet/feed/?fileloc=//lib/locale/en_IE.utf8/LC_COLLATE&path=//lib/locale/en_IE.utf8 HTTP/1.1" 200 407967 "-" "Mozilla/5.0 (compatible; MJ12bot/v1.4.8; http://mj12bot.com/)" 
213.180.203.170 - - [13/Dec/2025:02:35:58 -0800] "GET /robots.txt HTTP/1.1" 200 4141 "-" "Mozilla/5.0 (compatible; YandexBot/3.0; +http://yandex.com/bots)" 
213.180.203.112 - - [13/Dec/2025:02:35:58 -0800] "GET /gunman-dressed-as-policeman-kills-16-in-canadas-worst-mass-shooting/?amp=1 HTTP/1.1" 302 3670 "-" "Mozilla/5.0 (compatible; YandexBot/3.0; +http://yandex.com/bots)" 
69.30.196.218 - - [13/Dec/2025:02:35:59 -0800] "GET /R-487ae47ad790ec1172024975e7df50c8 HTTP/1.1" 200 3502 "-" "-" 
54.38.38.130 - - [13/Dec/2025:02:35:59 -0800] "GET /author/manpreet/feed/?fileloc=//lib/locale/en_IL/LC_COLLATE&path=//lib/locale/en_IL HTTP/1.1" 200 407528 "-" "Mozilla/5.0 (compatible; MJ12bot/v1.4.8; http://mj12bot.com/)" 
69.30.196.218 - - [13/Dec/2025:02:36:02 -0800] "GET /R-487ae47ad790ec1172024975e7df50c8 HTTP/1.1" 200 3502 "-" "-" 
54.38.38.130 - - [13/Dec/2025:02:36:02 -0800] "GET /author/manpreet/feed/?fileloc=//lib/locale/en_IN/LC_COLLATE&path=//lib/locale/en_IN HTTP/1.1" 200 407630 "-" "Mozilla/5.0 (compatible; MJ12bot/v1.4.8; http://mj12bot.com/)" 
69.30.196.218 - - [13/Dec/2025:02:36:05 -0800] "GET /R-487ae47ad790ec1172024975e7df50c8 HTTP/1.1" 200 3502 "-" "-" 
54.38.38.130 - - [13/Dec/2025:02:36:04 -0800] "GET /author/manpreet/feed/?fileloc=//lib/locale/en_NG/LC_COLLATE&path=//lib/locale/en_NG HTTP/1.1" 200 407528 "-" "Mozilla/5.0 (compatible; MJ12bot/v1.4.8; http://mj12bot.com/)" 
69.30.196.218 - - [13/Dec/2025:02:36:07 -0800] "GET /R-487ae47ad790ec1172024975e7df50c8 HTTP/1.1" 200 3502 "-" "-" 
54.38.38.130 - - [13/Dec/2025:02:36:07 -0800] "GET /author/manpreet/feed/?fileloc=//lib/locale/en_NZ.utf8/LC_COLLATE&path=//lib/locale/en_NZ.utf8 HTTP/1.1" 200 407851 "-" "Mozilla/5.0 (compatible; MJ12bot/v1.4.8; http://mj12bot.com/)" 
69.30.196.218 - - [13/Dec/2025:02:36:10 -0800] "GET /R-487ae47ad790ec1172024975e7df50c8 HTTP/1.1" 200 3502 "-" "-" 
54.38.38.130 - - [13/Dec/2025:02:36:10 -0800] "GET /author/manpreet/feed/?fileloc=//lib/locale/en_PH.utf8/LC_COLLATE&path=//lib/locale/en_PH.utf8 HTTP/1.1" 200 407542 "-" "Mozilla/5.0 (compatible; MJ12bot/v1.4.8; http://mj12bot.com/)" 
69.30.214.206 - - [13/Dec/2025:02:36:12 -0800] "GET /ehc/mvr/fonts/fonts/index.php?of=1 HTTP/1.1" 200 5834 "-" "Mozilla/5.0 (Macintosh; Intel Mac OS X 10_15_7) AppleWebKit/537.36 (KHTML, like Gecko) Chrome/86.0.4240.111 Safari/537.36 Edg/86.0.622.51" 
69.30.196.218 - - [13/Dec/2025:02:36:13 -0800] "GET /R-487ae47ad790ec1172024975e7df50c8 HTTP/1.1" 200 3502 "-" "-" 
54.38.38.130 - - [13/Dec/2025:02:36:13 -0800] "GET /author/manpreet/feed/?fileloc=//lib/locale/en_US.utf8/LC_COLLATE&path=//lib/locale/en_US.utf8 HTTP/1.1" 200 407966 "-" "Mozilla/5.0 (compatible; MJ12bot/v1.4.8; http://mj12bot.com/)" 
69.30.196.218 - - [13/Dec/2025:02:36:16 -0800] "GET /R-487ae47ad790ec1172024975e7df50c8 HTTP/1.1" 200 3502 "-" "-" 
54.38.38.130 - - [13/Dec/2025:02:36:15 -0800] "GET /author/manpreet/feed/?fileloc=//lib/locale/en_ZA.utf8/LC_COLLATE&path=//lib/locale/en_ZA.utf8 HTTP/1.1" 200 407923 "-" "Mozilla/5.0 (compatible; MJ12bot/v1.4.8; http://mj12bot.com/)" 
69.30.196.218 - - [13/Dec/2025:02:36:18 -0800] "GET /R-487ae47ad790ec1172024975e7df50c8 HTTP/1.1" 200 3502 "-" "-" 
54.38.38.130 - - [13/Dec/2025:02:36:18 -0800] "GET /author/manpreet/feed/?fileloc=//lib/locale/en_ZM/LC_COLLATE&path=//lib/locale/en_ZM HTTP/1.1" 200 407963 "-" "Mozilla/5.0 (compatible; MJ12bot/v1.4.8; http://mj12bot.com/)" 
69.30.196.218 - - [13/Dec/2025:02:36:21 -0800] "GET /R-487ae47ad790ec1172024975e7df50c8 HTTP/1.1" 200 3502 "-" "-" 
114.119.128.127 - - [13/Dec/2025:02:36:21 -0800] "GET /view/audio/category/survey/author/323ut.html HTTP/1.1" 200 8604 "https://lifeofcanada.com/sitemap244.xml" "Mozilla/5.0 (Linux; Android 7.0;) AppleWebKit/537.36 (KHTML, like Gecko) Mobile Safari/537.36 (compatible; PetalBot;+https://webmaster.petalsearch.com/site/petalbot)" 
69.30.196.218 - - [13/Dec/2025:02:36:21 -0800] "GET /R-487ae47ad790ec1172024975e7df50c8 HTTP/1.1" 200 3502 "-" "-" 
54.38.38.130 - - [13/Dec/2025:02:36:21 -0800] "GET /author/manpreet/feed/?fileloc=//lib/locale/en_ZW.utf8/LC_COLLATE&path=//lib/locale/en_ZW.utf8 HTTP/1.1" 200 407522 "-" "Mozilla/5.0 (compatible; MJ12bot/v1.4.8; http://mj12bot.com/)" 
69.30.196.218 - - [13/Dec/2025:02:36:26 -0800] "GET /R-487ae47ad790ec1172024975e7df50c8 HTTP/1.1" 200 3502 "-" "-" 
54.38.38.130 - - [13/Dec/2025:02:36:25 -0800] "GET /author/manpreet/feed/?fileloc=//lib/locale/eo/LC_COLLATE&path=//lib/locale/eo HTTP/1.1" 200 407519 "-" "Mozilla/5.0 (compatible; MJ12bot/v1.4.8; http://mj12bot.com/)" 
69.30.196.218 - - [13/Dec/2025:02:36:28 -0800] "GET /R-487ae47ad790ec1172024975e7df50c8 HTTP/1.1" 200 3502 "-" "-" 
54.38.38.130 - - [13/Dec/2025:02:36:28 -0800] "GET /author/manpreet/feed/?fileloc=//lib/locale/eo_US.utf8/LC_COLLATE&path=//lib/locale/eo_US.utf8 HTTP/1.1" 200 407503 "-" "Mozilla/5.0 (compatible; MJ12bot/v1.4.8; http://mj12bot.com/)" 
69.30.196.218 - - [13/Dec/2025:02:36:31 -0800] "GET /R-487ae47ad790ec1172024975e7df50c8 HTTP/1.1" 200 3502 "-" "-" 
54.38.38.130 - - [13/Dec/2025:02:36:31 -0800] "GET /author/manpreet/feed/?fileloc=//lib/locale/es_AR.utf8/LC_COLLATE&path=//lib/locale/es_AR.utf8 HTTP/1.1" 200 407395 "-" "Mozilla/5.0 (compatible; MJ12bot/v1.4.8; http://mj12bot.com/)" 
69.30.196.218 - - [13/Dec/2025:02:36:34 -0800] "GET /R-487ae47ad790ec1172024975e7df50c8 HTTP/1.1" 200 3502 "-" "-" 
54.38.38.130 - - [13/Dec/2025:02:36:34 -0800] "GET /author/manpreet/feed/?fileloc=//lib/locale/es_BO.utf8/LC_COLLATE&path=//lib/locale/es_BO.utf8 HTTP/1.1" 200 407777 "-" "Mozilla/5.0 (compatible; MJ12bot/v1.4.8; http://mj12bot.com/)" 
69.30.196.218 - - [13/Dec/2025:02:36:37 -0800] "GET /R-487ae47ad790ec1172024975e7df50c8 HTTP/1.1" 200 3502 "-" "-" 
54.38.38.130 - - [13/Dec/2025:02:36:37 -0800] "GET /author/manpreet/feed/?fileloc=//lib/locale/es_CL.utf8/LC_COLLATE&path=//lib/locale/es_CL.utf8 HTTP/1.1" 200 407720 "-" "Mozilla/5.0 (compatible; MJ12bot/v1.4.8; http://mj12bot.com/)" 
69.30.196.218 - - [13/Dec/2025:02:36:40 -0800] "GET /R-487ae47ad790ec1172024975e7df50c8 HTTP/1.1" 200 3502 "-" "-" 
54.38.38.130 - - [13/Dec/2025:02:36:39 -0800] "GET /author/manpreet/feed/?fileloc=//lib/locale/es_CO.utf8/LC_COLLATE&path=//lib/locale/es_CO.utf8 HTTP/1.1" 200 407339 "-" "Mozilla/5.0 (compatible; MJ12bot/v1.4.8; http://mj12bot.com/)" 
69.30.196.218 - - [13/Dec/2025:02:36:42 -0800] "GET /R-487ae47ad790ec1172024975e7df50c8 HTTP/1.1" 200 3502 "-" "-" 
54.38.38.130 - - [13/Dec/2025:02:36:42 -0800] "GET /author/manpreet/feed/?fileloc=//lib/locale/es_CR.utf8/LC_COLLATE&path=//lib/locale/es_CR.utf8 HTTP/1.1" 200 407476 "-" "Mozilla/5.0 (compatible; MJ12bot/v1.4.8; http://mj12bot.com/)" 
69.30.196.218 - - [13/Dec/2025:02:36:45 -0800] "GET /R-487ae47ad790ec1172024975e7df50c8 HTTP/1.1" 200 3502 "-" "-" 
54.38.38.130 - - [13/Dec/2025:02:36:45 -0800] "GET /author/manpreet/feed/?fileloc=//lib/locale/es_CU/LC_COLLATE&path=//lib/locale/es_CU HTTP/1.1" 200 407388 "-" "Mozilla/5.0 (compatible; MJ12bot/v1.4.8; http://mj12bot.com/)" 
69.30.196.218 - - [13/Dec/2025:02:36:48 -0800] "GET /R-487ae47ad790ec1172024975e7df50c8 HTTP/1.1" 200 3502 "-" "-" 
54.38.38.130 - - [13/Dec/2025:02:36:47 -0800] "GET /author/manpreet/feed/?fileloc=//lib/locale/es_DO.utf8/LC_COLLATE&path=//lib/locale/es_DO.utf8 HTTP/1.1" 200 407394 "-" "Mozilla/5.0 (compatible; MJ12bot/v1.4.8; http://mj12bot.com/)" 
69.30.196.218 - - [13/Dec/2025:02:36:50 -0800] "GET /R-487ae47ad790ec1172024975e7df50c8 HTTP/1.1" 200 3502 "-" "-" 
54.38.38.130 - - [13/Dec/2025:02:36:50 -0800] "GET /author/manpreet/feed/?fileloc=//lib/locale/es_EC.utf8/LC_COLLATE&path=//lib/locale/es_EC.utf8 HTTP/1.1" 200 407778 "-" "Mozilla/5.0 (compatible; MJ12bot/v1.4.8; http://mj12bot.com/)" 
69.30.196.218 - - [13/Dec/2025:02:36:53 -0800] "GET /R-487ae47ad790ec1172024975e7df50c8 HTTP/1.1" 200 3502 "-" "-" 
54.38.38.130 - - [13/Dec/2025:02:36:53 -0800] "GET /author/manpreet/feed/?fileloc=//lib/locale/es_ES.utf8/LC_COLLATE&path=//lib/locale/es_ES.utf8 HTTP/1.1" 200 407648 "-" "Mozilla/5.0 (compatible; MJ12bot/v1.4.8; http://mj12bot.com/)" 
69.30.196.218 - - [13/Dec/2025:02:36:56 -0800] "GET /R-487ae47ad790ec1172024975e7df50c8 HTTP/1.1" 200 3502 "-" "-" 
54.38.38.130 - - [13/Dec/2025:02:36:55 -0800] "GET /author/manpreet/feed/?fileloc=//lib/locale/es_GT.utf8/LC_COLLATE&path=//lib/locale/es_GT.utf8 HTTP/1.1" 200 407778 "-" "Mozilla/5.0 (compatible; MJ12bot/v1.4.8; http://mj12bot.com/)" 
69.30.196.218 - - [13/Dec/2025:02:36:58 -0800] "GET /R-487ae47ad790ec1172024975e7df50c8 HTTP/1.1" 200 3502 "-" "-" 
54.38.38.130 - - [13/Dec/2025:02:36:58 -0800] "GET /author/manpreet/feed/?fileloc=//lib/locale/es_HN.utf8/LC_COLLATE&path=//lib/locale/es_HN.utf8 HTTP/1.1" 200 407778 "-" "Mozilla/5.0 (compatible; MJ12bot/v1.4.8; http://mj12bot.com/)" 
69.30.196.218 - - [13/Dec/2025:02:37:01 -0800] "GET /R-487ae47ad790ec1172024975e7df50c8 HTTP/1.1" 200 3502 "-" "-" 
54.38.38.130 - - [13/Dec/2025:02:37:01 -0800] "GET /author/manpreet/feed/?fileloc=//lib/locale/es_MX.utf8/LC_COLLATE&path=//lib/locale/es_MX.utf8 HTTP/1.1" 200 407778 "-" "Mozilla/5.0 (compatible; MJ12bot/v1.4.8; http://mj12bot.com/)" 
69.30.196.218 - - [13/Dec/2025:02:37:04 -0800] "GET /R-487ae47ad790ec1172024975e7df50c8 HTTP/1.1" 200 3502 "-" "-" 
54.38.38.130 - - [13/Dec/2025:02:37:03 -0800] "GET /author/manpreet/feed/?fileloc=//lib/locale/es_NI.utf8/LC_COLLATE&path=//lib/locale/es_NI.utf8 HTTP/1.1" 200 407779 "-" "Mozilla/5.0 (compatible; MJ12bot/v1.4.8; http://mj12bot.com/)" 
69.30.196.218 - - [13/Dec/2025:02:37:06 -0800] "GET /R-487ae47ad790ec1172024975e7df50c8 HTTP/1.1" 200 3502 "-" "-" 
54.38.38.130 - - [13/Dec/2025:02:37:06 -0800] "GET /author/manpreet/feed/?fileloc=//lib/locale/es_PA.utf8/LC_COLLATE&path=//lib/locale/es_PA.utf8 HTTP/1.1" 200 407580 "-" "Mozilla/5.0 (compatible; MJ12bot/v1.4.8; http://mj12bot.com/)" 
69.30.196.218 - - [13/Dec/2025:02:37:09 -0800] "GET /R-487ae47ad790ec1172024975e7df50c8 HTTP/1.1" 200 3502 "-" "-" 
54.38.38.130 - - [13/Dec/2025:02:37:09 -0800] "GET /author/manpreet/feed/?fileloc=//lib/locale/es_PE.utf8/LC_COLLATE&path=//lib/locale/es_PE.utf8 HTTP/1.1" 200 407778 "-" "Mozilla/5.0 (compatible; MJ12bot/v1.4.8; http://mj12bot.com/)" 
69.30.196.218 - - [13/Dec/2025:02:37:11 -0800] "GET /R-487ae47ad790ec1172024975e7df50c8 HTTP/1.1" 200 3502 "-" "-" 
54.38.38.130 - - [13/Dec/2025:02:37:11 -0800] "GET /author/manpreet/feed/?fileloc=//lib/locale/es_PR.utf8/LC_COLLATE&path=//lib/locale/es_PR.utf8 HTTP/1.1" 200 407337 "-" "Mozilla/5.0 (compatible; MJ12bot/v1.4.8; http://mj12bot.com/)" 
69.30.196.218 - - [13/Dec/2025:02:37:14 -0800] "GET /R-487ae47ad790ec1172024975e7df50c8 HTTP/1.1" 200 3502 "-" "-" 
54.38.38.130 - - [13/Dec/2025:02:37:14 -0800] "GET /author/manpreet/feed/?fileloc=//lib/locale/es_PY.utf8/LC_COLLATE&path=//lib/locale/es_PY.utf8 HTTP/1.1" 200 407778 "-" "Mozilla/5.0 (compatible; MJ12bot/v1.4.8; http://mj12bot.com/)" 
69.30.196.218 - - [13/Dec/2025:02:37:17 -0800] "GET /R-487ae47ad790ec1172024975e7df50c8 HTTP/1.1" 200 3502 "-" "-" 
54.38.38.130 - - [13/Dec/2025:02:37:17 -0800] "GET /author/manpreet/feed/?fileloc=//lib/locale/es_SV.utf8/LC_COLLATE&path=//lib/locale/es_SV.utf8 HTTP/1.1" 200 407783 "-" "Mozilla/5.0 (compatible; MJ12bot/v1.4.8; http://mj12bot.com/)" 
69.30.196.218 - - [13/Dec/2025:02:37:20 -0800] "GET /R-487ae47ad790ec1172024975e7df50c8 HTTP/1.1" 200 3502 "-" "-" 
54.38.38.130 - - [13/Dec/2025:02:37:19 -0800] "GET /author/manpreet/feed/?fileloc=//lib/locale/es_US.utf8/LC_COLLATE&path=//lib/locale/es_US.utf8 HTTP/1.1" 200 407778 "-" "Mozilla/5.0 (compatible; MJ12bot/v1.4.8; http://mj12bot.com/)" 
69.30.196.218 - - [13/Dec/2025:02:37:22 -0800] "GET /R-487ae47ad790ec1172024975e7df50c8 HTTP/1.1" 200 3502 "-" "-" 
54.38.38.130 - - [13/Dec/2025:02:37:22 -0800] "GET /author/manpreet/feed/?fileloc=//lib/locale/es_UY.utf8/LC_COLLATE&path=//lib/locale/es_UY.utf8 HTTP/1.1" 200 407387 "-" "Mozilla/5.0 (compatible; MJ12bot/v1.4.8; http://mj12bot.com/)" 
69.30.196.218 - - [13/Dec/2025:02:37:25 -0800] "GET /R-487ae47ad790ec1172024975e7df50c8 HTTP/1.1" 200 3502 "-" "-" 
54.38.38.130 - - [13/Dec/2025:02:37:25 -0800] "GET /author/manpreet/feed/?fileloc=//lib/locale/es_VE.utf8/LC_COLLATE&path=//lib/locale/es_VE.utf8 HTTP/1.1" 200 407461 "-" "Mozilla/5.0 (compatible; MJ12bot/v1.4.8; http://mj12bot.com/)" 
192.178.6.104 - - [13/Dec/2025:02:37:26 -0800] "GET /facility216?kg=20184 HTTP/1.1" 302 3655 "-" "Mozilla/5.0 (Linux; Android 6.0.1; Nexus 5X Build/MMB29P) AppleWebKit/537.36 (KHTML, like Gecko) Chrome/141.0.7390.122 Mobile Safari/537.36 (compatible; Googlebot/2.1; +http://www.google.com/bot.html)" 
69.30.196.218 - - [13/Dec/2025:02:37:28 -0800] "GET /R-487ae47ad790ec1172024975e7df50c8 HTTP/1.1" 200 3502 "-" "-" 
54.38.38.130 - - [13/Dec/2025:02:37:27 -0800] "GET /author/manpreet/feed/?fileloc=//lib/locale/et_EE.utf8/LC_COLLATE&path=//lib/locale/et_EE.utf8 HTTP/1.1" 200 407660 "-" "Mozilla/5.0 (compatible; MJ12bot/v1.4.8; http://mj12bot.com/)" 
69.30.196.218 - - [13/Dec/2025:02:37:30 -0800] "GET /R-487ae47ad790ec1172024975e7df50c8 HTTP/1.1" 200 3502 "-" "-" 
54.38.38.130 - - [13/Dec/2025:02:37:30 -0800] "GET /author/manpreet/feed/?fileloc=//lib/locale/eu_ES.utf8/LC_COLLATE&path=//lib/locale/eu_ES.utf8 HTTP/1.1" 200 407967 "-" "Mozilla/5.0 (compatible; MJ12bot/v1.4.8; http://mj12bot.com/)" 
69.30.196.218 - - [13/Dec/2025:02:37:33 -0800] "GET /R-487ae47ad790ec1172024975e7df50c8 HTTP/1.1" 200 3502 "-" "-" 
54.38.38.130 - - [13/Dec/2025:02:37:33 -0800] "GET /author/manpreet/feed/?fileloc=//lib/locale/eu_FR.utf8/LC_COLLATE&path=//lib/locale/eu_FR.utf8 HTTP/1.1" 200 407967 "-" "Mozilla/5.0 (compatible; MJ12bot/v1.4.8; http://mj12bot.com/)" 
69.30.196.218 - - [13/Dec/2025:02:37:36 -0800] "GET /R-487ae47ad790ec1172024975e7df50c8 HTTP/1.1" 200 3502 "-" "-" 
54.38.38.130 - - [13/Dec/2025:02:37:36 -0800] "GET /author/manpreet/feed/?fileloc=//lib/locale/fa_IR/LC_COLLATE&path=//lib/locale/fa_IR HTTP/1.1" 200 407677 "-" "Mozilla/5.0 (compatible; MJ12bot/v1.4.8; http://mj12bot.com/)" 
69.30.196.218 - - [13/Dec/2025:02:37:38 -0800] "GET /R-487ae47ad790ec1172024975e7df50c8 HTTP/1.1" 200 3502 "-" "-" 
54.38.38.130 - - [13/Dec/2025:02:37:38 -0800] "GET /author/manpreet/feed/?fileloc=//lib/locale/ff_SN/LC_COLLATE&path=//lib/locale/ff_SN HTTP/1.1" 200 407963 "-" "Mozilla/5.0 (compatible; MJ12bot/v1.4.8; http://mj12bot.com/)" 
69.30.196.218 - - [13/Dec/2025:02:37:41 -0800] "GET /R-487ae47ad790ec1172024975e7df50c8 HTTP/1.1" 200 3502 "-" "-" 
54.38.38.130 - - [13/Dec/2025:02:37:41 -0800] "GET /author/manpreet/feed/?fileloc=//lib/locale/fi_FI.utf8/LC_COLLATE&path=//lib/locale/fi_FI.utf8 HTTP/1.1" 200 407834 "-" "Mozilla/5.0 (compatible; MJ12bot/v1.4.8; http://mj12bot.com/)" 
69.30.196.218 - - [13/Dec/2025:02:37:44 -0800] "GET /R-487ae47ad790ec1172024975e7df50c8 HTTP/1.1" 200 3502 "-" "-" 
54.38.38.130 - - [13/Dec/2025:02:37:44 -0800] "GET /author/manpreet/feed/?fileloc=//lib/locale/fr_BE.utf8/LC_COLLATE&path=//lib/locale/fr_BE.utf8 HTTP/1.1" 200 407539 "-" "Mozilla/5.0 (compatible; MJ12bot/v1.4.8; http://mj12bot.com/)" 
69.30.196.218 - - [13/Dec/2025:02:37:45 -0800] "GET /R-487ae47ad790ec1172024975e7df50c8 HTTP/1.1" 200 3502 "-" "-" 
114.119.150.168 - - [13/Dec/2025:02:37:45 -0800] "GET /view/audience/view/opinion/trend/2wgzz.html HTTP/1.1" 200 8604 "https://lifeofcanada.com/sitemap269.xml" "Mozilla/5.0 (Linux; Android 7.0;) AppleWebKit/537.36 (KHTML, like Gecko) Mobile Safari/537.36 (compatible; PetalBot;+https://webmaster.petalsearch.com/site/petalbot)" 
69.30.196.218 - - [13/Dec/2025:02:37:47 -0800] "GET /R-487ae47ad790ec1172024975e7df50c8 HTTP/1.1" 200 3502 "-" "-" 
54.38.38.130 - - [13/Dec/2025:02:37:47 -0800] "GET /author/manpreet/feed/?fileloc=//lib/locale/fr_CA.utf8/LC_COLLATE&path=//lib/locale/fr_CA.utf8 HTTP/1.1" 200 408324 "-" "Mozilla/5.0 (compatible; MJ12bot/v1.4.8; http://mj12bot.com/)" 
69.30.196.218 - - [13/Dec/2025:02:37:49 -0800] "GET /R-487ae47ad790ec1172024975e7df50c8 HTTP/1.1" 200 3502 "-" "-" 
54.38.38.130 - - [13/Dec/2025:02:37:49 -0800] "GET /author/manpreet/feed/?fileloc=//lib/locale/fr_CH.utf8/LC_COLLATE&path=//lib/locale/fr_CH.utf8 HTTP/1.1" 200 407852 "-" "Mozilla/5.0 (compatible; MJ12bot/v1.4.8; http://mj12bot.com/)" 
69.30.196.218 - - [13/Dec/2025:02:37:52 -0800] "GET /R-487ae47ad790ec1172024975e7df50c8 HTTP/1.1" 200 3502 "-" "-" 
54.38.38.130 - - [13/Dec/2025:02:37:52 -0800] "GET /author/manpreet/feed/?fileloc=//lib/locale/fr_FR.utf8/LC_COLLATE&path=//lib/locale/fr_FR.utf8 HTTP/1.1" 200 407967 "-" "Mozilla/5.0 (compatible; MJ12bot/v1.4.8; http://mj12bot.com/)" 
69.30.196.218 - - [13/Dec/2025:02:37:53 -0800] "GET /R-487ae47ad790ec1172024975e7df50c8 HTTP/1.1" 200 3502 "-" "-" 
47.128.25.233 - - [13/Dec/2025:02:37:53 -0800] "GET /best-physiotherapists-in-ottawa/?fileloc=%2Fhome%2Fdh_7uh9vd%2F.bashrc&path=%2Fhome%2Fdh_7uh9vd HTTP/2.0" 200 2744 "-" "Mozilla/5.0 (Linux; Android 5.0) AppleWebKit/537.36 (KHTML, like Gecko) Mobile Safari/537.36 (compatible; Bytespider; spider-feedback@bytedance.com)" 
69.30.196.218 - - [13/Dec/2025:02:37:54 -0800] "GET /R-487ae47ad790ec1172024975e7df50c8 HTTP/1.1" 200 3502 "-" "-" 
54.38.38.130 - - [13/Dec/2025:02:37:54 -0800] "GET /author/manpreet/feed/?fileloc=//lib/locale/fr_LU.utf8/LC_COLLATE&path=//lib/locale/fr_LU.utf8 HTTP/1.1" 200 407967 "-" "Mozilla/5.0 (compatible; MJ12bot/v1.4.8; http://mj12bot.com/)" 
69.30.196.218 - - [13/Dec/2025:02:37:57 -0800] "GET /R-487ae47ad790ec1172024975e7df50c8 HTTP/1.1" 200 3502 "-" "-" 
54.38.38.130 - - [13/Dec/2025:02:37:57 -0800] "GET /author/manpreet/feed/?fileloc=//lib/locale/fur_IT/LC_COLLATE&path=//lib/locale/fur_IT HTTP/1.1" 200 407934 "-" "Mozilla/5.0 (compatible; MJ12bot/v1.4.8; http://mj12bot.com/)" 
69.30.196.218 - - [13/Dec/2025:02:38:00 -0800] "GET /R-487ae47ad790ec1172024975e7df50c8 HTTP/1.1" 200 3502 "-" "-" 
54.38.38.130 - - [13/Dec/2025:02:37:59 -0800] "GET /author/manpreet/feed/?fileloc=//lib/locale/fy_DE/LC_COLLATE&path=//lib/locale/fy_DE HTTP/1.1" 200 407838 "-" "Mozilla/5.0 (compatible; MJ12bot/v1.4.8; http://mj12bot.com/)" 
69.30.196.218 - - [13/Dec/2025:02:38:02 -0800] "GET /R-487ae47ad790ec1172024975e7df50c8 HTTP/1.1" 200 3502 "-" "-" 
54.38.38.130 - - [13/Dec/2025:02:38:02 -0800] "GET /author/manpreet/feed/?fileloc=//lib/locale/fy_NL/LC_COLLATE&path=//lib/locale/fy_NL HTTP/1.1" 200 407528 "-" "Mozilla/5.0 (compatible; MJ12bot/v1.4.8; http://mj12bot.com/)" 
69.30.196.218 - - [13/Dec/2025:02:38:05 -0800] "GET /R-487ae47ad790ec1172024975e7df50c8 HTTP/1.1" 200 3502 "-" "-" 
54.38.38.130 - - [13/Dec/2025:02:38:05 -0800] "GET /author/manpreet/feed/?fileloc=//lib/locale/ga_IE.utf8/LC_COLLATE&path=//lib/locale/ga_IE.utf8 HTTP/1.1" 200 407631 "-" "Mozilla/5.0 (compatible; MJ12bot/v1.4.8; http://mj12bot.com/)" 
69.30.196.218 - - [13/Dec/2025:02:38:07 -0800] "GET /R-487ae47ad790ec1172024975e7df50c8 HTTP/1.1" 200 3502 "-" "-" 
54.38.38.130 - - [13/Dec/2025:02:38:07 -0800] "GET /author/manpreet/feed/?fileloc=//lib/locale/gd_GB.utf8/LC_COLLATE&path=//lib/locale/gd_GB.utf8 HTTP/1.1" 200 407539 "-" "Mozilla/5.0 (compatible; MJ12bot/v1.4.8; http://mj12bot.com/)" 
69.30.196.218 - - [13/Dec/2025:02:38:10 -0800] "GET /R-487ae47ad790ec1172024975e7df50c8 HTTP/1.1" 200 3502 "-" "-" 
54.38.38.130 - - [13/Dec/2025:02:38:10 -0800] "GET /author/manpreet/feed/?fileloc=//lib/locale/gez_ER/LC_COLLATE&path=//lib/locale/gez_ER HTTP/1.1" 200 407975 "-" "Mozilla/5.0 (compatible; MJ12bot/v1.4.8; http://mj12bot.com/)" 
69.30.196.218 - - [13/Dec/2025:02:38:13 -0800] "GET /R-487ae47ad790ec1172024975e7df50c8 HTTP/1.1" 200 3502 "-" "-" 
54.38.38.130 - - [13/Dec/2025:02:38:13 -0800] "GET /author/manpreet/feed/?fileloc=//lib/locale/gez_ER@abegede/LC_COLLATE&path=//lib/locale/gez_ER@abegede HTTP/1.1" 200 408064 "-" "Mozilla/5.0 (compatible; MJ12bot/v1.4.8; http://mj12bot.com/)" 
69.30.196.218 - - [13/Dec/2025:02:38:15 -0800] "GET /R-487ae47ad790ec1172024975e7df50c8 HTTP/1.1" 200 3502 "-" "-" 
54.38.38.130 - - [13/Dec/2025:02:38:15 -0800] "GET /author/manpreet/feed/?fileloc=//lib/locale/gez_ET/LC_COLLATE&path=//lib/locale/gez_ET HTTP/1.1" 200 407975 "-" "Mozilla/5.0 (compatible; MJ12bot/v1.4.8; http://mj12bot.com/)" 
69.30.196.218 - - [13/Dec/2025:02:38:18 -0800] "GET /R-487ae47ad790ec1172024975e7df50c8 HTTP/1.1" 200 3502 "-" "-" 
54.38.38.130 - - [13/Dec/2025:02:38:18 -0800] "GET /author/manpreet/feed/?fileloc=//lib/locale/gez_ET@abegede/LC_COLLATE&path=//lib/locale/gez_ET@abegede HTTP/1.1" 200 408064 "-" "Mozilla/5.0 (compatible; MJ12bot/v1.4.8; http://mj12bot.com/)" 
69.30.196.218 - - [13/Dec/2025:02:38:21 -0800] "GET /R-487ae47ad790ec1172024975e7df50c8 HTTP/1.1" 200 3502 "-" "-" 
54.38.38.130 - - [13/Dec/2025:02:38:21 -0800] "GET /author/manpreet/feed/?fileloc=//lib/locale/gl_ES.utf8/LC_COLLATE&path=//lib/locale/gl_ES.utf8 HTTP/1.1" 200 407779 "-" "Mozilla/5.0 (compatible; MJ12bot/v1.4.8; http://mj12bot.com/)" 
69.30.196.218 - - [13/Dec/2025:02:38:23 -0800] "GET /R-487ae47ad790ec1172024975e7df50c8 HTTP/1.1" 200 3502 "-" "-" 
54.38.38.130 - - [13/Dec/2025:02:38:23 -0800] "GET /author/manpreet/feed/?fileloc=//lib/locale/gu_IN/LC_COLLATE&path=//lib/locale/gu_IN HTTP/1.1" 200 407529 "-" "Mozilla/5.0 (compatible; MJ12bot/v1.4.8; http://mj12bot.com/)" 
69.30.196.218 - - [13/Dec/2025:02:38:26 -0800] "GET /R-487ae47ad790ec1172024975e7df50c8 HTTP/1.1" 200 3502 "-" "-" 
54.38.38.130 - - [13/Dec/2025:02:38:26 -0800] "GET /author/manpreet/feed/?fileloc=//lib/locale/gv_GB.utf8/LC_COLLATE&path=//lib/locale/gv_GB.utf8 HTTP/1.1" 200 407923 "-" "Mozilla/5.0 (compatible; MJ12bot/v1.4.8; http://mj12bot.com/)" 
69.30.196.218 - - [13/Dec/2025:02:38:29 -0800] "GET /R-487ae47ad790ec1172024975e7df50c8 HTTP/1.1" 200 3502 "-" "-" 
