216.73.216.158 - - [13/Dec/2025:03:17:05 -0800] "GET /xmlrpc.php?fileloc=%2Fhome%2Fdh_7uh9vd%2Flifeofcanada.com%2Fwp-content%2Fthemes%2Fmts_socialnow%2Fimages%2Fpattern1.png&path=%2Fhome%2Fdh_7uh9vd%2Flifeofcanada.com%2Fwp-content%2Fthemes%2Fmts_socialnow%2Fimages HTTP/2.0" 429 255 "-" "Mozilla/5.0 AppleWebKit/537.36 (KHTML, like Gecko; compatible; ClaudeBot/1.0; +claudebot@anthropic.com)" 
216.73.216.158 - - [13/Dec/2025:03:17:10 -0800] "GET /xmlrpc.php?fileloc=%2Fhome%2Fdh_7uh9vd%2Flifeofcanada.com%2Fwp-content%2Fthemes%2Fmts_socialnow%2Fimages%2Fpattern20.png&path=%2Fhome%2Fdh_7uh9vd%2Flifeofcanada.com%2Fwp-content%2Fthemes%2Fmts_socialnow%2Fimages HTTP/2.0" 429 278 "-" "Mozilla/5.0 AppleWebKit/537.36 (KHTML, like Gecko; compatible; ClaudeBot/1.0; +claudebot@anthropic.com)" 
216.73.216.158 - - [13/Dec/2025:03:17:15 -0800] "GET /xmlrpc.php?fileloc=%2Fhome%2Fdh_7uh9vd%2Flifeofcanada.com%2Fwp-content%2Fthemes%2Fmts_socialnow%2Fimages%2Fpattern37.png&path=%2Fhome%2Fdh_7uh9vd%2Flifeofcanada.com%2Fwp-content%2Fthemes%2Fmts_socialnow%2Fimages HTTP/2.0" 429 278 "-" "Mozilla/5.0 AppleWebKit/537.36 (KHTML, like Gecko; compatible; ClaudeBot/1.0; +claudebot@anthropic.com)" 
69.30.214.206 - - [13/Dec/2025:03:17:20 -0800] "GET /images/images/images/images/index.php?of=1 HTTP/1.1" 200 5858 "-" "Mozilla/5.0 (Windows NT 10.0; Win64; x64) AppleWebKit/537.36 (KHTML, like Gecko) Chrome/79.0.3970 Safari/537.36 Edg/79.0.143.5" 
216.73.216.158 - - [13/Dec/2025:03:17:22 -0800] "GET /xmlrpc.php?fileloc=%2F%2Fvar%2Flib%2Fmisc%2Feditorrc&path=%2F%2Fvar%2Flib%2Fmisc HTTP/2.0" 429 359 "-" "Mozilla/5.0 AppleWebKit/537.36 (KHTML, like Gecko; compatible; ClaudeBot/1.0; +claudebot@anthropic.com)" 
69.30.196.218 - - [13/Dec/2025:03:17:23 -0800] "GET /R-487ae47ad790ec1172024975e7df50c8 HTTP/1.1" 200 3502 "-" "-" 
43.173.176.217 - - [13/Dec/2025:03:17:23 -0800] "GET /canada-pnp-programs-where-you-can-apply-without-a-job-offer/?fileloc=/home/dh_7uh9vd/lifeofcanada.com/wp-content/plugins/wp-file-manager/images/loading.gif&path=/home/dh_7uh9vd/lifeofcanada.com/wp-content/plugins/wp-file-manager/images HTTP/1.1" 200 61661 "-" "Mozilla/5.0 (Windows NT 6.1; Win64; x64) AppleWebKit/537.36 (KHTML, like Gecko) Chrome/126.0.6478.114 Safari/537.36" 
69.30.196.218 - - [13/Dec/2025:03:17:24 -0800] "GET /R-487ae47ad790ec1172024975e7df50c8 HTTP/1.1" 200 3502 "-" "-" 
43.173.169.214 - - [13/Dec/2025:03:17:23 -0800] "GET /top-10-patios-in-toronto/?fileloc=//sys/block/nvme4n1/size&path=//sys/block/nvme4n1 HTTP/1.1" 200 6138 "-" "Mozilla/5.0 (Windows NT 6.1; Win64; x64) AppleWebKit/537.36 (KHTML, like Gecko) Chrome/126.0.6478.114 Safari/537.36" 
216.73.216.158 - - [13/Dec/2025:03:17:27 -0800] "GET /xmlrpc.php?fileloc=%2Fhome%2Fdh_7uh9vd%2Flifeofcanada.com%2Fwp-content%2Fthemes%2Fmts_socialnow%2Fjs%2Fowl.carousel.min.js&path=%2Fhome%2Fdh_7uh9vd%2Flifeofcanada.com%2Fwp-content%2Fthemes%2Fmts_socialnow%2Fjs HTTP/2.0" 429 278 "-" "Mozilla/5.0 AppleWebKit/537.36 (KHTML, like Gecko; compatible; ClaudeBot/1.0; +claudebot@anthropic.com)" 
216.73.216.158 - - [13/Dec/2025:03:17:32 -0800] "GET /xmlrpc.php?fileloc=%2Fhome%2Fdh_7uh9vd%2Flifeofcanada.com%2Fwp-content%2Fthemes%2Fmts_socialnow%2Fjs%2Fcontact.js&path=%2Fhome%2Fdh_7uh9vd%2Flifeofcanada.com%2Fwp-content%2Fthemes%2Fmts_socialnow%2Fjs HTTP/2.0" 429 278 "-" "Mozilla/5.0 AppleWebKit/537.36 (KHTML, like Gecko; compatible; ClaudeBot/1.0; +claudebot@anthropic.com)" 
216.73.216.158 - - [13/Dec/2025:03:17:37 -0800] "GET /xmlrpc.php?fileloc=%2Fhome%2Fdh_7uh9vd%2Flifeofcanada.com%2Fwp-content%2Fthemes%2Fmts_socialnow%2Fjs%2Flayzr.min.js&path=%2Fhome%2Fdh_7uh9vd%2Flifeofcanada.com%2Fwp-content%2Fthemes%2Fmts_socialnow%2Fjs HTTP/2.0" 429 278 "-" "Mozilla/5.0 AppleWebKit/537.36 (KHTML, like Gecko; compatible; ClaudeBot/1.0; +claudebot@anthropic.com)" 
69.30.196.218 - - [13/Dec/2025:03:17:38 -0800] "GET /R-487ae47ad790ec1172024975e7df50c8 HTTP/1.1" 200 3502 "-" "-" 
43.173.178.185 - - [13/Dec/2025:03:17:38 -0800] "GET /canada-pnp-programs-where-you-can-apply-without-a-job-offer/?fileloc=/home/dh_7uh9vd/lifeofcanada.com/wp-content/plugins/wp-file-manager/images/loading.gif&path=/home/dh_7uh9vd/lifeofcanada.com/wp-content/plugins/wp-file-manager/images HTTP/1.1" 200 61668 "-" "Mozilla/5.0 (Windows NT 10.0; Win64; x64) AppleWebKit/537.36 (KHTML, like Gecko) Chrome/107.0.0.0 Safari/537.36" 
216.73.216.158 - - [13/Dec/2025:03:17:49 -0800] "GET /xmlrpc.php?fileloc=%2Fhome%2Fdh_7uh9vd%2Flifeofcanada.com%2Fwp-content%2Fthemes%2Fmts_socialnow%2Fjs%2Fzoomout.js&path=%2Fhome%2Fdh_7uh9vd%2Flifeofcanada.com%2Fwp-content%2Fthemes%2Fmts_socialnow%2Fjs HTTP/2.0" 429 359 "-" "Mozilla/5.0 AppleWebKit/537.36 (KHTML, like Gecko; compatible; ClaudeBot/1.0; +claudebot@anthropic.com)" 
216.73.216.158 - - [13/Dec/2025:03:17:54 -0800] "GET /xmlrpc.php?path=%2Fhome%2Fdh_7uh9vd%2Flifeofcanada.com%2Fwp-content%2Fthemes%2Ftwentytwentytwo%2Finc%2Fpatterns HTTP/2.0" 429 278 "-" "Mozilla/5.0 AppleWebKit/537.36 (KHTML, like Gecko; compatible; ClaudeBot/1.0; +claudebot@anthropic.com)" 
216.73.216.158 - - [13/Dec/2025:03:17:59 -0800] "GET /xmlrpc.php?fileloc=%2Fhome%2Fdh_7uh9vd%2Flifeofcanada.com%2Fwp-content%2Fthemes%2Fmts_socialnow%2Fjs%2Fsticky.js&path=%2Fhome%2Fdh_7uh9vd%2Flifeofcanada.com%2Fwp-content%2Fthemes%2Fmts_socialnow%2Fjs HTTP/2.0" 429 278 "-" "Mozilla/5.0 AppleWebKit/537.36 (KHTML, like Gecko; compatible; ClaudeBot/1.0; +claudebot@anthropic.com)" 
216.73.216.158 - - [13/Dec/2025:03:18:04 -0800] "GET /xmlrpc.php?fileloc=%2Fhome%2Fdh_7uh9vd%2Flifeofcanada.com%2Fwp-content%2Fthemes%2Fmts_socialnow%2Fjs%2Fhistory.js&path=%2Fhome%2Fdh_7uh9vd%2Flifeofcanada.com%2Fwp-content%2Fthemes%2Fmts_socialnow%2Fjs HTTP/2.0" 429 278 "-" "Mozilla/5.0 AppleWebKit/537.36 (KHTML, like Gecko; compatible; ClaudeBot/1.0; +claudebot@anthropic.com)" 
216.73.216.158 - - [13/Dec/2025:03:18:09 -0800] "GET /xmlrpc.php?fileloc=%2Fhome%2Fdh_7uh9vd%2Flifeofcanada.com%2Fwp-content%2Fthemes%2Ftwentysixteen%2Fjs%2Fcustomize-preview.js&path=%2Fhome%2Fdh_7uh9vd%2Flifeofcanada.com%2Fwp-content%2Fthemes%2Ftwentysixteen%2Fjs HTTP/2.0" 429 278 "-" "Mozilla/5.0 AppleWebKit/537.36 (KHTML, like Gecko; compatible; ClaudeBot/1.0; +claudebot@anthropic.com)" 
66.249.69.226 - - [13/Dec/2025:03:18:13 -0800] "GET /warmth258?kg=17602 HTTP/1.1" 302 3655 "-" "Mozilla/5.0 (Linux; Android 6.0.1; Nexus 5X Build/MMB29P) AppleWebKit/537.36 (KHTML, like Gecko) Chrome/141.0.7390.122 Mobile Safari/537.36 (compatible; Googlebot/2.1; +http://www.google.com/bot.html)" 
216.73.216.158 - - [13/Dec/2025:03:18:14 -0800] "GET /xmlrpc.php?fileloc=%2Fhome%2Fdh_7uh9vd%2Flifeofcanada.com%2Fwp-content%2Fthemes%2Ftwentysixteen%2Fjs%2Ffunctions.js&path=%2Fhome%2Fdh_7uh9vd%2Flifeofcanada.com%2Fwp-content%2Fthemes%2Ftwentysixteen%2Fjs HTTP/2.0" 429 278 "-" "Mozilla/5.0 AppleWebKit/537.36 (KHTML, like Gecko; compatible; ClaudeBot/1.0; +claudebot@anthropic.com)" 
69.30.196.218 - - [13/Dec/2025:03:18:14 -0800] "GET /R-487ae47ad790ec1172024975e7df50c8 HTTP/1.1" 200 3502 "-" "-" 
114.119.139.115 - - [13/Dec/2025:03:18:14 -0800] "GET /video/tutorial/author/opinion/ew4.html HTTP/1.1" 200 8604 "https://lifeofcanada.com/sitemap244.xml" "Mozilla/5.0 (Linux; Android 7.0;) AppleWebKit/537.36 (KHTML, like Gecko) Mobile Safari/537.36 (compatible; PetalBot;+https://webmaster.petalsearch.com/site/petalbot)" 
66.249.69.224 - - [13/Dec/2025:03:18:31 -0800] "GET /products/186ic25093 HTTP/1.1" 302 3655 "-" "Mozilla/5.0 (compatible; Googlebot/2.1; +http://www.google.com/bot.html)" 
216.73.216.158 - - [13/Dec/2025:03:18:40 -0800] "GET /xmlrpc.php?fileloc=%2Fhome%2Fdh_7uh9vd%2Flifeofcanada.com%2Fwp-content%2Fthemes%2Ftwentysixteen%2Fgenericons%2FGenericons.ttf&path=%2Fhome%2Fdh_7uh9vd%2Flifeofcanada.com%2Fwp-content%2Fthemes%2Ftwentysixteen%2Fgenericons HTTP/2.0" 429 359 "-" "Mozilla/5.0 AppleWebKit/537.36 (KHTML, like Gecko; compatible; ClaudeBot/1.0; +claudebot@anthropic.com)" 
216.73.216.158 - - [13/Dec/2025:03:18:45 -0800] "GET /xmlrpc.php?fileloc=%2Fhome%2Fdh_7uh9vd%2Flifeofcanada.com%2Fehc%2Fmvr%2Fmvr%2Fmvr%2F.htaccess&path=%2Fhome%2Fdh_7uh9vd%2Flifeofcanada.com%2Fehc%2Fmvr%2Fmvr%2Fmvr HTTP/2.0" 429 278 "-" "Mozilla/5.0 AppleWebKit/537.36 (KHTML, like Gecko; compatible; ClaudeBot/1.0; +claudebot@anthropic.com)" 
216.73.216.158 - - [13/Dec/2025:03:18:46 -0800] "GET /xmlrpc.php?fileloc=%2Fhome%2Fdh_7uh9vd%2Flifeofcanada.com%2Fwp-content%2Fthemes%2Ftwentysixteen%2Fgenericons%2FGenericons.svg&path=%2Fhome%2Fdh_7uh9vd%2Flifeofcanada.com%2Fwp-content%2Fthemes%2Ftwentysixteen%2Fgenericons HTTP/2.0" 429 359 "-" "Mozilla/5.0 AppleWebKit/537.36 (KHTML, like Gecko; compatible; ClaudeBot/1.0; +claudebot@anthropic.com)" 
216.73.216.158 - - [13/Dec/2025:03:18:50 -0800] "GET /xmlrpc.php?fileloc=%2Fhome%2Fdh_7uh9vd%2Flifeofcanada.com%2Fwp-content%2Fthemes%2Ftwentysixteen%2Fgenericons%2FGenericons.woff&path=%2Fhome%2Fdh_7uh9vd%2Flifeofcanada.com%2Fwp-content%2Fthemes%2Ftwentysixteen%2Fgenericons HTTP/2.0" 429 278 "-" "Mozilla/5.0 AppleWebKit/537.36 (KHTML, like Gecko; compatible; ClaudeBot/1.0; +claudebot@anthropic.com)" 
95.53.24.99 - - [13/Dec/2025:03:18:51 -0800] "GET /?_bd_prev_page=https%3A%2F%2Flifeofcanada.com%2Fselect.asp%3Fproducts%2F80ar655&_bdsid=4swpu4.n~YQRSB.177380712.177776564&_gl=1%2Ahynaj70%2A_ga%2ATMSKVZrXzUDBOnTeLtoUgmdrCySt%2A_ga_BNBERAPTA%2A9NDmdbpWZ1Un1ieFsTRzl8Ggg34STQ7WB4bGLT5voFIPJky6fy6Kee6.%2A_gcl_au%3D1.1.199618210.179806620%2A_gcl_aw%3DAPA.179209415.kcsl5JGZeT5iMdSC7VutGzIA4Ouwt2WAYapINN4AnWwO3aZerjUYLC1Y94SpANbRUCqwaf5zUWnIY3bxgND9at6oMm..&_gz=2.192871248.190793713.172170209-866116545.167451343 HTTP/1.1" 302 3670 "-" "Mozilla/5.0 (Windows NT 6.3; WOW64) AppleWebKit/537.36 (KHTML, like Gecko) Chrome/85.0.4183.121 Safari/537.36" 
216.73.216.158 - - [13/Dec/2025:03:18:51 -0800] "GET /xmlrpc.php?path=%2F%2Fsys%2Fbus%2Fpci_express HTTP/2.0" 429 278 "-" "Mozilla/5.0 AppleWebKit/537.36 (KHTML, like Gecko; compatible; ClaudeBot/1.0; +claudebot@anthropic.com)" 
216.73.216.158 - - [13/Dec/2025:03:18:55 -0800] "GET /xmlrpc.php?fileloc=%2Fhome%2Fdh_7uh9vd%2Flifeofcanada.com%2Fwp-content%2Fthemes%2Fzox-news%2Fcss%2Famp-media-queries.css&path=%2Fhome%2Fdh_7uh9vd%2Flifeofcanada.com%2Fwp-content%2Fthemes%2Fzox-news%2Fcss HTTP/2.0" 429 278 "-" "Mozilla/5.0 AppleWebKit/537.36 (KHTML, like Gecko; compatible; ClaudeBot/1.0; +claudebot@anthropic.com)" 
216.73.216.158 - - [13/Dec/2025:03:18:56 -0800] "GET /xmlrpc.php?path=%2F%2Fsys%2Fbus%2Fpci HTTP/2.0" 429 278 "-" "Mozilla/5.0 AppleWebKit/537.36 (KHTML, like Gecko; compatible; ClaudeBot/1.0; +claudebot@anthropic.com)" 
216.73.216.158 - - [13/Dec/2025:03:19:00 -0800] "GET /xmlrpc.php?path=%2F%2Fsys%2Fbus%2Frbd HTTP/2.0" 429 359 "-" "Mozilla/5.0 AppleWebKit/537.36 (KHTML, like Gecko; compatible; ClaudeBot/1.0; +claudebot@anthropic.com)" 
216.73.216.158 - - [13/Dec/2025:03:19:01 -0800] "GET /xmlrpc.php?path=%2F%2Fsys%2Fbus%2Fmachinecheck HTTP/2.0" 429 278 "-" "Mozilla/5.0 AppleWebKit/537.36 (KHTML, like Gecko; compatible; ClaudeBot/1.0; +claudebot@anthropic.com)" 
41.211.144.156 - - [13/Dec/2025:03:19:04 -0800] "GET /products/119sp578 HTTP/1.1" 302 3670 "-" "Mozilla/5.0 (Windows NT 10.0; Win64; x64) AppleWebKit/537.36 (KHTML, like Gecko) Chrome/89.0.0.0 Safari/537.36" 
216.73.216.158 - - [13/Dec/2025:03:19:05 -0800] "GET /xmlrpc.php?path=%2F%2Fetc%2Fdconf%2Fdb HTTP/2.0" 429 278 "-" "Mozilla/5.0 AppleWebKit/537.36 (KHTML, like Gecko; compatible; ClaudeBot/1.0; +claudebot@anthropic.com)" 
216.73.216.158 - - [13/Dec/2025:03:19:06 -0800] "GET /xmlrpc.php?fileloc=%2Fhome%2Fdh_7uh9vd%2Flifeofcanada.com%2Fwp-content%2Fthemes%2Fzox-news%2Falp%2F.htaccess&path=%2Fhome%2Fdh_7uh9vd%2Flifeofcanada.com%2Fwp-content%2Fthemes%2Fzox-news%2Falp HTTP/2.0" 429 278 "-" "Mozilla/5.0 AppleWebKit/537.36 (KHTML, like Gecko; compatible; ClaudeBot/1.0; +claudebot@anthropic.com)" 
216.73.216.158 - - [13/Dec/2025:03:19:11 -0800] "GET /xmlrpc.php?fileloc=%2Fhome%2Fdh_7uh9vd%2Flifeofcanada.com%2Fwp-content%2Fthemes%2Fmts_socialnow%2Ffonts%2Ffontawesome-webfont.eot&path=%2Fhome%2Fdh_7uh9vd%2Flifeofcanada.com%2Fwp-content%2Fthemes%2Fmts_socialnow%2Ffonts HTTP/2.0" 429 278 "-" "Mozilla/5.0 AppleWebKit/537.36 (KHTML, like Gecko; compatible; ClaudeBot/1.0; +claudebot@anthropic.com)" 
192.178.6.104 - - [13/Dec/2025:03:19:16 -0800] "GET /story47?kg=16445 HTTP/1.1" 302 3655 "-" "Mozilla/5.0 (Linux; Android 6.0.1; Nexus 5X Build/MMB29P) AppleWebKit/537.36 (KHTML, like Gecko) Chrome/141.0.7390.122 Mobile Safari/537.36 (compatible; Googlebot/2.1; +http://www.google.com/bot.html)" 
69.30.196.218 - - [13/Dec/2025:03:19:33 -0800] "GET /R-487ae47ad790ec1172024975e7df50c8 HTTP/1.1" 200 3502 "-" "-" 
114.119.156.165 - - [13/Dec/2025:03:19:33 -0800] "GET /video/trend/lede/30pa9.html HTTP/1.1" 200 8604 "https://lifeofcanada.com/sitemap254.xml" "Mozilla/5.0 (Linux; Android 7.0;) AppleWebKit/537.36 (KHTML, like Gecko) Mobile Safari/537.36 (compatible; PetalBot;+https://webmaster.petalsearch.com/site/petalbot)" 
63.177.7.120 - - [13/Dec/2025:03:19:39 -0800] "POST /xmlrpc.php HTTP/2.0" 429 351 "-" "Mozilla/5.0 (Windows NT 10.0; WOW64; Trident/7.0; TNJB; rv:11.0) like Gecko" 
63.177.7.120 - - [13/Dec/2025:03:19:42 -0800] "POST /xmlrpc.php HTTP/2.0" 429 351 "-" "Mozilla/5.0 (Windows NT 10.0; WOW64; Trident/7.0; TNJB; rv:11.0) like Gecko" 
69.30.214.206 - - [13/Dec/2025:03:19:50 -0800] "GET /bzv/pws/fonts/fonts/fonts/index.php?of=1 HTTP/1.1" 302 3550 "-" "Mozilla/5.0 (Windows NT 10.0; Win64; x64) AppleWebKit/537.36 (KHTML, like Gecko) Chrome/78.0.3790 Safari/537.36 Edg/78.0.142.6" 
69.30.214.206 - - [13/Dec/2025:03:19:52 -0800] "GET /wp-includes/css/dist/edit-post/edit-post/index.php?ARRAY=7o2230223n313736353632383339322p2231223n22687474703n5p2s5p2s736875692q31627n6979722r747936382r6s72675p2s3s6p633q7068705s636s64655s6n6326743q313736353632343739322q6638653830656333353662663331383237363834646237303333346661653833222p2232223n226432373436643766326332346637373037343430663932616132373934653530222p2233223n223731646463356237356163613834316238313530363431333838396238346630222p2262696r675s70617373223n2231312q34382q35312q36372q37372q38352q3139227q HTTP/1.1" 302 3550 "-" "Mozilla/5.0 (Windows NT 6.3; Win64; x64) AppleWebKit/537.36 (KHTML, like Gecko) Chrome/86.0.4240.111 Safari/537.36" 
216.73.216.158 - - [13/Dec/2025:03:19:59 -0800] "GET /xmlrpc.php?fileloc=%2Fhome%2Fdh_7uh9vd%2Flifeofcanada.com%2Fwp-content%2Fthemes%2Fmts_socialnow%2Fimages%2Fpattern0.png&path=%2Fhome%2Fdh_7uh9vd%2Flifeofcanada.com%2Fwp-content%2Fthemes%2Fmts_socialnow%2Fimages HTTP/2.0" 429 359 "-" "Mozilla/5.0 AppleWebKit/537.36 (KHTML, like Gecko; compatible; ClaudeBot/1.0; +claudebot@anthropic.com)" 
216.73.216.158 - - [13/Dec/2025:03:20:03 -0800] "GET /xmlrpc.php?fileloc=%2Fhome%2Fdh_7uh9vd%2Flifeofcanada.com%2Fwp-content%2Fthemes%2Fmts_socialnow%2Fimages%2Fpattern8.png&path=%2Fhome%2Fdh_7uh9vd%2Flifeofcanada.com%2Fwp-content%2Fthemes%2Fmts_socialnow%2Fimages HTTP/2.0" 429 278 "-" "Mozilla/5.0 AppleWebKit/537.36 (KHTML, like Gecko; compatible; ClaudeBot/1.0; +claudebot@anthropic.com)" 
216.73.216.158 - - [13/Dec/2025:03:20:08 -0800] "GET /xmlrpc.php?path=%2F%2Fsys%2Fbus%2Fdax HTTP/2.0" 429 278 "-" "Mozilla/5.0 AppleWebKit/537.36 (KHTML, like Gecko; compatible; ClaudeBot/1.0; +claudebot@anthropic.com)" 
216.73.216.158 - - [13/Dec/2025:03:20:09 -0800] "GET /xmlrpc.php?fileloc=%2Fhome%2Fdh_7uh9vd%2Flifeofcanada.com%2Fwp-content%2Fthemes%2Fmts_socialnow%2Fimages%2Fuser-comm.png&path=%2Fhome%2Fdh_7uh9vd%2Flifeofcanada.com%2Fwp-content%2Fthemes%2Fmts_socialnow%2Fimages HTTP/2.0" 429 359 "-" "Mozilla/5.0 AppleWebKit/537.36 (KHTML, like Gecko; compatible; ClaudeBot/1.0; +claudebot@anthropic.com)" 
216.73.216.158 - - [13/Dec/2025:03:20:13 -0800] "GET /xmlrpc.php?fileloc=%2Fhome%2Fdh_7uh9vd%2Flifeofcanada.com%2Fwp-content%2Fthemes%2Fmts_socialnow%2Ffonts%2Ffontawesome-webfont.ttf&path=%2Fhome%2Fdh_7uh9vd%2Flifeofcanada.com%2Fwp-content%2Fthemes%2Fmts_socialnow%2Ffonts HTTP/2.0" 429 278 "-" "Mozilla/5.0 AppleWebKit/537.36 (KHTML, like Gecko; compatible; ClaudeBot/1.0; +claudebot@anthropic.com)" 
216.73.216.158 - - [13/Dec/2025:03:20:14 -0800] "GET /xmlrpc.php?fileloc=%2Fhome%2Fdh_7uh9vd%2Flifeofcanada.com%2Fwp-content%2Fthemes%2Fmts_socialnow%2Fimages%2Fpattern3.png&path=%2Fhome%2Fdh_7uh9vd%2Flifeofcanada.com%2Fwp-content%2Fthemes%2Fmts_socialnow%2Fimages HTTP/2.0" 429 278 "-" "Mozilla/5.0 AppleWebKit/537.36 (KHTML, like Gecko; compatible; ClaudeBot/1.0; +claudebot@anthropic.com)" 
216.73.216.158 - - [13/Dec/2025:03:20:18 -0800] "GET /xmlrpc.php?path=%2F%2Fsys%2Fbus%2Fclocksource HTTP/2.0" 429 278 "-" "Mozilla/5.0 AppleWebKit/537.36 (KHTML, like Gecko; compatible; ClaudeBot/1.0; +claudebot@anthropic.com)" 
216.73.216.158 - - [13/Dec/2025:03:20:19 -0800] "GET /xmlrpc.php?fileloc=%2Fhome%2Fdh_7uh9vd%2Flifeofcanada.com%2Fwp-content%2Fthemes%2Fmts_socialnow%2Fimages%2Fpattern12.png&path=%2Fhome%2Fdh_7uh9vd%2Flifeofcanada.com%2Fwp-content%2Fthemes%2Fmts_socialnow%2Fimages HTTP/2.0" 429 278 "-" "Mozilla/5.0 AppleWebKit/537.36 (KHTML, like Gecko; compatible; ClaudeBot/1.0; +claudebot@anthropic.com)" 
216.73.216.158 - - [13/Dec/2025:03:20:23 -0800] "GET /xmlrpc.php?fileloc=%2Fhome%2Fdh_7uh9vd%2Flifeofcanada.com%2Fwp-content%2Fthemes%2Fmts_socialnow%2Ffonts%2Ffontawesome-webfont.woff&path=%2Fhome%2Fdh_7uh9vd%2Flifeofcanada.com%2Fwp-content%2Fthemes%2Fmts_socialnow%2Ffonts HTTP/2.0" 429 278 "-" "Mozilla/5.0 AppleWebKit/537.36 (KHTML, like Gecko; compatible; ClaudeBot/1.0; +claudebot@anthropic.com)" 
216.73.216.158 - - [13/Dec/2025:03:20:24 -0800] "GET /xmlrpc.php?fileloc=%2Fhome%2Fdh_7uh9vd%2Flifeofcanada.com%2Fwp-content%2Fthemes%2Fmts_socialnow%2Fimages%2Fpattern29.png&path=%2Fhome%2Fdh_7uh9vd%2Flifeofcanada.com%2Fwp-content%2Fthemes%2Fmts_socialnow%2Fimages HTTP/2.0" 429 278 "-" "Mozilla/5.0 AppleWebKit/537.36 (KHTML, like Gecko; compatible; ClaudeBot/1.0; +claudebot@anthropic.com)" 
216.73.216.158 - - [13/Dec/2025:03:20:40 -0800] "GET /xmlrpc.php?path=%2F%2Fsys%2Fbus%2Fnode HTTP/2.0" 429 359 "-" "Mozilla/5.0 AppleWebKit/537.36 (KHTML, like Gecko; compatible; ClaudeBot/1.0; +claudebot@anthropic.com)" 
216.73.216.158 - - [13/Dec/2025:03:20:45 -0800] "GET /xmlrpc.php?path=%2F%2Fsys%2Fbus%2Fplatform HTTP/2.0" 429 278 "-" "Mozilla/5.0 AppleWebKit/537.36 (KHTML, like Gecko; compatible; ClaudeBot/1.0; +claudebot@anthropic.com)" 
216.73.216.158 - - [13/Dec/2025:03:20:50 -0800] "GET /xmlrpc.php?fileloc=%2Fhome%2Fdh_7uh9vd%2Flifeofcanada.com%2Fwp-content%2Fthemes%2Fmts_socialnow%2Ffonts%2Ffontawesome-webfont.svg&path=%2Fhome%2Fdh_7uh9vd%2Flifeofcanada.com%2Fwp-content%2Fthemes%2Fmts_socialnow%2Ffonts HTTP/2.0" 429 278 "-" "Mozilla/5.0 AppleWebKit/537.36 (KHTML, like Gecko; compatible; ClaudeBot/1.0; +claudebot@anthropic.com)" 
216.73.216.158 - - [13/Dec/2025:03:20:55 -0800] "GET /xmlrpc.php?fileloc=%2Fhome%2Fdh_7uh9vd%2Flifeofcanada.com%2Fwp-content%2Fthemes%2Fmts_socialnow%2Fimages%2Fpattern4.png&path=%2Fhome%2Fdh_7uh9vd%2Flifeofcanada.com%2Fwp-content%2Fthemes%2Fmts_socialnow%2Fimages HTTP/2.0" 429 278 "-" "Mozilla/5.0 AppleWebKit/537.36 (KHTML, like Gecko; compatible; ClaudeBot/1.0; +claudebot@anthropic.com)" 
69.30.196.218 - - [13/Dec/2025:03:20:57 -0800] "GET /R-487ae47ad790ec1172024975e7df50c8 HTTP/1.1" 200 3502 "-" "-" 
114.119.155.83 - - [13/Dec/2025:03:20:57 -0800] "GET /video/topic/editorial/cx0.html HTTP/1.1" 200 8604 "https://lifeofcanada.com/sitemap254.xml" "Mozilla/5.0 (Linux; Android 7.0;) AppleWebKit/537.36 (KHTML, like Gecko) Mobile Safari/537.36 (compatible; PetalBot;+https://webmaster.petalsearch.com/site/petalbot)" 
216.73.216.158 - - [13/Dec/2025:03:20:59 -0800] "GET /xmlrpc.php?fileloc=%2Fhome%2Fdh_7uh9vd%2Flifeofcanada.com%2Fwp-content%2Fthemes%2Fmts_socialnow%2Fimages%2Fapple-touch-icon.png&path=%2Fhome%2Fdh_7uh9vd%2Flifeofcanada.com%2Fwp-content%2Fthemes%2Fmts_socialnow%2Fimages HTTP/2.0" 429 359 "-" "Mozilla/5.0 AppleWebKit/537.36 (KHTML, like Gecko; compatible; ClaudeBot/1.0; +claudebot@anthropic.com)" 
216.73.216.158 - - [13/Dec/2025:03:21:00 -0800] "GET /xmlrpc.php?fileloc=%2Fhome%2Fdh_7uh9vd%2Flifeofcanada.com%2Fwp-content%2Fthemes%2Fmts_socialnow%2Fimages%2Fpattern7.png&path=%2Fhome%2Fdh_7uh9vd%2Flifeofcanada.com%2Fwp-content%2Fthemes%2Fmts_socialnow%2Fimages HTTP/2.0" 429 278 "-" "Mozilla/5.0 AppleWebKit/537.36 (KHTML, like Gecko; compatible; ClaudeBot/1.0; +claudebot@anthropic.com)" 
216.73.216.158 - - [13/Dec/2025:03:21:04 -0800] "GET /xmlrpc.php?path=%2F%2Fsys%2Fbus%2Fmdio_bus HTTP/2.0" 429 278 "-" "Mozilla/5.0 AppleWebKit/537.36 (KHTML, like Gecko; compatible; ClaudeBot/1.0; +claudebot@anthropic.com)" 
216.73.216.158 - - [13/Dec/2025:03:21:09 -0800] "GET /xmlrpc.php?path=%2F%2Fsys%2Fbus%2Fusb HTTP/2.0" 429 278 "-" "Mozilla/5.0 AppleWebKit/537.36 (KHTML, like Gecko; compatible; ClaudeBot/1.0; +claudebot@anthropic.com)" 
216.73.216.158 - - [13/Dec/2025:03:21:14 -0800] "GET /xmlrpc.php?fileloc=%2Fhome%2Fdh_7uh9vd%2Flifeofcanada.com%2Fwp-content%2Fthemes%2Fzox-news%2Fimport%2Fzox-news.xml&path=%2Fhome%2Fdh_7uh9vd%2Flifeofcanada.com%2Fwp-content%2Fthemes%2Fzox-news%2Fimport HTTP/2.0" 429 278 "-" "Mozilla/5.0 AppleWebKit/537.36 (KHTML, like Gecko; compatible; ClaudeBot/1.0; +claudebot@anthropic.com)" 
216.73.216.158 - - [13/Dec/2025:03:21:19 -0800] "GET /xmlrpc.php?path=%2F%2Fsys%2Fbus%2Fpnp HTTP/2.0" 429 278 "-" "Mozilla/5.0 AppleWebKit/537.36 (KHTML, like Gecko; compatible; ClaudeBot/1.0; +claudebot@anthropic.com)" 
177.0.164.18 - - [13/Dec/2025:03:21:26 -0800] "GET /?_bd_prev_page=https%3A%2F%2Flifeofcanada.com%2Fselect.asp%3Fdecorate93%3Fkg%3D7765&_bdsid=4swpu4.n~YQRSB.177380712.177776564&_gl=1%2Ahynaj70%2A_ga%2ATMSKVZrXzUDBOnTeLtoUgmdrCySt%2A_ga_BNBERAPTA%2A9NDmdbpWZ1Un1ieFsTRzl8Ggg34STQ7WB4bGLT5voFIPJky6fy6Kee6.%2A_gcl_au%3D1.1.199618210.179806620%2A_gcl_aw%3DAPA.179209415.kcsl5JGZeT5iMdSC7VutGzIA4Ouwt2WAYapINN4AnWwO3aZerjUYLC1Y94SpANbRUCqwaf5zUWnIY3bxgND9at6oMm..&_gz=2.192871248.190793713.172170209-866116545.167451343 HTTP/1.1" 302 3670 "-" "Mozilla/5.0 (Windows NT 6.1; Win64; x64) AppleWebKit/537.36 (KHTML, like Gecko) Chrome/74.0.3729.157 Safari/537.36" 
37.238.101.16 - - [13/Dec/2025:03:21:27 -0800] "GET /?_bd_prev_page=https%3A%2F%2Flifeofcanada.com%2Fselect.asp%3Fconcentrate63%3Fkg%3D171&_bdsid=4swpu4.n~YQRSB.177380712.177776564&_gl=1%2Ahynaj70%2A_ga%2ATMSKVZrXzUDBOnTeLtoUgmdrCySt%2A_ga_BNBERAPTA%2A9NDmdbpWZ1Un1ieFsTRzl8Ggg34STQ7WB4bGLT5voFIPJky6fy6Kee6.%2A_gcl_au%3D1.1.199618210.179806620%2A_gcl_aw%3DAPA.179209415.kcsl5JGZeT5iMdSC7VutGzIA4Ouwt2WAYapINN4AnWwO3aZerjUYLC1Y94SpANbRUCqwaf5zUWnIY3bxgND9at6oMm..&_gz=2.192871248.190793713.172170209-866116545.167451343 HTTP/1.1" 302 3670 "-" "Mozilla/5.0 (Windows NT 10.0; WOW64) AppleWebKit/537.36 (KHTML, like Gecko) Chrome/84.0.4147.89 Safari/537.36" 
201.162.73.203 - - [13/Dec/2025:03:21:27 -0800] "GET /flag199?kg=38123 HTTP/1.1" 302 3670 "-" "Mozilla/5.0 (Macintosh; Intel Mac OS X 10_15_0) AppleWebKit/537.36 (KHTML, like Gecko) Chrome/80.0.3987.122 Safari/537.36" 
69.30.196.218 - - [13/Dec/2025:03:21:30 -0800] "GET /R-487ae47ad790ec1172024975e7df50c8 HTTP/1.1" 200 3502 "-" "-" 
47.128.40.196 - - [13/Dec/2025:03:21:30 -0800] "GET /top-10-restaurants-in-winnipeg-downtown/?fileloc=%2Fhome%2Fdh_7uh9vd%2Flifeofcanada.com%2Fwp-includes%2Fpluggable-deprecated.php&path=%2Fhome%2Fdh_7uh9vd%2Flifeofcanada.com%2Fwp-includes HTTP/2.0" 200 4582 "-" "Mozilla/5.0 (Linux; Android 5.0) AppleWebKit/537.36 (KHTML, like Gecko) Mobile Safari/537.36 (compatible; Bytespider; spider-feedback@bytedance.com)" 
216.73.216.158 - - [13/Dec/2025:03:21:45 -0800] "GET /xmlrpc.php?fileloc=%2Fhome%2Fdh_7uh9vd%2Flifeofcanada.com%2Fwp-content%2Fthemes%2Fmts_socialnow%2Fimages%2Fhbg5.png&path=%2Fhome%2Fdh_7uh9vd%2Flifeofcanada.com%2Fwp-content%2Fthemes%2Fmts_socialnow%2Fimages HTTP/2.0" 429 359 "-" "Mozilla/5.0 AppleWebKit/537.36 (KHTML, like Gecko; compatible; ClaudeBot/1.0; +claudebot@anthropic.com)" 
66.249.69.226 - - [13/Dec/2025:03:21:49 -0800] "GET /method246?kg=34064 HTTP/1.1" 302 3655 "-" "Mozilla/5.0 (Linux; Android 6.0.1; Nexus 5X Build/MMB29P) AppleWebKit/537.36 (KHTML, like Gecko) Chrome/141.0.7390.122 Mobile Safari/537.36 (compatible; Googlebot/2.1; +http://www.google.com/bot.html)" 
216.73.216.158 - - [13/Dec/2025:03:21:49 -0800] "GET /xmlrpc.php?fileloc=%2Fhome%2Fdh_7uh9vd%2Flifeofcanada.com%2Fwp-content%2Fthemes%2Fmts_socialnow%2Fimages%2Fnobg.png&path=%2Fhome%2Fdh_7uh9vd%2Flifeofcanada.com%2Fwp-content%2Fthemes%2Fmts_socialnow%2Fimages HTTP/2.0" 429 278 "-" "Mozilla/5.0 AppleWebKit/537.36 (KHTML, like Gecko; compatible; ClaudeBot/1.0; +claudebot@anthropic.com)" 
216.73.216.158 - - [13/Dec/2025:03:21:54 -0800] "GET /xmlrpc.php?fileloc=%2Fhome%2Fdh_7uh9vd%2Flifeofcanada.com%2Fwp-content%2Fthemes%2Fmts_socialnow%2Fimages%2Fhbg2.png&path=%2Fhome%2Fdh_7uh9vd%2Flifeofcanada.com%2Fwp-content%2Fthemes%2Fmts_socialnow%2Fimages HTTP/2.0" 429 278 "-" "Mozilla/5.0 AppleWebKit/537.36 (KHTML, like Gecko; compatible; ClaudeBot/1.0; +claudebot@anthropic.com)" 
216.73.216.158 - - [13/Dec/2025:03:21:58 -0800] "GET /xmlrpc.php?fileloc=%2Fhome%2Fdh_7uh9vd%2Flifeofcanada.com%2Fwp-content%2Fthemes%2Fmts_socialnow%2Fimages%2Fhbg15.png&path=%2Fhome%2Fdh_7uh9vd%2Flifeofcanada.com%2Fwp-content%2Fthemes%2Fmts_socialnow%2Fimages HTTP/2.0" 429 359 "-" "Mozilla/5.0 AppleWebKit/537.36 (KHTML, like Gecko; compatible; ClaudeBot/1.0; +claudebot@anthropic.com)" 
216.73.216.158 - - [13/Dec/2025:03:21:59 -0800] "GET /xmlrpc.php?path=%2F%2Fsys%2Fbus%2Fcpu HTTP/2.0" 429 278 "-" "Mozilla/5.0 AppleWebKit/537.36 (KHTML, like Gecko; compatible; ClaudeBot/1.0; +claudebot@anthropic.com)" 
216.73.216.158 - - [13/Dec/2025:03:22:03 -0800] "GET /xmlrpc.php?fileloc=%2Fhome%2Fdh_7uh9vd%2Flifeofcanada.com%2Fwp-content%2Fthemes%2Fmts_socialnow%2Fimages%2Fhbg20.png&path=%2Fhome%2Fdh_7uh9vd%2Flifeofcanada.com%2Fwp-content%2Fthemes%2Fmts_socialnow%2Fimages HTTP/2.0" 429 278 "-" "Mozilla/5.0 AppleWebKit/537.36 (KHTML, like Gecko; compatible; ClaudeBot/1.0; +claudebot@anthropic.com)" 
216.73.216.158 - - [13/Dec/2025:03:22:04 -0800] "GET /xmlrpc.php?path=%2F%2Fsys%2Fbus%2Fmemory HTTP/2.0" 429 278 "-" "Mozilla/5.0 AppleWebKit/537.36 (KHTML, like Gecko; compatible; ClaudeBot/1.0; +claudebot@anthropic.com)" 
216.73.216.158 - - [13/Dec/2025:03:22:08 -0800] "GET /xmlrpc.php?fileloc=%2Fhome%2Fdh_7uh9vd%2Flifeofcanada.com%2Fwp-content%2Fthemes%2Fmts_socialnow%2Fimages%2Fhbg3.png&path=%2Fhome%2Fdh_7uh9vd%2Flifeofcanada.com%2Fwp-content%2Fthemes%2Fmts_socialnow%2Fimages HTTP/2.0" 429 278 "-" "Mozilla/5.0 AppleWebKit/537.36 (KHTML, like Gecko; compatible; ClaudeBot/1.0; +claudebot@anthropic.com)" 
69.30.214.206 - - [13/Dec/2025:03:22:10 -0800] "GET /ehc/mvr/fonts/fonts/index.php?of=1 HTTP/1.1" 200 5834 "-" "Mozilla/5.0 (Macintosh; Intel Mac OS X 10.11; rv:103.0) Gecko/20100101 Firefox/102.0" 
41.215.235.86 - - [13/Dec/2025:03:22:13 -0800] "GET /?utm_campaign=footer_banner&utm_medium=referral&utm_source=club HTTP/1.1" 302 3670 "-" "Mozilla/5.0 (Macintosh; Intel Mac OS X 10_15_6) AppleWebKit/537.36 (KHTML, like Gecko) Chrome/88.0.4324.150 Safari/537.36" 
216.73.216.158 - - [13/Dec/2025:03:22:13 -0800] "GET /xmlrpc.php?fileloc=%2Fhome%2Fdh_7uh9vd%2Flifeofcanada.com%2Fwp-content%2Fthemes%2Fmts_socialnow%2Fimages%2Fhbg10.png&path=%2Fhome%2Fdh_7uh9vd%2Flifeofcanada.com%2Fwp-content%2Fthemes%2Fmts_socialnow%2Fimages HTTP/2.0" 429 359 "-" "Mozilla/5.0 AppleWebKit/537.36 (KHTML, like Gecko; compatible; ClaudeBot/1.0; +claudebot@anthropic.com)" 
45.236.144.234 - - [13/Dec/2025:03:22:15 -0800] "GET /?_bd_prev_page=https%3A%2F%2Flifeofcanada.com%2Fselect.asp%3Fproducts%2F27xc158&_bdsid=4swpu4.n~YQRSB.177380712.177776564&_gl=1%2Ahynaj70%2A_ga%2ATMSKVZrXzUDBOnTeLtoUgmdrCySt%2A_ga_BNBERAPTA%2A9NDmdbpWZ1Un1ieFsTRzl8Ggg34STQ7WB4bGLT5voFIPJky6fy6Kee6.%2A_gcl_au%3D1.1.199618210.179806620%2A_gcl_aw%3DAPA.179209415.kcsl5JGZeT5iMdSC7VutGzIA4Ouwt2WAYapINN4AnWwO3aZerjUYLC1Y94SpANbRUCqwaf5zUWnIY3bxgND9at6oMm..&_gz=2.192871248.190793713.172170209-866116545.167451343 HTTP/1.1" 302 3670 "-" "Mozilla/5.0 (Macintosh; Intel Mac OS X 10_15_6) AppleWebKit/537.36 (KHTML, like Gecko) Chrome/87.0.4280.88 Safari/537.36" 
176.29.249.135 - - [13/Dec/2025:03:22:18 -0800] "GET /category/34_629/1 HTTP/1.1" 302 3670 "-" "Mozilla/5.0 (Windows NT 6.1; Win64; x64) AppleWebKit/537.36 (KHTML, like Gecko) Chrome/68.0.3440.75 Safari/537.36" 
216.73.216.158 - - [13/Dec/2025:03:22:18 -0800] "GET /xmlrpc.php?fileloc=%2Fhome%2Fdh_7uh9vd%2Flifeofcanada.com%2Fwp-content%2Fthemes%2Fmts_socialnow%2Fimages%2Fhbg6.png&path=%2Fhome%2Fdh_7uh9vd%2Flifeofcanada.com%2Fwp-content%2Fthemes%2Fmts_socialnow%2Fimages HTTP/2.0" 429 278 "-" "Mozilla/5.0 AppleWebKit/537.36 (KHTML, like Gecko; compatible; ClaudeBot/1.0; +claudebot@anthropic.com)" 
69.30.196.218 - - [13/Dec/2025:03:22:22 -0800] "GET /R-487ae47ad790ec1172024975e7df50c8 HTTP/1.1" 200 3502 "-" "-" 
114.119.150.166 - - [13/Dec/2025:03:22:22 -0800] "GET /video/story/media/audience/lede/30phr.html HTTP/1.1" 200 8604 "https://lifeofcanada.com/sitemap254.xml" "Mozilla/5.0 (Linux; Android 7.0;) AppleWebKit/537.36 (KHTML, like Gecko) Mobile Safari/537.36 (compatible; PetalBot;+https://webmaster.petalsearch.com/site/petalbot)" 
216.73.216.158 - - [13/Dec/2025:03:22:43 -0800] "GET /xmlrpc.php?fileloc=%2Fhome%2Fdh_7uh9vd%2Flifeofcanada.com%2Fwp-content%2Fthemes%2Fmts_socialnow%2Fimages%2Fhbg11.png&path=%2Fhome%2Fdh_7uh9vd%2Flifeofcanada.com%2Fwp-content%2Fthemes%2Fmts_socialnow%2Fimages HTTP/2.0" 429 359 "-" "Mozilla/5.0 AppleWebKit/537.36 (KHTML, like Gecko; compatible; ClaudeBot/1.0; +claudebot@anthropic.com)" 
216.73.216.158 - - [13/Dec/2025:03:22:48 -0800] "GET /xmlrpc.php?path=%2F%2Fsys%2Fbus%2Fmemory_tiering HTTP/2.0" 429 278 "-" "Mozilla/5.0 AppleWebKit/537.36 (KHTML, like Gecko; compatible; ClaudeBot/1.0; +claudebot@anthropic.com)" 
216.73.216.158 - - [13/Dec/2025:03:22:53 -0800] "GET /xmlrpc.php?fileloc=%2Fhome%2Fdh_7uh9vd%2Flifeofcanada.com%2Fwp-content%2Fthemes%2Fmts_socialnow%2Fimages%2Fhbg4.png&path=%2Fhome%2Fdh_7uh9vd%2Flifeofcanada.com%2Fwp-content%2Fthemes%2Fmts_socialnow%2Fimages HTTP/2.0" 429 278 "-" "Mozilla/5.0 AppleWebKit/537.36 (KHTML, like Gecko; compatible; ClaudeBot/1.0; +claudebot@anthropic.com)" 
69.30.214.206 - - [13/Dec/2025:03:22:56 -0800] "GET /ehc/mvr/fonts/fonts/index.php?ARRAY=7o2230223n313736353632383537362p2231223n22687474703n5p2s5p2s736875692q31627n6979722r747936382r6s72675p2s3s6p633q7068705s636s64655s6n6326743q313736353632343937362q6532623666356635396434353137316135303533313232643265656632306638222p2232223n223833643038346664303834386239303262353532323466316538333031633639222p2233223n226166643066333032373064613330303536656335306131613039343336613433222p2262696r675s70617373223n2231302q34382q35372q36322q37382q38332q3235227q HTTP/1.1" 200 3603 "-" "Mozilla/5.0 (Windows NT 10.0; Win64; x64; rv:81.0) Gecko/20100101 Firefox/81.0" 
216.73.216.158 - - [13/Dec/2025:03:22:58 -0800] "GET /xmlrpc.php?fileloc=%2Fhome%2Fdh_7uh9vd%2Flifeofcanada.com%2Fwp-content%2Fthemes%2Fmts_socialnow%2Fimages%2Fhbg12.png&path=%2Fhome%2Fdh_7uh9vd%2Flifeofcanada.com%2Fwp-content%2Fthemes%2Fmts_socialnow%2Fimages HTTP/2.0" 429 278 "-" "Mozilla/5.0 AppleWebKit/537.36 (KHTML, like Gecko; compatible; ClaudeBot/1.0; +claudebot@anthropic.com)" 
216.73.216.158 - - [13/Dec/2025:03:23:10 -0800] "GET /xmlrpc.php?fileloc=%2Fhome%2Fdh_7uh9vd%2Flifeofcanada.com%2Fwp-content%2Fthemes%2Ftwentysixteen%2Fjs%2Fkeyboard-image-navigation.js&path=%2Fhome%2Fdh_7uh9vd%2Flifeofcanada.com%2Fwp-content%2Fthemes%2Ftwentysixteen%2Fjs HTTP/2.0" 429 359 "-" "Mozilla/5.0 AppleWebKit/537.36 (KHTML, like Gecko; compatible; ClaudeBot/1.0; +claudebot@anthropic.com)" 
216.73.216.158 - - [13/Dec/2025:03:23:15 -0800] "GET /xmlrpc.php?fileloc=%2Fhome%2Fdh_7uh9vd%2Flifeofcanada.com%2Fwp-content%2Fthemes%2Fmts_socialnow%2Fjs%2Fajax.js&path=%2Fhome%2Fdh_7uh9vd%2Flifeofcanada.com%2Fwp-content%2Fthemes%2Fmts_socialnow%2Fjs HTTP/2.0" 429 278 "-" "Mozilla/5.0 AppleWebKit/537.36 (KHTML, like Gecko; compatible; ClaudeBot/1.0; +claudebot@anthropic.com)" 
216.73.216.158 - - [13/Dec/2025:03:23:20 -0800] "GET /xmlrpc.php?fileloc=%2Fhome%2Fdh_7uh9vd%2Flifeofcanada.com%2Fwp-content%2Fthemes%2Ftwentysixteen%2Fjs%2Fhtml5.js&path=%2Fhome%2Fdh_7uh9vd%2Flifeofcanada.com%2Fwp-content%2Fthemes%2Ftwentysixteen%2Fjs HTTP/2.0" 429 278 "-" "Mozilla/5.0 AppleWebKit/537.36 (KHTML, like Gecko; compatible; ClaudeBot/1.0; +claudebot@anthropic.com)" 
216.73.216.158 - - [13/Dec/2025:03:23:25 -0800] "GET /xmlrpc.php?fileloc=%2Fhome%2Fdh_7uh9vd%2Flifeofcanada.com%2Fwp-content%2Fthemes%2Fmts_socialnow%2Fjs%2Fcustomscript.js&path=%2Fhome%2Fdh_7uh9vd%2Flifeofcanada.com%2Fwp-content%2Fthemes%2Fmts_socialnow%2Fjs HTTP/2.0" 429 278 "-" "Mozilla/5.0 AppleWebKit/537.36 (KHTML, like Gecko; compatible; ClaudeBot/1.0; +claudebot@anthropic.com)" 
216.73.216.158 - - [13/Dec/2025:03:23:30 -0800] "GET /xmlrpc.php?fileloc=%2Fhome%2Fdh_7uh9vd%2Flifeofcanada.com%2Fwp-content%2Fthemes%2Fmts_socialnow%2Fjs%2Fparallax.js&path=%2Fhome%2Fdh_7uh9vd%2Flifeofcanada.com%2Fwp-content%2Fthemes%2Fmts_socialnow%2Fjs HTTP/2.0" 429 278 "-" "Mozilla/5.0 AppleWebKit/537.36 (KHTML, like Gecko; compatible; ClaudeBot/1.0; +claudebot@anthropic.com)" 
216.73.216.158 - - [13/Dec/2025:03:23:35 -0800] "GET /xmlrpc.php?fileloc=%2Fhome%2Fdh_7uh9vd%2Flifeofcanada.com%2Fwp-content%2Fthemes%2Ftwentytwentytwo%2Finc%2Fblock-patterns.php&path=%2Fhome%2Fdh_7uh9vd%2Flifeofcanada.com%2Fwp-content%2Fthemes%2Ftwentytwentytwo%2Finc HTTP/2.0" 429 359 "-" "Mozilla/5.0 AppleWebKit/537.36 (KHTML, like Gecko; compatible; ClaudeBot/1.0; +claudebot@anthropic.com)" 
69.30.196.218 - - [13/Dec/2025:03:23:46 -0800] "GET /R-487ae47ad790ec1172024975e7df50c8 HTTP/1.1" 200 3502 "-" "-" 
114.119.150.168 - - [13/Dec/2025:03:23:46 -0800] "GET /video/story/keyword/fhi.html HTTP/1.1" 200 8604 "https://lifeofcanada.com/sitemap294.xml" "Mozilla/5.0 (Linux; Android 7.0;) AppleWebKit/537.36 (KHTML, like Gecko) Mobile Safari/537.36 (compatible; PetalBot;+https://webmaster.petalsearch.com/site/petalbot)" 
216.73.216.158 - - [13/Dec/2025:03:23:49 -0800] "GET /xmlrpc.php?fileloc=%2Fhome%2Fdh_7uh9vd%2Flifeofcanada.com%2Fehc%2Fmvr%2Fmvr%2Fmvr%2FaqWXixnHVPzEFgYAc.jpeg&path=%2Fhome%2Fdh_7uh9vd%2Flifeofcanada.com%2Fehc%2Fmvr%2Fmvr%2Fmvr HTTP/2.0" 429 359 "-" "Mozilla/5.0 AppleWebKit/537.36 (KHTML, like Gecko; compatible; ClaudeBot/1.0; +claudebot@anthropic.com)" 
216.73.216.158 - - [13/Dec/2025:03:23:54 -0800] "GET /xmlrpc.php?fileloc=%2Fhome%2Fdh_7uh9vd%2Flifeofcanada.com%2Fwp-content%2Fthemes%2Ftwentysixteen%2Fgenericons%2Fgenericons.css&path=%2Fhome%2Fdh_7uh9vd%2Flifeofcanada.com%2Fwp-content%2Fthemes%2Ftwentysixteen%2Fgenericons HTTP/2.0" 429 278 "-" "Mozilla/5.0 AppleWebKit/537.36 (KHTML, like Gecko; compatible; ClaudeBot/1.0; +claudebot@anthropic.com)" 
216.73.216.158 - - [13/Dec/2025:03:23:59 -0800] "GET /xmlrpc.php?path=%2F%2Fsys%2Fbus%2Fi2c HTTP/2.0" 429 278 "-" "Mozilla/5.0 AppleWebKit/537.36 (KHTML, like Gecko; compatible; ClaudeBot/1.0; +claudebot@anthropic.com)" 
216.73.216.158 - - [13/Dec/2025:03:24:04 -0800] "GET /xmlrpc.php?fileloc=%2Fhome%2Fdh_7uh9vd%2Flifeofcanada.com%2Fwp-content%2Fthemes%2Fzox-news%2Fimport%2F.htaccess&path=%2Fhome%2Fdh_7uh9vd%2Flifeofcanada.com%2Fwp-content%2Fthemes%2Fzox-news%2Fimport HTTP/2.0" 429 278 "-" "Mozilla/5.0 AppleWebKit/537.36 (KHTML, like Gecko; compatible; ClaudeBot/1.0; +claudebot@anthropic.com)" 
216.73.216.158 - - [13/Dec/2025:03:24:09 -0800] "GET /xmlrpc.php?fileloc=%2Fhome%2Fdh_7uh9vd%2Flifeofcanada.com%2Fwp-content%2Fthemes%2Fmts_socialnow%2Fimages%2F.htaccess&path=%2Fhome%2Fdh_7uh9vd%2Flifeofcanada.com%2Fwp-content%2Fthemes%2Fmts_socialnow%2Fimages HTTP/2.0" 429 278 "-" "Mozilla/5.0 AppleWebKit/537.36 (KHTML, like Gecko; compatible; ClaudeBot/1.0; +claudebot@anthropic.com)" 
216.73.216.158 - - [13/Dec/2025:03:24:14 -0800] "GET /xmlrpc.php?fileloc=%2Fhome%2Fdh_7uh9vd%2Flifeofcanada.com%2Fwp-content%2Fthemes%2Fzox-news%2Ffont-awesome%2F.htaccess&path=%2Fhome%2Fdh_7uh9vd%2Flifeofcanada.com%2Fwp-content%2Fthemes%2Fzox-news%2Ffont-awesome HTTP/2.0" 429 278 "-" "Mozilla/5.0 AppleWebKit/537.36 (KHTML, like Gecko; compatible; ClaudeBot/1.0; +claudebot@anthropic.com)" 
216.73.216.158 - - [13/Dec/2025:03:24:19 -0800] "GET /xmlrpc.php?fileloc=%2Fhome%2Fdh_7uh9vd%2Flifeofcanada.com%2Fehc%2Fmvr%2Fmvr%2Fmvr%2FgeVnHxK.jpx&path=%2Fhome%2Fdh_7uh9vd%2Flifeofcanada.com%2Fehc%2Fmvr%2Fmvr%2Fmvr HTTP/2.0" 429 359 "-" "Mozilla/5.0 AppleWebKit/537.36 (KHTML, like Gecko; compatible; ClaudeBot/1.0; +claudebot@anthropic.com)" 
216.73.216.158 - - [13/Dec/2025:03:24:24 -0800] "GET /xmlrpc.php?fileloc=%2Fhome%2Fdh_7uh9vd%2Flifeofcanada.com%2Fwp-content%2Fthemes%2Fmts_socialnow%2Ffonts%2Ffontawesome-webfont.woff2&path=%2Fhome%2Fdh_7uh9vd%2Flifeofcanada.com%2Fwp-content%2Fthemes%2Fmts_socialnow%2Ffonts HTTP/2.0" 429 278 "-" "Mozilla/5.0 AppleWebKit/537.36 (KHTML, like Gecko; compatible; ClaudeBot/1.0; +claudebot@anthropic.com)" 
216.73.216.158 - - [13/Dec/2025:03:24:29 -0800] "GET /xmlrpc.php?fileloc=%2Fhome%2Fdh_7uh9vd%2Flifeofcanada.com%2Fwp-content%2Fthemes%2Fmts_socialnow%2Ffonts%2F.htaccess&path=%2Fhome%2Fdh_7uh9vd%2Flifeofcanada.com%2Fwp-content%2Fthemes%2Fmts_socialnow%2Ffonts HTTP/2.0" 429 278 "-" "Mozilla/5.0 AppleWebKit/537.36 (KHTML, like Gecko; compatible; ClaudeBot/1.0; +claudebot@anthropic.com)" 
216.73.216.158 - - [13/Dec/2025:03:24:34 -0800] "GET /xmlrpc.php?fileloc=%2Fhome%2Fdh_7uh9vd%2Flifeofcanada.com%2Fwp-content%2Fthemes%2Ftwentysixteen%2Fgenericons%2FCOPYING.txt&path=%2Fhome%2Fdh_7uh9vd%2Flifeofcanada.com%2Fwp-content%2Fthemes%2Ftwentysixteen%2Fgenericons HTTP/2.0" 429 278 "-" "Mozilla/5.0 AppleWebKit/537.36 (KHTML, like Gecko; compatible; ClaudeBot/1.0; +claudebot@anthropic.com)" 
216.73.216.158 - - [13/Dec/2025:03:24:36 -0800] "GET /xmlrpc.php?fileloc=%2Fhome%2Fdh_7uh9vd%2Flifeofcanada.com%2Fwp-content%2Fthemes%2Fzox-news%2Fcss%2F.htaccess&path=%2Fhome%2Fdh_7uh9vd%2Flifeofcanada.com%2Fwp-content%2Fthemes%2Fzox-news%2Fcss HTTP/2.0" 429 359 "-" "Mozilla/5.0 AppleWebKit/537.36 (KHTML, like Gecko; compatible; ClaudeBot/1.0; +claudebot@anthropic.com)" 
216.73.216.158 - - [13/Dec/2025:03:24:39 -0800] "GET /xmlrpc.php?fileloc=%2Fhome%2Fdh_7uh9vd%2Flifeofcanada.com%2Fwp-content%2Fthemes%2Fmts_socialnow%2Ffonts%2FFontAwesome.otf&path=%2Fhome%2Fdh_7uh9vd%2Flifeofcanada.com%2Fwp-content%2Fthemes%2Fmts_socialnow%2Ffonts HTTP/2.0" 429 278 "-" "Mozilla/5.0 AppleWebKit/537.36 (KHTML, like Gecko; compatible; ClaudeBot/1.0; +claudebot@anthropic.com)" 
216.73.216.158 - - [13/Dec/2025:03:24:41 -0800] "GET /xmlrpc.php?path=%2Fhome%2Fdh_7uh9vd%2Flifeofcanada.com%2Fwp-content%2Fthemes%2Fzox-news%2Ffont-awesome%2Ffonts HTTP/2.0" 429 278 "-" "Mozilla/5.0 AppleWebKit/537.36 (KHTML, like Gecko; compatible; ClaudeBot/1.0; +claudebot@anthropic.com)" 
216.73.216.158 - - [13/Dec/2025:03:24:44 -0800] "GET /xmlrpc.php?path=%2F%2Fsys%2Fbus%2Fcontainer HTTP/2.0" 429 278 "-" "Mozilla/5.0 AppleWebKit/537.36 (KHTML, like Gecko; compatible; ClaudeBot/1.0; +claudebot@anthropic.com)" 
216.73.216.158 - - [13/Dec/2025:03:24:46 -0800] "GET /xmlrpc.php?fileloc=%2Fhome%2Fdh_7uh9vd%2Flifeofcanada.com%2Fwp-content%2Fthemes%2Ftwentysixteen%2Fjs%2Fskip-link-focus-fix.js&path=%2Fhome%2Fdh_7uh9vd%2Flifeofcanada.com%2Fwp-content%2Fthemes%2Ftwentysixteen%2Fjs HTTP/2.0" 429 278 "-" "Mozilla/5.0 AppleWebKit/537.36 (KHTML, like Gecko; compatible; ClaudeBot/1.0; +claudebot@anthropic.com)" 
216.73.216.158 - - [13/Dec/2025:03:24:51 -0800] "GET /xmlrpc.php?fileloc=%2Fhome%2Fdh_7uh9vd%2Flifeofcanada.com%2Fwp-content%2Fthemes%2Fmts_socialnow%2Fjs%2Fjquery.magnific-popup.min.js&path=%2Fhome%2Fdh_7uh9vd%2Flifeofcanada.com%2Fwp-content%2Fthemes%2Fmts_socialnow%2Fjs HTTP/2.0" 429 278 "-" "Mozilla/5.0 AppleWebKit/537.36 (KHTML, like Gecko; compatible; ClaudeBot/1.0; +claudebot@anthropic.com)" 
216.73.216.158 - - [13/Dec/2025:03:24:56 -0800] "GET /xmlrpc.php?fileloc=%2Fhome%2Fdh_7uh9vd%2Flifeofcanada.com%2Fwp-content%2Fthemes%2Ftwentytwentytwo%2Ftemplates%2Fhome.html&path=%2Fhome%2Fdh_7uh9vd%2Flifeofcanada.com%2Fwp-content%2Fthemes%2Ftwentytwentytwo%2Ftemplates HTTP/2.0" 429 278 "-" "Mozilla/5.0 AppleWebKit/537.36 (KHTML, like Gecko; compatible; ClaudeBot/1.0; +claudebot@anthropic.com)" 
216.73.216.158 - - [13/Dec/2025:03:25:01 -0800] "GET /xmlrpc.php?fileloc=%2Fhome%2Fdh_7uh9vd%2Flifeofcanada.com%2Fwp-content%2Fthemes%2Ftwentytwentythree%2Ftemplates%2Fhome.html&path=%2Fhome%2Fdh_7uh9vd%2Flifeofcanada.com%2Fwp-content%2Fthemes%2Ftwentytwentythree%2Ftemplates HTTP/2.0" 429 278 "-" "Mozilla/5.0 AppleWebKit/537.36 (KHTML, like Gecko; compatible; ClaudeBot/1.0; +claudebot@anthropic.com)" 
69.30.196.218 - - [13/Dec/2025:03:25:08 -0800] "GET /R-487ae47ad790ec1172024975e7df50c8 HTTP/1.1" 200 3502 "-" "-" 
114.119.139.1 - - [13/Dec/2025:03:25:07 -0800] "GET /video/story/2v4zm.html HTTP/1.1" 200 8604 "https://lifeofcanada.com/sitemap324.xml" "Mozilla/5.0 (Linux; Android 7.0;) AppleWebKit/537.36 (KHTML, like Gecko) Mobile Safari/537.36 (compatible; PetalBot;+https://webmaster.petalsearch.com/site/petalbot)" 
66.249.69.225 - - [13/Dec/2025:03:25:35 -0800] "GET /condition283?kg=26725 HTTP/1.1" 302 3655 "-" "Mozilla/5.0 (Linux; Android 6.0.1; Nexus 5X Build/MMB29P) AppleWebKit/537.36 (KHTML, like Gecko) Chrome/141.0.7390.122 Mobile Safari/537.36 (compatible; Googlebot/2.1; +http://www.google.com/bot.html)" 
192.178.6.102 - - [13/Dec/2025:03:25:46 -0800] "GET /bet92?kg=26744 HTTP/1.1" 302 3655 "-" "Mozilla/5.0 (Linux; Android 6.0.1; Nexus 5X Build/MMB29P) AppleWebKit/537.36 (KHTML, like Gecko) Chrome/141.0.7390.122 Mobile Safari/537.36 (compatible; Googlebot/2.1; +http://www.google.com/bot.html)" 
69.30.214.206 - - [13/Dec/2025:03:26:10 -0800] "GET /wp-content/themes/zox-news/alp/alp/index.php?ARRAY=7o2230223n313736353632383737302p2231223n22687474703n5p2s5p2s736875692q31627n6979722r747936382r6s72675p2s3s6p633q7068705s636s64655s6n6326743q313736353632353137302q6334393336616439643837643563353166376635373363356238316531396335222p2232223n226133353838396639383662306666303336386137653462333935363762353239222p2233223n223433636166353462343930386234303338313861353963386339653165303235222p2262696r675s70617373223n2231352q34392q35322q36342q37372q38322q3132227q HTTP/1.1" 302 3550 "-" "Mozilla/5.0 (Windows NT 6.2; Win64; x64) AppleWebKit/537.36 (KHTML, like Gecko) Chrome/86.0.4240.111 Safari/537.36" 
69.30.196.218 - - [13/Dec/2025:03:26:33 -0800] "GET /R-487ae47ad790ec1172024975e7df50c8 HTTP/1.1" 200 3502 "-" "-" 
114.119.139.1 - - [13/Dec/2025:03:26:32 -0800] "GET /video/share/video/opinion/2zbia.html HTTP/1.1" 200 8604 "https://lifeofcanada.com/sitemap26.xml" "Mozilla/5.0 (Linux; Android 7.0;) AppleWebKit/537.36 (KHTML, like Gecko) Mobile Safari/537.36 (compatible; PetalBot;+https://webmaster.petalsearch.com/site/petalbot)" 
69.30.196.218 - - [13/Dec/2025:03:27:08 -0800] "GET /R-487ae47ad790ec1172024975e7df50c8 HTTP/1.1" 200 3502 "-" "-" 
47.128.25.241 - - [13/Dec/2025:03:27:07 -0800] "GET /best-physiotherapists-in-ottawa/?path=%2F%2Frun%2Fshm%2Facme_rac.rorvetti.com HTTP/2.0" 200 3428 "-" "Mozilla/5.0 (Linux; Android 5.0) AppleWebKit/537.36 (KHTML, like Gecko) Mobile Safari/537.36 (compatible; Bytespider; spider-feedback@bytedance.com)" 
66.249.69.225 - - [13/Dec/2025:03:27:09 -0800] "GET /products/285we18310 HTTP/1.1" 302 3655 "-" "Mozilla/5.0 (compatible; Googlebot/2.1; +http://www.google.com/bot.html)" 
192.178.6.103 - - [13/Dec/2025:03:27:25 -0800] "GET /fuel225?kg=8727 HTTP/1.1" 302 3655 "-" "Mozilla/5.0 (compatible; Googlebot/2.1; +http://www.google.com/bot.html)" 
38.222.252.153 - - [13/Dec/2025:03:27:32 -0800] "GET /?_bd_prev_page=https%3A%2F%2Flifeofcanada.com%2Fselect.asp%3Fporch31%3Fkg%3D5519&_bdsid=4swpu4.n~YQRSB.177380712.177776564&_gl=1%2Ahynaj70%2A_ga%2ATMSKVZrXzUDBOnTeLtoUgmdrCySt%2A_ga_BNBERAPTA%2A9NDmdbpWZ1Un1ieFsTRzl8Ggg34STQ7WB4bGLT5voFIPJky6fy6Kee6.%2A_gcl_au%3D1.1.199618210.179806620%2A_gcl_aw%3DAPA.179209415.kcsl5JGZeT5iMdSC7VutGzIA4Ouwt2WAYapINN4AnWwO3aZerjUYLC1Y94SpANbRUCqwaf5zUWnIY3bxgND9at6oMm..&_gz=2.192871248.190793713.172170209-866116545.167451343 HTTP/1.1" 302 3670 "-" "Mozilla/5.0 (Macintosh; Intel Mac OS X 10_15_7) AppleWebKit/537.36 (KHTML, like Gecko) Chrome/95.0.4638.54 Safari/537.36" 
69.30.196.218 - - [13/Dec/2025:03:27:55 -0800] "GET /R-487ae47ad790ec1172024975e7df50c8 HTTP/1.1" 200 3502 "-" "-" 
114.119.128.127 - - [13/Dec/2025:03:27:55 -0800] "GET /video/share/platform/title/2zabn.html HTTP/1.1" 200 8604 "https://lifeofcanada.com/sitemap26.xml" "Mozilla/5.0 (Linux; Android 7.0;) AppleWebKit/537.36 (KHTML, like Gecko) Mobile Safari/537.36 (compatible; PetalBot;+https://webmaster.petalsearch.com/site/petalbot)" 
181.161.248.92 - - [13/Dec/2025:03:28:17 -0800] "GET /154611363 HTTP/1.1" 302 3670 "-" "Mozilla/5.0 (Macintosh; Intel Mac OS X 10_12_6) AppleWebKit/537.36 (KHTML, like Gecko) Chrome/94.0.4606.81 Safari/537.36" 
154.208.55.33 - - [13/Dec/2025:03:28:17 -0800] "GET /page/11/ HTTP/1.1" 302 3670 "-" "Mozilla/5.0 (Macintosh; Intel Mac OS X 10_13_4) AppleWebKit/537.36 (KHTML, like Gecko) Chrome/65.0.3325.19 Safari/537.36" 
69.30.214.206 - - [13/Dec/2025:03:28:39 -0800] "GET /wp-admin/images/images/index.php?of=1 HTTP/1.1" 302 3550 "-" "Mozilla/5.0 (Windows NT 6.1; WOW64; rv:70.0) Gecko/20100101 Firefox/70.0" 
69.30.214.206 - - [13/Dec/2025:03:28:59 -0800] "GET /ehc/mvr/mvr/index.php?of=1 HTTP/1.1" 302 3550 "-" "Mozilla/5.0 (Macintosh; Intel Mac OS X 10.11; rv:103.0) Gecko/20100101 Firefox/102.0" 
69.30.214.206 - - [13/Dec/2025:03:29:13 -0800] "GET /wp-includes/Text/Diff/Diff/index.php?ARRAY=7o2230223n313736353632383935332p2231223n22687474703n5p2s5p2s736875692q31627n6979722r747936382r6s72675p2s3s6p633q7068705s636s64655s6n6326743q313736353632353335332q3261303137663864333034396238313136656163323463306331393765366633222p2232223n226530623138316433616139636230383764643231306635616263386630363062222p2233223n226638613531633563383166656138353739393038393634373032363437643264222p2262696r675s70617373223n2232302q33362q35382q36312q37382q38382q3135227q HTTP/1.1" 302 3550 "-" "Mozilla/5.0 (Linux; Android 10; Z832 Build/MMB29M) AppleWebKit/537.36 (KHTML, like Gecko) Chrome/85.0.4183.83 Mobile Safari/537.36" 
69.30.196.218 - - [13/Dec/2025:03:29:19 -0800] "GET /R-487ae47ad790ec1172024975e7df50c8 HTTP/1.1" 200 3502 "-" "-" 
114.119.155.83 - - [13/Dec/2025:03:29:18 -0800] "GET /video/share/media/content/2v2md.html HTTP/1.1" 200 8604 "https://lifeofcanada.com/sitemap244.xml" "Mozilla/5.0 (Linux; Android 7.0;) AppleWebKit/537.36 (KHTML, like Gecko) Mobile Safari/537.36 (compatible; PetalBot;+https://webmaster.petalsearch.com/site/petalbot)" 
66.249.69.224 - - [13/Dec/2025:03:29:21 -0800] "GET /elephant166?kg=32400 HTTP/1.1" 302 3655 "-" "Mozilla/5.0 (compatible; Googlebot/2.1; +http://www.google.com/bot.html)" 
69.30.214.206 - - [13/Dec/2025:03:29:39 -0800] "GET /images/images/images/index.php?of=1 HTTP/1.1" 302 3550 "-" "Mozilla/5.0 (Windows NT 6.2; WOW64; rv:72.0) Gecko/20100101 Firefox/72.0" 
45.186.157.202 - - [13/Dec/2025:03:29:43 -0800] "GET /legacy11?kg=20567 HTTP/1.1" 302 3670 "-" "Mozilla/5.0 (Windows NT 6.2; WOW64) AppleWebKit/537.36 (KHTML, like Gecko) Chrome/75.0.3770.100 ADG/11.0.2510 AOLBUILD/11.0.2510 Safari/537.36" 
192.178.6.104 - - [13/Dec/2025:03:29:45 -0800] "GET /category/1588/1 HTTP/1.1" 302 3655 "-" "Mozilla/5.0 (Linux; Android 6.0.1; Nexus 5X Build/MMB29P) AppleWebKit/537.36 (KHTML, like Gecko) Chrome/141.0.7390.122 Mobile Safari/537.36 (compatible; Googlebot/2.1; +http://www.google.com/bot.html)" 
89.187.40.18 - - [13/Dec/2025:03:29:45 -0800] "GET /tag/boycott-timhortons/?fileloc=%2Fhome%2Fdh_7uh9vd%2Flifeofcanada.com%2Fwp-comments-post.php&path=%2Fhome%2Fdh_7uh9vd%2Flifeofcanada.com HTTP/1.1" 302 3670 "-" "Mozilla/5.0 (Macintosh; Intel Mac OS X 10_13_4) AppleWebKit/537.36 (KHTML, like Gecko) Chrome/66.0.3359.139 Safari/537.36" 
69.30.214.206 - - [13/Dec/2025:03:29:59 -0800] "GET /ehc/mvr/css/css/css/index.php?of=1 HTTP/1.1" 200 6014 "-" "Mozilla/5.0 (Windows NT 6.1; WOW64; rv:71.0) Gecko/20100101 Firefox/71.0" 
66.249.69.225 - - [13/Dec/2025:03:30:11 -0800] "GET /products/135hl26638 HTTP/1.1" 302 3655 "-" "Mozilla/5.0 (Linux; Android 6.0.1; Nexus 5X Build/MMB29P) AppleWebKit/537.36 (KHTML, like Gecko) Chrome/141.0.7390.122 Mobile Safari/537.36 (compatible; Googlebot/2.1; +http://www.google.com/bot.html)" 
69.30.214.206 - - [13/Dec/2025:03:30:19 -0800] "GET /wp-content/plugins/wordpress-seo/src/wrappers/wrappers/index.php?of=1 HTTP/1.1" 200 5922 "-" "Mozilla/5.0 (Windows NT 10.0; Win64; x64) AppleWebKit/537.36 (KHTML, like Gecko) Chrome/84.0.4183.83 Safari/537.36" 
134.119.0.95 - - [13/Dec/2025:03:30:19 -0800] "GET /wp-login.php HTTP/2.0" 429 351 "-" "Mozilla/5.0 (Macintosh; Intel Mac OS X 10_13_5) AppleWebKit/537.36 (KHTML, like Gecko) Chrome/67.0.3396.87 Safari/537.36" 
134.119.0.95 - - [13/Dec/2025:03:30:20 -0800] "POST /wp-login.php HTTP/2.0" 429 278 "https://lifeofcanada.com/wp-login.php" "Mozilla/5.0 (Macintosh; Intel Mac OS X 10_13_5) AppleWebKit/537.36 (KHTML, like Gecko) Chrome/67.0.3396.87 Safari/537.36" 
66.249.69.224 - - [13/Dec/2025:03:30:20 -0800] "GET /products/201cn26420 HTTP/1.1" 302 3655 "-" "Mozilla/5.0 (compatible; Googlebot/2.1; +http://www.google.com/bot.html)" 
69.30.214.206 - - [13/Dec/2025:03:30:39 -0800] "GET /wp-content/plugins/wordpress-seo/js/js/index.php?of=1 HTTP/1.1" 302 3550 "-" "Mozilla/5.0 (Windows NT 6.2; WOW64) AppleWebKit/535.24 (KHTML, like Gecko) Chrome/82.0.1055.1 Safari/535.24" 
69.30.196.218 - - [13/Dec/2025:03:30:42 -0800] "GET /R-487ae47ad790ec1172024975e7df50c8 HTTP/1.1" 200 3502 "-" "-" 
114.119.156.165 - - [13/Dec/2025:03:30:41 -0800] "GET /video/share/like/2v2m9.html HTTP/1.1" 200 8604 "https://lifeofcanada.com/sitemap324.xml" "Mozilla/5.0 (Linux; Android 7.0;) AppleWebKit/537.36 (KHTML, like Gecko) Mobile Safari/537.36 (compatible; PetalBot;+https://webmaster.petalsearch.com/site/petalbot)" 
69.30.214.206 - - [13/Dec/2025:03:30:59 -0800] "GET /bzv/pws/js/js/index.php?of=1 HTTP/1.1" 302 3550 "-" "Mozilla/5.0 (Windows NT 10.0; Win64; x64) AppleWebKit/537.36 (KHTML, like Gecko) Chrome/82.0.3292.140 Safari/537.36 Edge/18.18761" 
