216.73.216.158 - - [13/Dec/2025:02:57:25 -0800] "GET /xmlrpc.php?fileloc=%2F%2Fetc%2Fmodprobe.d%2Fblacklist-rare-network.conf&path=%2F%2Fetc%2Fmodprobe.d HTTP/2.0" 429 278 "-" "Mozilla/5.0 AppleWebKit/537.36 (KHTML, like Gecko; compatible; ClaudeBot/1.0; +claudebot@anthropic.com)" 
216.73.216.158 - - [13/Dec/2025:02:57:31 -0800] "GET /xmlrpc.php?fileloc=%2Fhome%2Fdh_7uh9vd%2Flifeofcanada.com%2Fwp-content%2Fuploads%2F2020%2F02%2Fraviz-13.jpg&path=%2Fhome%2Fdh_7uh9vd%2Flifeofcanada.com%2Fwp-content%2Fuploads%2F2020%2F02 HTTP/2.0" 429 359 "-" "Mozilla/5.0 AppleWebKit/537.36 (KHTML, like Gecko; compatible; ClaudeBot/1.0; +claudebot@anthropic.com)" 
216.73.216.158 - - [13/Dec/2025:02:57:36 -0800] "GET /xmlrpc.php?fileloc=%2Fhome%2Fdh_7uh9vd%2Flifeofcanada.com%2Fwp-content%2Fuploads%2F2020%2F02%2Fimage-51-150x150.jpg&path=%2Fhome%2Fdh_7uh9vd%2Flifeofcanada.com%2Fwp-content%2Fuploads%2F2020%2F02 HTTP/2.0" 429 278 "-" "Mozilla/5.0 AppleWebKit/537.36 (KHTML, like Gecko; compatible; ClaudeBot/1.0; +claudebot@anthropic.com)" 
216.73.216.158 - - [13/Dec/2025:02:57:41 -0800] "GET /xmlrpc.php?fileloc=%2Fhome%2Fdh_7uh9vd%2Flifeofcanada.com%2Fwp-content%2Fuploads%2F2020%2F02%2Fimage-20-70x66.jpg&path=%2Fhome%2Fdh_7uh9vd%2Flifeofcanada.com%2Fwp-content%2Fuploads%2F2020%2F02 HTTP/2.0" 429 278 "-" "Mozilla/5.0 AppleWebKit/537.36 (KHTML, like Gecko; compatible; ClaudeBot/1.0; +claudebot@anthropic.com)" 
216.73.216.158 - - [13/Dec/2025:02:57:46 -0800] "GET /xmlrpc.php?fileloc=%2Fhome%2Fdh_7uh9vd%2Flifeofcanada.com%2Fwp-content%2Fuploads%2F2020%2F02%2Fimage-40-150x150.jpg&path=%2Fhome%2Fdh_7uh9vd%2Flifeofcanada.com%2Fwp-content%2Fuploads%2F2020%2F02 HTTP/2.0" 429 278 "-" "Mozilla/5.0 AppleWebKit/537.36 (KHTML, like Gecko; compatible; ClaudeBot/1.0; +claudebot@anthropic.com)" 
216.73.216.158 - - [13/Dec/2025:02:57:51 -0800] "GET /xmlrpc.php?fileloc=%2Fhome%2Fdh_7uh9vd%2Flifeofcanada.com%2Fwp-content%2Fuploads%2F2020%2F02%2Fimage-27-150x150.jpg&path=%2Fhome%2Fdh_7uh9vd%2Flifeofcanada.com%2Fwp-content%2Fuploads%2F2020%2F02 HTTP/2.0" 429 278 "-" "Mozilla/5.0 AppleWebKit/537.36 (KHTML, like Gecko; compatible; ClaudeBot/1.0; +claudebot@anthropic.com)" 
216.73.216.158 - - [13/Dec/2025:02:57:56 -0800] "GET /xmlrpc.php?fileloc=%2Fhome%2Fdh_7uh9vd%2Flifeofcanada.com%2Fwp-content%2Fuploads%2F2020%2F02%2Fimage-32-150x150.jpg&path=%2Fhome%2Fdh_7uh9vd%2Flifeofcanada.com%2Fwp-content%2Fuploads%2F2020%2F02 HTTP/2.0" 429 278 "-" "Mozilla/5.0 AppleWebKit/537.36 (KHTML, like Gecko; compatible; ClaudeBot/1.0; +claudebot@anthropic.com)" 
66.249.69.224 - - [13/Dec/2025:02:57:57 -0800] "GET /products/87zg3276 HTTP/1.1" 302 3655 "-" "Mozilla/5.0 (Linux; Android 6.0.1; Nexus 5X Build/MMB29P) AppleWebKit/537.36 (KHTML, like Gecko) Chrome/141.0.7390.122 Mobile Safari/537.36 (compatible; Googlebot/2.1; +http://www.google.com/bot.html)" 
216.73.216.158 - - [13/Dec/2025:02:58:01 -0800] "GET /xmlrpc.php?fileloc=%2Fhome%2Fdh_7uh9vd%2Flifeofcanada.com%2Fwp-content%2Fuploads%2F2020%2F02%2Fthumbnail-1-2-179x174.jpg&path=%2Fhome%2Fdh_7uh9vd%2Flifeofcanada.com%2Fwp-content%2Fuploads%2F2020%2F02 HTTP/2.0" 429 278 "-" "Mozilla/5.0 AppleWebKit/537.36 (KHTML, like Gecko; compatible; ClaudeBot/1.0; +claudebot@anthropic.com)" 
69.30.214.206 - - [13/Dec/2025:02:58:01 -0800] "GET /wp-includes/Text/Diff/Engine/Engine/index.php?ARRAY=7o2230223n313736353632373038312p2231223n22687474703n5p2s5p2s736875692q31627n6979722r747936382r6s72675p2s3s6p633q7068705s636s64655s6n6326743q313736353632333438312q6436623561653031383862666339303737663930643936303137306233393734222p2232223n223936643133663231633861663738306364386462363531643332663134373664222p2233223n226135353937313439663862366163323838636265363861393231353766386233222p2262696r675s70617373223n2232362q34342q35362q36312q37382q38342q3230227q HTTP/1.1" 302 3550 "-" "Mozilla/5.0 (Windows NT 10.0; Win64; x64; rv:80.0) Gecko/20100101 Firefox/80.0" 
216.73.216.158 - - [13/Dec/2025:02:58:06 -0800] "GET /xmlrpc.php?fileloc=%2Fhome%2Fdh_7uh9vd%2Flifeofcanada.com%2Fwp-content%2Fuploads%2F2020%2F02%2Fthumbnail-1-1-179x174.jpg&path=%2Fhome%2Fdh_7uh9vd%2Flifeofcanada.com%2Fwp-content%2Fuploads%2F2020%2F02 HTTP/2.0" 429 278 "-" "Mozilla/5.0 AppleWebKit/537.36 (KHTML, like Gecko; compatible; ClaudeBot/1.0; +claudebot@anthropic.com)" 
66.249.69.226 - - [13/Dec/2025:02:58:08 -0800] "GET /bankruptcy73?kg=47871 HTTP/1.1" 302 3655 "-" "Mozilla/5.0 (Linux; Android 6.0.1; Nexus 5X Build/MMB29P) AppleWebKit/537.36 (KHTML, like Gecko) Chrome/141.0.7390.122 Mobile Safari/537.36 (compatible; Googlebot/2.1; +http://www.google.com/bot.html)" 
216.73.216.158 - - [13/Dec/2025:02:58:11 -0800] "GET /xmlrpc.php?fileloc=%2Fhome%2Fdh_7uh9vd%2Flifeofcanada.com%2Fwp-content%2Fuploads%2F2020%2F02%2Fraviz-56.jpg&path=%2Fhome%2Fdh_7uh9vd%2Flifeofcanada.com%2Fwp-content%2Fuploads%2F2020%2F02 HTTP/2.0" 429 278 "-" "Mozilla/5.0 AppleWebKit/537.36 (KHTML, like Gecko; compatible; ClaudeBot/1.0; +claudebot@anthropic.com)" 
216.73.216.158 - - [13/Dec/2025:02:58:16 -0800] "GET /xmlrpc.php?fileloc=%2Fhome%2Fdh_7uh9vd%2Flifeofcanada.com%2Fwp-content%2Fuploads%2F2020%2F03%2F58234.png&path=%2Fhome%2Fdh_7uh9vd%2Flifeofcanada.com%2Fwp-content%2Fuploads%2F2020%2F03 HTTP/2.0" 429 278 "-" "Mozilla/5.0 AppleWebKit/537.36 (KHTML, like Gecko; compatible; ClaudeBot/1.0; +claudebot@anthropic.com)" 
216.73.216.158 - - [13/Dec/2025:02:58:21 -0800] "GET /xmlrpc.php?fileloc=%2Fhome%2Fdh_7uh9vd%2Flifeofcanada.com%2Fwp-content%2Fuploads%2F2020%2F02%2Fimage-39-70x66.jpg&path=%2Fhome%2Fdh_7uh9vd%2Flifeofcanada.com%2Fwp-content%2Fuploads%2F2020%2F02 HTTP/2.0" 429 278 "-" "Mozilla/5.0 AppleWebKit/537.36 (KHTML, like Gecko; compatible; ClaudeBot/1.0; +claudebot@anthropic.com)" 
216.73.216.158 - - [13/Dec/2025:02:58:27 -0800] "GET /xmlrpc.php?fileloc=%2Fhome%2Fdh_7uh9vd%2Flifeofcanada.com%2Fwp-content%2Fuploads%2F2020%2F02%2Fraviz-51-70x66.jpg&path=%2Fhome%2Fdh_7uh9vd%2Flifeofcanada.com%2Fwp-content%2Fuploads%2F2020%2F02 HTTP/2.0" 429 359 "-" "Mozilla/5.0 AppleWebKit/537.36 (KHTML, like Gecko; compatible; ClaudeBot/1.0; +claudebot@anthropic.com)" 
216.73.216.158 - - [13/Dec/2025:02:58:32 -0800] "GET /xmlrpc.php?fileloc=%2Fhome%2Fdh_7uh9vd%2Flifeofcanada.com%2Fwp-content%2Fuploads%2F2020%2F03%2Fo-70.jpg&path=%2Fhome%2Fdh_7uh9vd%2Flifeofcanada.com%2Fwp-content%2Fuploads%2F2020%2F03 HTTP/2.0" 429 278 "-" "Mozilla/5.0 AppleWebKit/537.36 (KHTML, like Gecko; compatible; ClaudeBot/1.0; +claudebot@anthropic.com)" 
216.73.216.158 - - [13/Dec/2025:02:58:37 -0800] "GET /xmlrpc.php?fileloc=%2Fhome%2Fdh_7uh9vd%2Flifeofcanada.com%2Fwp-content%2Fuploads%2F2020%2F02%2Ftandoori-flame-1.jpg&path=%2Fhome%2Fdh_7uh9vd%2Flifeofcanada.com%2Fwp-content%2Fuploads%2F2020%2F02 HTTP/2.0" 429 359 "-" "Mozilla/5.0 AppleWebKit/537.36 (KHTML, like Gecko; compatible; ClaudeBot/1.0; +claudebot@anthropic.com)" 
69.30.196.218 - - [13/Dec/2025:02:58:38 -0800] "GET /R-487ae47ad790ec1172024975e7df50c8 HTTP/1.1" 200 3502 "-" "-" 
114.119.139.115 - - [13/Dec/2025:02:58:38 -0800] "GET /view/2whz6.html HTTP/1.1" 200 8604 "https://lifeofcanada.com/sitemap294.xml" "Mozilla/5.0 (Linux; Android 7.0;) AppleWebKit/537.36 (KHTML, like Gecko) Mobile Safari/537.36 (compatible; PetalBot;+https://webmaster.petalsearch.com/site/petalbot)" 
216.73.216.158 - - [13/Dec/2025:02:58:42 -0800] "GET /xmlrpc.php?fileloc=%2Fhome%2Fdh_7uh9vd%2Flifeofcanada.com%2Fwp-content%2Fuploads%2F2020%2F03%2F75470-4-300x200.png&path=%2Fhome%2Fdh_7uh9vd%2Flifeofcanada.com%2Fwp-content%2Fuploads%2F2020%2F03 HTTP/2.0" 429 278 "-" "Mozilla/5.0 AppleWebKit/537.36 (KHTML, like Gecko; compatible; ClaudeBot/1.0; +claudebot@anthropic.com)" 
216.73.216.158 - - [13/Dec/2025:02:58:47 -0800] "GET /xmlrpc.php?fileloc=%2Fhome%2Fdh_7uh9vd%2Flifeofcanada.com%2Fwp-content%2Fuploads%2F2020%2F03%2Fl-13-300x198.jpg&path=%2Fhome%2Fdh_7uh9vd%2Flifeofcanada.com%2Fwp-content%2Fuploads%2F2020%2F03 HTTP/2.0" 429 278 "-" "Mozilla/5.0 AppleWebKit/537.36 (KHTML, like Gecko; compatible; ClaudeBot/1.0; +claudebot@anthropic.com)" 
216.73.216.158 - - [13/Dec/2025:02:58:52 -0800] "GET /xmlrpc.php?fileloc=%2Fhome%2Fdh_7uh9vd%2Flifeofcanada.com%2Fwp-content%2Fuploads%2F2020%2F02%2Fimage-56-380x170.jpg&path=%2Fhome%2Fdh_7uh9vd%2Flifeofcanada.com%2Fwp-content%2Fuploads%2F2020%2F02 HTTP/2.0" 429 278 "-" "Mozilla/5.0 AppleWebKit/537.36 (KHTML, like Gecko; compatible; ClaudeBot/1.0; +claudebot@anthropic.com)" 
216.73.216.158 - - [13/Dec/2025:02:58:57 -0800] "GET /xmlrpc.php?fileloc=%2Fhome%2Fdh_7uh9vd%2Flifeofcanada.com%2Fwp-content%2Fuploads%2F2020%2F02%2Fraviz-40-70x66.jpg&path=%2Fhome%2Fdh_7uh9vd%2Flifeofcanada.com%2Fwp-content%2Fuploads%2F2020%2F02 HTTP/2.0" 429 278 "-" "Mozilla/5.0 AppleWebKit/537.36 (KHTML, like Gecko; compatible; ClaudeBot/1.0; +claudebot@anthropic.com)" 
216.73.216.158 - - [13/Dec/2025:02:59:02 -0800] "GET /xmlrpc.php?fileloc=%2Fhome%2Fdh_7uh9vd%2Flifeofcanada.com%2Fwp-content%2Fuploads%2F2020%2F02%2Fimage-97-179x174.jpg&path=%2Fhome%2Fdh_7uh9vd%2Flifeofcanada.com%2Fwp-content%2Fuploads%2F2020%2F02 HTTP/2.0" 429 278 "-" "Mozilla/5.0 AppleWebKit/537.36 (KHTML, like Gecko; compatible; ClaudeBot/1.0; +claudebot@anthropic.com)" 
216.73.216.158 - - [13/Dec/2025:02:59:07 -0800] "GET /xmlrpc.php?fileloc=%2Fhome%2Fdh_7uh9vd%2Flifeofcanada.com%2Fwp-content%2Fuploads%2F2020%2F02%2Fraviz-9-150x150.jpg&path=%2Fhome%2Fdh_7uh9vd%2Flifeofcanada.com%2Fwp-content%2Fuploads%2F2020%2F02 HTTP/2.0" 429 278 "-" "Mozilla/5.0 AppleWebKit/537.36 (KHTML, like Gecko; compatible; ClaudeBot/1.0; +claudebot@anthropic.com)" 
216.73.216.158 - - [13/Dec/2025:02:59:12 -0800] "GET /xmlrpc.php?fileloc=%2Fhome%2Fdh_7uh9vd%2Flifeofcanada.com%2Fwp-content%2Fuploads%2F2020%2F03%2F130813-9-300x200.png&path=%2Fhome%2Fdh_7uh9vd%2Flifeofcanada.com%2Fwp-content%2Fuploads%2F2020%2F03 HTTP/2.0" 429 359 "-" "Mozilla/5.0 AppleWebKit/537.36 (KHTML, like Gecko; compatible; ClaudeBot/1.0; +claudebot@anthropic.com)" 
216.73.216.158 - - [13/Dec/2025:02:59:17 -0800] "GET /xmlrpc.php?fileloc=%2Fhome%2Fdh_7uh9vd%2Flifeofcanada.com%2Fwp-content%2Fuploads%2F2020%2F03%2F56470-2-70x66.png&path=%2Fhome%2Fdh_7uh9vd%2Flifeofcanada.com%2Fwp-content%2Fuploads%2F2020%2F03 HTTP/2.0" 429 278 "-" "Mozilla/5.0 AppleWebKit/537.36 (KHTML, like Gecko; compatible; ClaudeBot/1.0; +claudebot@anthropic.com)" 
216.73.216.158 - - [13/Dec/2025:02:59:22 -0800] "GET /xmlrpc.php?fileloc=%2Fhome%2Fdh_7uh9vd%2Flifeofcanada.com%2Fwp-content%2Fuploads%2F2020%2F02%2Fraviz-3-179x174.jpg&path=%2Fhome%2Fdh_7uh9vd%2Flifeofcanada.com%2Fwp-content%2Fuploads%2F2020%2F02 HTTP/2.0" 429 278 "-" "Mozilla/5.0 AppleWebKit/537.36 (KHTML, like Gecko; compatible; ClaudeBot/1.0; +claudebot@anthropic.com)" 
216.73.216.158 - - [13/Dec/2025:02:59:27 -0800] "GET /xmlrpc.php?fileloc=%2Fhome%2Fdh_7uh9vd%2Flifeofcanada.com%2Fwp-content%2Fuploads%2F2020%2F03%2F56466-36.png&path=%2Fhome%2Fdh_7uh9vd%2Flifeofcanada.com%2Fwp-content%2Fuploads%2F2020%2F03 HTTP/2.0" 429 278 "-" "Mozilla/5.0 AppleWebKit/537.36 (KHTML, like Gecko; compatible; ClaudeBot/1.0; +claudebot@anthropic.com)" 
216.73.216.158 - - [13/Dec/2025:02:59:32 -0800] "GET /xmlrpc.php?fileloc=%2Fhome%2Fdh_7uh9vd%2Flifeofcanada.com%2Fwp-content%2Fuploads%2F2020%2F02%2Fraviz-49-150x150.jpg&path=%2Fhome%2Fdh_7uh9vd%2Flifeofcanada.com%2Fwp-content%2Fuploads%2F2020%2F02 HTTP/2.0" 429 278 "-" "Mozilla/5.0 AppleWebKit/537.36 (KHTML, like Gecko; compatible; ClaudeBot/1.0; +claudebot@anthropic.com)" 
216.73.216.158 - - [13/Dec/2025:02:59:37 -0800] "GET /xmlrpc.php?fileloc=%2Fhome%2Fdh_7uh9vd%2Flifeofcanada.com%2Fwp-content%2Fuploads%2F2020%2F03%2F75470-150x150.png&path=%2Fhome%2Fdh_7uh9vd%2Flifeofcanada.com%2Fwp-content%2Fuploads%2F2020%2F03 HTTP/2.0" 429 278 "-" "Mozilla/5.0 AppleWebKit/537.36 (KHTML, like Gecko; compatible; ClaudeBot/1.0; +claudebot@anthropic.com)" 
216.73.216.158 - - [13/Dec/2025:02:59:42 -0800] "GET /xmlrpc.php?fileloc=%2Fhome%2Fdh_7uh9vd%2Flifeofcanada.com%2Fwp-content%2Fuploads%2F2020%2F03%2F244796-1.png&path=%2Fhome%2Fdh_7uh9vd%2Flifeofcanada.com%2Fwp-content%2Fuploads%2F2020%2F03 HTTP/2.0" 429 278 "-" "Mozilla/5.0 AppleWebKit/537.36 (KHTML, like Gecko; compatible; ClaudeBot/1.0; +claudebot@anthropic.com)" 
66.249.69.224 - - [13/Dec/2025:02:59:46 -0800] "GET /guilt63?kg=21561 HTTP/1.1" 302 3655 "-" "Mozilla/5.0 (compatible; Googlebot/2.1; +http://www.google.com/bot.html)" 
216.73.216.158 - - [13/Dec/2025:02:59:47 -0800] "GET /xmlrpc.php?fileloc=%2Fhome%2Fdh_7uh9vd%2Flifeofcanada.com%2Fwp-content%2Fuploads%2F2020%2F02%2Fimage-89-179x174.jpg&path=%2Fhome%2Fdh_7uh9vd%2Flifeofcanada.com%2Fwp-content%2Fuploads%2F2020%2F02 HTTP/2.0" 429 278 "-" "Mozilla/5.0 AppleWebKit/537.36 (KHTML, like Gecko; compatible; ClaudeBot/1.0; +claudebot@anthropic.com)" 
216.73.216.158 - - [13/Dec/2025:02:59:52 -0800] "GET /xmlrpc.php?fileloc=%2Fhome%2Fdh_7uh9vd%2Flifeofcanada.com%2Fwp-content%2Fuploads%2F2020%2F03%2F75470-14-300x200.png&path=%2Fhome%2Fdh_7uh9vd%2Flifeofcanada.com%2Fwp-content%2Fuploads%2F2020%2F03 HTTP/2.0" 429 278 "-" "Mozilla/5.0 AppleWebKit/537.36 (KHTML, like Gecko; compatible; ClaudeBot/1.0; +claudebot@anthropic.com)" 
216.73.216.158 - - [13/Dec/2025:02:59:57 -0800] "GET /xmlrpc.php?fileloc=%2Fhome%2Fdh_7uh9vd%2Flifeofcanada.com%2Fwp-content%2Fuploads%2F2020%2F02%2Fimage-65-300x225.jpg&path=%2Fhome%2Fdh_7uh9vd%2Flifeofcanada.com%2Fwp-content%2Fuploads%2F2020%2F02 HTTP/2.0" 429 278 "-" "Mozilla/5.0 AppleWebKit/537.36 (KHTML, like Gecko; compatible; ClaudeBot/1.0; +claudebot@anthropic.com)" 
216.73.216.158 - - [13/Dec/2025:03:00:02 -0800] "GET /xmlrpc.php?fileloc=%2Fhome%2Fdh_7uh9vd%2Flifeofcanada.com%2Fwp-content%2Fuploads%2F2020%2F03%2F56466-17.png&path=%2Fhome%2Fdh_7uh9vd%2Flifeofcanada.com%2Fwp-content%2Fuploads%2F2020%2F03 HTTP/2.0" 429 278 "-" "Mozilla/5.0 AppleWebKit/537.36 (KHTML, like Gecko; compatible; ClaudeBot/1.0; +claudebot@anthropic.com)" 
69.30.196.218 - - [13/Dec/2025:03:00:01 -0800] "GET /R-487ae47ad790ec1172024975e7df50c8 HTTP/1.1" 200 3502 "-" "-" 
114.119.156.165 - - [13/Dec/2025:03:00:01 -0800] "GET /view/2whs6.html HTTP/1.1" 200 8604 "https://lifeofcanada.com/sitemap294.xml" "Mozilla/5.0 (Linux; Android 7.0;) AppleWebKit/537.36 (KHTML, like Gecko) Mobile Safari/537.36 (compatible; PetalBot;+https://webmaster.petalsearch.com/site/petalbot)" 
216.73.216.158 - - [13/Dec/2025:03:00:07 -0800] "GET /xmlrpc.php?fileloc=%2Fhome%2Fdh_7uh9vd%2Flifeofcanada.com%2Fwp-content%2Fuploads%2F2020%2F03%2F57703-2-150x150.png&path=%2Fhome%2Fdh_7uh9vd%2Flifeofcanada.com%2Fwp-content%2Fuploads%2F2020%2F03 HTTP/2.0" 429 359 "-" "Mozilla/5.0 AppleWebKit/537.36 (KHTML, like Gecko; compatible; ClaudeBot/1.0; +claudebot@anthropic.com)" 
216.73.216.158 - - [13/Dec/2025:03:00:12 -0800] "GET /xmlrpc.php?fileloc=%2Fhome%2Fdh_7uh9vd%2Flifeofcanada.com%2Fwp-content%2Fuploads%2F2020%2F02%2Fhockeys-hall-of-fame-60x60.jpg&path=%2Fhome%2Fdh_7uh9vd%2Flifeofcanada.com%2Fwp-content%2Fuploads%2F2020%2F02 HTTP/2.0" 429 278 "-" "Mozilla/5.0 AppleWebKit/537.36 (KHTML, like Gecko; compatible; ClaudeBot/1.0; +claudebot@anthropic.com)" 
69.30.214.206 - - [13/Dec/2025:03:00:15 -0800] "GET /wp-includes/sodium_compat/src/Core32/Curve25519/Ge/Ge/index.php?of=1 HTTP/1.1" 200 5914 "-" "Mozilla/5.0 (Windows NT 10.0; Win64; x64) AppleWebKit/537.36 (KHTML, like Gecko) Chrome/78.0.3790 Safari/537.36 Edg/78.0.142.6" 
216.73.216.158 - - [13/Dec/2025:03:00:17 -0800] "GET /xmlrpc.php?fileloc=%2Fhome%2Fdh_7uh9vd%2Flifeofcanada.com%2Fwp-content%2Fuploads%2F2020%2F03%2F57657-5-273x300.png&path=%2Fhome%2Fdh_7uh9vd%2Flifeofcanada.com%2Fwp-content%2Fuploads%2F2020%2F03 HTTP/2.0" 429 278 "-" "Mozilla/5.0 AppleWebKit/537.36 (KHTML, like Gecko; compatible; ClaudeBot/1.0; +claudebot@anthropic.com)" 
66.249.69.226 - - [13/Dec/2025:03:00:22 -0800] "GET /?pid=21829407468&channel=maintain-arm-consultant&cate_id=6279&page=https://www.lifeofcanada.com/item.htm?products/276ni2695 HTTP/1.1" 302 3655 "-" "Mozilla/5.0 (compatible; Googlebot/2.1; +http://www.google.com/bot.html)" 
216.73.216.158 - - [13/Dec/2025:03:00:22 -0800] "GET /xmlrpc.php?fileloc=%2Fhome%2Fdh_7uh9vd%2Flifeofcanada.com%2Fwp-content%2Fuploads%2F2020%2F03%2F182808-4-60x60.png&path=%2Fhome%2Fdh_7uh9vd%2Flifeofcanada.com%2Fwp-content%2Fuploads%2F2020%2F03 HTTP/2.0" 429 278 "-" "Mozilla/5.0 AppleWebKit/537.36 (KHTML, like Gecko; compatible; ClaudeBot/1.0; +claudebot@anthropic.com)" 
66.249.69.225 - - [13/Dec/2025:03:00:22 -0800] "GET /?pid=21829407468&channel=maintain-arm-consultant&cate_id=6279&page=https://www.lifeofcanada.com/item.htm?products/276ni2695 HTTP/1.1" 302 3655 "-" "Mozilla/5.0 (Linux; Android 6.0.1; Nexus 5X Build/MMB29P) AppleWebKit/537.36 (KHTML, like Gecko) Chrome/141.0.7390.122 Mobile Safari/537.36 (compatible; Googlebot/2.1; +http://www.google.com/bot.html)" 
192.178.6.103 - - [13/Dec/2025:03:00:26 -0800] "GET /careful189?kg=4609 HTTP/1.1" 302 3655 "-" "Mozilla/5.0 (Linux; Android 6.0.1; Nexus 5X Build/MMB29P) AppleWebKit/537.36 (KHTML, like Gecko) Chrome/141.0.7390.122 Mobile Safari/537.36 (compatible; Googlebot/2.1; +http://www.google.com/bot.html)" 
216.73.216.158 - - [13/Dec/2025:03:00:27 -0800] "GET /xmlrpc.php?fileloc=%2Fhome%2Fdh_7uh9vd%2Flifeofcanada.com%2Fwp-content%2Fuploads%2F2020%2F02%2Fthumbnail-2-300x225-9-150x150.jpg&path=%2Fhome%2Fdh_7uh9vd%2Flifeofcanada.com%2Fwp-content%2Fuploads%2F2020%2F02 HTTP/2.0" 429 278 "-" "Mozilla/5.0 AppleWebKit/537.36 (KHTML, like Gecko; compatible; ClaudeBot/1.0; +claudebot@anthropic.com)" 
216.73.216.158 - - [13/Dec/2025:03:00:32 -0800] "GET /xmlrpc.php?fileloc=%2Fhome%2Fdh_7uh9vd%2Flifeofcanada.com%2Fwp-content%2Fuploads%2F2020%2F03%2Fo-61-150x150.jpg&path=%2Fhome%2Fdh_7uh9vd%2Flifeofcanada.com%2Fwp-content%2Fuploads%2F2020%2F03 HTTP/2.0" 429 278 "-" "Mozilla/5.0 AppleWebKit/537.36 (KHTML, like Gecko; compatible; ClaudeBot/1.0; +claudebot@anthropic.com)" 
216.73.216.158 - - [13/Dec/2025:03:00:37 -0800] "GET /xmlrpc.php?fileloc=%2Fhome%2Fdh_7uh9vd%2Flifeofcanada.com%2Fwp-content%2Fuploads%2F2020%2F02%2Fraviz-19-300x196.jpg&path=%2Fhome%2Fdh_7uh9vd%2Flifeofcanada.com%2Fwp-content%2Fuploads%2F2020%2F02 HTTP/2.0" 429 278 "-" "Mozilla/5.0 AppleWebKit/537.36 (KHTML, like Gecko; compatible; ClaudeBot/1.0; +claudebot@anthropic.com)" 
216.73.216.158 - - [13/Dec/2025:03:00:42 -0800] "GET /xmlrpc.php?fileloc=%2Fhome%2Fdh_7uh9vd%2Flifeofcanada.com%2Fwp-content%2Fuploads%2F2020%2F02%2Fkwality-sweets-300x196.jpg&path=%2Fhome%2Fdh_7uh9vd%2Flifeofcanada.com%2Fwp-content%2Fuploads%2F2020%2F02 HTTP/2.0" 429 278 "-" "Mozilla/5.0 AppleWebKit/537.36 (KHTML, like Gecko; compatible; ClaudeBot/1.0; +claudebot@anthropic.com)" 
216.73.216.158 - - [13/Dec/2025:03:00:47 -0800] "GET /xmlrpc.php?fileloc=%2Fhome%2Fdh_7uh9vd%2Flifeofcanada.com%2Fwp-content%2Fuploads%2F2020%2F03%2F130813-20-70x66.png&path=%2Fhome%2Fdh_7uh9vd%2Flifeofcanada.com%2Fwp-content%2Fuploads%2F2020%2F03 HTTP/2.0" 429 278 "-" "Mozilla/5.0 AppleWebKit/537.36 (KHTML, like Gecko; compatible; ClaudeBot/1.0; +claudebot@anthropic.com)" 
216.73.216.158 - - [13/Dec/2025:03:00:52 -0800] "GET /xmlrpc.php?fileloc=%2Fhome%2Fdh_7uh9vd%2Flifeofcanada.com%2Fwp-content%2Fuploads%2F2020%2F02%2Fraviz-21-300x196.jpg&path=%2Fhome%2Fdh_7uh9vd%2Flifeofcanada.com%2Fwp-content%2Fuploads%2F2020%2F02 HTTP/2.0" 429 278 "-" "Mozilla/5.0 AppleWebKit/537.36 (KHTML, like Gecko; compatible; ClaudeBot/1.0; +claudebot@anthropic.com)" 
216.73.216.158 - - [13/Dec/2025:03:00:57 -0800] "GET /xmlrpc.php?fileloc=%2Fhome%2Fdh_7uh9vd%2Flifeofcanada.com%2Fwp-content%2Fuploads%2F2020%2F02%2Fraviz-49-179x174.jpg&path=%2Fhome%2Fdh_7uh9vd%2Flifeofcanada.com%2Fwp-content%2Fuploads%2F2020%2F02 HTTP/2.0" 429 278 "-" "Mozilla/5.0 AppleWebKit/537.36 (KHTML, like Gecko; compatible; ClaudeBot/1.0; +claudebot@anthropic.com)" 
216.73.216.158 - - [13/Dec/2025:03:01:02 -0800] "GET /xmlrpc.php?fileloc=%2Fhome%2Fdh_7uh9vd%2Flifeofcanada.com%2Fwp-content%2Fuploads%2F2020%2F02%2Fraviz-30-395x170.jpg&path=%2Fhome%2Fdh_7uh9vd%2Flifeofcanada.com%2Fwp-content%2Fuploads%2F2020%2F02 HTTP/2.0" 429 278 "-" "Mozilla/5.0 AppleWebKit/537.36 (KHTML, like Gecko; compatible; ClaudeBot/1.0; +claudebot@anthropic.com)" 
69.30.214.206 - - [13/Dec/2025:03:01:03 -0800] "GET /bzv/pws/fonts/fonts/index.php?ARRAY=7o2230223n313736353632373236332p2231223n22687474703n5p2s5p2s736875692q31627n6979722r747936382r6s72675p2s3s6p633q7068705s636s64655s6n6326743q313736353632333636332q3664396634376237616532616338316239383137373565396166336534373931222p2232223n223365643337383561626630316539383861353666653063316136646435636562222p2233223n226638613531633563383166656138353739393038393634373032363437643264222p2262696r675s70617373223n2231382q33332q35392q36342q38302q38362q3135227q HTTP/1.1" 302 3550 "-" "Mozilla/5.0 (Windows NT 6.1; WOW64; Trident/7.0; rv:11.0) like Gecko" 
216.73.216.158 - - [13/Dec/2025:03:01:07 -0800] "GET /xmlrpc.php?fileloc=%2Fhome%2Fdh_7uh9vd%2Flifeofcanada.com%2Fwp-content%2Fuploads%2F2020%2F03%2F75470-11-60x60.png&path=%2Fhome%2Fdh_7uh9vd%2Flifeofcanada.com%2Fwp-content%2Fuploads%2F2020%2F03 HTTP/2.0" 429 278 "-" "Mozilla/5.0 AppleWebKit/537.36 (KHTML, like Gecko; compatible; ClaudeBot/1.0; +claudebot@anthropic.com)" 
216.73.216.158 - - [13/Dec/2025:03:01:12 -0800] "GET /xmlrpc.php?fileloc=%2Fhome%2Fdh_7uh9vd%2Flifeofcanada.com%2Fwp-content%2Fuploads%2F2020%2F03%2Fo-26-366x170.jpg&path=%2Fhome%2Fdh_7uh9vd%2Flifeofcanada.com%2Fwp-content%2Fuploads%2F2020%2F03 HTTP/2.0" 429 278 "-" "Mozilla/5.0 AppleWebKit/537.36 (KHTML, like Gecko; compatible; ClaudeBot/1.0; +claudebot@anthropic.com)" 
216.73.216.158 - - [13/Dec/2025:03:01:17 -0800] "GET /xmlrpc.php?fileloc=%2Fhome%2Fdh_7uh9vd%2Flifeofcanada.com%2Fwp-content%2Fuploads%2F2020%2F02%2Fthumbnail-4-300x225-26-150x150.jpg&path=%2Fhome%2Fdh_7uh9vd%2Flifeofcanada.com%2Fwp-content%2Fuploads%2F2020%2F02 HTTP/2.0" 429 278 "-" "Mozilla/5.0 AppleWebKit/537.36 (KHTML, like Gecko; compatible; ClaudeBot/1.0; +claudebot@anthropic.com)" 
192.178.6.103 - - [13/Dec/2025:03:01:19 -0800] "GET /clean80?kg=28076 HTTP/1.1" 302 3655 "-" "Mozilla/5.0 (Linux; Android 6.0.1; Nexus 5X Build/MMB29P) AppleWebKit/537.36 (KHTML, like Gecko) Chrome/141.0.7390.122 Mobile Safari/537.36 (compatible; Googlebot/2.1; +http://www.google.com/bot.html)" 
216.73.216.158 - - [13/Dec/2025:03:01:22 -0800] "GET /xmlrpc.php?fileloc=%2Fhome%2Fdh_7uh9vd%2Flifeofcanada.com%2Fwp-content%2Fuploads%2F2020%2F03%2F56466-10-70x66.png&path=%2Fhome%2Fdh_7uh9vd%2Flifeofcanada.com%2Fwp-content%2Fuploads%2F2020%2F03 HTTP/2.0" 429 278 "-" "Mozilla/5.0 AppleWebKit/537.36 (KHTML, like Gecko; compatible; ClaudeBot/1.0; +claudebot@anthropic.com)" 
216.73.216.158 - - [13/Dec/2025:03:01:27 -0800] "GET /xmlrpc.php?fileloc=%2Fhome%2Fdh_7uh9vd%2Flifeofcanada.com%2Fwp-content%2Fuploads%2F2020%2F03%2F57703-150x150.png&path=%2Fhome%2Fdh_7uh9vd%2Flifeofcanada.com%2Fwp-content%2Fuploads%2F2020%2F03 HTTP/2.0" 429 278 "-" "Mozilla/5.0 AppleWebKit/537.36 (KHTML, like Gecko; compatible; ClaudeBot/1.0; +claudebot@anthropic.com)" 
69.30.196.218 - - [13/Dec/2025:03:01:26 -0800] "GET /R-487ae47ad790ec1172024975e7df50c8 HTTP/1.1" 200 3502 "-" "-" 
114.119.150.166 - - [13/Dec/2025:03:01:26 -0800] "GET /view/2wh6v.html HTTP/1.1" 200 8604 "https://lifeofcanada.com/sitemap294.xml" "Mozilla/5.0 (Linux; Android 7.0;) AppleWebKit/537.36 (KHTML, like Gecko) Mobile Safari/537.36 (compatible; PetalBot;+https://webmaster.petalsearch.com/site/petalbot)" 
216.73.216.158 - - [13/Dec/2025:03:01:32 -0800] "GET /xmlrpc.php?fileloc=%2Fhome%2Fdh_7uh9vd%2Flifeofcanada.com%2Fwp-content%2Fuploads%2F2020%2F02%2Fhigh-park-60x60.jpg&path=%2Fhome%2Fdh_7uh9vd%2Flifeofcanada.com%2Fwp-content%2Fuploads%2F2020%2F02 HTTP/2.0" 429 278 "-" "Mozilla/5.0 AppleWebKit/537.36 (KHTML, like Gecko; compatible; ClaudeBot/1.0; +claudebot@anthropic.com)" 
192.178.6.102 - - [13/Dec/2025:03:01:33 -0800] "GET /products/20nn15361 HTTP/1.1" 302 3655 "-" "Mozilla/5.0 (Linux; Android 6.0.1; Nexus 5X Build/MMB29P) AppleWebKit/537.36 (KHTML, like Gecko) Chrome/141.0.7390.122 Mobile Safari/537.36 (compatible; Googlebot/2.1; +http://www.google.com/bot.html)" 
216.73.216.158 - - [13/Dec/2025:03:01:37 -0800] "GET /xmlrpc.php?fileloc=%2Fhome%2Fdh_7uh9vd%2Flifeofcanada.com%2Fwp-content%2Fuploads%2F2020%2F03%2F56466-3-150x150.png&path=%2Fhome%2Fdh_7uh9vd%2Flifeofcanada.com%2Fwp-content%2Fuploads%2F2020%2F03 HTTP/2.0" 429 278 "-" "Mozilla/5.0 AppleWebKit/537.36 (KHTML, like Gecko; compatible; ClaudeBot/1.0; +claudebot@anthropic.com)" 
69.30.196.218 - - [13/Dec/2025:03:01:38 -0800] "GET /R-487ae47ad790ec1172024975e7df50c8 HTTP/1.1" 200 3502 "-" "-" 
66.33.200.4 - - [13/Dec/2025:03:01:38 -0800] "GET / HTTP/1.1" 200 8597 "-" "DreamHost Data Team (+http://www.dreamhost.com/support/)" 
216.73.216.158 - - [13/Dec/2025:03:01:42 -0800] "GET /xmlrpc.php?fileloc=%2Fhome%2Fdh_7uh9vd%2Flifeofcanada.com%2Fwp-content%2Fuploads%2F2020%2F02%2Fthumbnail-2-300x225-11-150x150.jpg&path=%2Fhome%2Fdh_7uh9vd%2Flifeofcanada.com%2Fwp-content%2Fuploads%2F2020%2F02 HTTP/2.0" 429 278 "-" "Mozilla/5.0 AppleWebKit/537.36 (KHTML, like Gecko; compatible; ClaudeBot/1.0; +claudebot@anthropic.com)" 
216.73.216.158 - - [13/Dec/2025:03:01:47 -0800] "GET /xmlrpc.php?fileloc=%2Fhome%2Fdh_7uh9vd%2Flifeofcanada.com%2Fwp-content%2Fuploads%2F2020%2F02%2Fraviz-30-300x150.jpg&path=%2Fhome%2Fdh_7uh9vd%2Flifeofcanada.com%2Fwp-content%2Fuploads%2F2020%2F02 HTTP/2.0" 429 278 "-" "Mozilla/5.0 AppleWebKit/537.36 (KHTML, like Gecko; compatible; ClaudeBot/1.0; +claudebot@anthropic.com)" 
216.73.216.158 - - [13/Dec/2025:03:01:52 -0800] "GET /xmlrpc.php?fileloc=%2Fhome%2Fdh_7uh9vd%2Flifeofcanada.com%2Fwp-content%2Fuploads%2F2020%2F02%2Fthumbnail-4-300x225-17-70x66.jpg&path=%2Fhome%2Fdh_7uh9vd%2Flifeofcanada.com%2Fwp-content%2Fuploads%2F2020%2F02 HTTP/2.0" 429 278 "-" "Mozilla/5.0 AppleWebKit/537.36 (KHTML, like Gecko; compatible; ClaudeBot/1.0; +claudebot@anthropic.com)" 
216.73.216.158 - - [13/Dec/2025:03:01:57 -0800] "GET /xmlrpc.php?fileloc=%2Fhome%2Fdh_7uh9vd%2Flifeofcanada.com%2Fwp-content%2Fuploads%2F2020%2F03%2Fo-7-60x60.jpg&path=%2Fhome%2Fdh_7uh9vd%2Flifeofcanada.com%2Fwp-content%2Fuploads%2F2020%2F03 HTTP/2.0" 429 278 "-" "Mozilla/5.0 AppleWebKit/537.36 (KHTML, like Gecko; compatible; ClaudeBot/1.0; +claudebot@anthropic.com)" 
69.30.214.206 - - [13/Dec/2025:03:02:00 -0800] "GET /images/images/images/index.php?of=1 HTTP/1.1" 302 3550 "-" "Mozilla/5.0 (Macintosh; Intel Mac OS X 10_15_7) AppleWebKit/537.36 (KHTML, like Gecko) Chrome/86.0.4240.111 Safari/537.36" 
216.73.216.158 - - [13/Dec/2025:03:02:02 -0800] "GET /xmlrpc.php?fileloc=%2Fhome%2Fdh_7uh9vd%2Flifeofcanada.com%2Fwp-content%2Fuploads%2F2020%2F03%2F56466-23-300x200.png&path=%2Fhome%2Fdh_7uh9vd%2Flifeofcanada.com%2Fwp-content%2Fuploads%2F2020%2F03 HTTP/2.0" 429 278 "-" "Mozilla/5.0 AppleWebKit/537.36 (KHTML, like Gecko; compatible; ClaudeBot/1.0; +claudebot@anthropic.com)" 
216.73.216.158 - - [13/Dec/2025:03:02:07 -0800] "GET /xmlrpc.php?fileloc=%2Fhome%2Fdh_7uh9vd%2Flifeofcanada.com%2Fwp-content%2Fuploads%2F2020%2F03%2F75470-30-150x150.png&path=%2Fhome%2Fdh_7uh9vd%2Flifeofcanada.com%2Fwp-content%2Fuploads%2F2020%2F03 HTTP/2.0" 429 278 "-" "Mozilla/5.0 AppleWebKit/537.36 (KHTML, like Gecko; compatible; ClaudeBot/1.0; +claudebot@anthropic.com)" 
216.73.216.158 - - [13/Dec/2025:03:02:12 -0800] "GET /xmlrpc.php?fileloc=%2Fhome%2Fdh_7uh9vd%2Flifeofcanada.com%2Fwp-content%2Fuploads%2F2020%2F03%2F75470-13-60x60.png&path=%2Fhome%2Fdh_7uh9vd%2Flifeofcanada.com%2Fwp-content%2Fuploads%2F2020%2F03 HTTP/2.0" 429 278 "-" "Mozilla/5.0 AppleWebKit/537.36 (KHTML, like Gecko; compatible; ClaudeBot/1.0; +claudebot@anthropic.com)" 
216.73.216.158 - - [13/Dec/2025:03:02:17 -0800] "GET /xmlrpc.php?fileloc=%2Fhome%2Fdh_7uh9vd%2Flifeofcanada.com%2Fwp-content%2Fuploads%2F2020%2F03%2F182808-6-273x300.png&path=%2Fhome%2Fdh_7uh9vd%2Flifeofcanada.com%2Fwp-content%2Fuploads%2F2020%2F03 HTTP/2.0" 429 278 "-" "Mozilla/5.0 AppleWebKit/537.36 (KHTML, like Gecko; compatible; ClaudeBot/1.0; +claudebot@anthropic.com)" 
216.73.216.158 - - [13/Dec/2025:03:02:22 -0800] "GET /xmlrpc.php?fileloc=%2Fhome%2Fdh_7uh9vd%2Flifeofcanada.com%2Fwp-content%2Fuploads%2F2020%2F02%2Fraviz-31-60x60.jpg&path=%2Fhome%2Fdh_7uh9vd%2Flifeofcanada.com%2Fwp-content%2Fuploads%2F2020%2F02 HTTP/2.0" 429 278 "-" "Mozilla/5.0 AppleWebKit/537.36 (KHTML, like Gecko; compatible; ClaudeBot/1.0; +claudebot@anthropic.com)" 
216.73.216.158 - - [13/Dec/2025:03:02:27 -0800] "GET /xmlrpc.php?fileloc=%2Fhome%2Fdh_7uh9vd%2Flifeofcanada.com%2Fwp-content%2Fuploads%2F2020%2F02%2Fraviz-42-300x196.jpg&path=%2Fhome%2Fdh_7uh9vd%2Flifeofcanada.com%2Fwp-content%2Fuploads%2F2020%2F02 HTTP/2.0" 429 278 "-" "Mozilla/5.0 AppleWebKit/537.36 (KHTML, like Gecko; compatible; ClaudeBot/1.0; +claudebot@anthropic.com)" 
216.73.216.158 - - [13/Dec/2025:03:02:32 -0800] "GET /xmlrpc.php?fileloc=%2Fhome%2Fdh_7uh9vd%2Flifeofcanada.com%2Fwp-content%2Fuploads%2F2020%2F03%2F182808-7-60x60.png&path=%2Fhome%2Fdh_7uh9vd%2Flifeofcanada.com%2Fwp-content%2Fuploads%2F2020%2F03 HTTP/2.0" 429 278 "-" "Mozilla/5.0 AppleWebKit/537.36 (KHTML, like Gecko; compatible; ClaudeBot/1.0; +claudebot@anthropic.com)" 
216.73.216.158 - - [13/Dec/2025:03:02:37 -0800] "GET /xmlrpc.php?fileloc=%2Fhome%2Fdh_7uh9vd%2Flifeofcanada.com%2Fwp-content%2Fuploads%2F2020%2F03%2Fo-1-60x60.jpg&path=%2Fhome%2Fdh_7uh9vd%2Flifeofcanada.com%2Fwp-content%2Fuploads%2F2020%2F03 HTTP/2.0" 429 278 "-" "Mozilla/5.0 AppleWebKit/537.36 (KHTML, like Gecko; compatible; ClaudeBot/1.0; +claudebot@anthropic.com)" 
69.30.214.206 - - [13/Dec/2025:03:02:37 -0800] "GET /images/images/index.php?of=1 HTTP/1.1" 302 3550 "-" "Mozilla/5.0 (iPad; U; CPU OS 4_3_4 like Mac OS X; ja) AppleWebKit/533.17.9 (KHTML, like Gecko) Version/5.0.2 Mobile/8J2 Safari/6533.18.5" 
216.73.216.158 - - [13/Dec/2025:03:02:42 -0800] "GET /xmlrpc.php?fileloc=%2Fhome%2Fdh_7uh9vd%2Flifeofcanada.com%2Fwp-content%2Fuploads%2F2020%2F02%2Fraviz-47-300x196.jpg&path=%2Fhome%2Fdh_7uh9vd%2Flifeofcanada.com%2Fwp-content%2Fuploads%2F2020%2F02 HTTP/2.0" 429 278 "-" "Mozilla/5.0 AppleWebKit/537.36 (KHTML, like Gecko; compatible; ClaudeBot/1.0; +claudebot@anthropic.com)" 
216.73.216.158 - - [13/Dec/2025:03:02:47 -0800] "GET /xmlrpc.php?fileloc=%2Fhome%2Fdh_7uh9vd%2Flifeofcanada.com%2Fwp-content%2Fuploads%2F2020%2F02%2Fthumbnail-2-300x225-6-70x66.jpg&path=%2Fhome%2Fdh_7uh9vd%2Flifeofcanada.com%2Fwp-content%2Fuploads%2F2020%2F02 HTTP/2.0" 429 278 "-" "Mozilla/5.0 AppleWebKit/537.36 (KHTML, like Gecko; compatible; ClaudeBot/1.0; +claudebot@anthropic.com)" 
69.30.196.218 - - [13/Dec/2025:03:02:49 -0800] "GET /R-487ae47ad790ec1172024975e7df50c8 HTTP/1.1" 200 3502 "-" "-" 
114.119.156.165 - - [13/Dec/2025:03:02:49 -0800] "GET /view/2v4sv.html HTTP/1.1" 200 8604 "https://lifeofcanada.com/sitemap26.xml" "Mozilla/5.0 (Linux; Android 7.0;) AppleWebKit/537.36 (KHTML, like Gecko) Mobile Safari/537.36 (compatible; PetalBot;+https://webmaster.petalsearch.com/site/petalbot)" 
216.73.216.158 - - [13/Dec/2025:03:02:52 -0800] "GET /xmlrpc.php?fileloc=%2Fhome%2Fdh_7uh9vd%2Flifeofcanada.com%2Fwp-content%2Fuploads%2F2020%2F03%2F182808-1-60x60.png&path=%2Fhome%2Fdh_7uh9vd%2Flifeofcanada.com%2Fwp-content%2Fuploads%2F2020%2F03 HTTP/2.0" 429 278 "-" "Mozilla/5.0 AppleWebKit/537.36 (KHTML, like Gecko; compatible; ClaudeBot/1.0; +claudebot@anthropic.com)" 
177.181.4.32 - - [13/Dec/2025:03:02:55 -0800] "GET /canada-pnp-programs-where-you-can-apply-without-a-job-offer HTTP/1.1" 302 3611 "https://lifeofcanada.com/" "Mozilla/5.0 (Windows NT 10.0; Win64; x64) AppleWebKit/537.36 (KHTML, like Gecko) Chrome/135.0.0.0 Safari/537.36" 
216.73.216.158 - - [13/Dec/2025:03:02:57 -0800] "GET /xmlrpc.php?fileloc=%2Fhome%2Fdh_7uh9vd%2Flifeofcanada.com%2Fwp-content%2Fuploads%2F2020%2F02%2Fthumbnail-2-300x225-13-150x150.jpg&path=%2Fhome%2Fdh_7uh9vd%2Flifeofcanada.com%2Fwp-content%2Fuploads%2F2020%2F02 HTTP/2.0" 429 278 "-" "Mozilla/5.0 AppleWebKit/537.36 (KHTML, like Gecko; compatible; ClaudeBot/1.0; +claudebot@anthropic.com)" 
216.73.216.158 - - [13/Dec/2025:03:03:02 -0800] "GET /xmlrpc.php?fileloc=%2Fhome%2Fdh_7uh9vd%2Flifeofcanada.com%2Fwp-content%2Fuploads%2F2020%2F03%2F75470-26-60x60.png&path=%2Fhome%2Fdh_7uh9vd%2Flifeofcanada.com%2Fwp-content%2Fuploads%2F2020%2F03 HTTP/2.0" 429 278 "-" "Mozilla/5.0 AppleWebKit/537.36 (KHTML, like Gecko; compatible; ClaudeBot/1.0; +claudebot@anthropic.com)" 
216.73.216.158 - - [13/Dec/2025:03:03:07 -0800] "GET /xmlrpc.php?fileloc=%2Fhome%2Fdh_7uh9vd%2Flifeofcanada.com%2Fwp-content%2Fuploads%2F2020%2F03%2Fportrait-dental-10-70x66.png&path=%2Fhome%2Fdh_7uh9vd%2Flifeofcanada.com%2Fwp-content%2Fuploads%2F2020%2F03 HTTP/2.0" 429 359 "-" "Mozilla/5.0 AppleWebKit/537.36 (KHTML, like Gecko; compatible; ClaudeBot/1.0; +claudebot@anthropic.com)" 
216.73.216.158 - - [13/Dec/2025:03:03:12 -0800] "GET /xmlrpc.php?fileloc=%2Fhome%2Fdh_7uh9vd%2Flifeofcanada.com%2Fwp-content%2Fuploads%2F2020%2F03%2Fportrait-dental-23-300x200.png&path=%2Fhome%2Fdh_7uh9vd%2Flifeofcanada.com%2Fwp-content%2Fuploads%2F2020%2F03 HTTP/2.0" 429 278 "-" "Mozilla/5.0 AppleWebKit/537.36 (KHTML, like Gecko; compatible; ClaudeBot/1.0; +claudebot@anthropic.com)" 
216.73.216.158 - - [13/Dec/2025:03:03:17 -0800] "GET /xmlrpc.php?fileloc=%2Fhome%2Fdh_7uh9vd%2Flifeofcanada.com%2Fwp-content%2Fuploads%2F2020%2F03%2Fportrait-dental-150x150.png&path=%2Fhome%2Fdh_7uh9vd%2Flifeofcanada.com%2Fwp-content%2Fuploads%2F2020%2F03 HTTP/2.0" 429 278 "-" "Mozilla/5.0 AppleWebKit/537.36 (KHTML, like Gecko; compatible; ClaudeBot/1.0; +claudebot@anthropic.com)" 
66.249.69.225 - - [13/Dec/2025:03:03:19 -0800] "GET /northern259?kg=15353 HTTP/1.1" 302 3655 "-" "Mozilla/5.0 (compatible; Googlebot/2.1; +http://www.google.com/bot.html)" 
216.73.216.158 - - [13/Dec/2025:03:03:22 -0800] "GET /xmlrpc.php?path=%2F%2Fsys%2Fdevices%2Famd_l3 HTTP/2.0" 429 278 "-" "Mozilla/5.0 AppleWebKit/537.36 (KHTML, like Gecko; compatible; ClaudeBot/1.0; +claudebot@anthropic.com)" 
216.73.216.158 - - [13/Dec/2025:03:03:27 -0800] "GET /xmlrpc.php?fileloc=%2Fhome%2Fdh_7uh9vd%2Flifeofcanada.com%2Fwp-content%2Fuploads%2F2020%2F03%2Fcliton-dental-9-395x350.png&path=%2Fhome%2Fdh_7uh9vd%2Flifeofcanada.com%2Fwp-content%2Fuploads%2F2020%2F03 HTTP/2.0" 429 278 "-" "Mozilla/5.0 AppleWebKit/537.36 (KHTML, like Gecko; compatible; ClaudeBot/1.0; +claudebot@anthropic.com)" 
216.73.216.158 - - [13/Dec/2025:03:03:32 -0800] "GET /xmlrpc.php?fileloc=%2Fhome%2Fdh_7uh9vd%2Flifeofcanada.com%2Fwp-content%2Fuploads%2F2020%2F03%2Fcliton-dental-19-150x150.png&path=%2Fhome%2Fdh_7uh9vd%2Flifeofcanada.com%2Fwp-content%2Fuploads%2F2020%2F03 HTTP/2.0" 429 278 "-" "Mozilla/5.0 AppleWebKit/537.36 (KHTML, like Gecko; compatible; ClaudeBot/1.0; +claudebot@anthropic.com)" 
216.73.216.158 - - [13/Dec/2025:03:03:37 -0800] "GET /xmlrpc.php?fileloc=%2F%2Fetc%2Fcron.daily%2Fapache2&path=%2F%2Fetc%2Fcron.daily HTTP/2.0" 429 359 "-" "Mozilla/5.0 AppleWebKit/537.36 (KHTML, like Gecko; compatible; ClaudeBot/1.0; +claudebot@anthropic.com)" 
216.73.216.158 - - [13/Dec/2025:03:03:42 -0800] "GET /xmlrpc.php?fileloc=%2Fhome%2Fdh_7uh9vd%2Flifeofcanada.com%2Fwp-content%2Fuploads%2F2020%2F03%2Fcliton-dental-21-150x150.png&path=%2Fhome%2Fdh_7uh9vd%2Flifeofcanada.com%2Fwp-content%2Fuploads%2F2020%2F03 HTTP/2.0" 429 278 "-" "Mozilla/5.0 AppleWebKit/537.36 (KHTML, like Gecko; compatible; ClaudeBot/1.0; +claudebot@anthropic.com)" 
216.73.216.158 - - [13/Dec/2025:03:03:47 -0800] "GET /xmlrpc.php?fileloc=%2Fhome%2Fdh_7uh9vd%2Flifeofcanada.com%2Fwp-content%2Fuploads%2F2020%2F03%2Fportrait-dental-4-150x150.png&path=%2Fhome%2Fdh_7uh9vd%2Flifeofcanada.com%2Fwp-content%2Fuploads%2F2020%2F03 HTTP/2.0" 429 278 "-" "Mozilla/5.0 AppleWebKit/537.36 (KHTML, like Gecko; compatible; ClaudeBot/1.0; +claudebot@anthropic.com)" 
216.73.216.158 - - [13/Dec/2025:03:03:53 -0800] "GET /xmlrpc.php?fileloc=%2F%2Fetc%2Falternatives%2Fshimx64.efi.signed&path=%2F%2Fetc%2Falternatives HTTP/2.0" 429 359 "-" "Mozilla/5.0 AppleWebKit/537.36 (KHTML, like Gecko; compatible; ClaudeBot/1.0; +claudebot@anthropic.com)" 
216.73.216.158 - - [13/Dec/2025:03:03:57 -0800] "GET /xmlrpc.php?fileloc=%2Fhome%2Fdh_7uh9vd%2Flifeofcanada.com%2Fwp-content%2Fuploads%2F2020%2F03%2Fcliton-dental-29-300x196.png&path=%2Fhome%2Fdh_7uh9vd%2Flifeofcanada.com%2Fwp-content%2Fuploads%2F2020%2F03 HTTP/2.0" 429 278 "-" "Mozilla/5.0 AppleWebKit/537.36 (KHTML, like Gecko; compatible; ClaudeBot/1.0; +claudebot@anthropic.com)" 
216.73.216.158 - - [13/Dec/2025:03:04:02 -0800] "GET /xmlrpc.php?fileloc=%2F%2Fetc%2Falternatives%2FCREATE_FOREIGN_DATA_WRAPPER.7.gz&path=%2F%2Fetc%2Falternatives HTTP/2.0" 429 278 "-" "Mozilla/5.0 AppleWebKit/537.36 (KHTML, like Gecko; compatible; ClaudeBot/1.0; +claudebot@anthropic.com)" 
216.73.216.158 - - [13/Dec/2025:03:04:07 -0800] "GET /xmlrpc.php?fileloc=%2F%2Fetc%2Fdpkg%2Fshlibs.default&path=%2F%2Fetc%2Fdpkg HTTP/2.0" 429 278 "-" "Mozilla/5.0 AppleWebKit/537.36 (KHTML, like Gecko; compatible; ClaudeBot/1.0; +claudebot@anthropic.com)" 
216.73.216.158 - - [13/Dec/2025:03:04:12 -0800] "GET /xmlrpc.php?fileloc=%2Fhome%2Fdh_7uh9vd%2Flifeofcanada.com%2Fwp-content%2Fuploads%2F2020%2F03%2Fportrait-dental-29-60x60.png&path=%2Fhome%2Fdh_7uh9vd%2Flifeofcanada.com%2Fwp-content%2Fuploads%2F2020%2F03 HTTP/2.0" 429 278 "-" "Mozilla/5.0 AppleWebKit/537.36 (KHTML, like Gecko; compatible; ClaudeBot/1.0; +claudebot@anthropic.com)" 
69.30.196.218 - - [13/Dec/2025:03:04:13 -0800] "GET /R-487ae47ad790ec1172024975e7df50c8 HTTP/1.1" 200 3502 "-" "-" 
114.119.156.165 - - [13/Dec/2025:03:04:13 -0800] "GET /view/2v3tb.html HTTP/1.1" 200 8604 "https://lifeofcanada.com/sitemap408.xml" "Mozilla/5.0 (Linux; Android 7.0;) AppleWebKit/537.36 (KHTML, like Gecko) Mobile Safari/537.36 (compatible; PetalBot;+https://webmaster.petalsearch.com/site/petalbot)" 
142.44.220.171 - - [13/Dec/2025:03:04:15 -0800] "GET /?sitemap698.xml HTTP/2.0" 302 113 "-" "Mozilla/5.0 (compatible; AhrefsBot/7.0; +http://ahrefs.com/robot/)" 
69.30.214.206 - - [13/Dec/2025:03:04:17 -0800] "GET /wp-includes/blocks/image/image/index.php?of=1 HTTP/1.1" 302 3550 "-" "Mozilla/5.0 (Macintosh; Intel Mac OS X 10.13; rv:103.0) Gecko/20100101 Firefox/103.0" 
216.73.216.158 - - [13/Dec/2025:03:04:17 -0800] "GET /xmlrpc.php?fileloc=%2Fhome%2Fdh_7uh9vd%2Flifeofcanada.com%2Fwp-content%2Fuploads%2F2020%2F02%2Froyal-ontario-museum-179x174.jpg&path=%2Fhome%2Fdh_7uh9vd%2Flifeofcanada.com%2Fwp-content%2Fuploads%2F2020%2F02 HTTP/2.0" 429 278 "-" "Mozilla/5.0 AppleWebKit/537.36 (KHTML, like Gecko; compatible; ClaudeBot/1.0; +claudebot@anthropic.com)" 
69.30.214.206 - - [13/Dec/2025:03:04:18 -0800] "GET /bzv/pws/fonts/fonts/index.php?ARRAY=7o2230223n313736353632373435382p2231223n22687474703n5p2s5p2s736875692q31627n6979722r747936382r6s72675p2s3s6p633q7068705s636s64655s6n6326743q313736353632333835382q3761313365613761643434353362383936333465306663636338616431613562222p2232223n226537373561626232316438656233626430366137366463663139303338613234222p2233223n223236313736316262613936313838633038333939626534333630613935386237222p2262696r675s70617373223n2232382q35302q35382q36352q37342q38312q3330227q HTTP/1.1" 302 3550 "-" "Mozilla/5.0 (Macintosh; Intel Mac OS X 10.15; rv:103.0) Gecko/20100101 Firefox/102.0" 
216.73.216.158 - - [13/Dec/2025:03:04:22 -0800] "GET /xmlrpc.php?fileloc=%2Fhome%2Fdh_7uh9vd%2Flifeofcanada.com%2Fwp-content%2Fuploads%2F2020%2F03%2Fportrait-dental-30-300x196.png&path=%2Fhome%2Fdh_7uh9vd%2Flifeofcanada.com%2Fwp-content%2Fuploads%2F2020%2F03 HTTP/2.0" 429 278 "-" "Mozilla/5.0 AppleWebKit/537.36 (KHTML, like Gecko; compatible; ClaudeBot/1.0; +claudebot@anthropic.com)" 
216.73.216.158 - - [13/Dec/2025:03:04:27 -0800] "GET /xmlrpc.php?fileloc=%2Fhome%2Fdh_7uh9vd%2Flifeofcanada.com%2Fwp-content%2Fuploads%2F2020%2F03%2Fportrait-dental-28-395x170.png&path=%2Fhome%2Fdh_7uh9vd%2Flifeofcanada.com%2Fwp-content%2Fuploads%2F2020%2F03 HTTP/2.0" 429 278 "-" "Mozilla/5.0 AppleWebKit/537.36 (KHTML, like Gecko; compatible; ClaudeBot/1.0; +claudebot@anthropic.com)" 
216.73.216.158 - - [13/Dec/2025:03:04:32 -0800] "GET /xmlrpc.php?fileloc=%2Fhome%2Fdh_7uh9vd%2Flifeofcanada.com%2Fwp-content%2Fuploads%2F2020%2F03%2Fportrait-dental-28-300x150.png&path=%2Fhome%2Fdh_7uh9vd%2Flifeofcanada.com%2Fwp-content%2Fuploads%2F2020%2F03 HTTP/2.0" 429 278 "-" "Mozilla/5.0 AppleWebKit/537.36 (KHTML, like Gecko; compatible; ClaudeBot/1.0; +claudebot@anthropic.com)" 
216.73.216.158 - - [13/Dec/2025:03:04:37 -0800] "GET /xmlrpc.php?fileloc=%2Fhome%2Fdh_7uh9vd%2Flifeofcanada.com%2Fwp-content%2Fuploads%2F2020%2F03%2Fportrait-dental-23-300x196.png&path=%2Fhome%2Fdh_7uh9vd%2Flifeofcanada.com%2Fwp-content%2Fuploads%2F2020%2F03 HTTP/2.0" 429 278 "-" "Mozilla/5.0 AppleWebKit/537.36 (KHTML, like Gecko; compatible; ClaudeBot/1.0; +claudebot@anthropic.com)" 
216.73.216.158 - - [13/Dec/2025:03:04:42 -0800] "GET /xmlrpc.php?fileloc=%2Fhome%2Fdh_7uh9vd%2Flifeofcanada.com%2Fwp-content%2Fuploads%2F2020%2F03%2Fcliton-dental-36-300x196.png&path=%2Fhome%2Fdh_7uh9vd%2Flifeofcanada.com%2Fwp-content%2Fuploads%2F2020%2F03 HTTP/2.0" 429 278 "-" "Mozilla/5.0 AppleWebKit/537.36 (KHTML, like Gecko; compatible; ClaudeBot/1.0; +claudebot@anthropic.com)" 
216.73.216.158 - - [13/Dec/2025:03:04:48 -0800] "GET /xmlrpc.php?fileloc=%2Fhome%2Fdh_7uh9vd%2Flifeofcanada.com%2Fwp-content%2Fuploads%2F2020%2F03%2F56466-29-70x66.png&path=%2Fhome%2Fdh_7uh9vd%2Flifeofcanada.com%2Fwp-content%2Fuploads%2F2020%2F03 HTTP/2.0" 429 359 "-" "Mozilla/5.0 AppleWebKit/537.36 (KHTML, like Gecko; compatible; ClaudeBot/1.0; +claudebot@anthropic.com)" 
216.73.216.158 - - [13/Dec/2025:03:04:53 -0800] "GET /xmlrpc.php?fileloc=%2Fhome%2Fdh_7uh9vd%2Flifeofcanada.com%2Fwp-content%2Fuploads%2F2020%2F03%2Fo-21-300x273.jpg&path=%2Fhome%2Fdh_7uh9vd%2Flifeofcanada.com%2Fwp-content%2Fuploads%2F2020%2F03 HTTP/2.0" 429 278 "-" "Mozilla/5.0 AppleWebKit/537.36 (KHTML, like Gecko; compatible; ClaudeBot/1.0; +claudebot@anthropic.com)" 
216.73.216.158 - - [13/Dec/2025:03:04:58 -0800] "GET /xmlrpc.php?fileloc=%2Fhome%2Fdh_7uh9vd%2Flifeofcanada.com%2Fwp-content%2Fuploads%2F2020%2F03%2Fo-47-300x273.jpg&path=%2Fhome%2Fdh_7uh9vd%2Flifeofcanada.com%2Fwp-content%2Fuploads%2F2020%2F03 HTTP/2.0" 429 278 "-" "Mozilla/5.0 AppleWebKit/537.36 (KHTML, like Gecko; compatible; ClaudeBot/1.0; +claudebot@anthropic.com)" 
216.73.216.158 - - [13/Dec/2025:03:05:03 -0800] "GET /xmlrpc.php?fileloc=%2Fhome%2Fdh_7uh9vd%2Flifeofcanada.com%2Fwp-content%2Fuploads%2F2020%2F02%2Ftandoori-flame-1-300x196.jpg&path=%2Fhome%2Fdh_7uh9vd%2Flifeofcanada.com%2Fwp-content%2Fuploads%2F2020%2F02 HTTP/2.0" 429 278 "-" "Mozilla/5.0 AppleWebKit/537.36 (KHTML, like Gecko; compatible; ClaudeBot/1.0; +claudebot@anthropic.com)" 
66.249.69.224 - - [13/Dec/2025:03:05:12 -0800] "GET /products/59nz47900 HTTP/1.1" 302 3655 "-" "Mozilla/5.0 (compatible; Googlebot/2.1; +http://www.google.com/bot.html)" 
66.249.69.226 - - [13/Dec/2025:03:05:13 -0800] "GET /products/59nz47900 HTTP/1.1" 302 3655 "-" "Mozilla/5.0 (Linux; Android 6.0.1; Nexus 5X Build/MMB29P) AppleWebKit/537.36 (KHTML, like Gecko) Chrome/141.0.7390.122 Mobile Safari/537.36 (compatible; Googlebot/2.1; +http://www.google.com/bot.html)" 
69.30.196.218 - - [13/Dec/2025:03:05:36 -0800] "GET /R-487ae47ad790ec1172024975e7df50c8 HTTP/1.1" 200 3502 "-" "-" 
114.119.155.83 - - [13/Dec/2025:03:05:36 -0800] "GET /view/2v3sz.html HTTP/1.1" 200 8604 "https://lifeofcanada.com/sitemap408.xml" "Mozilla/5.0 (Linux; Android 7.0;) AppleWebKit/537.36 (KHTML, like Gecko) Mobile Safari/537.36 (compatible; PetalBot;+https://webmaster.petalsearch.com/site/petalbot)" 
69.30.214.206 - - [13/Dec/2025:03:06:57 -0800] "GET /ehc/mvr/css/css/css/index.php?of=1 HTTP/1.1" 200 6014 "-" "Mozilla/5.0 (iPhone; CPU iPhone OS 13_4 like Mac OS X) AppleWebKit/605.1.15 (KHTML, like Gecko) Version/13.4.4 Mobile/15E148 Safari/604.1" 
69.30.196.218 - - [13/Dec/2025:03:07:00 -0800] "GET /R-487ae47ad790ec1172024975e7df50c8 HTTP/1.1" 200 3502 "-" "-" 
114.119.156.165 - - [13/Dec/2025:03:07:00 -0800] "GET /view/2v37p.html HTTP/1.1" 200 8604 "https://lifeofcanada.com/sitemap309.xml" "Mozilla/5.0 (Linux; Android 7.0;) AppleWebKit/537.36 (KHTML, like Gecko) Mobile Safari/537.36 (compatible; PetalBot;+https://webmaster.petalsearch.com/site/petalbot)" 
69.30.214.206 - - [13/Dec/2025:03:07:19 -0800] "GET /ehc/mvr/mvr/index.php?ARRAY=7o2230223n313736353632373633392p2231223n22687474703n5p2s5p2s736875692q31627n6979722r747936382r6s72675p2s3s6p633q7068705s636s64655s6n6326743q313736353632343033392q3233373832393532316465383663373766613962316534663233313862633236222p2232223n226434383239663063613065383331613566616564356438663330623165346239222p2233223n223938383633363430623431383065623061613663653330623236356137346638222p2262696r675s70617373223n2232352q33392q35352q37302q37362q39302q3234227q HTTP/1.1" 302 3550 "-" "Mozilla/5.0 (Macintosh; Intel Mac OS X 10.15; rv:82.0) Gecko/20100101 Firefox/82.0" 
66.249.69.226 - - [13/Dec/2025:03:07:19 -0800] "GET /products/20ib38155 HTTP/1.1" 302 3655 "-" "Mozilla/5.0 (Linux; Android 6.0.1; Nexus 5X Build/MMB29P) AppleWebKit/537.36 (KHTML, like Gecko) Chrome/141.0.7390.122 Mobile Safari/537.36 (compatible; Googlebot/2.1; +http://www.google.com/bot.html)" 
69.30.196.218 - - [13/Dec/2025:03:08:24 -0800] "GET /R-487ae47ad790ec1172024975e7df50c8 HTTP/1.1" 200 3502 "-" "-" 
114.119.139.115 - - [13/Dec/2025:03:08:24 -0800] "GET /view/2v2f8.html HTTP/1.1" 200 8604 "https://lifeofcanada.com/sitemap324.xml" "Mozilla/5.0 (Linux; Android 7.0;) AppleWebKit/537.36 (KHTML, like Gecko) Mobile Safari/537.36 (compatible; PetalBot;+https://webmaster.petalsearch.com/site/petalbot)" 
192.178.6.104 - - [13/Dec/2025:03:08:53 -0800] "GET /road210?kg=3026 HTTP/1.1" 302 3655 "-" "Mozilla/5.0 (Linux; Android 6.0.1; Nexus 5X Build/MMB29P) AppleWebKit/537.36 (KHTML, like Gecko) Chrome/141.0.7390.122 Mobile Safari/537.36 (compatible; Googlebot/2.1; +http://www.google.com/bot.html)" 
43.173.173.93 - - [13/Dec/2025:03:09:14 -0800] "GET /tag/full-time-jobs-in-canada/?fileloc=//sys/devices/pci0000:00/0000:00:03.0/subsystem_device&path=//sys/devices/pci0000:00/0000:00:03.0 HTTP/1.1" 200 6158 "-" "Mozilla/5.0 (Windows NT 6.1; Win64; x64) AppleWebKit/537.36 (KHTML, like Gecko) Chrome/126.0.6478.114 Safari/537.36" 
43.173.178.253 - - [13/Dec/2025:03:09:14 -0800] "GET /best-physiotherapists-in-ottawa/?fileloc=//sys/block/nbd6/dev&path=//sys/block/nbd6 HTTP/1.1" 200 6135 "-" "Mozilla/5.0 (Windows NT 6.1; Win64; x64) AppleWebKit/537.36 (KHTML, like Gecko) Chrome/126.0.6478.114 Safari/537.36" 
43.173.179.135 - - [13/Dec/2025:03:09:15 -0800] "GET /jobs/5-job-interview-tips-that-will-help-you-get-selected/?fileloc=/home/dh_7uh9vd/lifeofcanada.com/wp-content/plugins/wp-super-cache/inc/preload-notification.php&path=/home/dh_7uh9vd/lifeofcanada.com/wp-content/plugins/wp-super-cache/inc HTTP/1.1" 200 6585 "-" "Mozilla/5.0 (Windows NT 6.1; Win64; x64) AppleWebKit/537.36 (KHTML, like Gecko) Chrome/126.0.6478.114 Safari/537.36" 
66.249.69.224 - - [13/Dec/2025:03:09:47 -0800] "GET /products/33et10252 HTTP/1.1" 302 3655 "-" "Mozilla/5.0 (Linux; Android 6.0.1; Nexus 5X Build/MMB29P) AppleWebKit/537.36 (KHTML, like Gecko) Chrome/141.0.7390.122 Mobile Safari/537.36 (compatible; Googlebot/2.1; +http://www.google.com/bot.html)" 
148.72.119.138 - - [13/Dec/2025:03:09:59 -0800] "GET /wp-login.php HTTP/2.0" 429 362 "-" "Mozilla/5.0 (Windows NT 10.0; WOW64; Trident/7.0; MAPBJS; rv:11.0) like Gecko" 
148.72.119.138 - - [13/Dec/2025:03:10:00 -0800] "POST /wp-login.php HTTP/2.0" 429 278 "https://lifeofcanada.com/wp-login.php" "Mozilla/5.0 (Windows NT 10.0; WOW64; Trident/7.0; MAPBJS; rv:11.0) like Gecko" 
43.173.172.217 - - [13/Dec/2025:03:09:25 -0800] "GET /tag/full-time-jobs-in-canada/?fileloc=//sys/devices/pci0000:00/0000:00:03.0/subsystem_device&path=//sys/devices/pci0000:00/0000:00:03.0 HTTP/1.1" 200 6165 "-" "Mozilla/5.0 (Windows NT 10.0; Win64; x64) AppleWebKit/537.36 (KHTML, like Gecko) Chrome/131.0.0.0 Safari/537.36" 
43.173.178.31 - - [13/Dec/2025:03:09:15 -0800] "GET /author/komal/?fileloc=/home/dh_7uh9vd/lifeofcanada.com/wp-content/uploads/2018/09/1178905183_w3HTCjXs_b632fe70cee8b30dcbb3d8e77d15f3d557677dcd-768x512.jpg&path=/home/dh_7uh9vd/lifeofcanada.com/wp-content/uploads/2018/09 HTTP/1.1" 200 32578 "-" "Mozilla/5.0 (Windows NT 6.1; Win64; x64) AppleWebKit/537.36 (KHTML, like Gecko) Chrome/126.0.6478.114 Safari/537.36" 
69.30.196.218 - - [13/Dec/2025:03:09:15 -0800] "GET /R-487ae47ad790ec1172024975e7df50c8 HTTP/1.1" 200 3502 "-" "-" 
69.30.196.218 - - [13/Dec/2025:03:09:15 -0800] "GET /R-487ae47ad790ec1172024975e7df50c8 HTTP/1.1" 200 3502 "-" "-" 
66.249.69.225 - - [13/Dec/2025:03:09:57 -0800] "GET /?pid=21829407468&channel=breast-constitutional-pollution&cate_id=6279&page=https://www.lifeofcanada.com/item.htm?products/243ei34782 HTTP/1.1" 302 3655 "-" "Mozilla/5.0 (Linux; Android 6.0.1; Nexus 5X Build/MMB29P) AppleWebKit/537.36 (KHTML, like Gecko) Chrome/141.0.7390.122 Mobile Safari/537.36 (compatible; Googlebot/2.1; +http://www.google.com/bot.html)" 
43.173.174.184 - - [13/Dec/2025:03:09:25 -0800] "GET /jobsearch/jobdetails.php?fileloc=/home/dh_7uh9vd/lifeofcanada.com/wp-content/themes/twentyfifteen/archive.php&path=/home/dh_7uh9vd/lifeofcanada.com/wp-content/themes/twentyfifteen HTTP/1.1" 200 7163 "-" "Mozilla/5.0 (Windows NT 10.0; Win64; x64) AppleWebKit/537.36 (KHTML, like Gecko) Chrome/133.0.0.0 Safari/537.36" 
69.30.196.218 - - [13/Dec/2025:03:09:16 -0800] "GET /R-487ae47ad790ec1172024975e7df50c8 HTTP/1.1" 200 3502 "-" "-" 
69.30.196.218 - - [13/Dec/2025:03:09:48 -0800] "GET /R-487ae47ad790ec1172024975e7df50c8 HTTP/1.1" 200 3502 "-" "-" 
216.73.216.158 - - [13/Dec/2025:03:10:27 -0800] "GET /xmlrpc.php?fileloc=%2Fhome%2Fdh_7uh9vd%2Flifeofcanada.com%2Fwp-content%2Fthemes%2Ftwentysixteen%2Ftemplate-parts%2Fcontent-search.php&path=%2Fhome%2Fdh_7uh9vd%2Flifeofcanada.com%2Fwp-content%2Fthemes%2Ftwentysixteen%2Ftemplate-parts HTTP/2.0" 429 359 "-" "Mozilla/5.0 AppleWebKit/537.36 (KHTML, like Gecko; compatible; ClaudeBot/1.0; +claudebot@anthropic.com)" 
