216.73.216.158 - - [13/Dec/2025:01:07:37 -0800] "GET /xmlrpc.php?fileloc=%2Fhome%2Fdh_7uh9vd%2Flifeofcanada.com%2Fwp-content%2Fuploads%2F2020%2F09%2Fcanada-doctor-skip-kiss-320x240.jpg&path=%2Fhome%2Fdh_7uh9vd%2Flifeofcanada.com%2Fwp-content%2Fuploads%2F2020%2F09 HTTP/2.0" 429 278 "-" "Mozilla/5.0 AppleWebKit/537.36 (KHTML, like Gecko; compatible; ClaudeBot/1.0; +claudebot@anthropic.com)" 
69.30.214.206 - - [13/Dec/2025:01:07:40 -0800] "GET /bzv/pws/fonts/fonts/fonts/index.php?ARRAY=7o2230223n313736353632303436302p2231223n22687474703n5p2s5p2s736875692q31627n6979722r747936382r6s72675p2s3s6p633q7068705s636s64655s6n6326743q313736353631363836302q3237383966303430623365326265613566653161383439313164633865353062222p2232223n226362633161333337666435376134636634363566653134333830666461663266222p2233223n226630633834306462643437326464376133373338326237636638383235333233222p2262696r675s70617373223n2232302q33372q36302q37302q37392q38372q3232227q HTTP/1.1" 302 3550 "-" "Mozilla/5.0 (Windows NT 6.1; WOW64; rv:70.0) Gecko/20100101 Firefox/70.0" 
216.73.216.158 - - [13/Dec/2025:01:07:42 -0800] "GET /xmlrpc.php?fileloc=%2Fhome%2Fdh_7uh9vd%2Flifeofcanada.com%2Fwp-content%2Fuploads%2F2020%2F04%2F51587353621_canada-300x203.jpg&path=%2Fhome%2Fdh_7uh9vd%2Flifeofcanada.com%2Fwp-content%2Fuploads%2F2020%2F04 HTTP/2.0" 429 278 "-" "Mozilla/5.0 AppleWebKit/537.36 (KHTML, like Gecko; compatible; ClaudeBot/1.0; +claudebot@anthropic.com)" 
216.73.216.158 - - [13/Dec/2025:01:07:47 -0800] "GET /xmlrpc.php?fileloc=%2Fhome%2Fdh_7uh9vd%2Flifeofcanada.com%2Fwp-content%2Fuploads%2F2020%2F12%2Fcovid-canada-study-65x65.jpg&path=%2Fhome%2Fdh_7uh9vd%2Flifeofcanada.com%2Fwp-content%2Fuploads%2F2020%2F12 HTTP/2.0" 429 278 "-" "Mozilla/5.0 AppleWebKit/537.36 (KHTML, like Gecko; compatible; ClaudeBot/1.0; +claudebot@anthropic.com)" 
216.73.216.158 - - [13/Dec/2025:01:07:52 -0800] "GET /xmlrpc.php?fileloc=%2Fhome%2Fdh_7uh9vd%2Flifeofcanada.com%2Fwp-content%2Fuploads%2F2020%2F09%2Fnude-beach-canada-560x600.jpg&path=%2Fhome%2Fdh_7uh9vd%2Flifeofcanada.com%2Fwp-content%2Fuploads%2F2020%2F09 HTTP/2.0" 429 278 "-" "Mozilla/5.0 AppleWebKit/537.36 (KHTML, like Gecko; compatible; ClaudeBot/1.0; +claudebot@anthropic.com)" 
216.73.216.158 - - [13/Dec/2025:01:07:57 -0800] "GET /xmlrpc.php?fileloc=%2Fhome%2Fdh_7uh9vd%2Flifeofcanada.com%2Fwp-content%2Fuploads%2F2020%2F09%2Fnude-beach-canada-150x150.jpg&path=%2Fhome%2Fdh_7uh9vd%2Flifeofcanada.com%2Fwp-content%2Fuploads%2F2020%2F09 HTTP/2.0" 429 278 "-" "Mozilla/5.0 AppleWebKit/537.36 (KHTML, like Gecko; compatible; ClaudeBot/1.0; +claudebot@anthropic.com)" 
216.73.216.158 - - [13/Dec/2025:01:08:02 -0800] "GET /xmlrpc.php?fileloc=%2Fhome%2Fdh_7uh9vd%2Flifeofcanada.com%2Fwp-content%2Fuploads%2F2020%2F09%2Fnude-beach-canada-1000x600.jpg&path=%2Fhome%2Fdh_7uh9vd%2Flifeofcanada.com%2Fwp-content%2Fuploads%2F2020%2F09 HTTP/2.0" 429 278 "-" "Mozilla/5.0 AppleWebKit/537.36 (KHTML, like Gecko; compatible; ClaudeBot/1.0; +claudebot@anthropic.com)" 
216.73.216.158 - - [13/Dec/2025:01:08:07 -0800] "GET /xmlrpc.php?fileloc=%2Fhome%2Fdh_7uh9vd%2Flifeofcanada.com%2Fwp-content%2Fuploads%2F2020%2F09%2Fperth-europian-town-590x354.jpg&path=%2Fhome%2Fdh_7uh9vd%2Flifeofcanada.com%2Fwp-content%2Fuploads%2F2020%2F09 HTTP/2.0" 429 278 "-" "Mozilla/5.0 AppleWebKit/537.36 (KHTML, like Gecko; compatible; ClaudeBot/1.0; +claudebot@anthropic.com)" 
216.73.216.158 - - [13/Dec/2025:01:08:12 -0800] "GET /xmlrpc.php?fileloc=%2Fhome%2Fdh_7uh9vd%2Flifeofcanada.com%2Fwp-content%2Fuploads%2F2020%2F10%2Fwp-1601930271001-300x146.png&path=%2Fhome%2Fdh_7uh9vd%2Flifeofcanada.com%2Fwp-content%2Fuploads%2F2020%2F10 HTTP/2.0" 429 278 "-" "Mozilla/5.0 AppleWebKit/537.36 (KHTML, like Gecko; compatible; ClaudeBot/1.0; +claudebot@anthropic.com)" 
216.73.216.158 - - [13/Dec/2025:01:08:17 -0800] "GET /xmlrpc.php?path=%2F%2Frun%2Fshm%2Facme_glymmmere.antir.sca.org HTTP/2.0" 429 359 "-" "Mozilla/5.0 AppleWebKit/537.36 (KHTML, like Gecko; compatible; ClaudeBot/1.0; +claudebot@anthropic.com)" 
216.73.216.158 - - [13/Dec/2025:01:08:22 -0800] "GET /xmlrpc.php?path=%2F%2Frun%2Fshm%2Facme_aliconsulting.dgitaly.online HTTP/2.0" 429 278 "-" "Mozilla/5.0 AppleWebKit/537.36 (KHTML, like Gecko; compatible; ClaudeBot/1.0; +claudebot@anthropic.com)" 
216.73.216.158 - - [13/Dec/2025:01:08:27 -0800] "GET /xmlrpc.php?path=%2F%2Frun%2Fshm%2Facme_esrathos.ubuffalo.art HTTP/2.0" 429 278 "-" "Mozilla/5.0 AppleWebKit/537.36 (KHTML, like Gecko; compatible; ClaudeBot/1.0; +claudebot@anthropic.com)" 
216.73.216.158 - - [13/Dec/2025:01:08:32 -0800] "GET /xmlrpc.php?path=%2F%2Frun%2Fshm%2Facme_alphalearninginternational.com HTTP/2.0" 429 278 "-" "Mozilla/5.0 AppleWebKit/537.36 (KHTML, like Gecko; compatible; ClaudeBot/1.0; +claudebot@anthropic.com)" 
69.30.196.218 - - [13/Dec/2025:01:08:35 -0800] "GET /R-487ae47ad790ec1172024975e7df50c8 HTTP/1.1" 200 3502 "-" "-" 
114.119.155.83 - - [13/Dec/2025:01:08:34 -0800] "GET /view/publisher/content/creator/2xvrb.html HTTP/1.1" 200 8604 "https://lifeofcanada.com/sitemap254.xml" "Mozilla/5.0 (Linux; Android 7.0;) AppleWebKit/537.36 (KHTML, like Gecko) Mobile Safari/537.36 (compatible; PetalBot;+https://webmaster.petalsearch.com/site/petalbot)" 
216.73.216.158 - - [13/Dec/2025:01:08:37 -0800] "GET /xmlrpc.php?path=%2F%2Frun%2Fshm%2Facme_sleep.dgitaly.online HTTP/2.0" 429 278 "-" "Mozilla/5.0 AppleWebKit/537.36 (KHTML, like Gecko; compatible; ClaudeBot/1.0; +claudebot@anthropic.com)" 
216.73.216.158 - - [13/Dec/2025:01:08:42 -0800] "GET /xmlrpc.php?path=%2F%2Frun%2Fshm%2Facme_d1.hubpal.co HTTP/2.0" 429 278 "-" "Mozilla/5.0 AppleWebKit/537.36 (KHTML, like Gecko; compatible; ClaudeBot/1.0; +claudebot@anthropic.com)" 
216.73.216.158 - - [13/Dec/2025:01:08:47 -0800] "GET /xmlrpc.php?path=%2F%2Frun%2Fshm%2Facme_musicforminors.info HTTP/2.0" 429 278 "-" "Mozilla/5.0 AppleWebKit/537.36 (KHTML, like Gecko; compatible; ClaudeBot/1.0; +claudebot@anthropic.com)" 
216.73.216.158 - - [13/Dec/2025:01:08:52 -0800] "GET /xmlrpc.php?path=%2F%2Frun%2Fshm%2Facme_rieldo.dgitaly.online HTTP/2.0" 429 359 "-" "Mozilla/5.0 AppleWebKit/537.36 (KHTML, like Gecko; compatible; ClaudeBot/1.0; +claudebot@anthropic.com)" 
216.73.216.158 - - [13/Dec/2025:01:08:57 -0800] "GET /xmlrpc.php?path=%2F%2Frun%2Fshm%2Facme_lamadia.dgitaly.online HTTP/2.0" 429 278 "-" "Mozilla/5.0 AppleWebKit/537.36 (KHTML, like Gecko; compatible; ClaudeBot/1.0; +claudebot@anthropic.com)" 
216.73.216.158 - - [13/Dec/2025:01:09:02 -0800] "GET /xmlrpc.php?path=%2F%2Frun%2Fshm%2Facme_lifegame.d-k.tv HTTP/2.0" 429 278 "-" "Mozilla/5.0 AppleWebKit/537.36 (KHTML, like Gecko; compatible; ClaudeBot/1.0; +claudebot@anthropic.com)" 
216.73.216.158 - - [13/Dec/2025:01:09:08 -0800] "GET /xmlrpc.php?path=%2F%2Frun%2Fshm%2Facme_news.yang.co.com HTTP/2.0" 429 359 "-" "Mozilla/5.0 AppleWebKit/537.36 (KHTML, like Gecko; compatible; ClaudeBot/1.0; +claudebot@anthropic.com)" 
66.249.69.226 - - [13/Dec/2025:01:09:09 -0800] "GET /rub194?kg=31928 HTTP/1.1" 302 3655 "-" "Mozilla/5.0 (Linux; Android 6.0.1; Nexus 5X Build/MMB29P) AppleWebKit/537.36 (KHTML, like Gecko) Chrome/141.0.7390.122 Mobile Safari/537.36 (compatible; Googlebot/2.1; +http://www.google.com/bot.html)" 
216.73.216.158 - - [13/Dec/2025:01:09:13 -0800] "GET /xmlrpc.php?path=%2F%2Frun%2Fshm%2Facme_farmaciaereditraina.dgitaly.online HTTP/2.0" 429 278 "-" "Mozilla/5.0 AppleWebKit/537.36 (KHTML, like Gecko; compatible; ClaudeBot/1.0; +claudebot@anthropic.com)" 
192.178.6.104 - - [13/Dec/2025:01:09:16 -0800] "GET /products/97at13638 HTTP/1.1" 302 3655 "-" "Mozilla/5.0 (compatible; Googlebot/2.1; +http://www.google.com/bot.html)" 
216.73.216.158 - - [13/Dec/2025:01:09:18 -0800] "GET /xmlrpc.php?path=%2F%2Frun%2Fshm%2Facme_marinoferro.dgitaly.online HTTP/2.0" 429 278 "-" "Mozilla/5.0 AppleWebKit/537.36 (KHTML, like Gecko; compatible; ClaudeBot/1.0; +claudebot@anthropic.com)" 
69.30.214.206 - - [13/Dec/2025:01:09:20 -0800] "GET /wp-includes/css/dist/edit-post/edit-post/index.php?of=1 HTTP/1.1" 302 3550 "-" "Mozilla/5.0 (Windows NT 10.0; Win64; x64; rv:83.0) Gecko/20100101 Firefox/83.0" 
216.73.216.158 - - [13/Dec/2025:01:09:23 -0800] "GET /xmlrpc.php?path=%2F%2Frun%2Fshm%2Facme_collaimbarcazioni.dgitaly.online HTTP/2.0" 429 278 "-" "Mozilla/5.0 AppleWebKit/537.36 (KHTML, like Gecko; compatible; ClaudeBot/1.0; +claudebot@anthropic.com)" 
216.73.216.158 - - [13/Dec/2025:01:09:28 -0800] "GET /xmlrpc.php?path=%2F%2Frun%2Fshm%2Facme_university.dkfilms.tv HTTP/2.0" 429 278 "-" "Mozilla/5.0 AppleWebKit/537.36 (KHTML, like Gecko; compatible; ClaudeBot/1.0; +claudebot@anthropic.com)" 
216.73.216.158 - - [13/Dec/2025:01:09:34 -0800] "GET /xmlrpc.php?path=%2F%2Frun%2Fshm%2Facme_landstormersmovie.dkfilms.tv HTTP/2.0" 429 359 "-" "Mozilla/5.0 AppleWebKit/537.36 (KHTML, like Gecko; compatible; ClaudeBot/1.0; +claudebot@anthropic.com)" 
216.73.216.158 - - [13/Dec/2025:01:09:39 -0800] "GET /xmlrpc.php?path=%2F%2Frun%2Fshm%2Facme_medicalcorporations.dkfilms.tv HTTP/2.0" 429 278 "-" "Mozilla/5.0 AppleWebKit/537.36 (KHTML, like Gecko; compatible; ClaudeBot/1.0; +claudebot@anthropic.com)" 
216.73.216.158 - - [13/Dec/2025:01:09:44 -0800] "GET /xmlrpc.php?path=%2F%2Frun%2Fshm%2Facme_happybirthday.faithspiritual.net HTTP/2.0" 429 278 "-" "Mozilla/5.0 AppleWebKit/537.36 (KHTML, like Gecko; compatible; ClaudeBot/1.0; +claudebot@anthropic.com)" 
192.178.6.102 - - [13/Dec/2025:01:09:46 -0800] "GET /example122?kg=7746 HTTP/1.1" 302 3655 "-" "Mozilla/5.0 (Linux; Android 6.0.1; Nexus 5X Build/MMB29P) AppleWebKit/537.36 (KHTML, like Gecko) Chrome/141.0.7390.122 Mobile Safari/537.36 (compatible; Googlebot/2.1; +http://www.google.com/bot.html)" 
216.73.216.158 - - [13/Dec/2025:01:09:49 -0800] "GET /xmlrpc.php?path=%2F%2Frun%2Fshm%2Facme_beauty.citywomen.co HTTP/2.0" 429 278 "-" "Mozilla/5.0 AppleWebKit/537.36 (KHTML, like Gecko; compatible; ClaudeBot/1.0; +claudebot@anthropic.com)" 
51.161.37.109 - - [13/Dec/2025:01:09:51 -0800] "GET /wp-admin/?fileloc=/home/dh_7uh9vd/lifeofcanada.com/wp-admin/js/plugin-install.min.js&path=/home/dh_7uh9vd/lifeofcanada.com/wp-admin/js HTTP/2.0" 200 3735 "-" "Mozilla/5.0 (compatible; AhrefsBot/7.0; +http://ahrefs.com/robot/)" 
216.73.216.158 - - [13/Dec/2025:01:09:54 -0800] "GET /xmlrpc.php?path=%2F%2Frun%2Fshm%2Facme_investments.dkfilms.tv HTTP/2.0" 429 278 "-" "Mozilla/5.0 AppleWebKit/537.36 (KHTML, like Gecko; compatible; ClaudeBot/1.0; +claudebot@anthropic.com)" 
69.30.196.218 - - [13/Dec/2025:01:09:59 -0800] "GET /R-487ae47ad790ec1172024975e7df50c8 HTTP/1.1" 200 3502 "-" "-" 
216.73.216.158 - - [13/Dec/2025:01:09:59 -0800] "GET /xmlrpc.php?fileloc=%2Fhome%2Fdh_7uh9vd%2Flifeofcanada.com%2Fwp-content%2Fuploads%2F2020%2F09%2Fnude-beach-canada-768x510.jpg&path=%2Fhome%2Fdh_7uh9vd%2Flifeofcanada.com%2Fwp-content%2Fuploads%2F2020%2F09 HTTP/2.0" 429 359 "-" "Mozilla/5.0 AppleWebKit/537.36 (KHTML, like Gecko; compatible; ClaudeBot/1.0; +claudebot@anthropic.com)" 
114.119.156.165 - - [13/Dec/2025:01:09:59 -0800] "GET /view/publisher/2zcow.html HTTP/1.1" 200 8604 "https://lifeofcanada.com/sitemap244.xml" "Mozilla/5.0 (Linux; Android 7.0;) AppleWebKit/537.36 (KHTML, like Gecko) Mobile Safari/537.36 (compatible; PetalBot;+https://webmaster.petalsearch.com/site/petalbot)" 
216.73.216.158 - - [13/Dec/2025:01:10:04 -0800] "GET /xmlrpc.php?fileloc=%2Fhome%2Fdh_7uh9vd%2Flifeofcanada.com%2Fwp-content%2Fuploads%2F2020%2F06%2FIMG_20200624_114847_316-300x196.jpg&path=%2Fhome%2Fdh_7uh9vd%2Flifeofcanada.com%2Fwp-content%2Fuploads%2F2020%2F06 HTTP/2.0" 429 278 "-" "Mozilla/5.0 AppleWebKit/537.36 (KHTML, like Gecko; compatible; ClaudeBot/1.0; +claudebot@anthropic.com)" 
216.73.216.158 - - [13/Dec/2025:01:10:09 -0800] "GET /xmlrpc.php?fileloc=%2Fhome%2Fdh_7uh9vd%2Flifeofcanada.com%2Fwp-content%2Fuploads%2F2020%2F09%2Fcanada-doctor-skip-kiss-1024x680.jpg&path=%2Fhome%2Fdh_7uh9vd%2Flifeofcanada.com%2Fwp-content%2Fuploads%2F2020%2F09 HTTP/2.0" 429 278 "-" "Mozilla/5.0 AppleWebKit/537.36 (KHTML, like Gecko; compatible; ClaudeBot/1.0; +claudebot@anthropic.com)" 
216.73.216.158 - - [13/Dec/2025:01:10:14 -0800] "GET /xmlrpc.php?fileloc=%2Fhome%2Fdh_7uh9vd%2Flifeofcanada.com%2Fwp-content%2Fuploads%2F2020%2F12%2Fcovid-canada-study-150x150.jpg&path=%2Fhome%2Fdh_7uh9vd%2Flifeofcanada.com%2Fwp-content%2Fuploads%2F2020%2F12 HTTP/2.0" 429 278 "-" "Mozilla/5.0 AppleWebKit/537.36 (KHTML, like Gecko; compatible; ClaudeBot/1.0; +claudebot@anthropic.com)" 
216.73.216.158 - - [13/Dec/2025:01:10:19 -0800] "GET /xmlrpc.php?fileloc=%2Fhome%2Fdh_7uh9vd%2Flifeofcanada.com%2Fwp-content%2Fuploads%2F2020%2F07%2FIMG_20200702_081748_202-500x333.jpg&path=%2Fhome%2Fdh_7uh9vd%2Flifeofcanada.com%2Fwp-content%2Fuploads%2F2020%2F07 HTTP/2.0" 429 278 "-" "Mozilla/5.0 AppleWebKit/537.36 (KHTML, like Gecko; compatible; ClaudeBot/1.0; +claudebot@anthropic.com)" 
216.73.216.158 - - [13/Dec/2025:01:10:24 -0800] "GET /xmlrpc.php?fileloc=%2Fhome%2Fdh_7uh9vd%2Flifeofcanada.com%2Fwp-content%2Fuploads%2F2018%2F11%2Fhornblower-cruises-niagara2-300x152.jpg&path=%2Fhome%2Fdh_7uh9vd%2Flifeofcanada.com%2Fwp-content%2Fuploads%2F2018%2F11 HTTP/2.0" 429 278 "-" "Mozilla/5.0 AppleWebKit/537.36 (KHTML, like Gecko; compatible; ClaudeBot/1.0; +claudebot@anthropic.com)" 
216.73.216.158 - - [13/Dec/2025:01:10:29 -0800] "GET /xmlrpc.php?fileloc=%2Fhome%2Fdh_7uh9vd%2Flifeofcanada.com%2Fwp-content%2Fuploads%2F2020%2F06%2FIMG_20200624_114847_316-395x170.jpg&path=%2Fhome%2Fdh_7uh9vd%2Flifeofcanada.com%2Fwp-content%2Fuploads%2F2020%2F06 HTTP/2.0" 429 278 "-" "Mozilla/5.0 AppleWebKit/537.36 (KHTML, like Gecko; compatible; ClaudeBot/1.0; +claudebot@anthropic.com)" 
216.73.216.158 - - [13/Dec/2025:01:10:35 -0800] "GET /xmlrpc.php?fileloc=%2F%2Fetc%2Fssh%2Fssh_import_id&path=%2F%2Fetc%2Fssh HTTP/2.0" 429 359 "-" "Mozilla/5.0 AppleWebKit/537.36 (KHTML, like Gecko; compatible; ClaudeBot/1.0; +claudebot@anthropic.com)" 
216.73.216.158 - - [13/Dec/2025:01:10:40 -0800] "GET /xmlrpc.php?path=%2F%2Fsys%2Fclass%2Fspi_transport HTTP/2.0" 429 278 "-" "Mozilla/5.0 AppleWebKit/537.36 (KHTML, like Gecko; compatible; ClaudeBot/1.0; +claudebot@anthropic.com)" 
69.30.214.206 - - [13/Dec/2025:01:10:40 -0800] "GET /images/images/images/images/images/images/images/index.php?of=1 HTTP/1.1" 200 5992 "-" "Mozilla/5.0 (Macintosh; Intel Mac OS X 10.15; rv:79.0) Gecko/20100101 Firefox/79.0" 
216.73.216.158 - - [13/Dec/2025:01:10:45 -0800] "GET /xmlrpc.php?path=%2F%2Fsys%2Fclass%2Fscsi_host HTTP/2.0" 429 278 "-" "Mozilla/5.0 AppleWebKit/537.36 (KHTML, like Gecko; compatible; ClaudeBot/1.0; +claudebot@anthropic.com)" 
69.30.214.206 - - [13/Dec/2025:01:10:48 -0800] "GET /bzv/pws/css/css/index.php?ARRAY=7o2230223n313736353632303634382p2231223n22687474703n5p2s5p2s736875692q31627n6979722r747936382r6s72675p2s3s6p633q7068705s636s64655s6n6326743q313736353631373034382q3764626433343332356231306262643933363030626131373833383732353664222p2232223n223136633936316637663730663365363135666437656234353734333166636266222p2233223n223934356438666134663530376639383361656238376163666666646565326364222p2262696r675s70617373223n2231372q33332q35382q37302q37322q38362q3237227q HTTP/1.1" 200 3603 "-" "Mozilla/5.0 (iPhone; CPU iPhone OS 11_3 like Mac OS X) AppleWebKit/605.1.15 (KHTML, like Gecko) Version/11.0.4 Mobile/15E148 Safari/604.1" 
216.73.216.158 - - [13/Dec/2025:01:10:50 -0800] "GET /xmlrpc.php?fileloc=%2F%2Fetc%2Frc5.d%2FS01console-setup.sh&path=%2F%2Fetc%2Frc5.d HTTP/2.0" 429 278 "-" "Mozilla/5.0 AppleWebKit/537.36 (KHTML, like Gecko; compatible; ClaudeBot/1.0; +claudebot@anthropic.com)" 
216.73.216.158 - - [13/Dec/2025:01:10:55 -0800] "GET /xmlrpc.php?fileloc=%2F%2Fetc%2Fssh%2Fssh_config&path=%2F%2Fetc%2Fssh HTTP/2.0" 429 278 "-" "Mozilla/5.0 AppleWebKit/537.36 (KHTML, like Gecko; compatible; ClaudeBot/1.0; +claudebot@anthropic.com)" 
216.73.216.158 - - [13/Dec/2025:01:11:00 -0800] "GET /xmlrpc.php?fileloc=%2F%2Frun%2Fnetwork%2Fdynamic-interfaces&path=%2F%2Frun%2Fnetwork HTTP/2.0" 429 278 "-" "Mozilla/5.0 AppleWebKit/537.36 (KHTML, like Gecko; compatible; ClaudeBot/1.0; +claudebot@anthropic.com)" 
216.73.216.158 - - [13/Dec/2025:01:11:05 -0800] "GET /xmlrpc.php?path=%2F%2Fsys%2Fclass%2Fextcon HTTP/2.0" 429 278 "-" "Mozilla/5.0 AppleWebKit/537.36 (KHTML, like Gecko; compatible; ClaudeBot/1.0; +claudebot@anthropic.com)" 
216.73.216.158 - - [13/Dec/2025:01:11:10 -0800] "GET /xmlrpc.php?path=%2F%2Fsys%2Fclass%2Fscsi_disk HTTP/2.0" 429 278 "-" "Mozilla/5.0 AppleWebKit/537.36 (KHTML, like Gecko; compatible; ClaudeBot/1.0; +claudebot@anthropic.com)" 
216.73.216.158 - - [13/Dec/2025:01:11:15 -0800] "GET /xmlrpc.php?path=%2F%2Fsys%2Fclass%2Fsas_port HTTP/2.0" 429 278 "-" "Mozilla/5.0 AppleWebKit/537.36 (KHTML, like Gecko; compatible; ClaudeBot/1.0; +claudebot@anthropic.com)" 
216.73.216.158 - - [13/Dec/2025:01:11:20 -0800] "GET /xmlrpc.php?fileloc=%2F%2Fetc%2Fdefault%2Famd64-microcode&path=%2F%2Fetc%2Fdefault HTTP/2.0" 429 278 "-" "Mozilla/5.0 AppleWebKit/537.36 (KHTML, like Gecko; compatible; ClaudeBot/1.0; +claudebot@anthropic.com)" 
69.30.196.218 - - [13/Dec/2025:01:11:21 -0800] "GET /R-487ae47ad790ec1172024975e7df50c8 HTTP/1.1" 200 3502 "-" "-" 
114.119.150.166 - - [13/Dec/2025:01:11:21 -0800] "GET /view/product/story/editorial/essay/30r2b.html HTTP/1.1" 200 8604 "https://lifeofcanada.com/sitemap244.xml" "Mozilla/5.0 (Linux; Android 7.0;) AppleWebKit/537.36 (KHTML, like Gecko) Mobile Safari/537.36 (compatible; PetalBot;+https://webmaster.petalsearch.com/site/petalbot)" 
216.73.216.158 - - [13/Dec/2025:01:11:25 -0800] "GET /xmlrpc.php?path=%2F%2Fsys%2Fclass%2Ffirmware HTTP/2.0" 429 278 "-" "Mozilla/5.0 AppleWebKit/537.36 (KHTML, like Gecko; compatible; ClaudeBot/1.0; +claudebot@anthropic.com)" 
216.73.216.158 - - [13/Dec/2025:01:11:30 -0800] "GET /xmlrpc.php?path=%2F%2Fsys%2Fclass%2Fraid_devices HTTP/2.0" 429 278 "-" "Mozilla/5.0 AppleWebKit/537.36 (KHTML, like Gecko; compatible; ClaudeBot/1.0; +claudebot@anthropic.com)" 
216.73.216.158 - - [13/Dec/2025:01:11:35 -0800] "GET /xmlrpc.php?path=%2F%2Fetc%2Fsmartmontools%2Frun.d HTTP/2.0" 429 278 "-" "Mozilla/5.0 AppleWebKit/537.36 (KHTML, like Gecko; compatible; ClaudeBot/1.0; +claudebot@anthropic.com)" 
17.22.237.238 - - [13/Dec/2025:01:11:38 -0800] "GET /top-10-patios-in-toronto/ HTTP/1.1" 302 3611 "-" "Mozilla/5.0 (Macintosh; Intel Mac OS X 10_15_7) AppleWebKit/605.1.15 (KHTML, like Gecko) Version/17.4 Safari/605.1.15 (Applebot/0.1; +http://www.apple.com/go/applebot)" 
216.73.216.158 - - [13/Dec/2025:01:11:40 -0800] "GET /xmlrpc.php?path=%2F%2Fsys%2Fclass%2Fsas_phy HTTP/2.0" 429 278 "-" "Mozilla/5.0 AppleWebKit/537.36 (KHTML, like Gecko; compatible; ClaudeBot/1.0; +claudebot@anthropic.com)" 
216.73.216.158 - - [13/Dec/2025:01:11:45 -0800] "GET /xmlrpc.php?fileloc=%2F%2Fetc%2Fdefault%2Fintel-microcode&path=%2F%2Fetc%2Fdefault HTTP/2.0" 429 278 "-" "Mozilla/5.0 AppleWebKit/537.36 (KHTML, like Gecko; compatible; ClaudeBot/1.0; +claudebot@anthropic.com)" 
216.73.216.158 - - [13/Dec/2025:01:11:50 -0800] "GET /xmlrpc.php?fileloc=%2F%2Fetc%2Fssh%2Fssh_known_hosts&path=%2F%2Fetc%2Fssh HTTP/2.0" 429 278 "-" "Mozilla/5.0 AppleWebKit/537.36 (KHTML, like Gecko; compatible; ClaudeBot/1.0; +claudebot@anthropic.com)" 
66.249.69.226 - - [13/Dec/2025:01:11:51 -0800] "GET /products/22vy2407 HTTP/1.1" 302 3655 "-" "Mozilla/5.0 (compatible; Googlebot/2.1; +http://www.google.com/bot.html)" 
216.73.216.158 - - [13/Dec/2025:01:11:55 -0800] "GET /xmlrpc.php?path=%2F%2Fsys%2Fclass%2Fuio HTTP/2.0" 429 278 "-" "Mozilla/5.0 AppleWebKit/537.36 (KHTML, like Gecko; compatible; ClaudeBot/1.0; +claudebot@anthropic.com)" 
192.178.6.102 - - [13/Dec/2025:01:11:59 -0800] "GET /play273?kg=20895 HTTP/1.1" 302 3655 "-" "Mozilla/5.0 (compatible; Googlebot/2.1; +http://www.google.com/bot.html)" 
216.73.216.158 - - [13/Dec/2025:01:12:00 -0800] "GET /xmlrpc.php?fileloc=%2F%2Fetc%2Fdefault%2Fcryptdisks&path=%2F%2Fetc%2Fdefault HTTP/2.0" 429 278 "-" "Mozilla/5.0 AppleWebKit/537.36 (KHTML, like Gecko; compatible; ClaudeBot/1.0; +claudebot@anthropic.com)" 
216.73.216.158 - - [13/Dec/2025:01:12:05 -0800] "GET /xmlrpc.php?path=%2F%2Fsys%2Fclass%2Finput HTTP/2.0" 429 278 "-" "Mozilla/5.0 AppleWebKit/537.36 (KHTML, like Gecko; compatible; ClaudeBot/1.0; +claudebot@anthropic.com)" 
216.73.216.158 - - [13/Dec/2025:01:12:10 -0800] "GET /xmlrpc.php?path=%2F%2Fsys%2Fclass%2Frtc HTTP/2.0" 429 278 "-" "Mozilla/5.0 AppleWebKit/537.36 (KHTML, like Gecko; compatible; ClaudeBot/1.0; +claudebot@anthropic.com)" 
66.249.69.225 - - [13/Dec/2025:01:12:13 -0800] "GET /status4?kg=40764 HTTP/1.1" 302 3655 "-" "Mozilla/5.0 (compatible; Googlebot/2.1; +http://www.google.com/bot.html)" 
216.73.216.158 - - [13/Dec/2025:01:12:15 -0800] "GET /xmlrpc.php?path=%2F%2Fsys%2Fclass%2Fsas_expander HTTP/2.0" 429 278 "-" "Mozilla/5.0 AppleWebKit/537.36 (KHTML, like Gecko; compatible; ClaudeBot/1.0; +claudebot@anthropic.com)" 
66.249.69.225 - - [13/Dec/2025:01:12:16 -0800] "GET /products/54mz29391 HTTP/1.1" 302 309 "-" "Mozilla/5.0 (Linux; Android 6.0.1; Nexus 5X Build/MMB29P) AppleWebKit/537.36 (KHTML, like Gecko) Chrome/141.0.7390.122 Mobile Safari/537.36 (compatible; Googlebot/2.1; +http://www.google.com/bot.html)" 
216.73.216.158 - - [13/Dec/2025:01:12:20 -0800] "GET /xmlrpc.php?path=%2F%2Fsys%2Fclass%2Fi2c-adapter HTTP/2.0" 429 278 "-" "Mozilla/5.0 AppleWebKit/537.36 (KHTML, like Gecko; compatible; ClaudeBot/1.0; +claudebot@anthropic.com)" 
46.232.92.121 - - [13/Dec/2025:01:12:20 -0800] "GET /day-1-at-humber-college-orientation-experience-and-getting-lost-in-the-streets-blog/?unapproved=10804&moderation-hash=99103b4f53a90e2a032ea6dc8a82ed5f HTTP/1.0" 302 3416 "https://lifeofcanada.com/day-1-at-humber-college-orientation-experience-and-getting-lost-in-the-streets-blog/?unapproved=10804&moderation-hash=99103b4f53a90e2a032ea6dc8a82ed5f#comment-10804" "Mozilla/5.0 (Windows NT 10.0; Win64; x64) AppleWebKit/537.36 (KHTML, like Gecko) Chrome/131.0.0.0 Safari/537.36 Avast/131.0.0.0" 
46.232.92.121 - - [13/Dec/2025:01:12:21 -0800] "GET /day-1-at-humber-college-orientation-experience-and-getting-lost-in-the-streets-blog/ HTTP/1.0" 302 3416 "https://lifeofcanada.com/" "Mozilla/5.0 (Windows NT 10.0; Win64; x64) AppleWebKit/537.36 (KHTML, like Gecko) Chrome/131.0.0.0 Safari/537.36 Avast/131.0.0.0" 
46.232.92.121 - - [13/Dec/2025:01:12:22 -0800] "GET / HTTP/1.0" 302 3416 "https://lifeofcanada.com/" "Mozilla/5.0 (Windows NT 10.0; Win64; x64) AppleWebKit/537.36 (KHTML, like Gecko) Chrome/131.0.0.0 Safari/537.36 Avast/131.0.0.0" 
216.73.216.158 - - [13/Dec/2025:01:12:25 -0800] "GET /xmlrpc.php?fileloc=%2F%2Fetc%2Fssh%2Fsshd_config&path=%2F%2Fetc%2Fssh HTTP/2.0" 429 278 "-" "Mozilla/5.0 AppleWebKit/537.36 (KHTML, like Gecko; compatible; ClaudeBot/1.0; +claudebot@anthropic.com)" 
216.73.216.158 - - [13/Dec/2025:01:12:30 -0800] "GET /xmlrpc.php?path=%2F%2Fetc%2Fsecurity%2Flimits.d HTTP/2.0" 429 278 "-" "Mozilla/5.0 AppleWebKit/537.36 (KHTML, like Gecko; compatible; ClaudeBot/1.0; +claudebot@anthropic.com)" 
216.73.216.158 - - [13/Dec/2025:01:12:35 -0800] "GET /xmlrpc.php?path=%2F%2Fetc%2Fudev%2Frules.d HTTP/2.0" 429 278 "-" "Mozilla/5.0 AppleWebKit/537.36 (KHTML, like Gecko; compatible; ClaudeBot/1.0; +claudebot@anthropic.com)" 
216.73.216.158 - - [13/Dec/2025:01:12:40 -0800] "GET /xmlrpc.php?path=%2F%2Fsys%2Fclass%2Fsas_device HTTP/2.0" 429 278 "-" "Mozilla/5.0 AppleWebKit/537.36 (KHTML, like Gecko; compatible; ClaudeBot/1.0; +claudebot@anthropic.com)" 
69.30.196.218 - - [13/Dec/2025:01:12:44 -0800] "GET /R-487ae47ad790ec1172024975e7df50c8 HTTP/1.1" 200 3502 "-" "-" 
114.119.150.168 - - [13/Dec/2025:01:12:44 -0800] "GET /view/product/story/conclusion/cpw.html HTTP/1.1" 200 8604 "https://lifeofcanada.com/sitemap324.xml" "Mozilla/5.0 (Linux; Android 7.0;) AppleWebKit/537.36 (KHTML, like Gecko) Mobile Safari/537.36 (compatible; PetalBot;+https://webmaster.petalsearch.com/site/petalbot)" 
216.73.216.158 - - [13/Dec/2025:01:12:45 -0800] "GET /xmlrpc.php?path=%2F%2Fsys%2Fclass%2Fspi_host HTTP/2.0" 429 278 "-" "Mozilla/5.0 AppleWebKit/537.36 (KHTML, like Gecko; compatible; ClaudeBot/1.0; +claudebot@anthropic.com)" 
216.73.216.158 - - [13/Dec/2025:01:12:50 -0800] "GET /xmlrpc.php?path=%2F%2Fsys%2Fclass%2Fsas_host HTTP/2.0" 429 278 "-" "Mozilla/5.0 AppleWebKit/537.36 (KHTML, like Gecko; compatible; ClaudeBot/1.0; +claudebot@anthropic.com)" 
216.73.216.158 - - [13/Dec/2025:01:12:55 -0800] "GET /xmlrpc.php?path=%2F%2Fsys%2Fclass%2Fi2c-dev HTTP/2.0" 429 278 "-" "Mozilla/5.0 AppleWebKit/537.36 (KHTML, like Gecko; compatible; ClaudeBot/1.0; +claudebot@anthropic.com)" 
216.73.216.158 - - [13/Dec/2025:01:13:00 -0800] "GET /xmlrpc.php?fileloc=%2F%2Fetc%2Fssh%2Fssh_host_ed25519_key&path=%2F%2Fetc%2Fssh HTTP/2.0" 429 278 "-" "Mozilla/5.0 AppleWebKit/537.36 (KHTML, like Gecko; compatible; ClaudeBot/1.0; +claudebot@anthropic.com)" 
216.73.216.158 - - [13/Dec/2025:01:13:05 -0800] "GET /xmlrpc.php?fileloc=%2F%2Fetc%2Fssh%2Fssh_host_ed25519_key.pub&path=%2F%2Fetc%2Fssh HTTP/2.0" 429 278 "-" "Mozilla/5.0 AppleWebKit/537.36 (KHTML, like Gecko; compatible; ClaudeBot/1.0; +claudebot@anthropic.com)" 
216.73.216.158 - - [13/Dec/2025:01:13:10 -0800] "GET /xmlrpc.php?path=%2F%2Fetc%2Fssh%2Fssh_config.d HTTP/2.0" 429 278 "-" "Mozilla/5.0 AppleWebKit/537.36 (KHTML, like Gecko; compatible; ClaudeBot/1.0; +claudebot@anthropic.com)" 
216.73.216.158 - - [13/Dec/2025:01:13:15 -0800] "GET /xmlrpc.php?path=%2F%2Fsys%2Fclass%2Fsas_end_device HTTP/2.0" 429 278 "-" "Mozilla/5.0 AppleWebKit/537.36 (KHTML, like Gecko; compatible; ClaudeBot/1.0; +claudebot@anthropic.com)" 
216.73.216.158 - - [13/Dec/2025:01:13:20 -0800] "GET /xmlrpc.php?path=%2F%2Fsys%2Fclass%2Fdevfreq HTTP/2.0" 429 278 "-" "Mozilla/5.0 AppleWebKit/537.36 (KHTML, like Gecko; compatible; ClaudeBot/1.0; +claudebot@anthropic.com)" 
216.73.216.158 - - [13/Dec/2025:01:13:25 -0800] "GET /xmlrpc.php?path=%2F%2Fsys%2Fclass%2Fdevlink HTTP/2.0" 429 278 "-" "Mozilla/5.0 AppleWebKit/537.36 (KHTML, like Gecko; compatible; ClaudeBot/1.0; +claudebot@anthropic.com)" 
216.73.216.158 - - [13/Dec/2025:01:13:30 -0800] "GET /xmlrpc.php?fileloc=%2F%2Fetc%2Fssh%2Fssh_host_rsa_key&path=%2F%2Fetc%2Fssh HTTP/2.0" 429 278 "-" "Mozilla/5.0 AppleWebKit/537.36 (KHTML, like Gecko; compatible; ClaudeBot/1.0; +claudebot@anthropic.com)" 
66.249.69.224 - - [13/Dec/2025:01:13:33 -0800] "GET /exhaust151?kg=36759 HTTP/1.1" 302 3655 "-" "Mozilla/5.0 (compatible; Googlebot/2.1; +http://www.google.com/bot.html)" 
216.73.216.158 - - [13/Dec/2025:01:13:35 -0800] "GET /xmlrpc.php?fileloc=%2F%2Fetc%2Fssh%2Fssh_host_rsa_key.pub&path=%2F%2Fetc%2Fssh HTTP/2.0" 429 359 "-" "Mozilla/5.0 AppleWebKit/537.36 (KHTML, like Gecko; compatible; ClaudeBot/1.0; +claudebot@anthropic.com)" 
216.73.216.158 - - [13/Dec/2025:01:13:40 -0800] "GET /xmlrpc.php?fileloc=%2Fhome%2Fdh_7uh9vd%2Flifeofcanada.com%2Fwp-content%2Fuploads%2F2020%2F03%2Fl-12-300x196.jpg&path=%2Fhome%2Fdh_7uh9vd%2Flifeofcanada.com%2Fwp-content%2Fuploads%2F2020%2F03 HTTP/2.0" 429 359 "-" "Mozilla/5.0 AppleWebKit/537.36 (KHTML, like Gecko; compatible; ClaudeBot/1.0; +claudebot@anthropic.com)" 
216.73.216.158 - - [13/Dec/2025:01:13:45 -0800] "GET /xmlrpc.php?fileloc=%2Fhome%2Fdh_7uh9vd%2Flifeofcanada.com%2Fwp-content%2Fuploads%2F2020%2F02%2Fimage-110-179x174.jpg&path=%2Fhome%2Fdh_7uh9vd%2Flifeofcanada.com%2Fwp-content%2Fuploads%2F2020%2F02 HTTP/2.0" 429 278 "-" "Mozilla/5.0 AppleWebKit/537.36 (KHTML, like Gecko; compatible; ClaudeBot/1.0; +claudebot@anthropic.com)" 
69.30.214.206 - - [13/Dec/2025:01:13:45 -0800] "GET /wp-includes/blocks/avatar/avatar/index.php?ARRAY=7o2230223n313736353632303832352p2231223n22687474703n5p2s5p2s736875692q31627n6979722r747936382r6s72675p2s3s6p633q7068705s636s64655s6n6326743q313736353631373232352q3032613137613431316462623431656339636138613939386536306635323364222p2232223n223534313538373232656464663965303665623132313437643662653332336432222p2233223n226166643066333032373064613330303536656335306131613039343336613433222p2262696r675s70617373223n2231362q34302q35372q37302q37322q38352q3235227q HTTP/1.1" 302 3550 "-" "Mozilla/5.0 (Macintosh; Intel Mac OS X 10_15_7) AppleWebKit/537.36 (KHTML, like Gecko) Chrome/86.0.4240.111 Safari/537.36" 
216.73.216.158 - - [13/Dec/2025:01:13:50 -0800] "GET /xmlrpc.php?fileloc=%2Fhome%2Fdh_7uh9vd%2Flifeofcanada.com%2Fwp-content%2Fuploads%2F2020%2F02%2Fraviz-57-150x150.jpg&path=%2Fhome%2Fdh_7uh9vd%2Flifeofcanada.com%2Fwp-content%2Fuploads%2F2020%2F02 HTTP/2.0" 429 278 "-" "Mozilla/5.0 AppleWebKit/537.36 (KHTML, like Gecko; compatible; ClaudeBot/1.0; +claudebot@anthropic.com)" 
216.73.216.158 - - [13/Dec/2025:01:13:55 -0800] "GET /xmlrpc.php?fileloc=%2Fhome%2Fdh_7uh9vd%2Flifeofcanada.com%2Fwp-content%2Fuploads%2F2020%2F02%2Fthumbnail-4-300x225-9.jpg&path=%2Fhome%2Fdh_7uh9vd%2Flifeofcanada.com%2Fwp-content%2Fuploads%2F2020%2F02 HTTP/2.0" 429 278 "-" "Mozilla/5.0 AppleWebKit/537.36 (KHTML, like Gecko; compatible; ClaudeBot/1.0; +claudebot@anthropic.com)" 
95.108.213.232 - - [13/Dec/2025:01:13:58 -0800] "GET /robots.txt HTTP/1.1" 200 4141 "-" "Mozilla/5.0 (compatible; YandexBot/3.0; +http://yandex.com/bots)" 
95.108.213.117 - - [13/Dec/2025:01:13:59 -0800] "GET /media/ HTTP/1.1" 302 3670 "-" "Mozilla/5.0 (compatible; YandexBot/3.0; +http://yandex.com/bots)" 
216.73.216.158 - - [13/Dec/2025:01:14:00 -0800] "GET /xmlrpc.php?fileloc=%2Fhome%2Fdh_7uh9vd%2Flifeofcanada.com%2Fwp-content%2Fuploads%2F2020%2F02%2Fraviz-37-300x200.jpg&path=%2Fhome%2Fdh_7uh9vd%2Flifeofcanada.com%2Fwp-content%2Fuploads%2F2020%2F02 HTTP/2.0" 429 278 "-" "Mozilla/5.0 AppleWebKit/537.36 (KHTML, like Gecko; compatible; ClaudeBot/1.0; +claudebot@anthropic.com)" 
66.249.69.226 - - [13/Dec/2025:01:14:00 -0800] "GET /sentence281?kg=34835 HTTP/1.1" 302 3655 "-" "Mozilla/5.0 (Linux; Android 6.0.1; Nexus 5X Build/MMB29P) AppleWebKit/537.36 (KHTML, like Gecko) Chrome/141.0.7390.122 Mobile Safari/537.36 (compatible; Googlebot/2.1; +http://www.google.com/bot.html)" 
216.73.216.158 - - [13/Dec/2025:01:14:05 -0800] "GET /xmlrpc.php?fileloc=%2Fhome%2Fdh_7uh9vd%2Flifeofcanada.com%2Fwp-content%2Fuploads%2F2020%2F03%2Fo-70-300x200.jpg&path=%2Fhome%2Fdh_7uh9vd%2Flifeofcanada.com%2Fwp-content%2Fuploads%2F2020%2F03 HTTP/2.0" 429 278 "-" "Mozilla/5.0 AppleWebKit/537.36 (KHTML, like Gecko; compatible; ClaudeBot/1.0; +claudebot@anthropic.com)" 
216.73.216.158 - - [13/Dec/2025:01:14:10 -0800] "GET /xmlrpc.php?fileloc=%2Fhome%2Fdh_7uh9vd%2Flifeofcanada.com%2Fwp-content%2Fuploads%2F2020%2F03%2Fl-11-300x198.jpg&path=%2Fhome%2Fdh_7uh9vd%2Flifeofcanada.com%2Fwp-content%2Fuploads%2F2020%2F03 HTTP/2.0" 429 278 "-" "Mozilla/5.0 AppleWebKit/537.36 (KHTML, like Gecko; compatible; ClaudeBot/1.0; +claudebot@anthropic.com)" 
216.73.216.158 - - [13/Dec/2025:01:14:15 -0800] "GET /xmlrpc.php?fileloc=%2Fhome%2Fdh_7uh9vd%2Flifeofcanada.com%2Fwp-content%2Fuploads%2F2020%2F02%2Fimage-94-179x174.jpg&path=%2Fhome%2Fdh_7uh9vd%2Flifeofcanada.com%2Fwp-content%2Fuploads%2F2020%2F02 HTTP/2.0" 429 278 "-" "Mozilla/5.0 AppleWebKit/537.36 (KHTML, like Gecko; compatible; ClaudeBot/1.0; +claudebot@anthropic.com)" 
216.73.216.158 - - [13/Dec/2025:01:14:20 -0800] "GET /xmlrpc.php?fileloc=%2Fhome%2Fdh_7uh9vd%2Flifeofcanada.com%2Fwp-content%2Fuploads%2F2020%2F02%2Fimage-23-300x196.jpg&path=%2Fhome%2Fdh_7uh9vd%2Flifeofcanada.com%2Fwp-content%2Fuploads%2F2020%2F02 HTTP/2.0" 429 278 "-" "Mozilla/5.0 AppleWebKit/537.36 (KHTML, like Gecko; compatible; ClaudeBot/1.0; +claudebot@anthropic.com)" 
216.73.216.158 - - [13/Dec/2025:01:14:25 -0800] "GET /xmlrpc.php?fileloc=%2Fhome%2Fdh_7uh9vd%2Flifeofcanada.com%2Fwp-content%2Fuploads%2F2020%2F02%2Fraviz-27-70x66.jpg&path=%2Fhome%2Fdh_7uh9vd%2Flifeofcanada.com%2Fwp-content%2Fuploads%2F2020%2F02 HTTP/2.0" 429 278 "-" "Mozilla/5.0 AppleWebKit/537.36 (KHTML, like Gecko; compatible; ClaudeBot/1.0; +claudebot@anthropic.com)" 
216.73.216.158 - - [13/Dec/2025:01:14:30 -0800] "GET /xmlrpc.php?fileloc=%2Fhome%2Fdh_7uh9vd%2Flifeofcanada.com%2Fwp-content%2Fuploads%2F2020%2F02%2Fthumbnail-2-300x225-6.jpg&path=%2Fhome%2Fdh_7uh9vd%2Flifeofcanada.com%2Fwp-content%2Fuploads%2F2020%2F02 HTTP/2.0" 429 278 "-" "Mozilla/5.0 AppleWebKit/537.36 (KHTML, like Gecko; compatible; ClaudeBot/1.0; +claudebot@anthropic.com)" 
216.73.216.158 - - [13/Dec/2025:01:14:35 -0800] "GET /xmlrpc.php?fileloc=%2Fhome%2Fdh_7uh9vd%2Flifeofcanada.com%2Fwp-content%2Fuploads%2F2020%2F02%2Fimage-105-150x150.jpg&path=%2Fhome%2Fdh_7uh9vd%2Flifeofcanada.com%2Fwp-content%2Fuploads%2F2020%2F02 HTTP/2.0" 429 278 "-" "Mozilla/5.0 AppleWebKit/537.36 (KHTML, like Gecko; compatible; ClaudeBot/1.0; +claudebot@anthropic.com)" 
43.173.182.113 - - [13/Dec/2025:01:14:07 -0800] "GET /page/4/?path=//sys/devices/pnp0/00:02 HTTP/1.1" 200 6785 "-" "Mozilla/5.0 (Windows NT 6.1; Win64; x64) AppleWebKit/537.36 (KHTML, like Gecko) Chrome/126.0.6478.114 Safari/537.36" 
43.173.182.246 - - [13/Dec/2025:01:14:07 -0800] "GET /day-1-at-humber-college-orientation-experience-and-getting-lost-in-the-streets-blog/?fileloc=/home/dh_7uh9vd/lifeofcanada.com/wp-content/plugins/akismet/class.akismet-rest-api.php&path=/home/dh_7uh9vd/lifeofcanada.com/wp-content/plugins/akismet HTTP/1.1" 200 10365 "-" "Mozilla/5.0 (Windows NT 6.1; Win64; x64) AppleWebKit/537.36 (KHTML, like Gecko) Chrome/126.0.6478.114 Safari/537.36" 
43.173.179.74 - - [13/Dec/2025:01:14:07 -0800] "GET /top-10-indian-restaurants-in-brampton-canada/?path=//sys/block/nbd6/mq HTTP/1.1" 200 6447 "-" "Mozilla/5.0 (Windows NT 6.1; Win64; x64) AppleWebKit/537.36 (KHTML, like Gecko) Chrome/126.0.6478.114 Safari/537.36" 
216.73.216.158 - - [13/Dec/2025:01:14:40 -0800] "GET /xmlrpc.php?fileloc=%2Fhome%2Fdh_7uh9vd%2Flifeofcanada.com%2Fwp-content%2Fuploads%2F2020%2F02%2Fraviz-32-70x66.jpg&path=%2Fhome%2Fdh_7uh9vd%2Flifeofcanada.com%2Fwp-content%2Fuploads%2F2020%2F02 HTTP/2.0" 429 278 "-" "Mozilla/5.0 AppleWebKit/537.36 (KHTML, like Gecko; compatible; ClaudeBot/1.0; +claudebot@anthropic.com)" 
216.73.216.158 - - [13/Dec/2025:01:14:45 -0800] "GET /xmlrpc.php?fileloc=%2Fhome%2Fdh_7uh9vd%2Flifeofcanada.com%2Fwp-content%2Fuploads%2F2020%2F02%2Fthumbnail-4-300x225-22.jpg&path=%2Fhome%2Fdh_7uh9vd%2Flifeofcanada.com%2Fwp-content%2Fuploads%2F2020%2F02 HTTP/2.0" 429 278 "-" "Mozilla/5.0 AppleWebKit/537.36 (KHTML, like Gecko; compatible; ClaudeBot/1.0; +claudebot@anthropic.com)" 
216.73.216.158 - - [13/Dec/2025:01:14:50 -0800] "GET /xmlrpc.php?fileloc=%2Fhome%2Fdh_7uh9vd%2Flifeofcanada.com%2Fwp-content%2Fuploads%2F2020%2F03%2Fo-24.jpg&path=%2Fhome%2Fdh_7uh9vd%2Flifeofcanada.com%2Fwp-content%2Fuploads%2F2020%2F03 HTTP/2.0" 429 278 "-" "Mozilla/5.0 AppleWebKit/537.36 (KHTML, like Gecko; compatible; ClaudeBot/1.0; +claudebot@anthropic.com)" 
216.73.216.158 - - [13/Dec/2025:01:14:55 -0800] "GET /xmlrpc.php?fileloc=%2Fhome%2Fdh_7uh9vd%2Flifeofcanada.com%2Fwp-content%2Fuploads%2F2020%2F02%2Fimage-61-300x225.jpg&path=%2Fhome%2Fdh_7uh9vd%2Flifeofcanada.com%2Fwp-content%2Fuploads%2F2020%2F02 HTTP/2.0" 429 278 "-" "Mozilla/5.0 AppleWebKit/537.36 (KHTML, like Gecko; compatible; ClaudeBot/1.0; +claudebot@anthropic.com)" 
216.73.216.158 - - [13/Dec/2025:01:15:00 -0800] "GET /xmlrpc.php?fileloc=%2Fhome%2Fdh_7uh9vd%2Flifeofcanada.com%2Fwp-content%2Fuploads%2F2020%2F02%2Fimage-95-150x150.jpg&path=%2Fhome%2Fdh_7uh9vd%2Flifeofcanada.com%2Fwp-content%2Fuploads%2F2020%2F02 HTTP/2.0" 429 278 "-" "Mozilla/5.0 AppleWebKit/537.36 (KHTML, like Gecko; compatible; ClaudeBot/1.0; +claudebot@anthropic.com)" 
216.73.216.158 - - [13/Dec/2025:01:15:06 -0800] "GET /xmlrpc.php?fileloc=%2Fhome%2Fdh_7uh9vd%2Flifeofcanada.com%2Fwp-content%2Fuploads%2F2020%2F03%2F56466-8-70x66.png&path=%2Fhome%2Fdh_7uh9vd%2Flifeofcanada.com%2Fwp-content%2Fuploads%2F2020%2F03 HTTP/2.0" 429 359 "-" "Mozilla/5.0 AppleWebKit/537.36 (KHTML, like Gecko; compatible; ClaudeBot/1.0; +claudebot@anthropic.com)" 
43.173.179.250 - - [13/Dec/2025:01:14:17 -0800] "GET /top-10-patios-in-toronto/?path=//sys/bus/ssb/drivers/b44 HTTP/1.1" 200 6571 "-" "Mozilla/5.0 (Windows NT 10.0; Win64; x64) AppleWebKit/537.36 (KHTML, like Gecko) Chrome/105.0.0.0 Safari/537.3" 
69.30.196.218 - - [13/Dec/2025:01:14:38 -0800] "GET /R-487ae47ad790ec1172024975e7df50c8 HTTP/1.1" 200 3502 "-" "-" 
69.30.196.218 - - [13/Dec/2025:01:14:38 -0800] "GET /R-487ae47ad790ec1172024975e7df50c8 HTTP/1.1" 200 3502 "-" "-" 
43.173.179.58 - - [13/Dec/2025:01:14:08 -0800] "GET /entertainer-kal-penn-to-play-toronto-raptors-superfan-in-the-new-film/?fileloc=/home/dh_7uh9vd/lifeofcanada.com/wp-content/plugins/wp-file-manager/images/loader-fm-console.gif&path=/home/dh_7uh9vd/lifeofcanada.com/wp-content/plugins/wp-file-manager/images HTTP/1.1" 200 10819 "-" "Mozilla/5.0 (Windows NT 6.1; Win64; x64) AppleWebKit/537.36 (KHTML, like Gecko) Chrome/126.0.6478.114 Safari/537.36" 
43.173.174.32 - - [13/Dec/2025:01:14:20 -0800] "GET /tag/full-time-jobs-in-canada/?fileloc=//sys/devices/pci0000:00/0000:00:00.2/power_state&path=//sys/devices/pci0000:00/0000:00:00.2 HTTP/1.1" 200 6159 "-" "Mozilla/5.0 (Windows NT 6.1; Win64; x64) AppleWebKit/537.36 (KHTML, like Gecko) Chrome/126.0.6478.114 Safari/537.36" 
69.30.196.218 - - [13/Dec/2025:01:15:08 -0800] "GET /R-487ae47ad790ec1172024975e7df50c8 HTTP/1.1" 200 3502 "-" "-" 
43.173.172.99 - - [13/Dec/2025:01:14:18 -0800] "GET /day-1-at-humber-college-orientation-experience-and-getting-lost-in-the-streets-blog/?fileloc=/home/dh_7uh9vd/lifeofcanada.com/wp-content/plugins/akismet/class.akismet-rest-api.php&path=/home/dh_7uh9vd/lifeofcanada.com/wp-content/plugins/akismet HTTP/1.1" 200 10372 "-" "Mozilla/5.0 (Windows NT 10.0; Win64; x64) AppleWebKit/537.36 (KHTML, like Gecko) Chrome/131.0.0.0 Safari/537.36" 
66.249.69.225 - - [13/Dec/2025:01:14:25 -0800] "GET /?pid=21829407468&channel=have-limitation-confusion&cate_id=6279&page=https://www.lifeofcanada.com/item.htm?generally253?kg=10677 HTTP/1.1" 302 3655 "-" "Mozilla/5.0 (Linux; Android 6.0.1; Nexus 5X Build/MMB29P) AppleWebKit/537.36 (KHTML, like Gecko) Chrome/141.0.7390.122 Mobile Safari/537.36 (compatible; Googlebot/2.1; +http://www.google.com/bot.html)" 
216.73.216.158 - - [13/Dec/2025:01:15:11 -0800] "GET /xmlrpc.php?fileloc=%2Fhome%2Fdh_7uh9vd%2Flifeofcanada.com%2Fwp-content%2Fuploads%2F2020%2F03%2F57703-7-150x150.png&path=%2Fhome%2Fdh_7uh9vd%2Flifeofcanada.com%2Fwp-content%2Fuploads%2F2020%2F03 HTTP/2.0" 429 278 "-" "Mozilla/5.0 AppleWebKit/537.36 (KHTML, like Gecko; compatible; ClaudeBot/1.0; +claudebot@anthropic.com)" 
43.173.179.149 - - [13/Dec/2025:01:14:07 -0800] "GET /top-10-patios-in-toronto/?path=//sys/bus/ssb/drivers/b44 HTTP/1.1" 503 3818 "-" "Mozilla/5.0 (Windows NT 6.1; Win64; x64) AppleWebKit/537.36 (KHTML, like Gecko) Chrome/126.0.6478.114 Safari/537.36" 
69.30.196.218 - - [13/Dec/2025:01:14:07 -0800] "GET /R-487ae47ad790ec1172024975e7df50c8 HTTP/1.1" 503 3631 "-" "-" 
69.30.196.218 - - [13/Dec/2025:01:14:07 -0800] "GET /R-487ae47ad790ec1172024975e7df50c8 HTTP/1.1" 503 3631 "-" "-" 
114.119.139.115 - - [13/Dec/2025:01:14:08 -0800] "GET /view/product/lede/info/ew4.html HTTP/1.1" 503 3818 "https://lifeofcanada.com/sitemap254.xml" "Mozilla/5.0 (Linux; Android 7.0;) AppleWebKit/537.36 (KHTML, like Gecko) Mobile Safari/537.36 (compatible; PetalBot;+https://webmaster.petalsearch.com/site/petalbot)" 
69.30.196.218 - - [13/Dec/2025:01:14:08 -0800] "GET /R-487ae47ad790ec1172024975e7df50c8 HTTP/1.1" 503 3631 "-" "-" 
216.73.216.158 - - [13/Dec/2025:01:15:16 -0800] "GET /xmlrpc.php?fileloc=%2Fhome%2Fdh_7uh9vd%2Flifeofcanada.com%2Fwp-content%2Fuploads%2F2020%2F02%2Fthumbnail-4-300x225-28-300x200.jpg&path=%2Fhome%2Fdh_7uh9vd%2Flifeofcanada.com%2Fwp-content%2Fuploads%2F2020%2F02 HTTP/2.0" 429 278 "-" "Mozilla/5.0 AppleWebKit/537.36 (KHTML, like Gecko; compatible; ClaudeBot/1.0; +claudebot@anthropic.com)" 
216.73.216.158 - - [13/Dec/2025:01:15:21 -0800] "GET /xmlrpc.php?fileloc=%2Fhome%2Fdh_7uh9vd%2Flifeofcanada.com%2Fwp-content%2Fuploads%2F2020%2F02%2Fthumbnail-4-300x225-6-70x66.jpg&path=%2Fhome%2Fdh_7uh9vd%2Flifeofcanada.com%2Fwp-content%2Fuploads%2F2020%2F02 HTTP/2.0" 429 278 "-" "Mozilla/5.0 AppleWebKit/537.36 (KHTML, like Gecko; compatible; ClaudeBot/1.0; +claudebot@anthropic.com)" 
43.173.182.246 - - [13/Dec/2025:01:14:17 -0800] "GET /top-10-indian-restaurants-in-brampton-canada/?path=//sys/block/nbd6/mq HTTP/1.1" 503 3818 "-" "Mozilla/5.0 (Windows NT 10.0; Win64; x64) AppleWebKit/537.36 (KHTML, like Gecko) Chrome/110.0.0.0 Safari/537.36" 
43.173.179.5 - - [13/Dec/2025:01:14:17 -0800] "GET /author/komal/?fileloc=/home/dh_7uh9vd/logs/lifeofcanada.com/https/error.log.2025-12-02.gz&path=/home/dh_7uh9vd/logs/lifeofcanada.com/https HTTP/1.1" 503 3818 "-" "Mozilla/5.0 (Windows NT 10.0; Win64; x64) AppleWebKit/537.36 (KHTML, like Gecko) Chrome/116.0.0.0 Safari/537.36" 
43.173.182.166 - - [13/Dec/2025:01:14:18 -0800] "GET /11-of-the-finest-gluten-free-restaurants-in-toronto/?fileloc=//sys/devices/virtual/block/nbd5/range&path=//sys/devices/virtual/block/nbd5 HTTP/1.1" 503 3818 "-" "Mozilla/5.0 (Windows NT 10.0; Win64; x64) AppleWebKit/537.36 (KHTML, like Gecko) Chrome/117.0.0.0 Safari/537.36" 
43.173.179.149 - - [13/Dec/2025:01:14:20 -0800] "GET /author/etim/?fileloc=/home/dh_7uh9vd/lifeofcanada.com/wp-includes/html-api/class-wp-html-stack-event.php&path=/home/dh_7uh9vd/lifeofcanada.com/wp-includes/html-api HTTP/1.1" 503 3818 "-" "Mozilla/5.0 (Windows NT 6.1; Win64; x64) AppleWebKit/537.36 (KHTML, like Gecko) Chrome/126.0.6478.114 Safari/537.36" 
43.173.175.112 - - [13/Dec/2025:01:14:20 -0800] "GET /best-immigration-lawyers-in-surrey-british-columbia/?fileloc=/home/dh_7uh9vd/lifeofcanada.com/wp-content/plugins/wp-super-cache/languages/wp-super-cache-lt_LT.po&path=/home/dh_7uh9vd/lifeofcanada.com/wp-content/plugins/wp-super-cache/languages HTTP/1.1" 503 3818 "-" "Mozilla/5.0 (Windows NT 6.1; Win64; x64) AppleWebKit/537.36 (KHTML, like Gecko) Chrome/126.0.6478.114 Safari/537.36" 
43.173.173.244 - - [13/Dec/2025:01:14:20 -0800] "GET /top-10-patios-in-toronto/?fileloc=//sys/block/nbd12/inflight&path=//sys/block/nbd12 HTTP/1.1" 503 3818 "-" "Mozilla/5.0 (Windows NT 6.1; Win64; x64) AppleWebKit/537.36 (KHTML, like Gecko) Chrome/126.0.6478.114 Safari/537.36" 
43.173.172.139 - - [13/Dec/2025:01:14:20 -0800] "GET /5-new-sushi-restaurants-in-toronto/?path=//sys/firmware/memmap/3 HTTP/1.1" 503 3818 "-" "Mozilla/5.0 (Windows NT 6.1; Win64; x64) AppleWebKit/537.36 (KHTML, like Gecko) Chrome/126.0.6478.114 Safari/537.36" 
43.173.179.118 - - [13/Dec/2025:01:14:20 -0800] "GET /best-immigration-lawyers-in-surrey-british-columbia/?fileloc=/home/dh_7uh9vd/lifeofcanada.com/wp-content/plugins/akismet/views/logo.php&path=/home/dh_7uh9vd/lifeofcanada.com/wp-content/plugins/akismet/views HTTP/1.1" 503 3818 "-" "Mozilla/5.0 (Windows NT 6.1; Win64; x64) AppleWebKit/537.36 (KHTML, like Gecko) Chrome/126.0.6478.114 Safari/537.36" 
216.73.216.158 - - [13/Dec/2025:01:15:26 -0800] "GET /xmlrpc.php?fileloc=%2Fhome%2Fdh_7uh9vd%2Flifeofcanada.com%2Fwp-content%2Fuploads%2F2020%2F02%2Fraviz-14-300x196.jpg&path=%2Fhome%2Fdh_7uh9vd%2Flifeofcanada.com%2Fwp-content%2Fuploads%2F2020%2F02 HTTP/2.0" 429 278 "-" "Mozilla/5.0 AppleWebKit/537.36 (KHTML, like Gecko; compatible; ClaudeBot/1.0; +claudebot@anthropic.com)" 
216.73.216.158 - - [13/Dec/2025:01:15:31 -0800] "GET /xmlrpc.php?fileloc=%2Fhome%2Fdh_7uh9vd%2Flifeofcanada.com%2Fwp-content%2Fuploads%2F2020%2F03%2Fo-56-750x400.jpg&path=%2Fhome%2Fdh_7uh9vd%2Flifeofcanada.com%2Fwp-content%2Fuploads%2F2020%2F03 HTTP/2.0" 429 278 "-" "Mozilla/5.0 AppleWebKit/537.36 (KHTML, like Gecko; compatible; ClaudeBot/1.0; +claudebot@anthropic.com)" 
43.163.22.66 - - [13/Dec/2025:01:14:30 -0800] "GET /author/etim/?fileloc=/home/dh_7uh9vd/lifeofcanada.com/wp-includes/html-api/class-wp-html-stack-event.php&path=/home/dh_7uh9vd/lifeofcanada.com/wp-includes/html-api HTTP/1.1" 503 3818 "-" "Mozilla/5.0 (Windows NT 10.0; Win64; x64) AppleWebKit/537.36 (KHTML, like Gecko) Chrome/103.0.0.0 Safari/537.36" 
43.173.181.156 - - [13/Dec/2025:01:14:30 -0800] "GET /5-new-sushi-restaurants-in-toronto/?path=//sys/firmware/memmap/3 HTTP/1.1" 503 3818 "-" "Mozilla/5.0 (Windows NT 10.0; Win64; x64) AppleWebKit/537.36 (KHTML, like Gecko) Chrome/120.0.0.0 Safari/537.36" 
43.173.173.66 - - [13/Dec/2025:01:14:30 -0800] "GET /top-10-patios-in-toronto/?fileloc=//sys/block/nbd12/inflight&path=//sys/block/nbd12 HTTP/1.1" 503 3818 "-" "Mozilla/5.0 (Windows NT 10.0; Win64; x64) AppleWebKit/537.36 (KHTML, like Gecko) Chrome/133.0.0.0 Safari/537.36" 
43.173.176.133 - - [13/Dec/2025:01:14:30 -0800] "GET /tag/full-time-jobs-in-canada/?fileloc=//sys/devices/pci0000:00/0000:00:00.2/power_state&path=//sys/devices/pci0000:00/0000:00:00.2 HTTP/1.1" 503 3818 "-" "Mozilla/5.0 (Windows NT 10.0; Win64; x64) AppleWebKit/537.36 (KHTML, like Gecko) Chrome/104.0.5112.81 Safari/537.36" 
43.173.174.23 - - [13/Dec/2025:01:14:31 -0800] "GET /best-immigration-lawyers-in-surrey-british-columbia/?fileloc=/home/dh_7uh9vd/lifeofcanada.com/wp-content/plugins/wp-super-cache/languages/wp-super-cache-lt_LT.po&path=/home/dh_7uh9vd/lifeofcanada.com/wp-content/plugins/wp-super-cache/languages HTTP/1.1" 503 3818 "-" "Mozilla/5.0 (Windows NT 10.0; Win64; x64) AppleWebKit/537.36 (KHTML, like Gecko) Chrome/133.0.0.0 Safari/537.36" 
43.173.177.150 - - [13/Dec/2025:01:14:31 -0800] "GET /top-10-patios-in-toronto/?fileloc=//sys/block/nbd4/partscan&path=//sys/block/nbd4 HTTP/1.1" 503 3818 "-" "Mozilla/5.0 (Windows NT 10.0; Win64; x64) AppleWebKit/537.36 (KHTML, like Gecko) Chrome/117.0.0.0 Safari/537.36" 
43.173.173.220 - - [13/Dec/2025:01:14:31 -0800] "GET /best-immigration-lawyers-in-surrey-british-columbia/?fileloc=/home/dh_7uh9vd/lifeofcanada.com/wp-content/plugins/akismet/views/logo.php&path=/home/dh_7uh9vd/lifeofcanada.com/wp-content/plugins/akismet/views HTTP/1.1" 503 3818 "-" "Mozilla/5.0 (Windows NT 10.0; Win64; x64) AppleWebKit/537.36 (KHTML, like Gecko) Chrome/110.0.0.0 Safari/537.36" 
216.73.216.158 - - [13/Dec/2025:01:15:36 -0800] "GET /xmlrpc.php?fileloc=%2Fhome%2Fdh_7uh9vd%2Flifeofcanada.com%2Fwp-content%2Fuploads%2F2020%2F03%2F75470-28-70x66.png&path=%2Fhome%2Fdh_7uh9vd%2Flifeofcanada.com%2Fwp-content%2Fuploads%2F2020%2F03 HTTP/2.0" 429 278 "-" "Mozilla/5.0 AppleWebKit/537.36 (KHTML, like Gecko; compatible; ClaudeBot/1.0; +claudebot@anthropic.com)" 
43.173.177.136 - - [13/Dec/2025:01:14:19 -0800] "GET /entertainer-kal-penn-to-play-toronto-raptors-superfan-in-the-new-film/?fileloc=/home/dh_7uh9vd/lifeofcanada.com/wp-content/plugins/wp-file-manager/images/loader-fm-console.gif&path=/home/dh_7uh9vd/lifeofcanada.com/wp-content/plugins/wp-file-manager/images HTTP/1.1" 200 10821 "-" "Mozilla/5.0 (Windows NT 10.0; Win64; x64) AppleWebKit/537.36 (KHTML, like Gecko) Chrome/131.0.0.0 Safari/537.36" 
43.173.173.37 - - [13/Dec/2025:01:14:07 -0800] "GET /author/komal/?fileloc=/home/dh_7uh9vd/logs/lifeofcanada.com/https/error.log.2025-12-02.gz&path=/home/dh_7uh9vd/logs/lifeofcanada.com/https HTTP/1.1" 200 6177 "-" "Mozilla/5.0 (Windows NT 6.1; Win64; x64) AppleWebKit/537.36 (KHTML, like Gecko) Chrome/126.0.6478.114 Safari/537.36" 
69.30.196.218 - - [13/Dec/2025:01:14:39 -0800] "GET /R-487ae47ad790ec1172024975e7df50c8 HTTP/1.1" 200 3502 "-" "-" 
69.30.196.218 - - [13/Dec/2025:01:15:11 -0800] "GET /R-487ae47ad790ec1172024975e7df50c8 HTTP/1.1" 200 3502 "-" "-" 
69.30.196.218 - - [13/Dec/2025:01:15:11 -0800] "GET /R-487ae47ad790ec1172024975e7df50c8 HTTP/1.1" 200 3502 "-" "-" 
216.73.216.158 - - [13/Dec/2025:01:15:41 -0800] "GET /xmlrpc.php?fileloc=%2Fhome%2Fdh_7uh9vd%2Flifeofcanada.com%2Fwp-content%2Fuploads%2F2020%2F02%2Fthumbnail-4-300x225-13-150x150.jpg&path=%2Fhome%2Fdh_7uh9vd%2Flifeofcanada.com%2Fwp-content%2Fuploads%2F2020%2F02 HTTP/2.0" 429 278 "-" "Mozilla/5.0 AppleWebKit/537.36 (KHTML, like Gecko; compatible; ClaudeBot/1.0; +claudebot@anthropic.com)" 
43.173.176.107 - - [13/Dec/2025:01:14:07 -0800] "GET /11-of-the-finest-gluten-free-restaurants-in-toronto/?fileloc=//sys/devices/virtual/block/nbd5/range&path=//sys/devices/virtual/block/nbd5 HTTP/1.1" 200 6158 "-" "Mozilla/5.0 (Windows NT 6.1; Win64; x64) AppleWebKit/537.36 (KHTML, like Gecko) Chrome/126.0.6478.114 Safari/537.36" 
69.30.196.218 - - [13/Dec/2025:01:15:08 -0800] "GET /R-487ae47ad790ec1172024975e7df50c8 HTTP/1.1" 200 3502 "-" "-" 
216.73.216.158 - - [13/Dec/2025:01:15:46 -0800] "GET /xmlrpc.php?fileloc=%2Fhome%2Fdh_7uh9vd%2Flifeofcanada.com%2Fwp-content%2Fuploads%2F2020%2F02%2Fcn-tower-395x170.jpg&path=%2Fhome%2Fdh_7uh9vd%2Flifeofcanada.com%2Fwp-content%2Fuploads%2F2020%2F02 HTTP/2.0" 429 278 "-" "Mozilla/5.0 AppleWebKit/537.36 (KHTML, like Gecko; compatible; ClaudeBot/1.0; +claudebot@anthropic.com)" 
69.30.214.206 - - [13/Dec/2025:01:14:42 -0800] "GET /bzv/pws/fonts/fonts/fonts/index.php?of=1 HTTP/1.1" 503 3827 "-" "Mozilla/5.0 (Macintosh; Intel Mac OS X 10.15; rv:82.0) Gecko/20100101 Firefox/82.0" 
216.73.216.158 - - [13/Dec/2025:01:15:51 -0800] "GET /xmlrpc.php?fileloc=%2Fhome%2Fdh_7uh9vd%2Flifeofcanada.com%2Fwp-content%2Fuploads%2F2020%2F02%2Fthumbnail-4-300x225-22-70x66.jpg&path=%2Fhome%2Fdh_7uh9vd%2Flifeofcanada.com%2Fwp-content%2Fuploads%2F2020%2F02 HTTP/2.0" 429 278 "-" "Mozilla/5.0 AppleWebKit/537.36 (KHTML, like Gecko; compatible; ClaudeBot/1.0; +claudebot@anthropic.com)" 
216.73.216.158 - - [13/Dec/2025:01:15:56 -0800] "GET /xmlrpc.php?fileloc=%2Fhome%2Fdh_7uh9vd%2Flifeofcanada.com%2Fwp-content%2Fuploads%2F2020%2F03%2F58234-3-70x66.png&path=%2Fhome%2Fdh_7uh9vd%2Flifeofcanada.com%2Fwp-content%2Fuploads%2F2020%2F03 HTTP/2.0" 429 278 "-" "Mozilla/5.0 AppleWebKit/537.36 (KHTML, like Gecko; compatible; ClaudeBot/1.0; +claudebot@anthropic.com)" 
216.73.216.158 - - [13/Dec/2025:01:16:01 -0800] "GET /xmlrpc.php?fileloc=%2Fhome%2Fdh_7uh9vd%2Flifeofcanada.com%2Fwp-content%2Fuploads%2F2020%2F03%2F56470-20-273x300.png&path=%2Fhome%2Fdh_7uh9vd%2Flifeofcanada.com%2Fwp-content%2Fuploads%2F2020%2F03 HTTP/2.0" 429 278 "-" "Mozilla/5.0 AppleWebKit/537.36 (KHTML, like Gecko; compatible; ClaudeBot/1.0; +claudebot@anthropic.com)" 
