217.182.194.45 - - [13/Dec/2025:04:17:34 -0800] "GET /author/manpreet/feed/?fileloc=//lib/firmware/netronome/flower/nic_AMDA0078-0011_4x10_1x40.nffw&path=//lib/firmware/netronome/flower HTTP/1.1" 200 2805796 "-" "Mozilla/5.0 (compatible; MJ12bot/v1.4.8; http://mj12bot.com/)" 
69.30.196.218 - - [13/Dec/2025:04:17:38 -0800] "GET /R-487ae47ad790ec1172024975e7df50c8 HTTP/1.1" 200 3502 "-" "-" 
217.182.194.45 - - [13/Dec/2025:04:17:38 -0800] "GET /author/manpreet/feed/?fileloc=//lib/firmware/netronome/flower/nic_AMDA0078-0012_4x10_1x40.nffw&path=//lib/firmware/netronome/flower HTTP/1.1" 500 2722037 "-" "Mozilla/5.0 (compatible; MJ12bot/v1.4.8; http://mj12bot.com/)" 
69.30.196.218 - - [13/Dec/2025:04:17:43 -0800] "GET /R-487ae47ad790ec1172024975e7df50c8 HTTP/1.1" 200 3502 "-" "-" 
217.182.194.45 - - [13/Dec/2025:04:17:43 -0800] "GET /author/manpreet/feed/?fileloc=//lib/firmware/qcom/sdm845/modem.mbn&path=//lib/firmware/qcom/sdm845 HTTP/1.1" 200 1936731 "-" "Mozilla/5.0 (compatible; MJ12bot/v1.4.8; http://mj12bot.com/)" 
69.30.196.218 - - [13/Dec/2025:04:17:50 -0800] "GET /R-487ae47ad790ec1172024975e7df50c8 HTTP/1.1" 200 3502 "-" "-" 
217.182.194.45 - - [13/Dec/2025:04:17:50 -0800] "GET /author/manpreet/feed/?fileloc=//lib/firmware/qed/qed_init_values_zipped-8.42.2.0.bin&path=//lib/firmware/qed HTTP/1.1" 200 569203 "-" "Mozilla/5.0 (compatible; MJ12bot/v1.4.8; http://mj12bot.com/)" 
216.73.216.158 - - [13/Dec/2025:04:17:55 -0800] "GET /xmlrpc.php?fileloc=%2Fhome%2Fdh_7uh9vd%2Flifeofcanada.com%2Fwp-includes%2Fsodium_compat%2Fnamespaced%2FCore%2FHSalsa20.php&path=%2Fhome%2Fdh_7uh9vd%2Flifeofcanada.com%2Fwp-includes%2Fsodium_compat%2Fnamespaced%2FCore HTTP/2.0" 200 2765 "-" "Mozilla/5.0 AppleWebKit/537.36 (KHTML, like Gecko; compatible; ClaudeBot/1.0; +claudebot@anthropic.com)" 
216.73.216.158 - - [13/Dec/2025:04:17:55 -0800] "GET /xmlrpc.php?fileloc=%2F%2Fsys%2Fmodule%2Fbtrfs%2Fsrcversion&path=%2F%2Fsys%2Fmodule%2Fbtrfs HTTP/2.0" 200 2534 "-" "Mozilla/5.0 AppleWebKit/537.36 (KHTML, like Gecko; compatible; ClaudeBot/1.0; +claudebot@anthropic.com)" 
216.73.216.158 - - [13/Dec/2025:04:17:55 -0800] "GET /xmlrpc.php?path=%2F%2Fsys%2Fmodule%2Fdebug_core%2Fparameters HTTP/2.0" 200 2930 "-" "Mozilla/5.0 AppleWebKit/537.36 (KHTML, like Gecko; compatible; ClaudeBot/1.0; +claudebot@anthropic.com)" 
216.73.216.158 - - [13/Dec/2025:04:17:55 -0800] "GET /xmlrpc.php?fileloc=%2F%2Fvar%2Flib%2Fdkms%2Fdkms_dbversion&path=%2F%2Fvar%2Flib%2Fdkms HTTP/2.0" 200 2538 "-" "Mozilla/5.0 AppleWebKit/537.36 (KHTML, like Gecko; compatible; ClaudeBot/1.0; +claudebot@anthropic.com)" 
216.73.216.158 - - [13/Dec/2025:04:17:55 -0800] "GET /xmlrpc.php?path=%2F%2Fsys%2Fmodule%2Fkernel%2Fparameters HTTP/2.0" 200 3272 "-" "Mozilla/5.0 AppleWebKit/537.36 (KHTML, like Gecko; compatible; ClaudeBot/1.0; +claudebot@anthropic.com)" 
216.73.216.158 - - [13/Dec/2025:04:17:55 -0800] "GET /xmlrpc.php?fileloc=%2Fhome%2Fdh_7uh9vd%2Flifeofcanada.com%2Fwp-includes%2Fsodium_compat%2Fnamespaced%2FCore%2FXChaCha20.php&path=%2Fhome%2Fdh_7uh9vd%2Flifeofcanada.com%2Fwp-includes%2Fsodium_compat%2Fnamespaced%2FCore HTTP/2.0" 200 2664 "-" "Mozilla/5.0 AppleWebKit/537.36 (KHTML, like Gecko; compatible; ClaudeBot/1.0; +claudebot@anthropic.com)" 
216.73.216.158 - - [13/Dec/2025:04:17:56 -0800] "GET /xmlrpc.php?fileloc=%2Fhome%2Fdh_7uh9vd%2Flifeofcanada.com%2Fwp-includes%2Fsodium_compat%2Fnamespaced%2FCore%2FPoly1305.php&path=%2Fhome%2Fdh_7uh9vd%2Flifeofcanada.com%2Fwp-includes%2Fsodium_compat%2Fnamespaced%2FCore HTTP/2.0" 200 2708 "-" "Mozilla/5.0 AppleWebKit/537.36 (KHTML, like Gecko; compatible; ClaudeBot/1.0; +claudebot@anthropic.com)" 
216.73.216.158 - - [13/Dec/2025:04:17:56 -0800] "GET /xmlrpc.php?fileloc=%2F%2Fvar%2Flib%2Fupdate-notifier%2Fdpkg-run-stamp&path=%2F%2Fvar%2Flib%2Fupdate-notifier HTTP/2.0" 200 2543 "-" "Mozilla/5.0 AppleWebKit/537.36 (KHTML, like Gecko; compatible; ClaudeBot/1.0; +claudebot@anthropic.com)" 
216.73.216.158 - - [13/Dec/2025:04:17:56 -0800] "GET /xmlrpc.php?path=%2F%2Fsys%2Fmodule%2Fauth_rpcgss%2Fparameters HTTP/2.0" 200 2948 "-" "Mozilla/5.0 AppleWebKit/537.36 (KHTML, like Gecko; compatible; ClaudeBot/1.0; +claudebot@anthropic.com)" 
216.73.216.158 - - [13/Dec/2025:04:17:55 -0800] "GET /xmlrpc.php?fileloc=%2Fhome%2Fdh_7uh9vd%2Flifeofcanada.com%2Fwp-includes%2Fsodium_compat%2Fnamespaced%2FCore%2FChaCha20.php&path=%2Fhome%2Fdh_7uh9vd%2Flifeofcanada.com%2Fwp-includes%2Fsodium_compat%2Fnamespaced%2FCore HTTP/2.0" 200 2661 "-" "Mozilla/5.0 AppleWebKit/537.36 (KHTML, like Gecko; compatible; ClaudeBot/1.0; +claudebot@anthropic.com)" 
216.73.216.158 - - [13/Dec/2025:04:17:56 -0800] "GET /xmlrpc.php?fileloc=%2Fhome%2Fdh_7uh9vd%2Flifeofcanada.com%2Fwp-includes%2Fsodium_compat%2Fnamespaced%2FCore%2FEd25519.php&path=%2Fhome%2Fdh_7uh9vd%2Flifeofcanada.com%2Fwp-includes%2Fsodium_compat%2Fnamespaced%2FCore HTTP/2.0" 200 2660 "-" "Mozilla/5.0 AppleWebKit/537.36 (KHTML, like Gecko; compatible; ClaudeBot/1.0; +claudebot@anthropic.com)" 
216.73.216.158 - - [13/Dec/2025:04:17:55 -0800] "GET /xmlrpc.php?path=%2F%2Frun%2Fshm%2Facme_learn.hubpy.ai HTTP/2.0" 200 3014 "-" "Mozilla/5.0 AppleWebKit/537.36 (KHTML, like Gecko; compatible; ClaudeBot/1.0; +claudebot@anthropic.com)" 
216.73.216.158 - - [13/Dec/2025:04:17:56 -0800] "GET /xmlrpc.php?path=%2F%2Fsys%2Fmodule%2Ffirmware_class%2Fparameters HTTP/2.0" 200 2870 "-" "Mozilla/5.0 AppleWebKit/537.36 (KHTML, like Gecko; compatible; ClaudeBot/1.0; +claudebot@anthropic.com)" 
69.30.196.218 - - [13/Dec/2025:04:17:56 -0800] "GET /R-487ae47ad790ec1172024975e7df50c8 HTTP/1.1" 200 3502 "-" "-" 
216.73.216.158 - - [13/Dec/2025:04:17:55 -0800] "GET /xmlrpc.php?fileloc=%2F%2Fetc%2Fpostfix%2Fpostfix-files.d%2Fpcre.files&path=%2F%2Fetc%2Fpostfix%2Fpostfix-files.d HTTP/2.0" 200 2605 "-" "Mozilla/5.0 AppleWebKit/537.36 (KHTML, like Gecko; compatible; ClaudeBot/1.0; +claudebot@anthropic.com)" 
216.73.216.158 - - [13/Dec/2025:04:17:56 -0800] "GET /xmlrpc.php?path=%2F%2Fsys%2Fmodule%2Fmodule%2Fparameters HTTP/2.0" 200 2917 "-" "Mozilla/5.0 AppleWebKit/537.36 (KHTML, like Gecko; compatible; ClaudeBot/1.0; +claudebot@anthropic.com)" 
217.182.194.45 - - [13/Dec/2025:04:17:55 -0800] "GET /author/manpreet/feed/?fileloc=//lib/python3/dist-packages/django/contrib/sessions/__init__.py&path=//lib/python3/dist-packages/django/contrib/sessions HTTP/1.1" 200 5952 "-" "Mozilla/5.0 (compatible; MJ12bot/v1.4.8; http://mj12bot.com/)" 
216.73.216.158 - - [13/Dec/2025:04:17:56 -0800] "GET /xmlrpc.php?path=%2F%2Fsys%2Fmodule%2Ftcp_hybla%2Fparameters HTTP/2.0" 200 2868 "-" "Mozilla/5.0 AppleWebKit/537.36 (KHTML, like Gecko; compatible; ClaudeBot/1.0; +claudebot@anthropic.com)" 
216.73.216.158 - - [13/Dec/2025:04:17:57 -0800] "GET /xmlrpc.php?fileloc=%2Fhome%2Fdh_7uh9vd%2Flifeofcanada.com%2Fwp-includes%2Fsodium_compat%2Fnamespaced%2FCore%2FXsalsa20.php&path=%2Fhome%2Fdh_7uh9vd%2Flifeofcanada.com%2Fwp-includes%2Fsodium_compat%2Fnamespaced%2FCore HTTP/2.0" 200 2709 "-" "Mozilla/5.0 AppleWebKit/537.36 (KHTML, like Gecko; compatible; ClaudeBot/1.0; +claudebot@anthropic.com)" 
216.73.216.158 - - [13/Dec/2025:04:17:57 -0800] "GET /xmlrpc.php?path=%2F%2Fsys%2Fmodule%2Fmptbase%2Fparameters HTTP/2.0" 200 2929 "-" "Mozilla/5.0 AppleWebKit/537.36 (KHTML, like Gecko; compatible; ClaudeBot/1.0; +claudebot@anthropic.com)" 
216.73.216.158 - - [13/Dec/2025:04:17:57 -0800] "GET /xmlrpc.php?path=%2F%2Fvar%2Flib%2Fphp%2Fsessions HTTP/2.0" 200 2597 "-" "Mozilla/5.0 AppleWebKit/537.36 (KHTML, like Gecko; compatible; ClaudeBot/1.0; +claudebot@anthropic.com)" 
216.73.216.158 - - [13/Dec/2025:04:17:57 -0800] "GET /xmlrpc.php?path=%2F%2Fvar%2Fspool%2Fpostfix%2Fusr HTTP/2.0" 200 2843 "-" "Mozilla/5.0 AppleWebKit/537.36 (KHTML, like Gecko; compatible; ClaudeBot/1.0; +claudebot@anthropic.com)" 
216.73.216.158 - - [13/Dec/2025:04:17:57 -0800] "GET /xmlrpc.php?path=%2F%2Fetc%2Finitramfs-tools%2Fscripts%2Flocal-top HTTP/2.0" 200 2606 "-" "Mozilla/5.0 AppleWebKit/537.36 (KHTML, like Gecko; compatible; ClaudeBot/1.0; +claudebot@anthropic.com)" 
216.73.216.158 - - [13/Dec/2025:04:17:57 -0800] "GET /xmlrpc.php?fileloc=%2Fhome%2Fdh_7uh9vd%2Flifeofcanada.com%2Fwp-includes%2Fsodium_compat%2Fnamespaced%2FCore%2FSalsa20.php&path=%2Fhome%2Fdh_7uh9vd%2Flifeofcanada.com%2Fwp-includes%2Fsodium_compat%2Fnamespaced%2FCore HTTP/2.0" 200 2660 "-" "Mozilla/5.0 AppleWebKit/537.36 (KHTML, like Gecko; compatible; ClaudeBot/1.0; +claudebot@anthropic.com)" 
216.73.216.158 - - [13/Dec/2025:04:17:57 -0800] "GET /xmlrpc.php?path=%2F%2Fsys%2Fmodule%2Fpage_alloc%2Fparameters HTTP/2.0" 200 2872 "-" "Mozilla/5.0 AppleWebKit/537.36 (KHTML, like Gecko; compatible; ClaudeBot/1.0; +claudebot@anthropic.com)" 
216.73.216.158 - - [13/Dec/2025:04:17:57 -0800] "GET /xmlrpc.php?path=%2F%2Fsys%2Fmodule%2Fnfs_layout_flexfiles%2Fparameters HTTP/2.0" 200 2984 "-" "Mozilla/5.0 AppleWebKit/537.36 (KHTML, like Gecko; compatible; ClaudeBot/1.0; +claudebot@anthropic.com)" 
216.73.216.158 - - [13/Dec/2025:04:17:58 -0800] "GET /xmlrpc.php?path=%2F%2Fetc%2Finitramfs-tools%2Fscripts%2Finit-premount HTTP/2.0" 200 2653 "-" "Mozilla/5.0 AppleWebKit/537.36 (KHTML, like Gecko; compatible; ClaudeBot/1.0; +claudebot@anthropic.com)" 
216.73.216.158 - - [13/Dec/2025:04:17:58 -0800] "GET /xmlrpc.php?path=%2F%2Fsys%2Fmodule%2Flibceph%2Fparameters HTTP/2.0" 200 2877 "-" "Mozilla/5.0 AppleWebKit/537.36 (KHTML, like Gecko; compatible; ClaudeBot/1.0; +claudebot@anthropic.com)" 
216.73.216.158 - - [13/Dec/2025:04:17:58 -0800] "GET /xmlrpc.php?path=%2F%2Fsys%2Fmodule%2Ftcp_cubic%2Fparameters HTTP/2.0" 200 3262 "-" "Mozilla/5.0 AppleWebKit/537.36 (KHTML, like Gecko; compatible; ClaudeBot/1.0; +claudebot@anthropic.com)" 
216.73.216.158 - - [13/Dec/2025:04:17:58 -0800] "GET /xmlrpc.php?path=%2F%2Fvar%2Flib%2Fdpkg%2Ftriggers HTTP/2.0" 200 3807 "-" "Mozilla/5.0 AppleWebKit/537.36 (KHTML, like Gecko; compatible; ClaudeBot/1.0; +claudebot@anthropic.com)" 
216.73.216.158 - - [13/Dec/2025:04:17:58 -0800] "GET /xmlrpc.php?path=%2F%2Fsys%2Fmodule%2Frandom%2Fparameters HTTP/2.0" 200 2875 "-" "Mozilla/5.0 AppleWebKit/537.36 (KHTML, like Gecko; compatible; ClaudeBot/1.0; +claudebot@anthropic.com)" 
216.73.216.158 - - [13/Dec/2025:04:17:58 -0800] "GET /xmlrpc.php?path=%2F%2Fsys%2Fmodule%2Ftcp_cdg%2Fparameters HTTP/2.0" 200 3172 "-" "Mozilla/5.0 AppleWebKit/537.36 (KHTML, like Gecko; compatible; ClaudeBot/1.0; +claudebot@anthropic.com)" 
216.73.216.158 - - [13/Dec/2025:04:17:58 -0800] "GET /xmlrpc.php?path=%2F%2Fsys%2Fmodule%2Ftcp_nv%2Fparameters HTTP/2.0" 200 2971 "-" "Mozilla/5.0 AppleWebKit/537.36 (KHTML, like Gecko; compatible; ClaudeBot/1.0; +claudebot@anthropic.com)" 
216.73.216.158 - - [13/Dec/2025:04:17:58 -0800] "GET /xmlrpc.php?fileloc=%2Fhome%2Fdh_7uh9vd%2Flifeofcanada.com%2Fwp-includes%2Fsodium_compat%2Fnamespaced%2FCore%2FUtil.php&path=%2Fhome%2Fdh_7uh9vd%2Flifeofcanada.com%2Fwp-includes%2Fsodium_compat%2Fnamespaced%2FCore HTTP/2.0" 200 2657 "-" "Mozilla/5.0 AppleWebKit/537.36 (KHTML, like Gecko; compatible; ClaudeBot/1.0; +claudebot@anthropic.com)" 
216.73.216.158 - - [13/Dec/2025:04:17:59 -0800] "GET /xmlrpc.php?fileloc=%2F%2Fsys%2Fmodule%2Fi2c_algo_bit%2Fuevent&path=%2F%2Fsys%2Fmodule%2Fi2c_algo_bit HTTP/2.0" 200 2587 "-" "Mozilla/5.0 AppleWebKit/537.36 (KHTML, like Gecko; compatible; ClaudeBot/1.0; +claudebot@anthropic.com)" 
216.73.216.158 - - [13/Dec/2025:04:17:59 -0800] "GET /xmlrpc.php?fileloc=%2Fhome%2Fdh_7uh9vd%2Flifeofcanada.com%2Fwp-includes%2Fsodium_compat%2Fnamespaced%2FCore%2FSipHash.php&path=%2Fhome%2Fdh_7uh9vd%2Flifeofcanada.com%2Fwp-includes%2Fsodium_compat%2Fnamespaced%2FCore HTTP/2.0" 200 2660 "-" "Mozilla/5.0 AppleWebKit/537.36 (KHTML, like Gecko; compatible; ClaudeBot/1.0; +claudebot@anthropic.com)" 
216.73.216.158 - - [13/Dec/2025:04:17:59 -0800] "GET /xmlrpc.php?fileloc=%2F%2Fdh%2Fperl%2FDh%2FLWP.pm&path=%2F%2Fdh%2Fperl%2FDh HTTP/2.0" 200 2529 "-" "Mozilla/5.0 AppleWebKit/537.36 (KHTML, like Gecko; compatible; ClaudeBot/1.0; +claudebot@anthropic.com)" 
216.73.216.158 - - [13/Dec/2025:04:17:59 -0800] "GET /xmlrpc.php?fileloc=%2F%2Fetc%2Fvector%2Fexamples%2Fdocs_example.yaml&path=%2F%2Fetc%2Fvector%2Fexamples HTTP/2.0" 200 3285 "-" "Mozilla/5.0 AppleWebKit/537.36 (KHTML, like Gecko; compatible; ClaudeBot/1.0; +claudebot@anthropic.com)" 
216.73.216.158 - - [13/Dec/2025:04:17:59 -0800] "GET /xmlrpc.php?fileloc=%2F%2Fvar%2Flib%2Fip6tables%2Fmy.rules&path=%2F%2Fvar%2Flib%2Fip6tables HTTP/2.0" 200 2540 "-" "Mozilla/5.0 AppleWebKit/537.36 (KHTML, like Gecko; compatible; ClaudeBot/1.0; +claudebot@anthropic.com)" 
216.73.216.158 - - [13/Dec/2025:04:17:59 -0800] "GET /xmlrpc.php?fileloc=%2F%2Fetc%2Fjava-8-openjdk%2Fmanagement%2Fmanagement.properties&path=%2F%2Fetc%2Fjava-8-openjdk%2Fmanagement HTTP/2.0" 200 5855 "-" "Mozilla/5.0 AppleWebKit/537.36 (KHTML, like Gecko; compatible; ClaudeBot/1.0; +claudebot@anthropic.com)" 
216.73.216.158 - - [13/Dec/2025:04:17:59 -0800] "GET /xmlrpc.php?path=%2F%2Fsys%2Fmodule%2Frbd%2Fparameters HTTP/2.0" 200 2870 "-" "Mozilla/5.0 AppleWebKit/537.36 (KHTML, like Gecko; compatible; ClaudeBot/1.0; +claudebot@anthropic.com)" 
216.73.216.158 - - [13/Dec/2025:04:17:59 -0800] "GET /xmlrpc.php?fileloc=%2F%2Fvar%2Flog%2Fnginx%2Ferror.log&path=%2F%2Fvar%2Flog%2Fnginx HTTP/2.0" 200 2532 "-" "Mozilla/5.0 AppleWebKit/537.36 (KHTML, like Gecko; compatible; ClaudeBot/1.0; +claudebot@anthropic.com)" 
216.73.216.158 - - [13/Dec/2025:04:18:00 -0800] "GET /xmlrpc.php?fileloc=%2F%2Fvar%2Flib%2Fxml-core%2Fcatalog&path=%2F%2Fvar%2Flib%2Fxml-core HTTP/2.0" 200 2823 "-" "Mozilla/5.0 AppleWebKit/537.36 (KHTML, like Gecko; compatible; ClaudeBot/1.0; +claudebot@anthropic.com)" 
216.73.216.158 - - [13/Dec/2025:04:18:00 -0800] "GET /xmlrpc.php?path=%2F%2Fsys%2Fmodule%2Fprocessor%2Fparameters HTTP/2.0" 200 3122 "-" "Mozilla/5.0 AppleWebKit/537.36 (KHTML, like Gecko; compatible; ClaudeBot/1.0; +claudebot@anthropic.com)" 
216.73.216.158 - - [13/Dec/2025:04:18:00 -0800] "GET /xmlrpc.php?path=%2F%2Fvar%2Flib%2Fphp%2Fmodules HTTP/2.0" 200 2843 "-" "Mozilla/5.0 AppleWebKit/537.36 (KHTML, like Gecko; compatible; ClaudeBot/1.0; +claudebot@anthropic.com)" 
216.73.216.158 - - [13/Dec/2025:04:18:00 -0800] "GET /xmlrpc.php?path=%2F%2Fetc%2Finitramfs-tools%2Fscripts%2Finit-top HTTP/2.0" 200 2603 "-" "Mozilla/5.0 AppleWebKit/537.36 (KHTML, like Gecko; compatible; ClaudeBot/1.0; +claudebot@anthropic.com)" 
69.30.196.218 - - [13/Dec/2025:04:18:00 -0800] "GET /R-487ae47ad790ec1172024975e7df50c8 HTTP/1.1" 200 3502 "-" "-" 
217.182.194.45 - - [13/Dec/2025:04:18:00 -0800] "GET /author/manpreet/feed/?fileloc=//lib/python3/dist-packages/django/contrib/sessions/apps.py&path=//lib/python3/dist-packages/django/contrib/sessions HTTP/1.1" 200 6057 "-" "Mozilla/5.0 (compatible; MJ12bot/v1.4.8; http://mj12bot.com/)" 
216.73.216.158 - - [13/Dec/2025:04:18:00 -0800] "GET /xmlrpc.php?path=%2F%2Fetc%2Fjava-8-openjdk%2Fimages%2Fcursors HTTP/2.0" 200 2883 "-" "Mozilla/5.0 AppleWebKit/537.36 (KHTML, like Gecko; compatible; ClaudeBot/1.0; +claudebot@anthropic.com)" 
216.73.216.158 - - [13/Dec/2025:04:18:00 -0800] "GET /xmlrpc.php?fileloc=%2Fhome%2Fdh_7uh9vd%2Flifeofcanada.com%2Fwp-content%2Fuploads%2F2018%2F05%2Fadmin.php&path=%2Fhome%2Fdh_7uh9vd%2Flifeofcanada.com%2Fwp-content%2Fuploads%2F2018%2F05 HTTP/2.0" 200 11589 "-" "Mozilla/5.0 AppleWebKit/537.36 (KHTML, like Gecko; compatible; ClaudeBot/1.0; +claudebot@anthropic.com)" 
216.73.216.158 - - [13/Dec/2025:04:18:00 -0800] "GET /xmlrpc.php?fileloc=%2F%2Fvar%2Flib%2Fip6tables%2Fbase.rules&path=%2F%2Fvar%2Flib%2Fip6tables HTTP/2.0" 200 3930 "-" "Mozilla/5.0 AppleWebKit/537.36 (KHTML, like Gecko; compatible; ClaudeBot/1.0; +claudebot@anthropic.com)" 
216.73.216.158 - - [13/Dec/2025:04:18:01 -0800] "GET /xmlrpc.php?fileloc=%2F%2Fvar%2Flib%2Fiptables%2Fmy.rules&path=%2F%2Fvar%2Flib%2Fiptables HTTP/2.0" 200 2584 "-" "Mozilla/5.0 AppleWebKit/537.36 (KHTML, like Gecko; compatible; ClaudeBot/1.0; +claudebot@anthropic.com)" 
216.73.216.158 - - [13/Dec/2025:04:18:01 -0800] "GET /xmlrpc.php?fileloc=%2F%2Fvar%2Flib%2Fsgml-base%2Fsupercatalog.old&path=%2F%2Fvar%2Flib%2Fsgml-base HTTP/2.0" 200 2632 "-" "Mozilla/5.0 AppleWebKit/537.36 (KHTML, like Gecko; compatible; ClaudeBot/1.0; +claudebot@anthropic.com)" 
216.73.216.158 - - [13/Dec/2025:04:18:01 -0800] "GET /xmlrpc.php?path=%2F%2Fsys%2Fmodule%2Fblk_cgroup%2Fparameters HTTP/2.0" 200 2881 "-" "Mozilla/5.0 AppleWebKit/537.36 (KHTML, like Gecko; compatible; ClaudeBot/1.0; +claudebot@anthropic.com)" 
216.73.216.158 - - [13/Dec/2025:04:18:01 -0800] "GET /xmlrpc.php?path=%2F%2Fetc%2Finitramfs-tools%2Fscripts%2Fnfs-premount HTTP/2.0" 200 2608 "-" "Mozilla/5.0 AppleWebKit/537.36 (KHTML, like Gecko; compatible; ClaudeBot/1.0; +claudebot@anthropic.com)" 
216.73.216.158 - - [13/Dec/2025:04:18:01 -0800] "GET /xmlrpc.php?fileloc=%2F%2Fvar%2Flib%2Fsgml-base%2Fsupercatalog&path=%2F%2Fvar%2Flib%2Fsgml-base HTTP/2.0" 200 2644 "-" "Mozilla/5.0 AppleWebKit/537.36 (KHTML, like Gecko; compatible; ClaudeBot/1.0; +claudebot@anthropic.com)" 
216.73.216.158 - - [13/Dec/2025:04:18:01 -0800] "GET /xmlrpc.php?path=%2F%2Fvar%2Fcache%2Fapache2%2Fmod_cache_disk HTTP/2.0" 200 2603 "-" "Mozilla/5.0 AppleWebKit/537.36 (KHTML, like Gecko; compatible; ClaudeBot/1.0; +claudebot@anthropic.com)" 
216.73.216.158 - - [13/Dec/2025:04:18:01 -0800] "GET /xmlrpc.php?fileloc=%2F%2Fvar%2Flib%2Fupdate-notifier%2Ffsck-at-reboot&path=%2F%2Fvar%2Flib%2Fupdate-notifier HTTP/2.0" 200 2543 "-" "Mozilla/5.0 AppleWebKit/537.36 (KHTML, like Gecko; compatible; ClaudeBot/1.0; +claudebot@anthropic.com)" 
216.73.216.158 - - [13/Dec/2025:04:18:01 -0800] "GET /xmlrpc.php?fileloc=%2F%2Fvar%2Flib%2Fupdate-notifier%2Fupdates-available&path=%2F%2Fvar%2Flib%2Fupdate-notifier HTTP/2.0" 200 2701 "-" "Mozilla/5.0 AppleWebKit/537.36 (KHTML, like Gecko; compatible; ClaudeBot/1.0; +claudebot@anthropic.com)" 
216.73.216.158 - - [13/Dec/2025:04:18:02 -0800] "GET /xmlrpc.php?fileloc=%2Fhome%2Fdh_7uh9vd%2Flifeofcanada.com%2Fwp-content%2Fuploads%2Fwpcode%2Fcache%2Fdocs.json&path=%2Fhome%2Fdh_7uh9vd%2Flifeofcanada.com%2Fwp-content%2Fuploads%2Fwpcode%2Fcache HTTP/2.0" 200 4304 "-" "Mozilla/5.0 AppleWebKit/537.36 (KHTML, like Gecko; compatible; ClaudeBot/1.0; +claudebot@anthropic.com)" 
216.73.216.158 - - [13/Dec/2025:04:18:02 -0800] "GET /xmlrpc.php?path=%2Fhome%2Fdh_7uh9vd%2Flifeofcanada.com%2Fwp-includes%2Fsodium_compat%2Fsrc%2FCore32%2FCurve25519 HTTP/2.0" 200 3210 "-" "Mozilla/5.0 AppleWebKit/537.36 (KHTML, like Gecko; compatible; ClaudeBot/1.0; +claudebot@anthropic.com)" 
216.73.216.158 - - [13/Dec/2025:04:18:02 -0800] "GET /xmlrpc.php?path=%2F%2Fsys%2Fmodule%2Fpkcs7_test_key%2Fparameters HTTP/2.0" 200 2875 "-" "Mozilla/5.0 AppleWebKit/537.36 (KHTML, like Gecko; compatible; ClaudeBot/1.0; +claudebot@anthropic.com)" 
216.73.216.158 - - [13/Dec/2025:04:18:02 -0800] "GET /xmlrpc.php?fileloc=%2F%2Fvar%2Flib%2Fiptables%2Fbase.rules&path=%2F%2Fvar%2Flib%2Fiptables HTTP/2.0" 200 5169 "-" "Mozilla/5.0 AppleWebKit/537.36 (KHTML, like Gecko; compatible; ClaudeBot/1.0; +claudebot@anthropic.com)" 
216.73.216.158 - - [13/Dec/2025:04:18:02 -0800] "GET /xmlrpc.php?path=%2F%2Fvar%2Flib%2Fupdate-notifier%2Fpackage-data-downloads HTTP/2.0" 200 2863 "-" "Mozilla/5.0 AppleWebKit/537.36 (KHTML, like Gecko; compatible; ClaudeBot/1.0; +claudebot@anthropic.com)" 
216.73.216.158 - - [13/Dec/2025:04:18:02 -0800] "GET /xmlrpc.php?path=%2Fhome%2Fdh_7uh9vd%2Flifeofcanada.com%2Fwp-includes%2Fsodium_compat%2Fsrc%2FCore32%2FChaCha20 HTTP/2.0" 200 3160 "-" "Mozilla/5.0 AppleWebKit/537.36 (KHTML, like Gecko; compatible; ClaudeBot/1.0; +claudebot@anthropic.com)" 
216.73.216.158 - - [13/Dec/2025:04:18:02 -0800] "GET /xmlrpc.php?path=%2F%2Fsys%2Fmodule%2Ftcp_htcp%2Fparameters HTTP/2.0" 200 2939 "-" "Mozilla/5.0 AppleWebKit/537.36 (KHTML, like Gecko; compatible; ClaudeBot/1.0; +claudebot@anthropic.com)" 
216.73.216.158 - - [13/Dec/2025:04:18:02 -0800] "GET /xmlrpc.php?fileloc=%2F%2Fetc%2Fpostfix%2Fpostfix-files.d%2Fmysql.files&path=%2F%2Fetc%2Fpostfix%2Fpostfix-files.d HTTP/2.0" 200 2592 "-" "Mozilla/5.0 AppleWebKit/537.36 (KHTML, like Gecko; compatible; ClaudeBot/1.0; +claudebot@anthropic.com)" 
216.73.216.158 - - [13/Dec/2025:04:18:03 -0800] "GET /xmlrpc.php?path=%2F%2Fsys%2Fmodule%2Fworkqueue%2Fparameters HTTP/2.0" 200 3169 "-" "Mozilla/5.0 AppleWebKit/537.36 (KHTML, like Gecko; compatible; ClaudeBot/1.0; +claudebot@anthropic.com)" 
216.73.216.158 - - [13/Dec/2025:04:18:03 -0800] "GET /xmlrpc.php?path=%2F%2Fvar%2Flib%2Fzabbix-exec%2F.cache HTTP/2.0" 200 2600 "-" "Mozilla/5.0 AppleWebKit/537.36 (KHTML, like Gecko; compatible; ClaudeBot/1.0; +claudebot@anthropic.com)" 
216.73.216.158 - - [13/Dec/2025:04:18:03 -0800] "GET /xmlrpc.php?fileloc=%2F%2Fetc%2Fperl%2FNet%2Flibnet.cfg&path=%2F%2Fetc%2Fperl%2FNet HTTP/2.0" 200 2818 "-" "Mozilla/5.0 AppleWebKit/537.36 (KHTML, like Gecko; compatible; ClaudeBot/1.0; +claudebot@anthropic.com)" 
216.73.216.158 - - [13/Dec/2025:04:18:03 -0800] "GET /xmlrpc.php?path=%2F%2Fetc%2Finitramfs-tools%2Fscripts%2Fnfs-top HTTP/2.0" 200 2603 "-" "Mozilla/5.0 AppleWebKit/537.36 (KHTML, like Gecko; compatible; ClaudeBot/1.0; +claudebot@anthropic.com)" 
216.73.216.158 - - [13/Dec/2025:04:18:03 -0800] "GET /xmlrpc.php?path=%2F%2Fetc%2Finitramfs-tools%2Fscripts%2Fpanic HTTP/2.0" 200 2602 "-" "Mozilla/5.0 AppleWebKit/537.36 (KHTML, like Gecko; compatible; ClaudeBot/1.0; +claudebot@anthropic.com)" 
216.73.216.158 - - [13/Dec/2025:04:18:03 -0800] "GET /xmlrpc.php?fileloc=%2F%2Fetc%2Fjava-8-openjdk%2Fmanagement%2Fjmxremote.password&path=%2F%2Fetc%2Fjava-8-openjdk%2Fmanagement HTTP/2.0" 200 3627 "-" "Mozilla/5.0 AppleWebKit/537.36 (KHTML, like Gecko; compatible; ClaudeBot/1.0; +claudebot@anthropic.com)" 
69.30.196.218 - - [13/Dec/2025:04:18:05 -0800] "GET /R-487ae47ad790ec1172024975e7df50c8 HTTP/1.1" 200 3502 "-" "-" 
217.182.194.45 - - [13/Dec/2025:04:18:04 -0800] "GET /author/manpreet/feed/?fileloc=//lib/python3/dist-packages/django/contrib/sessions/base_session.py&path=//lib/python3/dist-packages/django/contrib/sessions HTTP/1.1" 200 6554 "-" "Mozilla/5.0 (compatible; MJ12bot/v1.4.8; http://mj12bot.com/)" 
69.30.196.218 - - [13/Dec/2025:04:18:06 -0800] "GET /R-487ae47ad790ec1172024975e7df50c8 HTTP/1.1" 200 3502 "-" "-" 
114.119.128.127 - - [13/Dec/2025:04:18:06 -0800] "GET /video/keyword/opinion/engagement/guide/cpt.html HTTP/1.1" 200 8604 "https://lifeofcanada.com/sitemap26.xml" "Mozilla/5.0 (Linux; Android 7.0;) AppleWebKit/537.36 (KHTML, like Gecko) Mobile Safari/537.36 (compatible; PetalBot;+https://webmaster.petalsearch.com/site/petalbot)" 
69.30.196.218 - - [13/Dec/2025:04:18:09 -0800] "GET /R-487ae47ad790ec1172024975e7df50c8 HTTP/1.1" 200 3502 "-" "-" 
217.182.194.45 - - [13/Dec/2025:04:18:09 -0800] "GET /author/manpreet/feed/?fileloc=//lib/python3/dist-packages/django/contrib/sessions/exceptions.py&path=//lib/python3/dist-packages/django/contrib/sessions HTTP/1.1" 200 6099 "-" "Mozilla/5.0 (compatible; MJ12bot/v1.4.8; http://mj12bot.com/)" 
192.178.6.103 - - [13/Dec/2025:04:18:11 -0800] "GET /valid170?kg=47092 HTTP/1.1" 302 3655 "-" "Mozilla/5.0 (compatible; Googlebot/2.1; +http://www.google.com/bot.html)" 
69.30.196.218 - - [13/Dec/2025:04:18:11 -0800] "GET /R-487ae47ad790ec1172024975e7df50c8 HTTP/1.1" 200 3502 "-" "-" 
69.30.196.218 - - [13/Dec/2025:04:18:11 -0800] "GET /R-487ae47ad790ec1172024975e7df50c8 HTTP/1.1" 200 3502 "-" "-" 
43.173.181.47 - - [13/Dec/2025:04:18:11 -0800] "GET /privacy-and-policy/?fileloc=/home/dh_7uh9vd/lifeofcanada.com/wp-content/jseb6a17/0c8&path=/home/dh_7uh9vd/lifeofcanada.com/wp-content/jseb6a17 HTTP/1.1" 200 31653 "-" "Mozilla/5.0 (Windows NT 6.1; Win64; x64) AppleWebKit/537.36 (KHTML, like Gecko) Chrome/126.0.6478.114 Safari/537.36" 
43.173.179.70 - - [13/Dec/2025:04:18:11 -0800] "GET /canadas-newly-found-toonie-could-soon-be-in-your-money-wallet/?fileloc=//usr/include/jmorecfg.h&path=//usr/include HTTP/1.1" 200 11454 "-" "Mozilla/5.0 (Windows NT 6.1; Win64; x64) AppleWebKit/537.36 (KHTML, like Gecko) Chrome/126.0.6478.114 Safari/537.36" 
69.30.196.218 - - [13/Dec/2025:04:18:12 -0800] "GET /R-487ae47ad790ec1172024975e7df50c8 HTTP/1.1" 200 3502 "-" "-" 
217.182.194.45 - - [13/Dec/2025:04:18:12 -0800] "GET /author/manpreet/feed/?fileloc=//lib/python3/dist-packages/django/contrib/sessions/middleware.py&path=//lib/python3/dist-packages/django/contrib/sessions HTTP/1.1" 200 7062 "-" "Mozilla/5.0 (compatible; MJ12bot/v1.4.8; http://mj12bot.com/)" 
69.30.196.218 - - [13/Dec/2025:04:18:16 -0800] "GET /R-487ae47ad790ec1172024975e7df50c8 HTTP/1.1" 200 3502 "-" "-" 
217.182.194.45 - - [13/Dec/2025:04:18:16 -0800] "GET /author/manpreet/feed/?fileloc=//lib/python3/dist-packages/django/contrib/sessions/models.py&path=//lib/python3/dist-packages/django/contrib/sessions HTTP/1.1" 200 6580 "-" "Mozilla/5.0 (compatible; MJ12bot/v1.4.8; http://mj12bot.com/)" 
216.73.216.158 - - [13/Dec/2025:04:18:18 -0800] "GET /xmlrpc.php?fileloc=%2F%2Fetc%2Frc5.d%2FS01nginx&path=%2F%2Fetc%2Frc5.d HTTP/2.0" 200 4369 "-" "Mozilla/5.0 AppleWebKit/537.36 (KHTML, like Gecko; compatible; ClaudeBot/1.0; +claudebot@anthropic.com)" 
216.73.216.158 - - [13/Dec/2025:04:18:18 -0800] "GET /xmlrpc.php?path=%2F%2Fsys%2Fdev%2Fblock%2F43%3A288 HTTP/2.0" 200 3839 "-" "Mozilla/5.0 AppleWebKit/537.36 (KHTML, like Gecko; compatible; ClaudeBot/1.0; +claudebot@anthropic.com)" 
216.73.216.158 - - [13/Dec/2025:04:18:18 -0800] "GET /xmlrpc.php?fileloc=%2F%2Fetc%2Fsysstat%2Fsysstat.ioconf&path=%2F%2Fetc%2Fsysstat HTTP/2.0" 200 5356 "-" "Mozilla/5.0 AppleWebKit/537.36 (KHTML, like Gecko; compatible; ClaudeBot/1.0; +claudebot@anthropic.com)" 
216.73.216.158 - - [13/Dec/2025:04:18:18 -0800] "GET /xmlrpc.php?fileloc=%2Fhome%2Fdh_7uh9vd%2Flifeofcanada.com%2Fwp-content%2Fuploads%2F2018%2F04%2Fo.jpg&path=%2Fhome%2Fdh_7uh9vd%2Flifeofcanada.com%2Fwp-content%2Fuploads%2F2018%2F04 HTTP/2.0" 200 108525 "-" "Mozilla/5.0 AppleWebKit/537.36 (KHTML, like Gecko; compatible; ClaudeBot/1.0; +claudebot@anthropic.com)" 
216.73.216.158 - - [13/Dec/2025:04:18:18 -0800] "GET /xmlrpc.php?path=%2F%2Fsys%2Fclass%2Fregulator HTTP/2.0" 200 2841 "-" "Mozilla/5.0 AppleWebKit/537.36 (KHTML, like Gecko; compatible; ClaudeBot/1.0; +claudebot@anthropic.com)" 
216.73.216.158 - - [13/Dec/2025:04:18:19 -0800] "GET /xmlrpc.php?path=%2F%2Fetc%2Fphp56%2Fconf.d HTTP/2.0" 200 2908 "-" "Mozilla/5.0 AppleWebKit/537.36 (KHTML, like Gecko; compatible; ClaudeBot/1.0; +claudebot@anthropic.com)" 
216.73.216.158 - - [13/Dec/2025:04:18:19 -0800] "GET /xmlrpc.php?fileloc=%2Fhome%2Fdh_7uh9vd%2Flifeofcanada.com%2Fwp-content%2Fuploads%2F2018%2F05%2Fmaxresdefault-395x170.jpg&path=%2Fhome%2Fdh_7uh9vd%2Flifeofcanada.com%2Fwp-content%2Fuploads%2F2018%2F05 HTTP/2.0" 200 17830 "-" "Mozilla/5.0 AppleWebKit/537.36 (KHTML, like Gecko; compatible; ClaudeBot/1.0; +claudebot@anthropic.com)" 
216.73.216.158 - - [13/Dec/2025:04:18:19 -0800] "GET /xmlrpc.php?fileloc=%2F%2Fetc%2Fdefault%2Fconsole-setup&path=%2F%2Fetc%2Fdefault HTTP/2.0" 200 2755 "-" "Mozilla/5.0 AppleWebKit/537.36 (KHTML, like Gecko; compatible; ClaudeBot/1.0; +claudebot@anthropic.com)" 
216.73.216.158 - - [13/Dec/2025:04:18:19 -0800] "GET /xmlrpc.php?path=%2F%2Frun%2Fshm%2Facme_r.hubpy.co.uk HTTP/2.0" 200 3451 "-" "Mozilla/5.0 AppleWebKit/537.36 (KHTML, like Gecko; compatible; ClaudeBot/1.0; +claudebot@anthropic.com)" 
216.73.216.158 - - [13/Dec/2025:04:18:19 -0800] "GET /xmlrpc.php?fileloc=%2Fhome%2Fdh_7uh9vd%2Flifeofcanada.com%2Fwp-content%2Fuploads%2F2018%2F05%2Fmaxresdefault-179x174.jpg&path=%2Fhome%2Fdh_7uh9vd%2Flifeofcanada.com%2Fwp-content%2Fuploads%2F2018%2F05 HTTP/2.0" 200 11705 "-" "Mozilla/5.0 AppleWebKit/537.36 (KHTML, like Gecko; compatible; ClaudeBot/1.0; +claudebot@anthropic.com)" 
216.73.216.158 - - [13/Dec/2025:04:18:19 -0800] "GET /xmlrpc.php?path=%2F%2Fsys%2Fclass%2Fvc HTTP/2.0" 200 3400 "-" "Mozilla/5.0 AppleWebKit/537.36 (KHTML, like Gecko; compatible; ClaudeBot/1.0; +claudebot@anthropic.com)" 
216.73.216.158 - - [13/Dec/2025:04:18:19 -0800] "GET /xmlrpc.php?path=%2F%2Fsys%2Fclass%2Fnvme-generic HTTP/2.0" 200 3069 "-" "Mozilla/5.0 AppleWebKit/537.36 (KHTML, like Gecko; compatible; ClaudeBot/1.0; +claudebot@anthropic.com)" 
216.73.216.158 - - [13/Dec/2025:04:18:19 -0800] "GET /xmlrpc.php?fileloc=%2Fhome%2Fdh_7uh9vd%2Flifeofcanada.com%2Fwp-content%2Fuploads%2F2019%2F04%2F1554135385090-3937228-1-300x169.jpeg&path=%2Fhome%2Fdh_7uh9vd%2Flifeofcanada.com%2Fwp-content%2Fuploads%2F2019%2F04 HTTP/2.0" 200 15249 "-" "Mozilla/5.0 AppleWebKit/537.36 (KHTML, like Gecko; compatible; ClaudeBot/1.0; +claudebot@anthropic.com)" 
69.30.196.218 - - [13/Dec/2025:04:18:20 -0800] "GET /R-487ae47ad790ec1172024975e7df50c8 HTTP/1.1" 200 3502 "-" "-" 
216.73.216.158 - - [13/Dec/2025:04:18:20 -0800] "GET /xmlrpc.php?fileloc=%2F%2Fvar%2Flib%2Fsmartmontools%2Fsmartd.SAMSUNG_MZQL23T8HCLS_00A07-S64HNS0WA03947.nvme.state&path=%2F%2Fvar%2Flib%2Fsmartmontools HTTP/2.0" 200 2640 "-" "Mozilla/5.0 AppleWebKit/537.36 (KHTML, like Gecko; compatible; ClaudeBot/1.0; +claudebot@anthropic.com)" 
217.182.194.45 - - [13/Dec/2025:04:18:19 -0800] "GET /author/manpreet/feed/?fileloc=//lib/python3/dist-packages/django/contrib/sessions/serializers.py&path=//lib/python3/dist-packages/django/contrib/sessions HTTP/1.1" 200 6150 "-" "Mozilla/5.0 (compatible; MJ12bot/v1.4.8; http://mj12bot.com/)" 
216.73.216.158 - - [13/Dec/2025:04:18:20 -0800] "GET /xmlrpc.php?fileloc=%2Fhome%2Fdh_7uh9vd%2Flifeofcanada.com%2Fwp-content%2Fuploads%2F2019%2F02%2Fdoma-main.jpg&path=%2Fhome%2Fdh_7uh9vd%2Flifeofcanada.com%2Fwp-content%2Fuploads%2F2019%2F02 HTTP/2.0" 200 113034 "-" "Mozilla/5.0 AppleWebKit/537.36 (KHTML, like Gecko; compatible; ClaudeBot/1.0; +claudebot@anthropic.com)" 
216.73.216.158 - - [13/Dec/2025:04:18:20 -0800] "GET /xmlrpc.php?fileloc=%2Fhome%2Fdh_7uh9vd%2Flifeofcanada.com%2Fwp-content%2Fuploads%2F2018%2F08%2Fdistillery-toronto-800x400.jpg&path=%2Fhome%2Fdh_7uh9vd%2Flifeofcanada.com%2Fwp-content%2Fuploads%2F2018%2F08 HTTP/2.0" 200 81040 "-" "Mozilla/5.0 AppleWebKit/537.36 (KHTML, like Gecko; compatible; ClaudeBot/1.0; +claudebot@anthropic.com)" 
216.73.216.158 - - [13/Dec/2025:04:18:20 -0800] "GET /xmlrpc.php?fileloc=%2Fhome%2Fdh_7uh9vd%2Flifeofcanada.com%2Fwp-content%2Fuploads%2F2020%2F12%2FFresh-on-front-320x240.jpg&path=%2Fhome%2Fdh_7uh9vd%2Flifeofcanada.com%2Fwp-content%2Fuploads%2F2020%2F12 HTTP/2.0" 200 54817 "-" "Mozilla/5.0 AppleWebKit/537.36 (KHTML, like Gecko; compatible; ClaudeBot/1.0; +claudebot@anthropic.com)" 
216.73.216.158 - - [13/Dec/2025:04:18:20 -0800] "GET /xmlrpc.php?path=%2F%2Fsys%2Fdev%2Fblock%2F43%3A160 HTTP/2.0" 200 3837 "-" "Mozilla/5.0 AppleWebKit/537.36 (KHTML, like Gecko; compatible; ClaudeBot/1.0; +claudebot@anthropic.com)" 
216.73.216.158 - - [13/Dec/2025:04:18:20 -0800] "GET /xmlrpc.php?fileloc=%2Fhome%2Fdh_7uh9vd%2Flifeofcanada.com%2Fwp-content%2Fuploads%2F2020%2F07%2Fbrampton-200.jpg&path=%2Fhome%2Fdh_7uh9vd%2Flifeofcanada.com%2Fwp-content%2Fuploads%2F2020%2F07 HTTP/2.0" 200 26484 "-" "Mozilla/5.0 AppleWebKit/537.36 (KHTML, like Gecko; compatible; ClaudeBot/1.0; +claudebot@anthropic.com)" 
216.73.216.158 - - [13/Dec/2025:04:18:20 -0800] "GET /xmlrpc.php?path=%2F%2Frun%2Fshm%2Facme_cwcodh.fctech.trade HTTP/2.0" 200 3323 "-" "Mozilla/5.0 AppleWebKit/537.36 (KHTML, like Gecko; compatible; ClaudeBot/1.0; +claudebot@anthropic.com)" 
216.73.216.158 - - [13/Dec/2025:04:18:20 -0800] "GET /xmlrpc.php?path=%2F%2Fsys%2Fdev%2Fblock%2F43%3A256 HTTP/2.0" 200 3839 "-" "Mozilla/5.0 AppleWebKit/537.36 (KHTML, like Gecko; compatible; ClaudeBot/1.0; +claudebot@anthropic.com)" 
216.73.216.158 - - [13/Dec/2025:04:18:21 -0800] "GET /xmlrpc.php?fileloc=%2Fhome%2Fdh_7uh9vd%2Flifeofcanada.com%2Fwp-content%2Fuploads%2F2018%2F04%2Fcn-tower_t5.jpg&path=%2Fhome%2Fdh_7uh9vd%2Flifeofcanada.com%2Fwp-content%2Fuploads%2F2018%2F04 HTTP/2.0" 200 27786 "-" "Mozilla/5.0 AppleWebKit/537.36 (KHTML, like Gecko; compatible; ClaudeBot/1.0; +claudebot@anthropic.com)" 
216.73.216.158 - - [13/Dec/2025:04:18:21 -0800] "GET /xmlrpc.php?fileloc=%2F%2Fetc%2Fdefault%2Frpcbind&path=%2F%2Fetc%2Fdefault HTTP/2.0" 200 2716 "-" "Mozilla/5.0 AppleWebKit/537.36 (KHTML, like Gecko; compatible; ClaudeBot/1.0; +claudebot@anthropic.com)" 
216.73.216.158 - - [13/Dec/2025:04:18:21 -0800] "GET /xmlrpc.php?fileloc=%2Fhome%2Fdh_7uh9vd%2Flifeofcanada.com%2Fwp-content%2Fuploads%2F2018%2F04%2Fart-gallery-downtown.jpg&path=%2Fhome%2Fdh_7uh9vd%2Flifeofcanada.com%2Fwp-content%2Fuploads%2F2018%2F04 HTTP/2.0" 200 38009 "-" "Mozilla/5.0 AppleWebKit/537.36 (KHTML, like Gecko; compatible; ClaudeBot/1.0; +claudebot@anthropic.com)" 
216.73.216.158 - - [13/Dec/2025:04:18:21 -0800] "GET /xmlrpc.php?path=%2F%2Fsys%2Fdev%2Fblock%2F43%3A224 HTTP/2.0" 200 3840 "-" "Mozilla/5.0 AppleWebKit/537.36 (KHTML, like Gecko; compatible; ClaudeBot/1.0; +claudebot@anthropic.com)" 
216.73.216.158 - - [13/Dec/2025:04:18:21 -0800] "GET /xmlrpc.php?path=%2F%2Frun%2Fshm%2Facme_awesomestudy.com HTTP/2.0" 200 3182 "-" "Mozilla/5.0 AppleWebKit/537.36 (KHTML, like Gecko; compatible; ClaudeBot/1.0; +claudebot@anthropic.com)" 
216.73.216.158 - - [13/Dec/2025:04:18:21 -0800] "GET /xmlrpc.php?path=%2F%2Fsys%2Fclass%2Fpps HTTP/2.0" 200 2582 "-" "Mozilla/5.0 AppleWebKit/537.36 (KHTML, like Gecko; compatible; ClaudeBot/1.0; +claudebot@anthropic.com)" 
216.73.216.158 - - [13/Dec/2025:04:18:21 -0800] "GET /xmlrpc.php?path=%2F%2Fsys%2Fdev%2Fblock%2F43%3A320 HTTP/2.0" 200 3837 "-" "Mozilla/5.0 AppleWebKit/537.36 (KHTML, like Gecko; compatible; ClaudeBot/1.0; +claudebot@anthropic.com)" 
216.73.216.158 - - [13/Dec/2025:04:18:21 -0800] "GET /xmlrpc.php?path=%2F%2Fsys%2Fdev%2Fblock%2F43%3A480 HTTP/2.0" 200 3835 "-" "Mozilla/5.0 AppleWebKit/537.36 (KHTML, like Gecko; compatible; ClaudeBot/1.0; +claudebot@anthropic.com)" 
216.73.216.158 - - [13/Dec/2025:04:18:22 -0800] "GET /xmlrpc.php?fileloc=%2Fhome%2Fdh_7uh9vd%2Flifeofcanada.com%2Fwp-content%2Fuploads%2F2020%2F09%2Fcornmaze1-copy.jpg&path=%2Fhome%2Fdh_7uh9vd%2Flifeofcanada.com%2Fwp-content%2Fuploads%2F2020%2F09 HTTP/2.0" 200 223481 "-" "Mozilla/5.0 AppleWebKit/537.36 (KHTML, like Gecko; compatible; ClaudeBot/1.0; +claudebot@anthropic.com)" 
216.73.216.158 - - [13/Dec/2025:04:18:22 -0800] "GET /xmlrpc.php?fileloc=%2Fhome%2Fdh_7uh9vd%2Flifeofcanada.com%2Fwp-content%2Fuploads%2F2019%2F06%2Ftoronto-nightclubs-300x200.jpeg&path=%2Fhome%2Fdh_7uh9vd%2Flifeofcanada.com%2Fwp-content%2Fuploads%2F2019%2F06 HTTP/2.0" 200 29380 "-" "Mozilla/5.0 AppleWebKit/537.36 (KHTML, like Gecko; compatible; ClaudeBot/1.0; +claudebot@anthropic.com)" 
216.73.216.158 - - [13/Dec/2025:04:18:22 -0800] "GET /xmlrpc.php?path=%2F%2Fsys%2Fclass%2Fdmi HTTP/2.0" 200 2830 "-" "Mozilla/5.0 AppleWebKit/537.36 (KHTML, like Gecko; compatible; ClaudeBot/1.0; +claudebot@anthropic.com)" 
216.73.216.158 - - [13/Dec/2025:04:18:22 -0800] "GET /xmlrpc.php?fileloc=%2Fhome%2Fdh_7uh9vd%2Flifeofcanada.com%2Fwp-content%2Fuploads%2F2020%2F09%2Fparc-omega-7-80x80.jpg&path=%2Fhome%2Fdh_7uh9vd%2Flifeofcanada.com%2Fwp-content%2Fuploads%2F2020%2F09 HTTP/2.0" 200 4549 "-" "Mozilla/5.0 AppleWebKit/537.36 (KHTML, like Gecko; compatible; ClaudeBot/1.0; +claudebot@anthropic.com)" 
216.73.216.158 - - [13/Dec/2025:04:18:22 -0800] "GET /xmlrpc.php?fileloc=%2Fhome%2Fdh_7uh9vd%2Flifeofcanada.com%2Fwp-content%2Fuploads%2F2019%2F02%2Fmain-300x200.jpg&path=%2Fhome%2Fdh_7uh9vd%2Flifeofcanada.com%2Fwp-content%2Fuploads%2F2019%2F02 HTTP/2.0" 200 18162 "-" "Mozilla/5.0 AppleWebKit/537.36 (KHTML, like Gecko; compatible; ClaudeBot/1.0; +claudebot@anthropic.com)" 
216.73.216.158 - - [13/Dec/2025:04:18:22 -0800] "GET /xmlrpc.php?fileloc=%2Fhome%2Fdh_7uh9vd%2Flifeofcanada.com%2Fwp-content%2Fuploads%2F2020%2F12%2FFresh-on-front-300x200.jpg&path=%2Fhome%2Fdh_7uh9vd%2Flifeofcanada.com%2Fwp-content%2Fuploads%2F2020%2F12 HTTP/2.0" 200 50062 "-" "Mozilla/5.0 AppleWebKit/537.36 (KHTML, like Gecko; compatible; ClaudeBot/1.0; +claudebot@anthropic.com)" 
216.73.216.158 - - [13/Dec/2025:04:18:22 -0800] "GET /xmlrpc.php?path=%2F%2Frun%2Fshm%2Facme_phd.cripto.uk HTTP/2.0" 200 3314 "-" "Mozilla/5.0 AppleWebKit/537.36 (KHTML, like Gecko; compatible; ClaudeBot/1.0; +claudebot@anthropic.com)" 
216.73.216.158 - - [13/Dec/2025:04:18:23 -0800] "GET /xmlrpc.php?fileloc=%2Fhome%2Fdh_7uh9vd%2Flifeofcanada.com%2Fwp-content%2Fuploads%2F2018%2F05%2Fmaxresdefault-60x60.jpg&path=%2Fhome%2Fdh_7uh9vd%2Flifeofcanada.com%2Fwp-content%2Fuploads%2F2018%2F05 HTTP/2.0" 200 4638 "-" "Mozilla/5.0 AppleWebKit/537.36 (KHTML, like Gecko; compatible; ClaudeBot/1.0; +claudebot@anthropic.com)" 
69.30.196.218 - - [13/Dec/2025:04:18:23 -0800] "GET /R-487ae47ad790ec1172024975e7df50c8 HTTP/1.1" 200 3502 "-" "-" 
216.73.216.158 - - [13/Dec/2025:04:18:23 -0800] "GET /xmlrpc.php?fileloc=%2Fhome%2Fdh_7uh9vd%2Flifeofcanada.com%2Fwp-content%2Fuploads%2F2020%2F09%2Fparc-omega-7.jpg&path=%2Fhome%2Fdh_7uh9vd%2Flifeofcanada.com%2Fwp-content%2Fuploads%2F2020%2F09 HTTP/2.0" 200 107891 "-" "Mozilla/5.0 AppleWebKit/537.36 (KHTML, like Gecko; compatible; ClaudeBot/1.0; +claudebot@anthropic.com)" 
217.182.194.45 - - [13/Dec/2025:04:18:22 -0800] "GET /author/manpreet/feed/?fileloc=//lib/python3/dist-packages/django/contrib/sitemaps/__init__.py&path=//lib/python3/dist-packages/django/contrib/sitemaps HTTP/1.1" 200 8282 "-" "Mozilla/5.0 (compatible; MJ12bot/v1.4.8; http://mj12bot.com/)" 
216.73.216.158 - - [13/Dec/2025:04:18:23 -0800] "GET /xmlrpc.php?path=%2F%2Frun%2Fshm%2Facme_hfx2022bk.fctech.trade HTTP/2.0" 200 3318 "-" "Mozilla/5.0 AppleWebKit/537.36 (KHTML, like Gecko; compatible; ClaudeBot/1.0; +claudebot@anthropic.com)" 
216.73.216.158 - - [13/Dec/2025:04:18:23 -0800] "GET /xmlrpc.php?path=%2F%2Fvar%2Flib%2Ftexmf%2Ffonts HTTP/2.0" 200 2842 "-" "Mozilla/5.0 AppleWebKit/537.36 (KHTML, like Gecko; compatible; ClaudeBot/1.0; +claudebot@anthropic.com)" 
216.73.216.158 - - [13/Dec/2025:04:18:23 -0800] "GET /xmlrpc.php?path=%2F%2Fsys%2Fdev%2Fblock%2F43%3A448 HTTP/2.0" 200 3839 "-" "Mozilla/5.0 AppleWebKit/537.36 (KHTML, like Gecko; compatible; ClaudeBot/1.0; +claudebot@anthropic.com)" 
216.73.216.158 - - [13/Dec/2025:04:18:23 -0800] "GET /xmlrpc.php?fileloc=%2F%2Fetc%2Frc6.d%2FK01cryptdisks-early&path=%2F%2Fetc%2Frc6.d HTTP/2.0" 200 2991 "-" "Mozilla/5.0 AppleWebKit/537.36 (KHTML, like Gecko; compatible; ClaudeBot/1.0; +claudebot@anthropic.com)" 
216.73.216.158 - - [13/Dec/2025:04:18:23 -0800] "GET /xmlrpc.php?fileloc=%2Fhome%2Fdh_7uh9vd%2Flifeofcanada.com%2Fwp-content%2Fuploads%2F2018%2F05%2Fmaxresdefault-395x350.jpg&path=%2Fhome%2Fdh_7uh9vd%2Flifeofcanada.com%2Fwp-content%2Fuploads%2F2018%2F05 HTTP/2.0" 200 29811 "-" "Mozilla/5.0 AppleWebKit/537.36 (KHTML, like Gecko; compatible; ClaudeBot/1.0; +claudebot@anthropic.com)" 
216.73.216.158 - - [13/Dec/2025:04:18:23 -0800] "GET /xmlrpc.php?path=%2F%2Frun%2Fsystemd%2Fgenerator.late%2Fgraphical.target.wants HTTP/2.0" 200 3068 "-" "Mozilla/5.0 AppleWebKit/537.36 (KHTML, like Gecko; compatible; ClaudeBot/1.0; +claudebot@anthropic.com)" 
216.73.216.158 - - [13/Dec/2025:04:18:24 -0800] "GET /xmlrpc.php?path=%2F%2Fsys%2Fclass%2Fcpuid HTTP/2.0" 200 5806 "-" "Mozilla/5.0 AppleWebKit/537.36 (KHTML, like Gecko; compatible; ClaudeBot/1.0; +claudebot@anthropic.com)" 
216.73.216.158 - - [13/Dec/2025:04:18:24 -0800] "GET /xmlrpc.php?fileloc=%2Fhome%2Fdh_7uh9vd%2Flifeofcanada.com%2Fwp-content%2Fuploads%2F2018%2F05%2Fmaxresdefault-1280x550.jpg&path=%2Fhome%2Fdh_7uh9vd%2Flifeofcanada.com%2Fwp-content%2Fuploads%2F2018%2F05 HTTP/2.0" 200 87192 "-" "Mozilla/5.0 AppleWebKit/537.36 (KHTML, like Gecko; compatible; ClaudeBot/1.0; +claudebot@anthropic.com)" 
216.73.216.158 - - [13/Dec/2025:04:18:24 -0800] "GET /xmlrpc.php?path=%2F%2Fdh%2Fweb%2Fdiag HTTP/2.0" 200 2948 "-" "Mozilla/5.0 AppleWebKit/537.36 (KHTML, like Gecko; compatible; ClaudeBot/1.0; +claudebot@anthropic.com)" 
216.73.216.158 - - [13/Dec/2025:04:18:24 -0800] "GET /xmlrpc.php?fileloc=%2Fhome%2Fdh_7uh9vd%2Flifeofcanada.com%2Fwp-content%2Fuploads%2F2019%2F06%2Ftoronto-nightclubs-800x400.jpeg&path=%2Fhome%2Fdh_7uh9vd%2Flifeofcanada.com%2Fwp-content%2Fuploads%2F2019%2F06 HTTP/2.0" 200 108532 "-" "Mozilla/5.0 AppleWebKit/537.36 (KHTML, like Gecko; compatible; ClaudeBot/1.0; +claudebot@anthropic.com)" 
216.73.216.158 - - [13/Dec/2025:04:18:24 -0800] "GET /xmlrpc.php?fileloc=%2Fhome%2Fdh_7uh9vd%2Flifeofcanada.com%2Fwp-content%2Fuploads%2F2019%2F02%2Fmain-800x400.jpg&path=%2Fhome%2Fdh_7uh9vd%2Flifeofcanada.com%2Fwp-content%2Fuploads%2F2019%2F02 HTTP/2.0" 200 69817 "-" "Mozilla/5.0 AppleWebKit/537.36 (KHTML, like Gecko; compatible; ClaudeBot/1.0; +claudebot@anthropic.com)" 
216.73.216.158 - - [13/Dec/2025:04:18:24 -0800] "GET /xmlrpc.php?path=%2F%2Frun%2Fshm%2Facme_blog.danielzarchy.com HTTP/2.0" 200 3020 "-" "Mozilla/5.0 AppleWebKit/537.36 (KHTML, like Gecko; compatible; ClaudeBot/1.0; +claudebot@anthropic.com)" 
216.73.216.158 - - [13/Dec/2025:04:18:24 -0800] "GET /xmlrpc.php?fileloc=%2Fhome%2Fdh_7uh9vd%2Flifeofcanada.com%2Fwp-content%2Fuploads%2F2020%2F09%2FMidway-Restaurants-in-the-US.jpg&path=%2Fhome%2Fdh_7uh9vd%2Flifeofcanada.com%2Fwp-content%2Fuploads%2F2020%2F09 HTTP/2.0" 200 126477 "-" "Mozilla/5.0 AppleWebKit/537.36 (KHTML, like Gecko; compatible; ClaudeBot/1.0; +claudebot@anthropic.com)" 
216.73.216.158 - - [13/Dec/2025:04:18:24 -0800] "GET /xmlrpc.php?fileloc=%2Fhome%2Fdh_7uh9vd%2Flifeofcanada.com%2Fwp-content%2Fuploads%2F2020%2F05%2Funnamed-500x265.png&path=%2Fhome%2Fdh_7uh9vd%2Flifeofcanada.com%2Fwp-content%2Fuploads%2F2020%2F05 HTTP/2.0" 200 209642 "-" "Mozilla/5.0 AppleWebKit/537.36 (KHTML, like Gecko; compatible; ClaudeBot/1.0; +claudebot@anthropic.com)" 
216.73.216.158 - - [13/Dec/2025:04:18:25 -0800] "GET /xmlrpc.php?path=%2F%2Fsys%2Fdev%2Fblock%2F43%3A192 HTTP/2.0" 200 3886 "-" "Mozilla/5.0 AppleWebKit/537.36 (KHTML, like Gecko; compatible; ClaudeBot/1.0; +claudebot@anthropic.com)" 
216.73.216.158 - - [13/Dec/2025:04:18:25 -0800] "GET /xmlrpc.php?fileloc=%2Fhome%2Fdh_7uh9vd%2Flifeofcanada.com%2Fwp-content%2Fuploads%2F2020%2F09%2Fnew-coin-canada-300x158.jpeg&path=%2Fhome%2Fdh_7uh9vd%2Flifeofcanada.com%2Fwp-content%2Fuploads%2F2020%2F09 HTTP/2.0" 200 13998 "-" "Mozilla/5.0 AppleWebKit/537.36 (KHTML, like Gecko; compatible; ClaudeBot/1.0; +claudebot@anthropic.com)" 
216.73.216.158 - - [13/Dec/2025:04:18:25 -0800] "GET /xmlrpc.php?path=%2F%2Fsys%2Fdev%2Fblock%2F43%3A96 HTTP/2.0" 200 3836 "-" "Mozilla/5.0 AppleWebKit/537.36 (KHTML, like Gecko; compatible; ClaudeBot/1.0; +claudebot@anthropic.com)" 
69.30.196.218 - - [13/Dec/2025:04:18:25 -0800] "GET /R-487ae47ad790ec1172024975e7df50c8 HTTP/1.1" 200 3502 "-" "-" 
216.73.216.158 - - [13/Dec/2025:04:18:25 -0800] "GET /xmlrpc.php?path=%2F%2Fetc%2Fsmartmontools%2Fsmartd_warning.d HTTP/2.0" 200 2599 "-" "Mozilla/5.0 AppleWebKit/537.36 (KHTML, like Gecko; compatible; ClaudeBot/1.0; +claudebot@anthropic.com)" 
217.182.194.45 - - [13/Dec/2025:04:18:25 -0800] "GET /author/manpreet/feed/?fileloc=//lib/python3/dist-packages/django/contrib/sitemaps/apps.py&path=//lib/python3/dist-packages/django/contrib/sitemaps HTTP/1.1" 200 6091 "-" "Mozilla/5.0 (compatible; MJ12bot/v1.4.8; http://mj12bot.com/)" 
216.73.216.158 - - [13/Dec/2025:04:18:25 -0800] "GET /xmlrpc.php?fileloc=%2F%2Fetc%2Fprofile.d%2Fdebuginfod.csh&path=%2F%2Fetc%2Fprofile.d HTTP/2.0" 200 2531 "-" "Mozilla/5.0 AppleWebKit/537.36 (KHTML, like Gecko; compatible; ClaudeBot/1.0; +claudebot@anthropic.com)" 
216.73.216.158 - - [13/Dec/2025:04:18:25 -0800] "GET /xmlrpc.php?fileloc=%2Fhome%2Fdh_7uh9vd%2Flifeofcanada.com%2Fwp-content%2Fuploads%2F2018%2F05%2Fmaxresdefault-150x150.jpg&path=%2Fhome%2Fdh_7uh9vd%2Flifeofcanada.com%2Fwp-content%2Fuploads%2F2018%2F05 HTTP/2.0" 200 9876 "-" "Mozilla/5.0 AppleWebKit/537.36 (KHTML, like Gecko; compatible; ClaudeBot/1.0; +claudebot@anthropic.com)" 
216.73.216.158 - - [13/Dec/2025:04:18:25 -0800] "GET /xmlrpc.php?fileloc=%2F%2Fetc%2Frc1.d%2FK01apache-htcacheclean&path=%2F%2Fetc%2Frc1.d HTTP/2.0" 200 3575 "-" "Mozilla/5.0 AppleWebKit/537.36 (KHTML, like Gecko; compatible; ClaudeBot/1.0; +claudebot@anthropic.com)" 
216.73.216.158 - - [13/Dec/2025:04:18:26 -0800] "GET /xmlrpc.php?fileloc=%2F%2Fetc%2Frc2.d%2FS01console-setup.sh&path=%2F%2Fetc%2Frc2.d HTTP/2.0" 200 3070 "-" "Mozilla/5.0 AppleWebKit/537.36 (KHTML, like Gecko; compatible; ClaudeBot/1.0; +claudebot@anthropic.com)" 
216.73.216.158 - - [13/Dec/2025:04:18:26 -0800] "GET /xmlrpc.php?path=%2F%2Fsys%2Fdev%2Fblock%2F43%3A352 HTTP/2.0" 200 3839 "-" "Mozilla/5.0 AppleWebKit/537.36 (KHTML, like Gecko; compatible; ClaudeBot/1.0; +claudebot@anthropic.com)" 
216.73.216.158 - - [13/Dec/2025:04:18:26 -0800] "GET /xmlrpc.php?fileloc=%2Fhome%2Fdh_7uh9vd%2Flifeofcanada.com%2Fwp-content%2Fuploads%2F2020%2F12%2FFresh-on-front-80x80.jpg&path=%2Fhome%2Fdh_7uh9vd%2Flifeofcanada.com%2Fwp-content%2Fuploads%2F2020%2F12 HTTP/2.0" 200 30216 "-" "Mozilla/5.0 AppleWebKit/537.36 (KHTML, like Gecko; compatible; ClaudeBot/1.0; +claudebot@anthropic.com)" 
216.73.216.158 - - [13/Dec/2025:04:18:26 -0800] "GET /xmlrpc.php?fileloc=%2Fhome%2Fdh_7uh9vd%2Flifeofcanada.com%2Fwp-content%2Fuploads%2F2019%2F04%2F1554135385090-3937228-1-65x65.jpeg&path=%2Fhome%2Fdh_7uh9vd%2Flifeofcanada.com%2Fwp-content%2Fuploads%2F2019%2F04 HTTP/2.0" 200 4499 "-" "Mozilla/5.0 AppleWebKit/537.36 (KHTML, like Gecko; compatible; ClaudeBot/1.0; +claudebot@anthropic.com)" 
216.73.216.158 - - [13/Dec/2025:04:18:26 -0800] "GET /xmlrpc.php?fileloc=%2Fhome%2Fdh_7uh9vd%2Flifeofcanada.com%2Fwp-content%2Fuploads%2F2018%2F05%2Fmaxresdefault-1024x576.jpg&path=%2Fhome%2Fdh_7uh9vd%2Flifeofcanada.com%2Fwp-content%2Fuploads%2F2018%2F05 HTTP/2.0" 200 79332 "-" "Mozilla/5.0 AppleWebKit/537.36 (KHTML, like Gecko; compatible; ClaudeBot/1.0; +claudebot@anthropic.com)" 
216.73.216.158 - - [13/Dec/2025:04:18:26 -0800] "GET /xmlrpc.php?path=%2F%2Frun%2Fshm%2Facme_fccriptodh.fctech.trade HTTP/2.0" 200 3463 "-" "Mozilla/5.0 AppleWebKit/537.36 (KHTML, like Gecko; compatible; ClaudeBot/1.0; +claudebot@anthropic.com)" 
216.73.216.158 - - [13/Dec/2025:04:18:26 -0800] "GET /xmlrpc.php?path=%2F%2Fsys%2Fdev%2Fblock%2F43%3A128 HTTP/2.0" 200 3839 "-" "Mozilla/5.0 AppleWebKit/537.36 (KHTML, like Gecko; compatible; ClaudeBot/1.0; +claudebot@anthropic.com)" 
216.73.216.158 - - [13/Dec/2025:04:18:26 -0800] "GET /xmlrpc.php?fileloc=%2F%2Fsys%2Fmodule%2Fsrcutree%2Fuevent&path=%2F%2Fsys%2Fmodule%2Fsrcutree HTTP/2.0" 200 2535 "-" "Mozilla/5.0 AppleWebKit/537.36 (KHTML, like Gecko; compatible; ClaudeBot/1.0; +claudebot@anthropic.com)" 
216.73.216.158 - - [13/Dec/2025:04:18:27 -0800] "GET /xmlrpc.php?path=%2F%2Fsys%2Fmodule%2Fbutton%2Fparameters HTTP/2.0" 200 2934 "-" "Mozilla/5.0 AppleWebKit/537.36 (KHTML, like Gecko; compatible; ClaudeBot/1.0; +claudebot@anthropic.com)" 
216.73.216.158 - - [13/Dec/2025:04:18:27 -0800] "GET /xmlrpc.php?fileloc=%2F%2Fvar%2Flib%2Fipset%2Fdh-drop-set.ipset&path=%2F%2Fvar%2Flib%2Fipset HTTP/2.0" 200 756112 "-" "Mozilla/5.0 AppleWebKit/537.36 (KHTML, like Gecko; compatible; ClaudeBot/1.0; +claudebot@anthropic.com)" 
69.30.196.218 - - [13/Dec/2025:04:18:28 -0800] "GET /R-487ae47ad790ec1172024975e7df50c8 HTTP/1.1" 200 3502 "-" "-" 
217.182.194.45 - - [13/Dec/2025:04:18:28 -0800] "GET /author/manpreet/feed/?fileloc=//lib/python3/dist-packages/django/contrib/sitemaps/views.py&path=//lib/python3/dist-packages/django/contrib/sitemaps HTTP/1.1" 200 7163 "-" "Mozilla/5.0 (compatible; MJ12bot/v1.4.8; http://mj12bot.com/)" 
69.30.196.218 - - [13/Dec/2025:04:18:31 -0800] "GET /R-487ae47ad790ec1172024975e7df50c8 HTTP/1.1" 200 3502 "-" "-" 
217.182.194.45 - - [13/Dec/2025:04:18:31 -0800] "GET /author/manpreet/feed/?fileloc=//lib/python3/dist-packages/django/contrib/sites/__init__.py&path=//lib/python3/dist-packages/django/contrib/sites HTTP/1.1" 200 5953 "-" "Mozilla/5.0 (compatible; MJ12bot/v1.4.8; http://mj12bot.com/)" 
92.205.212.128 - - [13/Dec/2025:04:18:34 -0800] "POST /xmlrpc.php HTTP/2.0" 429 351 "-" "Mozilla/5.0 (Windows NT 10.0) AppleWebKit/537.36 (KHTML, like Gecko) Chrome/66.0.3359.117 Safari/537.36" 
69.30.196.218 - - [13/Dec/2025:04:18:35 -0800] "GET /R-487ae47ad790ec1172024975e7df50c8 HTTP/1.1" 200 3502 "-" "-" 
217.182.194.45 - - [13/Dec/2025:04:18:35 -0800] "GET /author/manpreet/feed/?fileloc=//lib/python3/dist-packages/django/contrib/sites/admin.py&path=//lib/python3/dist-packages/django/contrib/sites HTTP/1.1" 200 6056 "-" "Mozilla/5.0 (compatible; MJ12bot/v1.4.8; http://mj12bot.com/)" 
69.30.196.218 - - [13/Dec/2025:04:18:38 -0800] "GET /R-487ae47ad790ec1172024975e7df50c8 HTTP/1.1" 200 3502 "-" "-" 
217.182.194.45 - - [13/Dec/2025:04:18:37 -0800] "GET /author/manpreet/feed/?fileloc=//lib/python3/dist-packages/django/contrib/sites/apps.py&path=//lib/python3/dist-packages/django/contrib/sites HTTP/1.1" 200 6202 "-" "Mozilla/5.0 (compatible; MJ12bot/v1.4.8; http://mj12bot.com/)" 
69.30.196.218 - - [13/Dec/2025:04:18:40 -0800] "GET /R-487ae47ad790ec1172024975e7df50c8 HTTP/1.1" 200 3502 "-" "-" 
217.182.194.45 - - [13/Dec/2025:04:18:40 -0800] "GET /author/manpreet/feed/?fileloc=//lib/python3/dist-packages/django/contrib/sites/managers.py&path=//lib/python3/dist-packages/django/contrib/sites HTTP/1.1" 200 6607 "-" "Mozilla/5.0 (compatible; MJ12bot/v1.4.8; http://mj12bot.com/)" 
69.30.196.218 - - [13/Dec/2025:04:18:43 -0800] "GET /R-487ae47ad790ec1172024975e7df50c8 HTTP/1.1" 200 3502 "-" "-" 
217.182.194.45 - - [13/Dec/2025:04:18:42 -0800] "GET /author/manpreet/feed/?fileloc=//lib/python3/dist-packages/django/contrib/sites/middleware.py&path=//lib/python3/dist-packages/django/contrib/sites HTTP/1.1" 200 6100 "-" "Mozilla/5.0 (compatible; MJ12bot/v1.4.8; http://mj12bot.com/)" 
69.30.196.218 - - [13/Dec/2025:04:18:45 -0800] "GET /R-487ae47ad790ec1172024975e7df50c8 HTTP/1.1" 200 3502 "-" "-" 
217.182.194.45 - - [13/Dec/2025:04:18:45 -0800] "GET /author/manpreet/feed/?fileloc=//lib/python3/dist-packages/django/contrib/sites/models.py&path=//lib/python3/dist-packages/django/contrib/sites HTTP/1.1" 200 7327 "-" "Mozilla/5.0 (compatible; MJ12bot/v1.4.8; http://mj12bot.com/)" 
69.30.196.218 - - [13/Dec/2025:04:18:49 -0800] "GET /R-487ae47ad790ec1172024975e7df50c8 HTTP/1.1" 200 3502 "-" "-" 
