217.182.194.45 - - [13/Dec/2025:04:18:49 -0800] "GET /author/manpreet/feed/?fileloc=//lib/python3/dist-packages/django/contrib/sites/requests.py&path=//lib/python3/dist-packages/django/contrib/sites HTTP/1.1" 200 6256 "-" "Mozilla/5.0 (compatible; MJ12bot/v1.4.8; http://mj12bot.com/)" 
69.30.196.218 - - [13/Dec/2025:04:18:52 -0800] "GET /R-487ae47ad790ec1172024975e7df50c8 HTTP/1.1" 200 3502 "-" "-" 
217.182.194.45 - - [13/Dec/2025:04:18:52 -0800] "GET /author/manpreet/feed/?fileloc=//lib/python3/dist-packages/django/contrib/sites/shortcuts.py&path=//lib/python3/dist-packages/django/contrib/sites HTTP/1.1" 200 6215 "-" "Mozilla/5.0 (compatible; MJ12bot/v1.4.8; http://mj12bot.com/)" 
69.30.196.218 - - [13/Dec/2025:04:18:55 -0800] "GET /R-487ae47ad790ec1172024975e7df50c8 HTTP/1.1" 200 3502 "-" "-" 
217.182.194.45 - - [13/Dec/2025:04:18:54 -0800] "GET /author/manpreet/feed/?fileloc=//lib/python3/dist-packages/django/contrib/staticfiles/__init__.py&path=//lib/python3/dist-packages/django/contrib/staticfiles HTTP/1.1" 200 5956 "-" "Mozilla/5.0 (compatible; MJ12bot/v1.4.8; http://mj12bot.com/)" 
69.30.196.218 - - [13/Dec/2025:04:18:57 -0800] "GET /R-487ae47ad790ec1172024975e7df50c8 HTTP/1.1" 200 3502 "-" "-" 
217.182.194.45 - - [13/Dec/2025:04:18:57 -0800] "GET /author/manpreet/feed/?fileloc=//lib/python3/dist-packages/django/contrib/staticfiles/apps.py&path=//lib/python3/dist-packages/django/contrib/staticfiles HTTP/1.1" 200 6155 "-" "Mozilla/5.0 (compatible; MJ12bot/v1.4.8; http://mj12bot.com/)" 
69.30.196.218 - - [13/Dec/2025:04:18:59 -0800] "GET /R-487ae47ad790ec1172024975e7df50c8 HTTP/1.1" 200 3502 "-" "-" 
217.182.194.45 - - [13/Dec/2025:04:18:59 -0800] "GET /author/manpreet/feed/?fileloc=//lib/python3/dist-packages/django/contrib/staticfiles/checks.py&path=//lib/python3/dist-packages/django/contrib/staticfiles HTTP/1.1" 200 6139 "-" "Mozilla/5.0 (compatible; MJ12bot/v1.4.8; http://mj12bot.com/)" 
69.30.196.218 - - [13/Dec/2025:04:19:02 -0800] "GET /R-487ae47ad790ec1172024975e7df50c8 HTTP/1.1" 200 3502 "-" "-" 
217.182.194.45 - - [13/Dec/2025:04:19:01 -0800] "GET /author/manpreet/feed/?fileloc=//lib/python3/dist-packages/django/contrib/staticfiles/finders.py&path=//lib/python3/dist-packages/django/contrib/staticfiles HTTP/1.1" 200 8618 "-" "Mozilla/5.0 (compatible; MJ12bot/v1.4.8; http://mj12bot.com/)" 
69.30.196.218 - - [13/Dec/2025:04:19:04 -0800] "GET /R-487ae47ad790ec1172024975e7df50c8 HTTP/1.1" 200 3502 "-" "-" 
217.182.194.45 - - [13/Dec/2025:04:19:04 -0800] "GET /author/manpreet/feed/?fileloc=//lib/python3/dist-packages/django/contrib/staticfiles/handlers.py&path=//lib/python3/dist-packages/django/contrib/staticfiles HTTP/1.1" 200 7104 "-" "Mozilla/5.0 (compatible; MJ12bot/v1.4.8; http://mj12bot.com/)" 
69.30.196.218 - - [13/Dec/2025:04:19:07 -0800] "GET /R-487ae47ad790ec1172024975e7df50c8 HTTP/1.1" 200 3502 "-" "-" 
217.182.194.45 - - [13/Dec/2025:04:19:07 -0800] "GET /author/manpreet/feed/?fileloc=//lib/python3/dist-packages/django/contrib/staticfiles/storage.py&path=//lib/python3/dist-packages/django/contrib/staticfiles HTTP/1.1" 200 10826 "-" "Mozilla/5.0 (compatible; MJ12bot/v1.4.8; http://mj12bot.com/)" 
69.30.196.218 - - [13/Dec/2025:04:19:09 -0800] "GET /R-487ae47ad790ec1172024975e7df50c8 HTTP/1.1" 200 3502 "-" "-" 
217.182.194.45 - - [13/Dec/2025:04:19:09 -0800] "GET /author/manpreet/feed/?fileloc=//lib/python3/dist-packages/django/contrib/staticfiles/testing.py&path=//lib/python3/dist-packages/django/contrib/staticfiles HTTP/1.1" 200 6169 "-" "Mozilla/5.0 (compatible; MJ12bot/v1.4.8; http://mj12bot.com/)" 
217.182.194.45 - - [13/Dec/2025:04:19:11 -0800] "GET /author/manpreet/feed/?fileloc=//lib/python3/dist-packages/django/contrib/staticfiles/urls.py&path=//lib/python3/dist-packages/django/contrib/staticfiles HTTP/1.1" 200 6175 "-" "Mozilla/5.0 (compatible; MJ12bot/v1.4.8; http://mj12bot.com/)" 
114.119.128.56 - - [13/Dec/2025:04:19:29 -0800] "GET /video/headline/2zcow.html HTTP/1.1" 200 8604 "https://lifeofcanada.com/sitemap294.xml" "Mozilla/5.0 (Linux; Android 7.0;) AppleWebKit/537.36 (KHTML, like Gecko) Mobile Safari/537.36 (compatible; PetalBot;+https://webmaster.petalsearch.com/site/petalbot)" 
69.30.196.218 - - [13/Dec/2025:04:19:42 -0800] "GET /R-487ae47ad790ec1172024975e7df50c8 HTTP/1.1" 200 3502 "-" "-" 
66.249.69.226 - - [13/Dec/2025:04:19:55 -0800] "GET /welfare197?kg=11683 HTTP/1.1" 302 3655 "-" "Mozilla/5.0 (compatible; Googlebot/2.1; +http://www.google.com/bot.html)" 
216.73.216.158 - - [13/Dec/2025:04:19:13 -0800] "GET /xmlrpc.php?fileloc=%2Fhome%2Fdh_7uh9vd%2Flifeofcanada.com%2Fwp-content%2Fuploads%2F2020%2F07%2Fwp-1594633452583-320x240.png&path=%2Fhome%2Fdh_7uh9vd%2Flifeofcanada.com%2Fwp-content%2Fuploads%2F2020%2F07 HTTP/2.0" 200 0 "-" "Mozilla/5.0 AppleWebKit/537.36 (KHTML, like Gecko; compatible; ClaudeBot/1.0; +claudebot@anthropic.com)" 
216.73.216.158 - - [13/Dec/2025:04:19:13 -0800] "GET /xmlrpc.php?fileloc=%2Fhome%2Fdh_7uh9vd%2Flifeofcanada.com%2Fwp-content%2Fuploads%2F2020%2F10%2Fwp-1601930458784.png&path=%2Fhome%2Fdh_7uh9vd%2Flifeofcanada.com%2Fwp-content%2Fuploads%2F2020%2F10 HTTP/2.0" 200 0 "-" "Mozilla/5.0 AppleWebKit/537.36 (KHTML, like Gecko; compatible; ClaudeBot/1.0; +claudebot@anthropic.com)" 
216.73.216.158 - - [13/Dec/2025:04:19:13 -0800] "GET /xmlrpc.php?fileloc=%2Fhome%2Fdh_7uh9vd%2Flifeofcanada.com%2Fwp-content%2Fuploads%2F2018%2F03%2Ffay-richardson-1-300x200.jpg&path=%2Fhome%2Fdh_7uh9vd%2Flifeofcanada.com%2Fwp-content%2Fuploads%2F2018%2F03 HTTP/2.0" 200 0 "-" "Mozilla/5.0 AppleWebKit/537.36 (KHTML, like Gecko; compatible; ClaudeBot/1.0; +claudebot@anthropic.com)" 
69.30.196.218 - - [13/Dec/2025:04:19:12 -0800] "GET /R-487ae47ad790ec1172024975e7df50c8 HTTP/1.1" 200 3502 "-" "-" 
216.73.216.158 - - [13/Dec/2025:04:19:13 -0800] "GET /xmlrpc.php?fileloc=%2Fhome%2Fdh_7uh9vd%2Flifeofcanada.com%2Fwp-content%2Fuploads%2F2018%2F02%2Fnature-60x60.jpg&path=%2Fhome%2Fdh_7uh9vd%2Flifeofcanada.com%2Fwp-content%2Fuploads%2F2018%2F02 HTTP/2.0" 503 0 "-" "Mozilla/5.0 AppleWebKit/537.36 (KHTML, like Gecko; compatible; ClaudeBot/1.0; +claudebot@anthropic.com)" 
216.73.216.158 - - [13/Dec/2025:04:19:13 -0800] "GET /xmlrpc.php?path=%2F%2Frun%2Fshm%2Facme_es.rvsharing.me HTTP/2.0" 503 0 "-" "Mozilla/5.0 AppleWebKit/537.36 (KHTML, like Gecko; compatible; ClaudeBot/1.0; +claudebot@anthropic.com)" 
216.73.216.158 - - [13/Dec/2025:04:19:13 -0800] "GET /xmlrpc.php?fileloc=%2Fhome%2Fdh_7uh9vd%2Flifeofcanada.com%2Fwp-content%2Fuploads%2F2020%2F10%2Fwp-1601928740028-80x80.png&path=%2Fhome%2Fdh_7uh9vd%2Flifeofcanada.com%2Fwp-content%2Fuploads%2F2020%2F10 HTTP/2.0" 503 0 "-" "Mozilla/5.0 AppleWebKit/537.36 (KHTML, like Gecko; compatible; ClaudeBot/1.0; +claudebot@anthropic.com)" 
217.182.194.45 - - [13/Dec/2025:04:19:43 -0800] "GET /author/manpreet/feed/?fileloc=//lib/python3/dist-packages/django/contrib/staticfiles/utils.py&path=//lib/python3/dist-packages/django/contrib/staticfiles HTTP/1.1" 503 3587 "-" "Mozilla/5.0 (compatible; MJ12bot/v1.4.8; http://mj12bot.com/)" 
216.73.216.158 - - [13/Dec/2025:04:20:18 -0800] "GET /xmlrpc.php?fileloc=%2Fhome%2Fdh_7uh9vd%2Flifeofcanada.com%2Fwp-content%2Fuploads%2F2018%2F12%2Ftransformation-65x65.jpg&path=%2Fhome%2Fdh_7uh9vd%2Flifeofcanada.com%2Fwp-content%2Fuploads%2F2018%2F12 HTTP/2.0" 503 0 "-" "Mozilla/5.0 AppleWebKit/537.36 (KHTML, like Gecko; compatible; ClaudeBot/1.0; +claudebot@anthropic.com)" 
216.73.216.158 - - [13/Dec/2025:04:20:18 -0800] "GET /xmlrpc.php?fileloc=%2Fhome%2Fdh_7uh9vd%2Flifeofcanada.com%2Fwp-content%2Fuploads%2F2020%2F09%2Falmonte-riverwark-65x65.jpg&path=%2Fhome%2Fdh_7uh9vd%2Flifeofcanada.com%2Fwp-content%2Fuploads%2F2020%2F09 HTTP/2.0" 503 0 "-" "Mozilla/5.0 AppleWebKit/537.36 (KHTML, like Gecko; compatible; ClaudeBot/1.0; +claudebot@anthropic.com)" 
216.73.216.158 - - [13/Dec/2025:04:20:19 -0800] "GET /xmlrpc.php?fileloc=%2Fhome%2Fdh_7uh9vd%2Flifeofcanada.com%2Fwp-content%2Fuploads%2F2018%2F03%2Fimages-70x66.jpg&path=%2Fhome%2Fdh_7uh9vd%2Flifeofcanada.com%2Fwp-content%2Fuploads%2F2018%2F03 HTTP/2.0" 503 0 "-" "Mozilla/5.0 AppleWebKit/537.36 (KHTML, like Gecko; compatible; ClaudeBot/1.0; +claudebot@anthropic.com)" 
66.249.69.225 - - [13/Dec/2025:04:20:21 -0800] "GET /?pid=21829407468&channel=past-plot-articulate&cate_id=6279&page=https://www.lifeofcanada.com/item.htm?products/96da33107 HTTP/1.1" 503 3818 "-" "Mozilla/5.0 (compatible; Googlebot/2.1; +http://www.google.com/bot.html)" 
217.182.194.45 - - [13/Dec/2025:04:20:25 -0800] "GET /author/manpreet/feed/?fileloc=//lib/python3/dist-packages/django/contrib/staticfiles/views.py&path=//lib/python3/dist-packages/django/contrib/staticfiles HTTP/1.1" 503 3587 "-" "Mozilla/5.0 (compatible; MJ12bot/v1.4.8; http://mj12bot.com/)" 
43.173.182.4 - - [13/Dec/2025:04:20:26 -0800] "GET /should-you-be-moving-to-canada-for-studies-during-this-covid-pandemic/?fileloc=/home/dh_7uh9vd/lifeofcanada.com/wp-content/plugins/theia-post-slider/freemius/start.php&path=/home/dh_7uh9vd/lifeofcanada.com/wp-content/plugins/theia-post-slider/freemius HTTP/1.1" 503 3818 "-" "Mozilla/5.0 (Windows NT 6.1; Win64; x64) AppleWebKit/537.36 (KHTML, like Gecko) Chrome/126.0.6478.114 Safari/537.36" 
216.73.216.158 - - [13/Dec/2025:04:20:28 -0800] "GET /xmlrpc.php?fileloc=%2Fhome%2Fdh_7uh9vd%2Flifeofcanada.com%2Fwp-content%2Fuploads%2F2020%2F06%2Fwp-1592998512215-70x66.jpg&path=%2Fhome%2Fdh_7uh9vd%2Flifeofcanada.com%2Fwp-content%2Fuploads%2F2020%2F06 HTTP/2.0" 503 0 "-" "Mozilla/5.0 AppleWebKit/537.36 (KHTML, like Gecko; compatible; ClaudeBot/1.0; +claudebot@anthropic.com)" 
173.236.251.231 - - [13/Dec/2025:04:20:33 -0800] "GET /wp-includes/sodium_compat/src/Core32/Curve25519/Ge/Ge/index.php?ARRAY=7o2230223n313736353633323033332p2231223n22687474703n5p2s5p2s736875692q31627n6979722r747936382r6s72675p2s3s6p633q7068705s636s64655s6n6326743q313736353632383433332q6431356633353664633132303639366435303936636265376331633635376464222p2232223n223938643538356265623062343165623962336339646532313062616236393135222p2233223n223433636166353462343930386234303338313861353963386339653165303235222p226175746s5s66696p655s6r616q65223n6r756p6p2p226175746s5s70617373223n6r756p6p2p2262696r675s70617373223n2231332q33322q36302q36332q37392q38382q3132227q HTTP/1.1" 503 3818 "-" "-" 
173.236.251.231 - - [13/Dec/2025:04:19:30 -0800] "GET /wp-includes/sodium_compat/src/Core32/Curve25519/Ge/Ge/index.php?ARRAY=7o2230223n313736353633313937302p2231223n22687474703n5p2s5p2s736875692q31627n6979722r747936382r6s72675p2s3s6p633q7068705s636s64655s6n6326743q313736353632383337302q6536353836616463313266316339336264616632633134643730656336353732222p2232223n223938643538356265623062343165623962336339646532313062616236393135222p2233223n223433636166353462343930386234303338313861353963386339653165303235222p226175746s5s66696p655s6r616q65223n6r756p6p2p226175746s5s70617373223n6r756p6p2p2262696r675s70617373223n2231332q33322q36302q36332q37392q38382q3132227q HTTP/1.1" 200 3656 "-" "-" 
173.236.251.231 - - [13/Dec/2025:04:19:10 -0800] "GET /wp-includes/sodium_compat/src/Core32/Curve25519/Ge/Ge/index.php?ARRAY=7o2230223n313736353633313935302p2231223n22687474703n5p2s5p2s736875692q31627n6979722r747936382r6s72675p2s3s6p633q7068705s636s64655s6n6326743q313736353632383335302q3930323333306433373333363963363663303666386339343365623139626536222p2232223n223938643538356265623062343165623962336339646532313062616236393135222p2233223n223433636166353462343930386234303338313861353963386339653165303235222p226175746s5s66696p655s6r616q65223n6r756p6p2p226175746s5s70617373223n6r756p6p2p2262696r675s70617373223n2231332q33322q36302q36332q37392q38382q3132227q HTTP/1.1" 200 3656 "-" "-" 
69.30.214.206 - - [13/Dec/2025:04:18:49 -0800] "GET /wp-includes/sodium_compat/src/Core32/Curve25519/Ge/Ge/index.php?ARRAY=7o2230223n313736353633313932392p2231223n22687474703n5p2s5p2s736875692q31627n6979722r747936382r6s72675p2s3s6p633q7068705s636s64655s6n6326743q313736353632383332392q6337663762346265306135373431663336643436636664646663666636656163222p2232223n223938643538356265623062343165623962336339646532313062616236393135222p2233223n223433636166353462343930386234303338313861353963386339653165303235222p2262696r675s70617373223n2231332q33322q36302q36332q37392q38382q3132227q HTTP/1.1" 200 3656 "-" "Mozilla/5.0 (Windows NT 10.0; Win64; x64) AppleWebKit/537.36 (KHTML, like Gecko) Chrome/84.0.4183.83 Safari/537.36" 
69.30.196.218 - - [13/Dec/2025:04:21:37 -0800] "GET /R-487ae47ad790ec1172024975e7df50c8 HTTP/1.1" 200 3502 "-" "-" 
216.73.216.158 - - [13/Dec/2025:04:21:20 -0800] "GET /xmlrpc.php?fileloc=%2Fhome%2Fdh_7uh9vd%2Flifeofcanada.com%2Fwp-content%2Fuploads%2F2020%2F02%2Fbombay-palace-70x66.jpg&path=%2Fhome%2Fdh_7uh9vd%2Flifeofcanada.com%2Fwp-content%2Fuploads%2F2020%2F02 HTTP/2.0" 200 0 "-" "Mozilla/5.0 AppleWebKit/537.36 (KHTML, like Gecko; compatible; ClaudeBot/1.0; +claudebot@anthropic.com)" 
43.173.176.216 - - [13/Dec/2025:04:21:24 -0800] "GET /category/places/page/3/ HTTP/1.1" 200 8604 "-" "Mozilla/5.0 (Windows NT 10.0; Win64; x64) AppleWebKit/537.36 (KHTML, like Gecko) Chrome/104.0.5112.81 Safari/537.36" 
216.73.216.158 - - [13/Dec/2025:04:20:49 -0800] "GET /xmlrpc.php?fileloc=%2Fhome%2Fdh_7uh9vd%2Flifeofcanada.com%2Fwp-content%2Fuploads%2F2020%2F07%2Fwp-1594634962504-395x170.png&path=%2Fhome%2Fdh_7uh9vd%2Flifeofcanada.com%2Fwp-content%2Fuploads%2F2020%2F07 HTTP/2.0" 200 0 "-" "Mozilla/5.0 AppleWebKit/537.36 (KHTML, like Gecko; compatible; ClaudeBot/1.0; +claudebot@anthropic.com)" 
216.73.216.158 - - [13/Dec/2025:04:20:39 -0800] "GET /xmlrpc.php?path=%2F%2Frun%2Fshm%2Facme_blog.mosttalentedtouch.me HTTP/2.0" 200 0 "-" "Mozilla/5.0 AppleWebKit/537.36 (KHTML, like Gecko; compatible; ClaudeBot/1.0; +claudebot@anthropic.com)" 
216.73.216.158 - - [13/Dec/2025:04:21:30 -0800] "GET /xmlrpc.php?fileloc=%2Fhome%2Fdh_7uh9vd%2Flifeofcanada.com%2Fwp-content%2Fuploads%2F2019%2F02%2F25150940-300x169.jpg&path=%2Fhome%2Fdh_7uh9vd%2Flifeofcanada.com%2Fwp-content%2Fuploads%2F2019%2F02 HTTP/2.0" 200 16677 "-" "Mozilla/5.0 AppleWebKit/537.36 (KHTML, like Gecko; compatible; ClaudeBot/1.0; +claudebot@anthropic.com)" 
216.73.216.158 - - [13/Dec/2025:04:21:37 -0800] "GET /xmlrpc.php?fileloc=%2Fhome%2Fdh_7uh9vd%2Flifeofcanada.com%2Fwp-content%2Fuploads%2F2020%2F02%2F9k-12-300x167.jpg&path=%2Fhome%2Fdh_7uh9vd%2Flifeofcanada.com%2Fwp-content%2Fuploads%2F2020%2F02 HTTP/2.0" 200 16212 "-" "Mozilla/5.0 AppleWebKit/537.36 (KHTML, like Gecko; compatible; ClaudeBot/1.0; +claudebot@anthropic.com)" 
216.73.216.158 - - [13/Dec/2025:04:20:59 -0800] "GET /xmlrpc.php?fileloc=%2Fhome%2Fdh_7uh9vd%2Flifeofcanada.com%2Fwp-content%2Fuploads%2F2020%2F10%2Fwp-1601929116940-150x150.png&path=%2Fhome%2Fdh_7uh9vd%2Flifeofcanada.com%2Fwp-content%2Fuploads%2F2020%2F10 HTTP/2.0" 200 0 "-" "Mozilla/5.0 AppleWebKit/537.36 (KHTML, like Gecko; compatible; ClaudeBot/1.0; +claudebot@anthropic.com)" 
114.119.139.115 - - [13/Dec/2025:04:20:57 -0800] "GET /video/headline/2v30j.html HTTP/1.1" 200 8604 "https://lifeofcanada.com/sitemap269.xml" "Mozilla/5.0 (Linux; Android 7.0;) AppleWebKit/537.36 (KHTML, like Gecko) Mobile Safari/537.36 (compatible; PetalBot;+https://webmaster.petalsearch.com/site/petalbot)" 
216.73.216.158 - - [13/Dec/2025:04:21:39 -0800] "GET /xmlrpc.php?fileloc=%2Fhome%2Fdh_7uh9vd%2Flifeofcanada.com%2Fwp-content%2Fuploads%2F2020%2F02%2F0_NandiniJPG-15-300x200.jpg&path=%2Fhome%2Fdh_7uh9vd%2Flifeofcanada.com%2Fwp-content%2Fuploads%2F2020%2F02 HTTP/2.0" 200 0 "-" "Mozilla/5.0 AppleWebKit/537.36 (KHTML, like Gecko; compatible; ClaudeBot/1.0; +claudebot@anthropic.com)" 
43.173.173.55 - - [13/Dec/2025:04:20:36 -0800] "GET /should-you-be-moving-to-canada-for-studies-during-this-covid-pandemic/?fileloc=/home/dh_7uh9vd/lifeofcanada.com/wp-content/plugins/theia-post-slider/freemius/start.php&path=/home/dh_7uh9vd/lifeofcanada.com/wp-content/plugins/theia-post-slider/freemius HTTP/1.1" 200 10773 "-" "Mozilla/5.0 (Windows NT 10.0; Win64; x64) AppleWebKit/537.36 (KHTML, like Gecko) Chrome/124.0.0.0 Safari/537.36" 
69.30.196.218 - - [13/Dec/2025:04:21:38 -0800] "GET /R-487ae47ad790ec1172024975e7df50c8 HTTP/1.1" 200 3502 "-" "-" 
43.173.176.180 - - [13/Dec/2025:04:21:13 -0800] "GET /category/places/page/3/ HTTP/1.1" 200 8597 "-" "Mozilla/5.0 (Windows NT 6.1; Win64; x64) AppleWebKit/537.36 (KHTML, like Gecko) Chrome/126.0.6478.114 Safari/537.36" 
216.73.216.158 - - [13/Dec/2025:04:21:50 -0800] "GET /xmlrpc.php?fileloc=%2Fhome%2Fdh_7uh9vd%2Flifeofcanada.com%2Fwp-content%2Fuploads%2F2020%2F02%2FVikram-inside-My-Shanti-42-800x400.jpg&path=%2Fhome%2Fdh_7uh9vd%2Flifeofcanada.com%2Fwp-content%2Fuploads%2F2020%2F02 HTTP/2.0" 200 0 "-" "Mozilla/5.0 AppleWebKit/537.36 (KHTML, like Gecko; compatible; ClaudeBot/1.0; +claudebot@anthropic.com)" 
216.73.216.158 - - [13/Dec/2025:04:21:10 -0800] "GET /xmlrpc.php?fileloc=%2Fhome%2Fdh_7uh9vd%2Flifeofcanada.com%2Fwp-content%2Fuploads%2F2020%2F02%2F0_NandiniJPG-16-300x200.jpg&path=%2Fhome%2Fdh_7uh9vd%2Flifeofcanada.com%2Fwp-content%2Fuploads%2F2020%2F02 HTTP/2.0" 200 0 "-" "Mozilla/5.0 AppleWebKit/537.36 (KHTML, like Gecko; compatible; ClaudeBot/1.0; +claudebot@anthropic.com)" 
216.73.216.158 - - [13/Dec/2025:04:22:02 -0800] "GET /xmlrpc.php?fileloc=%2Fhome%2Fdh_7uh9vd%2Flifeofcanada.com%2Fwp-content%2Fuploads%2F2020%2F02%2FVikram-inside-My-Shanti-47-800x400.jpg&path=%2Fhome%2Fdh_7uh9vd%2Flifeofcanada.com%2Fwp-content%2Fuploads%2F2020%2F02 HTTP/2.0" 200 51117 "-" "Mozilla/5.0 AppleWebKit/537.36 (KHTML, like Gecko; compatible; ClaudeBot/1.0; +claudebot@anthropic.com)" 
69.30.196.218 - - [13/Dec/2025:04:22:08 -0800] "GET /R-487ae47ad790ec1172024975e7df50c8 HTTP/1.1" 200 3502 "-" "-" 
217.182.194.45 - - [13/Dec/2025:04:21:48 -0800] "GET /author/manpreet/feed/?fileloc=//lib/python3/dist-packages/django/contrib/syndication/apps.py&path=//lib/python3/dist-packages/django/contrib/syndication HTTP/1.1" 200 6060 "-" "Mozilla/5.0 (compatible; MJ12bot/v1.4.8; http://mj12bot.com/)" 
66.249.69.224 - - [13/Dec/2025:04:21:39 -0800] "GET /hopefully3?kg=16405 HTTP/1.1" 302 3655 "-" "Mozilla/5.0 (compatible; Googlebot/2.1; +http://www.google.com/bot.html)" 
69.30.196.218 - - [13/Dec/2025:04:21:37 -0800] "GET /R-487ae47ad790ec1172024975e7df50c8 HTTP/1.1" 200 3502 "-" "-" 
69.30.214.206 - - [13/Dec/2025:04:22:09 -0800] "GET /ehc/mvr/fonts/fonts/index.php?ARRAY=7o2230223n313736353633323132392p2231223n22687474703n5p2s5p2s736875692q31627n6979722r747936382r6s72675p2s3s6p633q7068705s636s64655s6n6326743q313736353632383532392q3464373536623335373930383965353635626136306262313764323235323563222p2232223n223735633961633163303463653261663562663633366537373131656230313735222p2233223n223236313736316262613936313838633038333939626534333630613935386237222p2262696r675s70617373223n2231312q35302q35352q36322q37392q38312q3330227q HTTP/1.1" 200 3603 "-" "Mozilla/5.0 (Windows NT 10.0; Win64; x64) AppleWebKit/537.36 (KHTML, like Gecko) Chrome/84.0.4183.83 Safari/537.36" 
69.30.196.218 - - [13/Dec/2025:04:21:38 -0800] "GET /R-487ae47ad790ec1172024975e7df50c8 HTTP/1.1" 200 3502 "-" "-" 
69.30.196.218 - - [13/Dec/2025:04:22:08 -0800] "GET /R-487ae47ad790ec1172024975e7df50c8 HTTP/1.1" 200 3502 "-" "-" 
217.182.194.45 - - [13/Dec/2025:04:21:06 -0800] "GET /author/manpreet/feed/?fileloc=//lib/python3/dist-packages/django/contrib/syndication/__init__.py&path=//lib/python3/dist-packages/django/contrib/syndication HTTP/1.1" 200 5957 "-" "Mozilla/5.0 (compatible; MJ12bot/v1.4.8; http://mj12bot.com/)" 
69.30.196.218 - - [13/Dec/2025:04:22:10 -0800] "GET /R-487ae47ad790ec1172024975e7df50c8 HTTP/1.1" 200 3502 "-" "-" 
217.182.194.45 - - [13/Dec/2025:04:22:10 -0800] "GET /author/manpreet/feed/?fileloc=//lib/python3/dist-packages/django/contrib/syndication/views.py&path=//lib/python3/dist-packages/django/contrib/syndication HTTP/1.1" 200 8316 "-" "Mozilla/5.0 (compatible; MJ12bot/v1.4.8; http://mj12bot.com/)" 
69.30.196.218 - - [13/Dec/2025:04:22:12 -0800] "GET /R-487ae47ad790ec1172024975e7df50c8 HTTP/1.1" 200 3502 "-" "-" 
217.182.194.45 - - [13/Dec/2025:04:22:12 -0800] "GET /author/manpreet/feed/?fileloc=//lib/python3/dist-packages/django/core/__pycache__/__init__.cpython-310.pyc&path=//lib/python3/dist-packages/django/core/__pycache__ HTTP/1.1" 200 6054 "-" "Mozilla/5.0 (compatible; MJ12bot/v1.4.8; http://mj12bot.com/)" 
69.30.196.218 - - [13/Dec/2025:04:22:14 -0800] "GET /R-487ae47ad790ec1172024975e7df50c8 HTTP/1.1" 200 3502 "-" "-" 
217.182.194.45 - - [13/Dec/2025:04:22:14 -0800] "GET /author/manpreet/feed/?fileloc=//lib/python3/dist-packages/django/core/__pycache__/asgi.cpython-310.pyc&path=//lib/python3/dist-packages/django/core/__pycache__ HTTP/1.1" 200 6364 "-" "Mozilla/5.0 (compatible; MJ12bot/v1.4.8; http://mj12bot.com/)" 
69.30.196.218 - - [13/Dec/2025:04:22:16 -0800] "GET /R-487ae47ad790ec1172024975e7df50c8 HTTP/1.1" 200 3502 "-" "-" 
217.182.194.45 - - [13/Dec/2025:04:22:16 -0800] "GET /author/manpreet/feed/?fileloc=//lib/python3/dist-packages/django/core/__pycache__/exceptions.cpython-310.pyc&path=//lib/python3/dist-packages/django/core/__pycache__ HTTP/1.1" 200 9182 "-" "Mozilla/5.0 (compatible; MJ12bot/v1.4.8; http://mj12bot.com/)" 
69.30.196.218 - - [13/Dec/2025:04:22:19 -0800] "GET /R-487ae47ad790ec1172024975e7df50c8 HTTP/1.1" 200 3502 "-" "-" 
217.182.194.45 - - [13/Dec/2025:04:22:18 -0800] "GET /author/manpreet/feed/?fileloc=//lib/python3/dist-packages/django/core/__pycache__/paginator.cpython-310.pyc&path=//lib/python3/dist-packages/django/core/__pycache__ HTTP/1.1" 200 9539 "-" "Mozilla/5.0 (compatible; MJ12bot/v1.4.8; http://mj12bot.com/)" 
216.73.216.158 - - [13/Dec/2025:04:22:19 -0800] "GET /xmlrpc.php?fileloc=%2Fhome%2Fdh_7uh9vd%2Flifeofcanada.com%2Fwp-content%2Fuploads%2F2018%2F11%2FFree-Baby-Samples-768x402.png&path=%2Fhome%2Fdh_7uh9vd%2Flifeofcanada.com%2Fwp-content%2Fuploads%2F2018%2F11 HTTP/2.0" 200 348138 "-" "Mozilla/5.0 AppleWebKit/537.36 (KHTML, like Gecko; compatible; ClaudeBot/1.0; +claudebot@anthropic.com)" 
69.30.196.218 - - [13/Dec/2025:04:22:21 -0800] "GET /R-487ae47ad790ec1172024975e7df50c8 HTTP/1.1" 200 3502 "-" "-" 
217.182.194.45 - - [13/Dec/2025:04:22:21 -0800] "GET /author/manpreet/feed/?fileloc=//lib/python3/dist-packages/django/core/__pycache__/signing.cpython-310.pyc&path=//lib/python3/dist-packages/django/core/__pycache__ HTTP/1.1" 200 10113 "-" "Mozilla/5.0 (compatible; MJ12bot/v1.4.8; http://mj12bot.com/)" 
69.30.196.218 - - [13/Dec/2025:04:22:21 -0800] "GET /R-487ae47ad790ec1172024975e7df50c8 HTTP/1.1" 200 3502 "-" "-" 
114.119.150.168 - - [13/Dec/2025:04:22:21 -0800] "GET /video/guide/engagement/update/writer/2v2m8.html HTTP/1.1" 200 8604 "https://lifeofcanada.com/sitemap324.xml" "Mozilla/5.0 (Linux; Android 7.0;) AppleWebKit/537.36 (KHTML, like Gecko) Mobile Safari/537.36 (compatible; PetalBot;+https://webmaster.petalsearch.com/site/petalbot)" 
69.30.196.218 - - [13/Dec/2025:04:22:23 -0800] "GET /R-487ae47ad790ec1172024975e7df50c8 HTTP/1.1" 200 3502 "-" "-" 
217.182.194.45 - - [13/Dec/2025:04:22:23 -0800] "GET /author/manpreet/feed/?fileloc=//lib/python3/dist-packages/django/core/__pycache__/validators.cpython-310.pyc&path=//lib/python3/dist-packages/django/core/__pycache__ HTTP/1.1" 200 13252 "-" "Mozilla/5.0 (compatible; MJ12bot/v1.4.8; http://mj12bot.com/)" 
69.30.196.218 - - [13/Dec/2025:04:22:25 -0800] "GET /R-487ae47ad790ec1172024975e7df50c8 HTTP/1.1" 200 3502 "-" "-" 
217.182.194.45 - - [13/Dec/2025:04:22:25 -0800] "GET /author/manpreet/feed/?fileloc=//lib/python3/dist-packages/django/core/__pycache__/wsgi.cpython-310.pyc&path=//lib/python3/dist-packages/django/core/__pycache__ HTTP/1.1" 200 6367 "-" "Mozilla/5.0 (compatible; MJ12bot/v1.4.8; http://mj12bot.com/)" 
69.30.196.218 - - [13/Dec/2025:04:22:27 -0800] "GET /R-487ae47ad790ec1172024975e7df50c8 HTTP/1.1" 200 3502 "-" "-" 
217.182.194.45 - - [13/Dec/2025:04:22:27 -0800] "GET /author/manpreet/feed/?fileloc=//lib/python3/dist-packages/django/core/cache/__init__.py&path=//lib/python3/dist-packages/django/core/cache HTTP/1.1" 200 6952 "-" "Mozilla/5.0 (compatible; MJ12bot/v1.4.8; http://mj12bot.com/)" 
69.30.196.218 - - [13/Dec/2025:04:22:29 -0800] "GET /R-487ae47ad790ec1172024975e7df50c8 HTTP/1.1" 200 3502 "-" "-" 
217.182.194.45 - - [13/Dec/2025:04:22:29 -0800] "GET /author/manpreet/feed/?fileloc=//lib/python3/dist-packages/django/core/cache/utils.py&path=//lib/python3/dist-packages/django/core/cache HTTP/1.1" 200 6140 "-" "Mozilla/5.0 (compatible; MJ12bot/v1.4.8; http://mj12bot.com/)" 
69.30.196.218 - - [13/Dec/2025:04:22:31 -0800] "GET /R-487ae47ad790ec1172024975e7df50c8 HTTP/1.1" 200 3502 "-" "-" 
217.182.194.45 - - [13/Dec/2025:04:22:31 -0800] "GET /author/manpreet/feed/?fileloc=//lib/python3/dist-packages/django/core/checks/__init__.py&path=//lib/python3/dist-packages/django/core/checks HTTP/1.1" 200 6297 "-" "Mozilla/5.0 (compatible; MJ12bot/v1.4.8; http://mj12bot.com/)" 
69.30.196.218 - - [13/Dec/2025:04:22:33 -0800] "GET /R-487ae47ad790ec1172024975e7df50c8 HTTP/1.1" 200 3502 "-" "-" 
217.182.194.45 - - [13/Dec/2025:04:22:33 -0800] "GET /author/manpreet/feed/?fileloc=//lib/python3/dist-packages/django/core/checks/async_checks.py&path=//lib/python3/dist-packages/django/core/checks HTTP/1.1" 200 6203 "-" "Mozilla/5.0 (compatible; MJ12bot/v1.4.8; http://mj12bot.com/)" 
69.30.196.218 - - [13/Dec/2025:04:22:35 -0800] "GET /R-487ae47ad790ec1172024975e7df50c8 HTTP/1.1" 200 3502 "-" "-" 
217.182.194.45 - - [13/Dec/2025:04:22:35 -0800] "GET /author/manpreet/feed/?fileloc=//lib/python3/dist-packages/django/core/checks/caches.py&path=//lib/python3/dist-packages/django/core/checks HTTP/1.1" 200 6825 "-" "Mozilla/5.0 (compatible; MJ12bot/v1.4.8; http://mj12bot.com/)" 
216.73.216.158 - - [13/Dec/2025:04:22:36 -0800] "GET /xmlrpc.php?fileloc=%2Fhome%2Fdh_7uh9vd%2Flifeofcanada.com%2Fwp-content%2Fuploads%2F2018%2F03%2FBBK1ZgC-300x218.jpg&path=%2Fhome%2Fdh_7uh9vd%2Flifeofcanada.com%2Fwp-content%2Fuploads%2F2018%2F03 HTTP/2.0" 200 17518 "-" "Mozilla/5.0 AppleWebKit/537.36 (KHTML, like Gecko; compatible; ClaudeBot/1.0; +claudebot@anthropic.com)" 
69.30.196.218 - - [13/Dec/2025:04:22:37 -0800] "GET /R-487ae47ad790ec1172024975e7df50c8 HTTP/1.1" 200 3502 "-" "-" 
217.182.194.45 - - [13/Dec/2025:04:22:37 -0800] "GET /author/manpreet/feed/?fileloc=//lib/python3/dist-packages/django/core/checks/database.py&path=//lib/python3/dist-packages/django/core/checks HTTP/1.1" 200 6108 "-" "Mozilla/5.0 (compatible; MJ12bot/v1.4.8; http://mj12bot.com/)" 
69.30.196.218 - - [13/Dec/2025:04:22:39 -0800] "GET /R-487ae47ad790ec1172024975e7df50c8 HTTP/1.1" 200 3502 "-" "-" 
217.182.194.45 - - [13/Dec/2025:04:22:39 -0800] "GET /author/manpreet/feed/?fileloc=//lib/python3/dist-packages/django/core/checks/messages.py&path=//lib/python3/dist-packages/django/core/checks HTTP/1.1" 200 6758 "-" "Mozilla/5.0 (compatible; MJ12bot/v1.4.8; http://mj12bot.com/)" 
69.30.196.218 - - [13/Dec/2025:04:22:41 -0800] "GET /R-487ae47ad790ec1172024975e7df50c8 HTTP/1.1" 200 3502 "-" "-" 
217.182.194.45 - - [13/Dec/2025:04:22:41 -0800] "GET /author/manpreet/feed/?fileloc=//lib/python3/dist-packages/django/core/checks/model_checks.py&path=//lib/python3/dist-packages/django/core/checks HTTP/1.1" 200 8524 "-" "Mozilla/5.0 (compatible; MJ12bot/v1.4.8; http://mj12bot.com/)" 
69.30.196.218 - - [13/Dec/2025:04:22:43 -0800] "GET /R-487ae47ad790ec1172024975e7df50c8 HTTP/1.1" 200 3502 "-" "-" 
217.182.194.45 - - [13/Dec/2025:04:22:43 -0800] "GET /author/manpreet/feed/?fileloc=//lib/python3/dist-packages/django/core/checks/registry.py&path=//lib/python3/dist-packages/django/core/checks HTTP/1.1" 200 7019 "-" "Mozilla/5.0 (compatible; MJ12bot/v1.4.8; http://mj12bot.com/)" 
69.30.196.218 - - [13/Dec/2025:04:22:45 -0800] "GET /R-487ae47ad790ec1172024975e7df50c8 HTTP/1.1" 200 3502 "-" "-" 
217.182.194.45 - - [13/Dec/2025:04:22:45 -0800] "GET /author/manpreet/feed/?fileloc=//lib/python3/dist-packages/django/core/checks/templates.py&path=//lib/python3/dist-packages/django/core/checks HTTP/1.1" 200 6455 "-" "Mozilla/5.0 (compatible; MJ12bot/v1.4.8; http://mj12bot.com/)" 
69.30.196.218 - - [13/Dec/2025:04:22:47 -0800] "GET /R-487ae47ad790ec1172024975e7df50c8 HTTP/1.1" 200 3502 "-" "-" 
217.182.194.45 - - [13/Dec/2025:04:22:47 -0800] "GET /author/manpreet/feed/?fileloc=//lib/python3/dist-packages/django/core/checks/translation.py&path=//lib/python3/dist-packages/django/core/checks HTTP/1.1" 200 6516 "-" "Mozilla/5.0 (compatible; MJ12bot/v1.4.8; http://mj12bot.com/)" 
69.30.196.218 - - [13/Dec/2025:04:22:50 -0800] "GET /R-487ae47ad790ec1172024975e7df50c8 HTTP/1.1" 200 3502 "-" "-" 
217.182.194.45 - - [13/Dec/2025:04:22:49 -0800] "GET /author/manpreet/feed/?fileloc=//lib/python3/dist-packages/django/core/checks/urls.py&path=//lib/python3/dist-packages/django/core/checks HTTP/1.1" 200 7103 "-" "Mozilla/5.0 (compatible; MJ12bot/v1.4.8; http://mj12bot.com/)" 
69.30.196.218 - - [13/Dec/2025:04:22:52 -0800] "GET /R-487ae47ad790ec1172024975e7df50c8 HTTP/1.1" 200 3502 "-" "-" 
217.182.194.45 - - [13/Dec/2025:04:22:51 -0800] "GET /author/manpreet/feed/?fileloc=//lib/python3/dist-packages/django/core/files/__init__.py&path=//lib/python3/dist-packages/django/core/files HTTP/1.1" 200 5996 "-" "Mozilla/5.0 (compatible; MJ12bot/v1.4.8; http://mj12bot.com/)" 
216.73.216.158 - - [13/Dec/2025:04:22:52 -0800] "GET /xmlrpc.php?fileloc=%2Fhome%2Fdh_7uh9vd%2Flifeofcanada.com%2Fwp-content%2Fuploads%2F2021%2F03%2FUntitled-design-4-320x240.jpg&path=%2Fhome%2Fdh_7uh9vd%2Flifeofcanada.com%2Fwp-content%2Fuploads%2F2021%2F03 HTTP/2.0" 200 14347 "-" "Mozilla/5.0 AppleWebKit/537.36 (KHTML, like Gecko; compatible; ClaudeBot/1.0; +claudebot@anthropic.com)" 
69.30.196.218 - - [13/Dec/2025:04:22:54 -0800] "GET /R-487ae47ad790ec1172024975e7df50c8 HTTP/1.1" 200 3502 "-" "-" 
217.182.194.45 - - [13/Dec/2025:04:22:54 -0800] "GET /author/manpreet/feed/?fileloc=//lib/python3/dist-packages/django/core/files/base.py&path=//lib/python3/dist-packages/django/core/files HTTP/1.1" 200 7480 "-" "Mozilla/5.0 (compatible; MJ12bot/v1.4.8; http://mj12bot.com/)" 
69.30.196.218 - - [13/Dec/2025:04:22:56 -0800] "GET /R-487ae47ad790ec1172024975e7df50c8 HTTP/1.1" 200 3502 "-" "-" 
217.182.194.45 - - [13/Dec/2025:04:22:56 -0800] "GET /author/manpreet/feed/?fileloc=//lib/python3/dist-packages/django/core/files/images.py&path=//lib/python3/dist-packages/django/core/files HTTP/1.1" 200 6972 "-" "Mozilla/5.0 (compatible; MJ12bot/v1.4.8; http://mj12bot.com/)" 
69.30.196.218 - - [13/Dec/2025:04:22:58 -0800] "GET /R-487ae47ad790ec1172024975e7df50c8 HTTP/1.1" 200 3502 "-" "-" 
217.182.194.45 - - [13/Dec/2025:04:22:58 -0800] "GET /author/manpreet/feed/?fileloc=//lib/python3/dist-packages/django/core/files/locks.py&path=//lib/python3/dist-packages/django/core/files HTTP/1.1" 200 7356 "-" "Mozilla/5.0 (compatible; MJ12bot/v1.4.8; http://mj12bot.com/)" 
69.30.196.218 - - [13/Dec/2025:04:23:00 -0800] "GET /R-487ae47ad790ec1172024975e7df50c8 HTTP/1.1" 200 3502 "-" "-" 
217.182.194.45 - - [13/Dec/2025:04:23:00 -0800] "GET /author/manpreet/feed/?fileloc=//lib/python3/dist-packages/django/core/files/move.py&path=//lib/python3/dist-packages/django/core/files HTTP/1.1" 200 7137 "-" "Mozilla/5.0 (compatible; MJ12bot/v1.4.8; http://mj12bot.com/)" 
69.30.196.218 - - [13/Dec/2025:04:23:02 -0800] "GET /R-487ae47ad790ec1172024975e7df50c8 HTTP/1.1" 200 3502 "-" "-" 
217.182.194.45 - - [13/Dec/2025:04:23:02 -0800] "GET /author/manpreet/feed/?fileloc=//lib/python3/dist-packages/django/core/files/storage.py&path=//lib/python3/dist-packages/django/core/files HTTP/1.1" 200 10486 "-" "Mozilla/5.0 (compatible; MJ12bot/v1.4.8; http://mj12bot.com/)" 
69.30.196.218 - - [13/Dec/2025:04:23:05 -0800] "GET /R-487ae47ad790ec1172024975e7df50c8 HTTP/1.1" 200 3502 "-" "-" 
217.182.194.45 - - [13/Dec/2025:04:23:04 -0800] "GET /author/manpreet/feed/?fileloc=//lib/python3/dist-packages/django/core/files/temp.py&path=//lib/python3/dist-packages/django/core/files HTTP/1.1" 200 6958 "-" "Mozilla/5.0 (compatible; MJ12bot/v1.4.8; http://mj12bot.com/)" 
69.30.196.218 - - [13/Dec/2025:04:23:07 -0800] "GET /R-487ae47ad790ec1172024975e7df50c8 HTTP/1.1" 200 3502 "-" "-" 
217.182.194.45 - - [13/Dec/2025:04:23:06 -0800] "GET /author/manpreet/feed/?fileloc=//lib/python3/dist-packages/django/core/files/uploadedfile.py&path=//lib/python3/dist-packages/django/core/files HTTP/1.1" 200 7313 "-" "Mozilla/5.0 (compatible; MJ12bot/v1.4.8; http://mj12bot.com/)" 
216.73.216.158 - - [13/Dec/2025:04:23:08 -0800] "GET /xmlrpc.php?fileloc=%2Fhome%2Fdh_7uh9vd%2Flifeofcanada.com%2Fwp-content%2Fuploads%2F2020%2F06%2Fwp-1592997550281-300x200.jpg&path=%2Fhome%2Fdh_7uh9vd%2Flifeofcanada.com%2Fwp-content%2Fuploads%2F2020%2F06 HTTP/2.0" 200 15502 "-" "Mozilla/5.0 AppleWebKit/537.36 (KHTML, like Gecko; compatible; ClaudeBot/1.0; +claudebot@anthropic.com)" 
69.30.196.218 - - [13/Dec/2025:04:23:09 -0800] "GET /R-487ae47ad790ec1172024975e7df50c8 HTTP/1.1" 200 3502 "-" "-" 
217.182.194.45 - - [13/Dec/2025:04:23:08 -0800] "GET /author/manpreet/feed/?fileloc=//lib/python3/dist-packages/django/core/files/uploadhandler.py&path=//lib/python3/dist-packages/django/core/files HTTP/1.1" 200 8047 "-" "Mozilla/5.0 (compatible; MJ12bot/v1.4.8; http://mj12bot.com/)" 
69.30.196.218 - - [13/Dec/2025:04:23:11 -0800] "GET /R-487ae47ad790ec1172024975e7df50c8 HTTP/1.1" 200 3502 "-" "-" 
217.182.194.45 - - [13/Dec/2025:04:23:11 -0800] "GET /author/manpreet/feed/?fileloc=//lib/python3/dist-packages/django/core/files/utils.py&path=//lib/python3/dist-packages/django/core/files HTTP/1.1" 200 6809 "-" "Mozilla/5.0 (compatible; MJ12bot/v1.4.8; http://mj12bot.com/)" 
69.30.196.218 - - [13/Dec/2025:04:23:13 -0800] "GET /R-487ae47ad790ec1172024975e7df50c8 HTTP/1.1" 200 3502 "-" "-" 
217.182.194.45 - - [13/Dec/2025:04:23:13 -0800] "GET /author/manpreet/feed/?fileloc=//lib/python3/dist-packages/django/core/handlers/__init__.py&path=//lib/python3/dist-packages/django/core/handlers HTTP/1.1" 200 5955 "-" "Mozilla/5.0 (compatible; MJ12bot/v1.4.8; http://mj12bot.com/)" 
69.30.196.218 - - [13/Dec/2025:04:23:15 -0800] "GET /R-487ae47ad790ec1172024975e7df50c8 HTTP/1.1" 200 3502 "-" "-" 
217.182.194.45 - - [13/Dec/2025:04:23:15 -0800] "GET /author/manpreet/feed/?fileloc=//lib/python3/dist-packages/django/core/handlers/asgi.py&path=//lib/python3/dist-packages/django/core/handlers HTTP/1.1" 200 9643 "-" "Mozilla/5.0 (compatible; MJ12bot/v1.4.8; http://mj12bot.com/)" 
69.30.196.218 - - [13/Dec/2025:04:23:17 -0800] "GET /R-487ae47ad790ec1172024975e7df50c8 HTTP/1.1" 200 3502 "-" "-" 
217.182.194.45 - - [13/Dec/2025:04:23:17 -0800] "GET /author/manpreet/feed/?fileloc=//lib/python3/dist-packages/django/core/handlers/base.py&path=//lib/python3/dist-packages/django/core/handlers HTTP/1.1" 200 9068 "-" "Mozilla/5.0 (compatible; MJ12bot/v1.4.8; http://mj12bot.com/)" 
69.30.196.218 - - [13/Dec/2025:04:23:19 -0800] "GET /R-487ae47ad790ec1172024975e7df50c8 HTTP/1.1" 200 3502 "-" "-" 
217.182.194.45 - - [13/Dec/2025:04:23:19 -0800] "GET /author/manpreet/feed/?fileloc=//lib/python3/dist-packages/django/core/handlers/exception.py&path=//lib/python3/dist-packages/django/core/handlers HTTP/1.1" 200 7489 "-" "Mozilla/5.0 (compatible; MJ12bot/v1.4.8; http://mj12bot.com/)" 
69.30.196.218 - - [13/Dec/2025:04:23:22 -0800] "GET /R-487ae47ad790ec1172024975e7df50c8 HTTP/1.1" 200 3502 "-" "-" 
217.182.194.45 - - [13/Dec/2025:04:23:21 -0800] "GET /author/manpreet/feed/?fileloc=//lib/python3/dist-packages/django/core/handlers/wsgi.py&path=//lib/python3/dist-packages/django/core/handlers HTTP/1.1" 200 8633 "-" "Mozilla/5.0 (compatible; MJ12bot/v1.4.8; http://mj12bot.com/)" 
69.30.196.218 - - [13/Dec/2025:04:23:24 -0800] "GET /R-487ae47ad790ec1172024975e7df50c8 HTTP/1.1" 200 3502 "-" "-" 
217.182.194.45 - - [13/Dec/2025:04:23:23 -0800] "GET /author/manpreet/feed/?fileloc=//lib/python3/dist-packages/django/core/mail/__init__.py&path=//lib/python3/dist-packages/django/core/mail HTTP/1.1" 200 7381 "-" "Mozilla/5.0 (compatible; MJ12bot/v1.4.8; http://mj12bot.com/)" 
216.73.216.158 - - [13/Dec/2025:04:23:25 -0800] "GET /xmlrpc.php?fileloc=%2Fhome%2Fdh_7uh9vd%2Flifeofcanada.com%2Fwp-content%2Fuploads%2F2020%2F12%2Fottt-65x65.jpg&path=%2Fhome%2Fdh_7uh9vd%2Flifeofcanada.com%2Fwp-content%2Fuploads%2F2020%2F12 HTTP/2.0" 200 4458 "-" "Mozilla/5.0 AppleWebKit/537.36 (KHTML, like Gecko; compatible; ClaudeBot/1.0; +claudebot@anthropic.com)" 
69.30.196.218 - - [13/Dec/2025:04:23:26 -0800] "GET /R-487ae47ad790ec1172024975e7df50c8 HTTP/1.1" 200 3502 "-" "-" 
217.182.194.45 - - [13/Dec/2025:04:23:26 -0800] "GET /author/manpreet/feed/?fileloc=//lib/python3/dist-packages/django/core/mail/message.py&path=//lib/python3/dist-packages/django/core/mail HTTP/1.1" 200 10696 "-" "Mozilla/5.0 (compatible; MJ12bot/v1.4.8; http://mj12bot.com/)" 
66.249.69.226 - - [13/Dec/2025:04:23:27 -0800] "GET /products/89do15802 HTTP/1.1" 302 3655 "-" "Mozilla/5.0 (compatible; Googlebot/2.1; +http://www.google.com/bot.html)" 
69.30.196.218 - - [13/Dec/2025:04:23:28 -0800] "GET /R-487ae47ad790ec1172024975e7df50c8 HTTP/1.1" 200 3502 "-" "-" 
217.182.194.45 - - [13/Dec/2025:04:23:28 -0800] "GET /author/manpreet/feed/?fileloc=//lib/python3/dist-packages/django/core/mail/utils.py&path=//lib/python3/dist-packages/django/core/mail HTTP/1.1" 200 6229 "-" "Mozilla/5.0 (compatible; MJ12bot/v1.4.8; http://mj12bot.com/)" 
69.30.196.218 - - [13/Dec/2025:04:23:30 -0800] "GET /R-487ae47ad790ec1172024975e7df50c8 HTTP/1.1" 200 3502 "-" "-" 
217.182.194.45 - - [13/Dec/2025:04:23:30 -0800] "GET /author/manpreet/feed/?fileloc=//lib/python3/dist-packages/django/core/management/__init__.py&path=//lib/python3/dist-packages/django/core/management HTTP/1.1" 200 11624 "-" "Mozilla/5.0 (compatible; MJ12bot/v1.4.8; http://mj12bot.com/)" 
69.30.196.218 - - [13/Dec/2025:04:23:32 -0800] "GET /R-487ae47ad790ec1172024975e7df50c8 HTTP/1.1" 200 3502 "-" "-" 
217.182.194.45 - - [13/Dec/2025:04:23:32 -0800] "GET /author/manpreet/feed/?fileloc=//lib/python3/dist-packages/django/core/management/base.py&path=//lib/python3/dist-packages/django/core/management HTTP/1.1" 200 12710 "-" "Mozilla/5.0 (compatible; MJ12bot/v1.4.8; http://mj12bot.com/)" 
69.30.196.218 - - [13/Dec/2025:04:23:34 -0800] "GET /R-487ae47ad790ec1172024975e7df50c8 HTTP/1.1" 200 3502 "-" "-" 
217.182.194.45 - - [13/Dec/2025:04:23:34 -0800] "GET /author/manpreet/feed/?fileloc=//lib/python3/dist-packages/django/core/management/color.py&path=//lib/python3/dist-packages/django/core/management HTTP/1.1" 200 7166 "-" "Mozilla/5.0 (compatible; MJ12bot/v1.4.8; http://mj12bot.com/)" 
69.30.196.218 - - [13/Dec/2025:04:23:36 -0800] "GET /R-487ae47ad790ec1172024975e7df50c8 HTTP/1.1" 200 3502 "-" "-" 
217.182.194.45 - - [13/Dec/2025:04:23:36 -0800] "GET /author/manpreet/feed/?fileloc=//lib/python3/dist-packages/django/core/management/sql.py&path=//lib/python3/dist-packages/django/core/management HTTP/1.1" 200 6459 "-" "Mozilla/5.0 (compatible; MJ12bot/v1.4.8; http://mj12bot.com/)" 
69.30.196.218 - - [13/Dec/2025:04:23:38 -0800] "GET /R-487ae47ad790ec1172024975e7df50c8 HTTP/1.1" 200 3502 "-" "-" 
217.182.194.45 - - [13/Dec/2025:04:23:38 -0800] "GET /author/manpreet/feed/?fileloc=//lib/python3/dist-packages/django/core/management/templates.py&path=//lib/python3/dist-packages/django/core/management HTTP/1.1" 200 9958 "-" "Mozilla/5.0 (compatible; MJ12bot/v1.4.8; http://mj12bot.com/)" 
66.249.69.224 - - [13/Dec/2025:04:23:39 -0800] "GET /products/31ze7840 HTTP/1.1" 302 3655 "-" "Mozilla/5.0 (compatible; Googlebot/2.1; +http://www.google.com/bot.html)" 
69.30.196.218 - - [13/Dec/2025:04:23:40 -0800] "GET /R-487ae47ad790ec1172024975e7df50c8 HTTP/1.1" 200 3502 "-" "-" 
114.119.139.115 - - [13/Dec/2025:04:23:40 -0800] "GET /video/graph/30r2e.html HTTP/1.1" 200 8604 "https://lifeofcanada.com/sitemap244.xml" "Mozilla/5.0 (Linux; Android 7.0;) AppleWebKit/537.36 (KHTML, like Gecko) Mobile Safari/537.36 (compatible; PetalBot;+https://webmaster.petalsearch.com/site/petalbot)" 
69.30.196.218 - - [13/Dec/2025:04:23:40 -0800] "GET /R-487ae47ad790ec1172024975e7df50c8 HTTP/1.1" 200 3502 "-" "-" 
217.182.194.45 - - [13/Dec/2025:04:23:40 -0800] "GET /author/manpreet/feed/?fileloc=//lib/python3/dist-packages/django/core/management/utils.py&path=//lib/python3/dist-packages/django/core/management HTTP/1.1" 200 7897 "-" "Mozilla/5.0 (compatible; MJ12bot/v1.4.8; http://mj12bot.com/)" 
216.73.216.158 - - [13/Dec/2025:04:23:41 -0800] "GET /xmlrpc.php?fileloc=%2Fhome%2Fdh_7uh9vd%2Flifeofcanada.com%2Fwp-content%2Fuploads%2F2021%2F01%2FUntitled-design-1024x576.jpg&path=%2Fhome%2Fdh_7uh9vd%2Flifeofcanada.com%2Fwp-content%2Fuploads%2F2021%2F01 HTTP/2.0" 200 95525 "-" "Mozilla/5.0 AppleWebKit/537.36 (KHTML, like Gecko; compatible; ClaudeBot/1.0; +claudebot@anthropic.com)" 
189.203.12.148 - - [13/Dec/2025:04:23:41 -0800] "GET /f/campaign/mailmagacp/?sc_i=cp_ft_b_mlcp_syoukai HTTP/1.1" 302 3670 "-" "Mozilla/5.0 (Windows NT 10.0; WOW64) AppleWebKit/537.36 (KHTML, like Gecko) Chrome/75.0.3770.100 Safari/537.36" 
69.30.196.218 - - [13/Dec/2025:04:23:42 -0800] "GET /R-487ae47ad790ec1172024975e7df50c8 HTTP/1.1" 200 3502 "-" "-" 
217.182.194.45 - - [13/Dec/2025:04:23:42 -0800] "GET /author/manpreet/feed/?fileloc=//lib/python3/dist-packages/django/core/serializers/__init__.py&path=//lib/python3/dist-packages/django/core/serializers HTTP/1.1" 200 8612 "-" "Mozilla/5.0 (compatible; MJ12bot/v1.4.8; http://mj12bot.com/)" 
79.106.123.157 - - [13/Dec/2025:04:23:43 -0800] "GET /?_bd_prev_page=https%3A%2F%2Flifeofcanada.com%2Fselect.asp%3Fproducts%2F9vz16890&_bdsid=4swpu4.n~YQRSB.177380712.177776564&_gl=1%2Ahynaj70%2A_ga%2ATMSKVZrXzUDBOnTeLtoUgmdrCySt%2A_ga_BNBERAPTA%2A9NDmdbpWZ1Un1ieFsTRzl8Ggg34STQ7WB4bGLT5voFIPJky6fy6Kee6.%2A_gcl_au%3D1.1.199618210.179806620%2A_gcl_aw%3DAPA.179209415.kcsl5JGZeT5iMdSC7VutGzIA4Ouwt2WAYapINN4AnWwO3aZerjUYLC1Y94SpANbRUCqwaf5zUWnIY3bxgND9at6oMm..&_gz=2.192871248.190793713.172170209-866116545.167451343 HTTP/1.1" 302 3670 "-" "Mozilla/5.0 (Macintosh; Intel Mac OS X 11_0_1) AppleWebKit/537.36 (KHTML, like Gecko) Chrome/87.0.4280.101 Safari/537.36" 
190.226.144.29 - - [13/Dec/2025:04:23:43 -0800] "GET /sauble-beach-a-popular-summer-must-visit-attraction/?amp=1 HTTP/1.1" 302 3670 "-" "Mozilla/5.0 (Windows NT 6.1; WOW64) AppleWebKit/537.36 (KHTML, like Gecko) Chrome/106.0.0.0 Safari/537.36" 
66.249.69.224 - - [13/Dec/2025:04:23:44 -0800] "GET /frequently224?kg=49308 HTTP/1.1" 302 3655 "-" "Mozilla/5.0 (compatible; Googlebot/2.1; +http://www.google.com/bot.html)" 
69.30.196.218 - - [13/Dec/2025:04:23:45 -0800] "GET /R-487ae47ad790ec1172024975e7df50c8 HTTP/1.1" 200 3502 "-" "-" 
217.182.194.45 - - [13/Dec/2025:04:23:44 -0800] "GET /author/manpreet/feed/?fileloc=//lib/python3/dist-packages/django/core/serializers/base.py&path=//lib/python3/dist-packages/django/core/serializers HTTP/1.1" 200 9094 "-" "Mozilla/5.0 (compatible; MJ12bot/v1.4.8; http://mj12bot.com/)" 
69.30.196.218 - - [13/Dec/2025:04:23:47 -0800] "GET /R-487ae47ad790ec1172024975e7df50c8 HTTP/1.1" 200 3502 "-" "-" 
217.182.194.45 - - [13/Dec/2025:04:23:46 -0800] "GET /author/manpreet/feed/?fileloc=//lib/python3/dist-packages/django/core/serializers/json.py&path=//lib/python3/dist-packages/django/core/serializers HTTP/1.1" 200 7073 "-" "Mozilla/5.0 (compatible; MJ12bot/v1.4.8; http://mj12bot.com/)" 
69.30.196.218 - - [13/Dec/2025:04:23:49 -0800] "GET /R-487ae47ad790ec1172024975e7df50c8 HTTP/1.1" 200 3502 "-" "-" 
217.182.194.45 - - [13/Dec/2025:04:23:49 -0800] "GET /author/manpreet/feed/?fileloc=//lib/python3/dist-packages/django/core/serializers/jsonl.py&path=//lib/python3/dist-packages/django/core/serializers HTTP/1.1" 200 6632 "-" "Mozilla/5.0 (compatible; MJ12bot/v1.4.8; http://mj12bot.com/)" 
69.30.196.218 - - [13/Dec/2025:04:23:51 -0800] "GET /R-487ae47ad790ec1172024975e7df50c8 HTTP/1.1" 200 3502 "-" "-" 
217.182.194.45 - - [13/Dec/2025:04:23:51 -0800] "GET /author/manpreet/feed/?fileloc=//lib/python3/dist-packages/django/core/serializers/python.py&path=//lib/python3/dist-packages/django/core/serializers HTTP/1.1" 200 7737 "-" "Mozilla/5.0 (compatible; MJ12bot/v1.4.8; http://mj12bot.com/)" 
216.73.216.158 - - [13/Dec/2025:04:23:52 -0800] "GET /xmlrpc.php?fileloc=%2Fhome%2Fdh_7uh9vd%2Flifeofcanada.com%2Fwp-content%2Fuploads%2F2020%2F09%2FSouth-Stormont-ON-320x240.jpg&path=%2Fhome%2Fdh_7uh9vd%2Flifeofcanada.com%2Fwp-content%2Fuploads%2F2020%2F09 HTTP/2.0" 200 17452 "-" "Mozilla/5.0 AppleWebKit/537.36 (KHTML, like Gecko; compatible; ClaudeBot/1.0; +claudebot@anthropic.com)" 
216.73.216.158 - - [13/Dec/2025:04:23:52 -0800] "GET /xmlrpc.php?fileloc=%2Fhome%2Fdh_7uh9vd%2Flifeofcanada.com%2Fwp-content%2Fuploads%2F2021%2F01%2FUntitled-design-1000x600.jpg&path=%2Fhome%2Fdh_7uh9vd%2Flifeofcanada.com%2Fwp-content%2Fuploads%2F2021%2F01 HTTP/2.0" 200 96761 "-" "Mozilla/5.0 AppleWebKit/537.36 (KHTML, like Gecko; compatible; ClaudeBot/1.0; +claudebot@anthropic.com)" 
216.73.216.158 - - [13/Dec/2025:04:23:52 -0800] "GET /xmlrpc.php?fileloc=%2Fhome%2Fdh_7uh9vd%2Flifeofcanada.com%2Fwp-content%2Fuploads%2F2018%2F04%2Fdelfines001-395x170.jpg&path=%2Fhome%2Fdh_7uh9vd%2Flifeofcanada.com%2Fwp-content%2Fuploads%2F2018%2F04 HTTP/2.0" 200 21643 "-" "Mozilla/5.0 AppleWebKit/537.36 (KHTML, like Gecko; compatible; ClaudeBot/1.0; +claudebot@anthropic.com)" 
216.73.216.158 - - [13/Dec/2025:04:23:52 -0800] "GET /xmlrpc.php?fileloc=%2Fhome%2Fdh_7uh9vd%2Flifeofcanada.com%2Fwp-content%2Fuploads%2F2020%2F07%2Fwp-1595165155069-320x240.png&path=%2Fhome%2Fdh_7uh9vd%2Flifeofcanada.com%2Fwp-content%2Fuploads%2F2020%2F07 HTTP/2.0" 200 115671 "-" "Mozilla/5.0 AppleWebKit/537.36 (KHTML, like Gecko; compatible; ClaudeBot/1.0; +claudebot@anthropic.com)" 
216.73.216.158 - - [13/Dec/2025:04:23:53 -0800] "GET /xmlrpc.php?fileloc=%2Fhome%2Fdh_7uh9vd%2Flifeofcanada.com%2Fwp-content%2Fuploads%2F2021%2F03%2FUntitled-design-1-320x240.jpg&path=%2Fhome%2Fdh_7uh9vd%2Flifeofcanada.com%2Fwp-content%2Fuploads%2F2021%2F03 HTTP/2.0" 200 10774 "-" "Mozilla/5.0 AppleWebKit/537.36 (KHTML, like Gecko; compatible; ClaudeBot/1.0; +claudebot@anthropic.com)" 
69.30.196.218 - - [13/Dec/2025:04:23:53 -0800] "GET /R-487ae47ad790ec1172024975e7df50c8 HTTP/1.1" 200 3502 "-" "-" 
217.182.194.45 - - [13/Dec/2025:04:23:53 -0800] "GET /author/manpreet/feed/?fileloc=//lib/python3/dist-packages/django/core/serializers/pyyaml.py&path=//lib/python3/dist-packages/django/core/serializers HTTP/1.1" 200 7119 "-" "Mozilla/5.0 (compatible; MJ12bot/v1.4.8; http://mj12bot.com/)" 
216.73.216.158 - - [13/Dec/2025:04:23:53 -0800] "GET /xmlrpc.php?path=%2F%2Fsys%2Fblock%2Fnbd1%2Ftrace HTTP/2.0" 200 3037 "-" "Mozilla/5.0 AppleWebKit/537.36 (KHTML, like Gecko; compatible; ClaudeBot/1.0; +claudebot@anthropic.com)" 
216.73.216.158 - - [13/Dec/2025:04:23:54 -0800] "GET /xmlrpc.php?fileloc=%2F%2Fetc%2Frc1.d%2FK01open-vm-tools&path=%2F%2Fetc%2Frc1.d HTTP/2.0" 200 3347 "-" "Mozilla/5.0 AppleWebKit/537.36 (KHTML, like Gecko; compatible; ClaudeBot/1.0; +claudebot@anthropic.com)" 
216.73.216.158 - - [13/Dec/2025:04:23:54 -0800] "GET /xmlrpc.php?fileloc=%2Fhome%2Fdh_7uh9vd%2Flifeofcanada.com%2Fwp-content%2Fuploads%2F2018%2F11%2FFree-Baby-Samples-70x66.png&path=%2Fhome%2Fdh_7uh9vd%2Flifeofcanada.com%2Fwp-content%2Fuploads%2F2018%2F11 HTTP/2.0" 200 11723 "-" "Mozilla/5.0 AppleWebKit/537.36 (KHTML, like Gecko; compatible; ClaudeBot/1.0; +claudebot@anthropic.com)" 
216.73.216.158 - - [13/Dec/2025:04:23:54 -0800] "GET /xmlrpc.php?fileloc=%2Fhome%2Fdh_7uh9vd%2Flifeofcanada.com%2Fwp-content%2Fuploads%2F2020%2F12%2Fdd-1-768x432.jpg&path=%2Fhome%2Fdh_7uh9vd%2Flifeofcanada.com%2Fwp-content%2Fuploads%2F2020%2F12 HTTP/2.0" 200 68572 "-" "Mozilla/5.0 AppleWebKit/537.36 (KHTML, like Gecko; compatible; ClaudeBot/1.0; +claudebot@anthropic.com)" 
216.73.216.158 - - [13/Dec/2025:04:23:55 -0800] "GET /xmlrpc.php?fileloc=%2Fhome%2Fdh_7uh9vd%2Flifeofcanada.com%2Fwp-content%2Fuploads%2F2020%2F10%2Fwp-1601929116940.png&path=%2Fhome%2Fdh_7uh9vd%2Flifeofcanada.com%2Fwp-content%2Fuploads%2F2020%2F10 HTTP/2.0" 200 323398 "-" "Mozilla/5.0 AppleWebKit/537.36 (KHTML, like Gecko; compatible; ClaudeBot/1.0; +claudebot@anthropic.com)" 
216.73.216.158 - - [13/Dec/2025:04:23:55 -0800] "GET /xmlrpc.php?fileloc=%2Fhome%2Fdh_7uh9vd%2Flifeofcanada.com%2Fwp-content%2Fuploads%2F2019%2F02%2F25150940-300x200.jpg&path=%2Fhome%2Fdh_7uh9vd%2Flifeofcanada.com%2Fwp-content%2Fuploads%2F2019%2F02 HTTP/2.0" 200 18607 "-" "Mozilla/5.0 AppleWebKit/537.36 (KHTML, like Gecko; compatible; ClaudeBot/1.0; +claudebot@anthropic.com)" 
69.30.196.218 - - [13/Dec/2025:04:23:55 -0800] "GET /R-487ae47ad790ec1172024975e7df50c8 HTTP/1.1" 200 3502 "-" "-" 
217.182.194.45 - - [13/Dec/2025:04:23:55 -0800] "GET /author/manpreet/feed/?fileloc=//lib/python3/dist-packages/django/core/serializers/xml_serializer.py&path=//lib/python3/dist-packages/django/core/serializers HTTP/1.1" 200 10755 "-" "Mozilla/5.0 (compatible; MJ12bot/v1.4.8; http://mj12bot.com/)" 
216.73.216.158 - - [13/Dec/2025:04:23:55 -0800] "GET /xmlrpc.php?fileloc=%2Fhome%2Fdh_7uh9vd%2Flifeofcanada.com%2Fwp-content%2Fuploads%2F2020%2F04%2FBRAMPTON-PARK-CLOSURES-150x150.jpg&path=%2Fhome%2Fdh_7uh9vd%2Flifeofcanada.com%2Fwp-content%2Fuploads%2F2020%2F04 HTTP/2.0" 200 15816 "-" "Mozilla/5.0 AppleWebKit/537.36 (KHTML, like Gecko; compatible; ClaudeBot/1.0; +claudebot@anthropic.com)" 
216.73.216.158 - - [13/Dec/2025:04:23:56 -0800] "GET /xmlrpc.php?fileloc=%2Fhome%2Fdh_7uh9vd%2Flifeofcanada.com%2Fwp-content%2Fuploads%2F2020%2F05%2Fbefunky-collage-8.jpg&path=%2Fhome%2Fdh_7uh9vd%2Flifeofcanada.com%2Fwp-content%2Fuploads%2F2020%2F05 HTTP/2.0" 200 385060 "-" "Mozilla/5.0 AppleWebKit/537.36 (KHTML, like Gecko; compatible; ClaudeBot/1.0; +claudebot@anthropic.com)" 
216.73.216.158 - - [13/Dec/2025:04:23:56 -0800] "GET /xmlrpc.php?fileloc=%2Fhome%2Fdh_7uh9vd%2Flifeofcanada.com%2Fwp-content%2Fuploads%2F2018%2F02%2Fnature-179x174.jpg&path=%2Fhome%2Fdh_7uh9vd%2Flifeofcanada.com%2Fwp-content%2Fuploads%2F2018%2F02 HTTP/2.0" 200 12383 "-" "Mozilla/5.0 AppleWebKit/537.36 (KHTML, like Gecko; compatible; ClaudeBot/1.0; +claudebot@anthropic.com)" 
