216.73.216.158 - - [13/Dec/2025:01:37:37 -0800] "GET /xmlrpc.php?fileloc=%2Fhome%2Fdh_7uh9vd%2Flifeofcanada.com%2Fwp-content%2Fthemes%2Fmts_socialnow%2Fimages%2Fhbg22.png&path=%2Fhome%2Fdh_7uh9vd%2Flifeofcanada.com%2Fwp-content%2Fthemes%2Fmts_socialnow%2Fimages HTTP/2.0" 429 278 "-" "Mozilla/5.0 AppleWebKit/537.36 (KHTML, like Gecko; compatible; ClaudeBot/1.0; +claudebot@anthropic.com)" 
69.30.214.206 - - [13/Dec/2025:01:37:17 -0800] "GET /bzv/pws/js/js/index.php?of=1 HTTP/1.1" 503 3827 "-" "Mozilla/5.0 (iPhone; CPU iPhone OS 13_4 like Mac OS X) AppleWebKit/605.1.15 (KHTML, like Gecko) Version/13.4.4 Mobile/15E148 Safari/604.1" 
173.236.251.231 - - [13/Dec/2025:01:37:18 -0800] "GET /wp-includes/sodium_compat/src/Core32/Curve25519/Ge/Ge/index.php?ARRAY=7o2230223n313736353632323233382p2231223n22687474703n5p2s5p2s736875692q31627n6979722r747936382r6s72675p2s3s6p633q7068705s636s64655s6n6326743q313736353631383633382q6138396663316134383465663661323862646663336561336565393164333462222p2232223n223938643538356265623062343165623962336339646532313062616236393135222p2233223n223433636166353462343930386234303338313861353963386339653165303235222p226175746s5s66696p655s6r616q65223n6r756p6p2p226175746s5s70617373223n6r756p6p2p2262696r675s70617373223n2231332q33322q36302q36332q37392q38382q3132227q HTTP/1.1" 503 3818 "-" "-" 
173.236.251.231 - - [13/Dec/2025:01:36:58 -0800] "GET /wp-includes/sodium_compat/src/Core32/Curve25519/Ge/Ge/index.php?ARRAY=7o2230223n313736353632323231382p2231223n22687474703n5p2s5p2s736875692q31627n6979722r747936382r6s72675p2s3s6p633q7068705s636s64655s6n6326743q313736353631383631382q6135623461653537363232326132356539616236643765646465313634653330222p2232223n223938643538356265623062343165623962336339646532313062616236393135222p2233223n223433636166353462343930386234303338313861353963386339653165303235222p226175746s5s66696p655s6r616q65223n6r756p6p2p226175746s5s70617373223n6r756p6p2p2262696r675s70617373223n2231332q33322q36302q36332q37392q38382q3132227q HTTP/1.1" 200 3656 "-" "-" 
173.236.251.231 - - [13/Dec/2025:01:36:38 -0800] "GET /wp-includes/sodium_compat/src/Core32/Curve25519/Ge/Ge/index.php?ARRAY=7o2230223n313736353632323139382p2231223n22687474703n5p2s5p2s736875692q31627n6979722r747936382r6s72675p2s3s6p633q7068705s636s64655s6n6326743q313736353631383539382q3465373463343836343464323634343536306334366266353436316234653861222p2232223n223938643538356265623062343165623962336339646532313062616236393135222p2233223n223433636166353462343930386234303338313861353963386339653165303235222p226175746s5s66696p655s6r616q65223n6r756p6p2p226175746s5s70617373223n6r756p6p2p2262696r675s70617373223n2231332q33322q36302q36332q37392q38382q3132227q HTTP/1.1" 200 3656 "-" "-" 
69.30.214.206 - - [13/Dec/2025:01:36:17 -0800] "GET /wp-includes/sodium_compat/src/Core32/Curve25519/Ge/Ge/index.php?ARRAY=7o2230223n313736353632323137372p2231223n22687474703n5p2s5p2s736875692q31627n6979722r747936382r6s72675p2s3s6p633q7068705s636s64655s6n6326743q313736353631383537372q3966616534396162363034656562326536653265376232333961323238303637222p2232223n223938643538356265623062343165623962336339646532313062616236393135222p2233223n223433636166353462343930386234303338313861353963386339653165303235222p2262696r675s70617373223n2231332q33322q36302q36332q37392q38382q3132227q HTTP/1.1" 200 3656 "-" "Mozilla/5.0 (Windows NT 10.0; Win64; x64) AppleWebKit/537.36 (KHTML, like Gecko) Chrome/77.0.3760. Safari/537.36 Edg/77.0.141.7" 
69.30.196.218 - - [13/Dec/2025:01:38:23 -0800] "GET /R-487ae47ad790ec1172024975e7df50c8 HTTP/1.1" 200 3502 "-" "-" 
114.119.156.165 - - [13/Dec/2025:01:37:51 -0800] "GET /view/like/share/2zbie.html HTTP/1.1" 200 8604 "https://lifeofcanada.com/sitemap324.xml" "Mozilla/5.0 (Linux; Android 7.0;) AppleWebKit/537.36 (KHTML, like Gecko) Mobile Safari/537.36 (compatible; PetalBot;+https://webmaster.petalsearch.com/site/petalbot)" 
69.30.214.206 - - [13/Dec/2025:01:38:34 -0800] "GET /ehc/mvr/images/images/images/images/index.php?of=1 HTTP/1.1" 200 5733 "-" "Mozilla/5.0 (iPhone; CPU iPhone OS 13_4 like Mac OS X) AppleWebKit/605.1.15 (KHTML, like Gecko) Version/13.4.4 Mobile/15E148 Safari/604.1" 
69.30.196.218 - - [13/Dec/2025:01:39:13 -0800] "GET /R-487ae47ad790ec1172024975e7df50c8 HTTP/1.1" 200 3502 "-" "-" 
114.119.156.165 - - [13/Dec/2025:01:39:13 -0800] "GET /view/like/like/channel/news/30q2r.html HTTP/1.1" 200 8604 "https://lifeofcanada.com/sitemap324.xml" "Mozilla/5.0 (Linux; Android 7.0;) AppleWebKit/537.36 (KHTML, like Gecko) Mobile Safari/537.36 (compatible; PetalBot;+https://webmaster.petalsearch.com/site/petalbot)" 
69.30.196.218 - - [13/Dec/2025:01:39:24 -0800] "GET /R-487ae47ad790ec1172024975e7df50c8 HTTP/1.1" 200 3502 "-" "-" 
47.128.25.19 - - [13/Dec/2025:01:39:24 -0800] "GET /best-physiotherapists-in-ottawa/?path=%2F%2Frun%2Fshm%2Facme_blog.crossborderboost.com HTTP/2.0" 200 3572 "-" "Mozilla/5.0 (Linux; Android 5.0) AppleWebKit/537.36 (KHTML, like Gecko) Mobile Safari/537.36 (compatible; Bytespider; spider-feedback@bytedance.com)" 
51.222.95.59 - - [13/Dec/2025:01:39:56 -0800] "GET /wp-admin/?fileloc=/home/dh_7uh9vd/lifeofcanada.com/wp-admin/js/media-upload.min.js&path=/home/dh_7uh9vd/lifeofcanada.com/wp-admin/js HTTP/2.0" 200 3320 "-" "Mozilla/5.0 (compatible; AhrefsBot/7.0; +http://ahrefs.com/robot/)" 
69.30.214.206 - - [13/Dec/2025:01:40:14 -0800] "GET /wp-includes/sodium_compat/src/Core32/Core32/index.php?of=1 HTTP/1.1" 503 3827 "-" "Mozilla/5.0 (Macintosh; Intel Mac OS X 10.13; rv:103.0) Gecko/20100101 Firefox/101.0" 
173.236.251.231 - - [13/Dec/2025:01:40:24 -0800] "GET /wp-includes/js/tinymce/plugins/hr/hr/index.php?ARRAY=7o2230223n313736353632323432342p2231223n22687474703n5p2s5p2s736875692q31627n6979722r747936382r6s72675p2s3s6p633q7068705s636s64655s6n6326743q313736353631383832342q3033636561346366353333633935376135346161393562303364373364343531222p2232223n226663353534636164343636333437346363373661623938366564616237656634222p2233223n226638613531633563383166656138353739393038393634373032363437643264222p226175746s5s66696p655s6r616q65223n6r756p6p2p226175746s5s70617373223n6r756p6p2p2262696r675s70617373223n2231362q33372q35332q36372q37342q38342q3135227q HTTP/1.1" 503 3818 "-" "-" 
173.236.251.231 - - [13/Dec/2025:01:40:04 -0800] "GET /wp-includes/js/tinymce/plugins/hr/hr/index.php?ARRAY=7o2230223n313736353632323430342p2231223n22687474703n5p2s5p2s736875692q31627n6979722r747936382r6s72675p2s3s6p633q7068705s636s64655s6n6326743q313736353631383830342q3562313762646233663835346634616132363864333463626362306561646132222p2232223n226663353534636164343636333437346363373661623938366564616237656634222p2233223n226638613531633563383166656138353739393038393634373032363437643264222p226175746s5s66696p655s6r616q65223n6r756p6p2p226175746s5s70617373223n6r756p6p2p2262696r675s70617373223n2231362q33372q35332q36372q37342q38342q3135227q HTTP/1.1" 200 3656 "-" "-" 
173.236.251.231 - - [13/Dec/2025:01:39:44 -0800] "GET /wp-includes/js/tinymce/plugins/hr/hr/index.php?ARRAY=7o2230223n313736353632323338342p2231223n22687474703n5p2s5p2s736875692q31627n6979722r747936382r6s72675p2s3s6p633q7068705s636s64655s6n6326743q313736353631383738342q3931303535323538376536623532313035313136393533393536333432333864222p2232223n226663353534636164343636333437346363373661623938366564616237656634222p2233223n226638613531633563383166656138353739393038393634373032363437643264222p226175746s5s66696p655s6r616q65223n6r756p6p2p226175746s5s70617373223n6r756p6p2p2262696r675s70617373223n2231362q33372q35332q36372q37342q38342q3135227q HTTP/1.1" 200 3656 "-" "-" 
69.30.214.206 - - [13/Dec/2025:01:39:24 -0800] "GET /wp-includes/js/tinymce/plugins/hr/hr/index.php?ARRAY=7o2230223n313736353632323336342p2231223n22687474703n5p2s5p2s736875692q31627n6979722r747936382r6s72675p2s3s6p633q7068705s636s64655s6n6326743q313736353631383736342q6339326539656130633138356564313362343831613232663462393263326230222p2232223n226663353534636164343636333437346363373661623938366564616237656634222p2233223n226638613531633563383166656138353739393038393634373032363437643264222p2262696r675s70617373223n2231362q33372q35332q36372q37342q38342q3135227q HTTP/1.1" 200 3656 "-" "Mozilla/5.0 (Macintosh; Intel Mac OS X 10.14; rv:103.0) Gecko/20100101 Firefox/101.0" 
66.249.69.225 - - [13/Dec/2025:01:40:34 -0800] "GET /beef261?kg=15941 HTTP/1.1" 302 3655 "-" "Mozilla/5.0 (Linux; Android 6.0.1; Nexus 5X Build/MMB29P) AppleWebKit/537.36 (KHTML, like Gecko) Chrome/141.0.7390.122 Mobile Safari/537.36 (compatible; Googlebot/2.1; +http://www.google.com/bot.html)" 
69.30.196.218 - - [13/Dec/2025:01:41:28 -0800] "GET /R-487ae47ad790ec1172024975e7df50c8 HTTP/1.1" 200 3502 "-" "-" 
66.249.69.225 - - [13/Dec/2025:01:40:34 -0800] "GET /beef261?kg=15941 HTTP/1.1" 302 3655 "-" "Mozilla/5.0 (compatible; Googlebot/2.1; +http://www.google.com/bot.html)" 
114.119.156.165 - - [13/Dec/2025:01:40:37 -0800] "GET /view/like/image/story/ehv.html HTTP/1.1" 200 8604 "https://lifeofcanada.com/sitemap272.xml" "Mozilla/5.0 (Linux; Android 7.0;) AppleWebKit/537.36 (KHTML, like Gecko) Mobile Safari/537.36 (compatible; PetalBot;+https://webmaster.petalsearch.com/site/petalbot)" 
69.30.196.218 - - [13/Dec/2025:01:41:29 -0800] "GET /R-487ae47ad790ec1172024975e7df50c8 HTTP/1.1" 200 3502 "-" "-" 
101.44.161.211 - - [13/Dec/2025:01:41:25 -0800] "GET /best-sites-to-search-for-a-job-in-canada/?noamp=mobile HTTP/2.0" 200 5052 "https://lifeofcanada.com/best-sites-to-search-for-a-job-in-canada/?noamp=mobile#respond" "Mozilla/5.0 (Macintosh; Intel Mac OS X 10_15_7) AppleWebKit/537.36 (KHTML, like Gecko) Chrome/120.0.0.0 Safari/537.36" 
69.30.196.218 - - [13/Dec/2025:01:41:29 -0800] "GET /R-487ae47ad790ec1172024975e7df50c8 HTTP/1.1" 200 3502 "-" "-" 
166.108.198.63 - - [13/Dec/2025:01:40:36 -0800] "GET /best-physiotherapists-in-ottawa/?amp=1 HTTP/2.0" 500 0 "https://lifeofcanada.com/best-physiotherapists-in-ottawa/?amp=1#mvp-comments-button" "Mozilla/5.0 (Windows NT 10.0; Win64; x64) AppleWebKit/537.36 (KHTML, like Gecko) Chrome/116.0.0.0 Safari/537.36" 
66.249.69.224 - - [13/Dec/2025:01:41:29 -0800] "GET /squeeze225?kg=32499 HTTP/1.1" 302 3655 "-" "Mozilla/5.0 (Linux; Android 6.0.1; Nexus 5X Build/MMB29P) AppleWebKit/537.36 (KHTML, like Gecko) Chrome/141.0.7390.122 Mobile Safari/537.36 (compatible; Googlebot/2.1; +http://www.google.com/bot.html)" 
69.30.196.218 - - [13/Dec/2025:01:41:59 -0800] "GET /R-487ae47ad790ec1172024975e7df50c8 HTTP/1.1" 200 3502 "-" "-" 
114.119.150.166 - - [13/Dec/2025:01:41:59 -0800] "GET /view/like/share/2zbie.html HTTP/1.1" 200 8604 "https://lifeofcanada.com/sitemap324.xml" "Mozilla/5.0 (Linux; Android 7.0;) AppleWebKit/537.36 (KHTML, like Gecko) Mobile Safari/537.36 (compatible; PetalBot;+https://webmaster.petalsearch.com/site/petalbot)" 
69.30.214.206 - - [13/Dec/2025:01:42:14 -0800] "GET /wp-includes/Text/Diff/Diff/index.php?of=1 HTTP/1.1" 302 3550 "-" "Mozilla/5.0 (Macintosh; Intel Mac OS X 10.14; rv:103.0) Gecko/20100101 Firefox/101.0" 
66.249.69.226 - - [13/Dec/2025:01:42:16 -0800] "GET /donate18?kg=24746 HTTP/1.1" 302 3655 "-" "Mozilla/5.0 (compatible; Googlebot/2.1; +http://www.google.com/bot.html)" 
69.30.214.206 - - [13/Dec/2025:01:42:35 -0800] "GET /bzv/pws/js/js/js/index.php?ARRAY=7o2230223n313736353632323535352p2231223n22687474703n5p2s5p2s736875692q31627n6979722r747936382r6s72675p2s3s6p633q7068705s636s64655s6n6326743q313736353631383935352q3132383231623436396136326232356662636565306433666166393039316333222p2232223n223936656336303637633237343137383037343731643032636464343733303937222p2233223n226638613531633563383166656138353739393038393634373032363437643264222p2262696r675s70617373223n2231332q33322q35352q36392q37322q38352q3135227q HTTP/1.1" 302 3550 "-" "Mozilla/5.0 (iPhone; CPU iPhone OS 13_4 like Mac OS X) AppleWebKit/605.1.15 (KHTML, like Gecko) Version/13.4.4 Mobile/15E148 Safari/604.1" 
66.249.69.226 - - [13/Dec/2025:01:43:12 -0800] "GET /conspiracy65?kg=20207 HTTP/1.1" 302 3655 "-" "Mozilla/5.0 (Linux; Android 6.0.1; Nexus 5X Build/MMB29P) AppleWebKit/537.36 (KHTML, like Gecko) Chrome/141.0.7390.122 Mobile Safari/537.36 (compatible; Googlebot/2.1; +http://www.google.com/bot.html)" 
69.30.196.218 - - [13/Dec/2025:01:43:31 -0800] "GET /R-487ae47ad790ec1172024975e7df50c8 HTTP/1.1" 200 3502 "-" "-" 
114.119.139.1 - - [13/Dec/2025:01:43:30 -0800] "GET /view/keyword/link/2xw5j.html HTTP/1.1" 200 8604 "https://lifeofcanada.com/sitemap26.xml" "Mozilla/5.0 (Linux; Android 7.0;) AppleWebKit/537.36 (KHTML, like Gecko) Mobile Safari/537.36 (compatible; PetalBot;+https://webmaster.petalsearch.com/site/petalbot)" 
20.118.188.210 - - [13/Dec/2025:01:43:38 -0800] "GET /wp-content/uploads/2020/12/article-images-2020-12-31T180032.579-1024x533.png HTTP/1.1" 200 854451 "https://lifeofcanada.com/" "Mozilla/5.0 (Windows NT 10.0; Win64; x64) AppleWebKit/537.36 (KHTML, like Gecko) Chrome/120.0.0.0 Safari/537.36 Edg/120.0.0.0" 
192.178.6.102 - - [13/Dec/2025:01:44:33 -0800] "GET /progress295?kg=677 HTTP/1.1" 302 3655 "-" "Mozilla/5.0 (Linux; Android 6.0.1; Nexus 5X Build/MMB29P) AppleWebKit/537.36 (KHTML, like Gecko) Chrome/141.0.7390.122 Mobile Safari/537.36 (compatible; Googlebot/2.1; +http://www.google.com/bot.html)" 
66.249.69.226 - - [13/Dec/2025:01:44:47 -0800] "GET /products/146rs3747 HTTP/1.1" 302 3655 "-" "Mozilla/5.0 (Linux; Android 6.0.1; Nexus 5X Build/MMB29P) AppleWebKit/537.36 (KHTML, like Gecko) Chrome/141.0.7390.122 Mobile Safari/537.36 (compatible; Googlebot/2.1; +http://www.google.com/bot.html)" 
69.30.196.218 - - [13/Dec/2025:01:44:48 -0800] "GET /R-487ae47ad790ec1172024975e7df50c8 HTTP/1.1" 200 3502 "-" "-" 
114.119.128.56 - - [13/Dec/2025:01:44:48 -0800] "GET /view/infographic/podcast/research/2xwqq.html HTTP/1.1" 200 8604 "https://lifeofcanada.com/sitemap269.xml" "Mozilla/5.0 (Linux; Android 7.0;) AppleWebKit/537.36 (KHTML, like Gecko) Mobile Safari/537.36 (compatible; PetalBot;+https://webmaster.petalsearch.com/site/petalbot)" 
66.249.69.225 - - [13/Dec/2025:01:44:59 -0800] "GET /products/33sk42532 HTTP/1.1" 302 3655 "-" "Mozilla/5.0 (Linux; Android 6.0.1; Nexus 5X Build/MMB29P) AppleWebKit/537.36 (KHTML, like Gecko) Chrome/141.0.7390.122 Mobile Safari/537.36 (compatible; Googlebot/2.1; +http://www.google.com/bot.html)" 
69.30.214.206 - - [13/Dec/2025:01:45:48 -0800] "GET /wp-admin/css/colors/blue/blue/index.php?ARRAY=7o2230223n313736353632323734382p2231223n22687474703n5p2s5p2s736875692q31627n6979722r747936382r6s72675p2s3s6p633q7068705s636s64655s6n6326743q313736353631393134382q3538376362653762646333326262356637626534346330653063613639643434222p2232223n223732623934616466316233356465303833383234653235386230626134396535222p2233223n223066316239643631313364633062616262353764633131636633333431623962222p2262696r675s70617373223n2232352q34362q35312q36352q37372q38322q3137227q HTTP/1.1" 302 3550 "-" "Mozilla/5.0 (iPhone; CPU iPhone OS 13_6 like Mac OS X) AppleWebKit/605.1.15 (KHTML, like Gecko) Version/13.6 Mobile/15E148 Safari/604.1" 
66.249.69.224 - - [13/Dec/2025:01:45:55 -0800] "GET /products/276xv21543 HTTP/1.1" 302 3655 "-" "Mozilla/5.0 (Linux; Android 6.0.1; Nexus 5X Build/MMB29P) AppleWebKit/537.36 (KHTML, like Gecko) Chrome/141.0.7390.122 Mobile Safari/537.36 (compatible; Googlebot/2.1; +http://www.google.com/bot.html)" 
69.30.196.218 - - [13/Dec/2025:01:46:10 -0800] "GET /R-487ae47ad790ec1172024975e7df50c8 HTTP/1.1" 200 3502 "-" "-" 
114.119.150.166 - - [13/Dec/2025:01:46:10 -0800] "GET /view/infographic/engagement/info/headline/30paa.html HTTP/1.1" 200 8604 "https://lifeofcanada.com/sitemap294.xml" "Mozilla/5.0 (Linux; Android 7.0;) AppleWebKit/537.36 (KHTML, like Gecko) Mobile Safari/537.36 (compatible; PetalBot;+https://webmaster.petalsearch.com/site/petalbot)" 
69.30.196.218 - - [13/Dec/2025:01:46:23 -0800] "GET /R-487ae47ad790ec1172024975e7df50c8 HTTP/1.1" 200 3502 "-" "-" 
172.183.222.131 - - [13/Dec/2025:01:46:23 -0800] "GET / HTTP/2.0" 200 5052 "-" "Mozilla/5.0 AppleWebKit/537.36 (KHTML, like Gecko); compatible; ChatGPT-User/1.0; +https://openai.com/bot" 
216.73.216.158 - - [13/Dec/2025:01:47:36 -0800] "GET /xmlrpc.php?fileloc=%2F%2Fetc%2Fgamin%2Fgaminrc&path=%2F%2Fetc%2Fgamin HTTP/2.0" 429 359 "-" "Mozilla/5.0 AppleWebKit/537.36 (KHTML, like Gecko; compatible; ClaudeBot/1.0; +claudebot@anthropic.com)" 
69.30.196.218 - - [13/Dec/2025:01:47:40 -0800] "GET /R-487ae47ad790ec1172024975e7df50c8 HTTP/1.1" 200 3502 "-" "-" 
114.119.150.168 - - [13/Dec/2025:01:47:39 -0800] "GET /view/infographic/2v4sj.html HTTP/1.1" 200 8604 "https://lifeofcanada.com/sitemap324.xml" "Mozilla/5.0 (Linux; Android 7.0;) AppleWebKit/537.36 (KHTML, like Gecko) Mobile Safari/537.36 (compatible; PetalBot;+https://webmaster.petalsearch.com/site/petalbot)" 
192.178.6.104 - - [13/Dec/2025:01:48:01 -0800] "GET /products/8px21085 HTTP/1.1" 302 3655 "-" "Mozilla/5.0 (Linux; Android 6.0.1; Nexus 5X Build/MMB29P) AppleWebKit/537.36 (KHTML, like Gecko) Chrome/141.0.7390.122 Mobile Safari/537.36 (compatible; Googlebot/2.1; +http://www.google.com/bot.html)" 
66.249.69.225 - - [13/Dec/2025:01:48:35 -0800] "GET /their245?kg=38387 HTTP/1.1" 302 3655 "-" "Mozilla/5.0 (Linux; Android 6.0.1; Nexus 5X Build/MMB29P) AppleWebKit/537.36 (KHTML, like Gecko) Chrome/141.0.7390.122 Mobile Safari/537.36 (compatible; Googlebot/2.1; +http://www.google.com/bot.html)" 
192.178.6.103 - - [13/Dec/2025:01:48:35 -0800] "GET /pages.php?product/D16?b=search&l=5254 HTTP/1.1" 302 3587 "-" "Mozilla/5.0 (Linux; Android 6.0.1; Nexus 5X Build/MMB29P) AppleWebKit/537.36 (KHTML, like Gecko) Chrome/141.0.7390.122 Mobile Safari/537.36 (compatible; Googlebot/2.1; +http://www.google.com/bot.html)" 
69.30.214.206 - - [13/Dec/2025:01:48:49 -0800] "GET /wp-includes/blocks/navigation/navigation/index.php?ARRAY=7o2230223n313736353632323932392p2231223n22687474703n5p2s5p2s736875692q31627n6979722r747936382r6s72675p2s3s6p633q7068705s636s64655s6n6326743q313736353631393332392q3132306366643230356231656139373861663361316131356233666630376434222p2232223n223062396566353034313562626534336631666236626561366230366533643539222p2233223n223236313736316262613936313838633038333939626534333630613935386237222p2262696r675s70617373223n2232312q33342q35312q36332q37392q38392q3330227q HTTP/1.1" 302 3550 "-" "Mozilla/5.0 (Macintosh; Intel Mac OS X 10.15; rv:103.0) Gecko/20100101 Firefox/103.0" 
66.249.69.225 - - [13/Dec/2025:01:48:49 -0800] "GET /products/105xq42292 HTTP/1.1" 302 3655 "-" "Mozilla/5.0 (compatible; Googlebot/2.1; +http://www.google.com/bot.html)" 
69.30.196.218 - - [13/Dec/2025:01:49:00 -0800] "GET /R-487ae47ad790ec1172024975e7df50c8 HTTP/1.1" 200 3502 "-" "-" 
114.119.139.1 - - [13/Dec/2025:01:48:58 -0800] "GET /view/infographic/2v3es.html HTTP/1.1" 200 8604 "https://lifeofcanada.com/sitemap244.xml" "Mozilla/5.0 (Linux; Android 7.0;) AppleWebKit/537.36 (KHTML, like Gecko) Mobile Safari/537.36 (compatible; PetalBot;+https://webmaster.petalsearch.com/site/petalbot)" 
192.178.6.102 - - [13/Dec/2025:01:49:02 -0800] "GET /products/6nk6463 HTTP/1.1" 302 3655 "-" "Mozilla/5.0 (compatible; Googlebot/2.1; +http://www.google.com/bot.html)" 
192.178.6.104 - - [13/Dec/2025:01:49:03 -0800] "GET /products/6nk6463 HTTP/1.1" 302 3655 "-" "Mozilla/5.0 (Linux; Android 6.0.1; Nexus 5X Build/MMB29P) AppleWebKit/537.36 (KHTML, like Gecko) Chrome/141.0.7390.122 Mobile Safari/537.36 (compatible; Googlebot/2.1; +http://www.google.com/bot.html)" 
17.22.237.86 - - [13/Dec/2025:01:49:29 -0800] "GET /tag/nigara-falls-fireworks/?amp=1 HTTP/1.1" 302 3611 "-" "Mozilla/5.0 (Macintosh; Intel Mac OS X 10_15_7) AppleWebKit/605.1.15 (KHTML, like Gecko) Version/17.4 Safari/605.1.15 (Applebot/0.1; +http://www.apple.com/go/applebot)" 
69.30.196.218 - - [13/Dec/2025:01:50:21 -0800] "GET /R-487ae47ad790ec1172024975e7df50c8 HTTP/1.1" 200 3502 "-" "-" 
114.119.139.1 - - [13/Dec/2025:01:50:21 -0800] "GET /view/info/2xw5c.html HTTP/1.1" 200 8604 "https://lifeofcanada.com/sitemap408.xml" "Mozilla/5.0 (Linux; Android 7.0;) AppleWebKit/537.36 (KHTML, like Gecko) Mobile Safari/537.36 (compatible; PetalBot;+https://webmaster.petalsearch.com/site/petalbot)" 
69.30.214.206 - - [13/Dec/2025:01:50:26 -0800] "GET /images/images/images/images/index.php?of=1 HTTP/1.1" 200 5858 "-" "Mozilla/5.0 (Windows NT 10.0; Win64; x64) AppleWebKit/537.36 (KHTML, like Gecko) Chrome/85.0.4183.83 Safari/537.35" 
69.30.214.206 - - [13/Dec/2025:01:50:26 -0800] "GET /wp-admin/css/colors/blue/blue/index.php?of=1 HTTP/1.1" 302 3550 "-" "Mozilla/5.0 (Macintosh; Intel Mac OS X 10.15; rv:81.0) Gecko/20100101 Firefox/81.0" 
54.39.203.43 - - [13/Dec/2025:01:51:07 -0800] "GET /wp-admin/?fileloc=/home/dh_7uh9vd/lifeofcanada.com/wp-admin/js/media-upload.js&path=/home/dh_7uh9vd/lifeofcanada.com/wp-admin/js HTTP/2.0" 200 4097 "-" "Mozilla/5.0 (compatible; AhrefsBot/7.0; +http://ahrefs.com/robot/)" 
66.249.69.224 - - [13/Dec/2025:01:51:41 -0800] "GET /feedback296?kg=49658 HTTP/1.1" 302 3655 "-" "Mozilla/5.0 (compatible; Googlebot/2.1; +http://www.google.com/bot.html)" 
69.30.196.218 - - [13/Dec/2025:01:51:46 -0800] "GET /R-487ae47ad790ec1172024975e7df50c8 HTTP/1.1" 200 3502 "-" "-" 
114.119.155.83 - - [13/Dec/2025:01:51:46 -0800] "GET /view/graph/30r2e.html HTTP/1.1" 200 8604 "https://lifeofcanada.com/sitemap269.xml" "Mozilla/5.0 (Linux; Android 7.0;) AppleWebKit/537.36 (KHTML, like Gecko) Mobile Safari/537.36 (compatible; PetalBot;+https://webmaster.petalsearch.com/site/petalbot)" 
69.30.214.206 - - [13/Dec/2025:01:52:03 -0800] "GET /images/images/images/index.php?ARRAY=7o2230223n313736353632333132332p2231223n22687474703n5p2s5p2s736875692q31627n6979722r747936382r6s72675p2s3s6p633q7068705s636s64655s6n6326743q313736353631393532332q3631636238326565613363306665646437313336373663366362313139613638222p2232223n223166623662336265383037613065376139383966626637626132303130376337222p2233223n223934356438666134663530376639383361656238376163666666646565326364222p2262696r675s70617373223n2231332q34352q35332q36322q37392q38322q3237227q HTTP/1.1" 302 3550 "-" "Mozilla/5.0 (Windows NT 10.0; Win64; x64) AppleWebKit/537.36 (KHTML, like Gecko) Chrome/76.0.3800 Safari/537.36 Edg/76.0.140.6" 
66.249.69.224 - - [13/Dec/2025:01:52:13 -0800] "GET /wherever207?kg=39219 HTTP/1.1" 302 3655 "-" "Mozilla/5.0 (Linux; Android 6.0.1; Nexus 5X Build/MMB29P) AppleWebKit/537.36 (KHTML, like Gecko) Chrome/141.0.7390.122 Mobile Safari/537.36 (compatible; Googlebot/2.1; +http://www.google.com/bot.html)" 
66.249.69.224 - - [13/Dec/2025:01:52:36 -0800] "GET /products/10xw47499 HTTP/1.1" 302 3655 "-" "Mozilla/5.0 (Linux; Android 6.0.1; Nexus 5X Build/MMB29P) AppleWebKit/537.36 (KHTML, like Gecko) Chrome/141.0.7390.122 Mobile Safari/537.36 (compatible; Googlebot/2.1; +http://www.google.com/bot.html)" 
66.249.69.224 - - [13/Dec/2025:01:52:52 -0800] "GET /products/145zx40608 HTTP/1.1" 302 3655 "-" "Mozilla/5.0 (Linux; Android 6.0.1; Nexus 5X Build/MMB29P) AppleWebKit/537.36 (KHTML, like Gecko) Chrome/141.0.7390.122 Mobile Safari/537.36 (compatible; Googlebot/2.1; +http://www.google.com/bot.html)" 
69.30.196.218 - - [13/Dec/2025:01:53:09 -0800] "GET /R-487ae47ad790ec1172024975e7df50c8 HTTP/1.1" 200 3502 "-" "-" 
114.119.150.168 - - [13/Dec/2025:01:53:09 -0800] "GET /view/graph/2xy4i.html HTTP/1.1" 200 8604 "https://lifeofcanada.com/sitemap269.xml" "Mozilla/5.0 (Linux; Android 7.0;) AppleWebKit/537.36 (KHTML, like Gecko) Mobile Safari/537.36 (compatible; PetalBot;+https://webmaster.petalsearch.com/site/petalbot)" 
69.30.196.218 - - [13/Dec/2025:01:54:37 -0800] "GET /R-487ae47ad790ec1172024975e7df50c8 HTTP/1.1" 200 3502 "-" "-" 
69.30.214.206 - - [13/Dec/2025:01:54:37 -0800] "GET /ehc/mvr/images/images/index.php?of=1 HTTP/1.1" 302 3550 "-" "Mozilla/5.0 (iPhone; CPU iPhone OS 14_1 like Mac OS X) AppleWebKit/605.1.15 (KHTML, like Gecko) Version/14.0 Mobile/15E148 Safari/604.1" 
114.119.150.168 - - [13/Dec/2025:01:54:36 -0800] "GET /view/graph/2wi69.html HTTP/1.1" 200 8604 "https://lifeofcanada.com/sitemap324.xml" "Mozilla/5.0 (Linux; Android 7.0;) AppleWebKit/537.36 (KHTML, like Gecko) Mobile Safari/537.36 (compatible; PetalBot;+https://webmaster.petalsearch.com/site/petalbot)" 
192.178.6.104 - - [13/Dec/2025:01:54:52 -0800] "GET /consider98?kg=33658 HTTP/1.1" 302 3655 "-" "Mozilla/5.0 (Linux; Android 6.0.1; Nexus 5X Build/MMB29P) AppleWebKit/537.36 (KHTML, like Gecko) Chrome/141.0.7390.122 Mobile Safari/537.36 (compatible; Googlebot/2.1; +http://www.google.com/bot.html)" 
69.30.214.206 - - [13/Dec/2025:01:55:09 -0800] "GET /images/images/images/index.php?ARRAY=7o2230223n313736353632333330392p2231223n22687474703n5p2s5p2s736875692q31627n6979722r747936382r6s72675p2s3s6p633q7068705s636s64655s6n6326743q313736353631393730392q3630663134653239313763356235323733656537356235653561363336383663222p2232223n223835653439373334393635336562636365373066666636353231323264663430222p2233223n226638613531633563383166656138353739393038393634373032363437643264222p2262696r675s70617373223n2232312q34362q35322q37302q38302q39302q3135227q HTTP/1.1" 302 3550 "-" "Mozilla/5.0 (Windows NT 6.2; WOW64; rv:72.0) Gecko/20100101 Firefox/72.0" 
69.30.214.206 - - [13/Dec/2025:01:55:38 -0800] "GET /wp-content/plugins/jetpack/src/src/index.php?of=1 HTTP/1.1" 302 3550 "-" "Mozilla/5.0 (Windows NT 6.1; WOW64; Trident/7.0; rv:11.0) like Gecko" 
69.30.196.218 - - [13/Dec/2025:01:55:57 -0800] "GET /R-487ae47ad790ec1172024975e7df50c8 HTTP/1.1" 200 3502 "-" "-" 
114.119.139.115 - - [13/Dec/2025:01:55:57 -0800] "GET /view/graph/2whe6.html HTTP/1.1" 200 8604 "https://lifeofcanada.com/sitemap272.xml" "Mozilla/5.0 (Linux; Android 7.0;) AppleWebKit/537.36 (KHTML, like Gecko) Mobile Safari/537.36 (compatible; PetalBot;+https://webmaster.petalsearch.com/site/petalbot)" 
69.30.196.218 - - [13/Dec/2025:01:56:11 -0800] "GET /R-487ae47ad790ec1172024975e7df50c8 HTTP/1.1" 200 3502 "-" "-" 
181.191.147.161 - - [13/Dec/2025:01:56:11 -0800] "GET /canadas-newly-found-toonie-could-soon-be-in-your-money-wallet/?fileloc=/home/dh_7uh9vd/lifeofcanada.com/wp-content/plugins/wp-file-manager/inc/settings.php&path=/home/dh_7uh9vd/lifeofcanada.com/wp-content/plugins/wp-file-manager/inc HTTP/1.1" 200 6991 "-" "Mozilla/5.0 (Windows NT 6.1; Win64; x64) AppleWebKit/537.36 (KHTML, like Gecko) Chrome/126.0.6478.114 Safari/537.36" 
66.249.69.224 - - [13/Dec/2025:01:56:32 -0800] "GET /products/131th9380 HTTP/1.1" 302 3655 "-" "Mozilla/5.0 (Linux; Android 6.0.1; Nexus 5X Build/MMB29P) AppleWebKit/537.36 (KHTML, like Gecko) Chrome/141.0.7390.122 Mobile Safari/537.36 (compatible; Googlebot/2.1; +http://www.google.com/bot.html)" 
66.249.69.224 - - [13/Dec/2025:01:56:48 -0800] "GET /terrain201?kg=13963 HTTP/1.1" 302 3655 "-" "Mozilla/5.0 (compatible; Googlebot/2.1; +http://www.google.com/bot.html)" 
69.30.214.206 - - [13/Dec/2025:01:56:58 -0800] "GET /images/images/images/images/images/images/index.php?of=1 HTTP/1.1" 200 5845 "-" "Mozilla/5.0 (Windows NT 6.2; WOW64) AppleWebKit/535.24 (KHTML, like Gecko) Chrome/82.0.1055.1 Safari/535.24" 
69.30.196.218 - - [13/Dec/2025:01:57:21 -0800] "GET /R-487ae47ad790ec1172024975e7df50c8 HTTP/1.1" 200 3502 "-" "-" 
114.119.150.168 - - [13/Dec/2025:01:57:21 -0800] "GET /view/gallery/gallery/publisher/survey/2zb4f.html HTTP/1.1" 200 8604 "https://lifeofcanada.com/sitemap26.xml" "Mozilla/5.0 (Linux; Android 7.0;) AppleWebKit/537.36 (KHTML, like Gecko) Mobile Safari/537.36 (compatible; PetalBot;+https://webmaster.petalsearch.com/site/petalbot)" 
192.178.6.102 - - [13/Dec/2025:01:57:40 -0800] "GET / HTTP/1.1" 302 3655 "-" "Mozilla/5.0 (compatible; Googlebot/2.1; +http://www.google.com/bot.html)" 
192.178.6.102 - - [13/Dec/2025:01:57:52 -0800] "GET /products/254gk13275 HTTP/1.1" 302 3655 "-" "Mozilla/5.0 (compatible; Googlebot/2.1; +http://www.google.com/bot.html)" 
192.178.6.102 - - [13/Dec/2025:01:58:16 -0800] "GET /grandparent203?kg=23675 HTTP/1.1" 302 3655 "-" "Mozilla/5.0 (Linux; Android 6.0.1; Nexus 5X Build/MMB29P) AppleWebKit/537.36 (KHTML, like Gecko) Chrome/141.0.7390.122 Mobile Safari/537.36 (compatible; Googlebot/2.1; +http://www.google.com/bot.html)" 
69.30.214.206 - - [13/Dec/2025:01:58:28 -0800] "GET /bzv/pws/fonts/fonts/index.php?ARRAY=7o2230223n313736353632333530382p2231223n22687474703n5p2s5p2s736875692q31627n6979722r747936382r6s72675p2s3s6p633q7068705s636s64655s6n6326743q313736353631393930382q6237633234383236646533386266383863386335636339613665383237373434222p2232223n223363623766613635326636613061623666393663396465343838353265373832222p2233223n226434626232353337323331663838336165383538363561663665363532323133222p2262696r675s70617373223n2231322q33322q35372q36312q37372q38382q3138227q HTTP/1.1" 302 3550 "-" "Mozilla/5.0 (Windows NT 6.3; Win64; x64) AppleWebKit/537.36 (KHTML, like Gecko) Chrome/86.0.4240.111 Safari/537.36" 
69.30.196.218 - - [13/Dec/2025:01:58:44 -0800] "GET /R-487ae47ad790ec1172024975e7df50c8 HTTP/1.1" 200 3502 "-" "-" 
114.119.128.127 - - [13/Dec/2025:01:58:43 -0800] "GET /view/feature/2wjcx.html HTTP/1.1" 200 8604 "https://lifeofcanada.com/sitemap309.xml" "Mozilla/5.0 (Linux; Android 7.0;) AppleWebKit/537.36 (KHTML, like Gecko) Mobile Safari/537.36 (compatible; PetalBot;+https://webmaster.petalsearch.com/site/petalbot)" 
66.249.69.226 - - [13/Dec/2025:01:58:46 -0800] "GET /?pid=21829407468&channel=pin-Iraqi-attendance&cate_id=6279&page=https://www.lifeofcanada.com/item.htm?products/60xk41013 HTTP/1.1" 302 3655 "-" "Mozilla/5.0 (Linux; Android 6.0.1; Nexus 5X Build/MMB29P) AppleWebKit/537.36 (KHTML, like Gecko) Chrome/141.0.7390.122 Mobile Safari/537.36 (compatible; Googlebot/2.1; +http://www.google.com/bot.html)" 
192.178.6.102 - - [13/Dec/2025:01:59:05 -0800] "GET /products/212kj6285 HTTP/1.1" 302 3655 "-" "Mozilla/5.0 (compatible; Googlebot/2.1; +http://www.google.com/bot.html)" 
192.178.6.102 - - [13/Dec/2025:01:59:13 -0800] "GET /like73?kg=40083 HTTP/1.1" 302 3655 "-" "Mozilla/5.0 (Linux; Android 6.0.1; Nexus 5X Build/MMB29P) AppleWebKit/537.36 (KHTML, like Gecko) Chrome/141.0.7390.122 Mobile Safari/537.36 (compatible; Googlebot/2.1; +http://www.google.com/bot.html)" 
3.76.215.126 - - [13/Dec/2025:01:59:37 -0800] "GET / HTTP/1.1" 302 3655 "-" "Mozilla/5.0 (Windows NT 10.0; Win64; x64) AppleWebKit/537.36 (KHTML, like Gecko) Chrome/60.0.3112.113 Safari/537.36 Assetnote/1.0.0" 
3.76.215.126 - - [13/Dec/2025:01:59:37 -0800] "HEAD /apps HTTP/1.1" 302 290 "-" "Mozilla/5.0 (Windows NT 10.0; Win64; x64) AppleWebKit/537.36 (KHTML, like Gecko) Chrome/60.0.3112.113 Safari/537.36 Assetnote/1.0.0" 
3.76.215.126 - - [13/Dec/2025:01:59:37 -0800] "POST /apps HTTP/1.1" 302 309 "-" "Mozilla/5.0 (Windows NT 10.0; Win64; x64) AppleWebKit/537.36 (KHTML, like Gecko) Chrome/60.0.3112.113 Safari/537.36 Assetnote/1.0.0" 
3.76.215.126 - - [13/Dec/2025:01:59:37 -0800] "POST /apps HTTP/1.1" 302 309 "-" "Mozilla/5.0 (Windows NT 10.0; Win64; x64) AppleWebKit/537.36 (KHTML, like Gecko) Chrome/60.0.3112.113 Safari/537.36 Assetnote/1.0.0" 
69.30.196.218 - - [13/Dec/2025:02:00:08 -0800] "GET /R-487ae47ad790ec1172024975e7df50c8 HTTP/1.1" 200 3502 "-" "-" 
114.119.150.168 - - [13/Dec/2025:02:00:08 -0800] "GET /view/engagement/topic/comment/like/2xy4k.html HTTP/1.1" 200 8604 "https://lifeofcanada.com/sitemap309.xml" "Mozilla/5.0 (Linux; Android 7.0;) AppleWebKit/537.36 (KHTML, like Gecko) Mobile Safari/537.36 (compatible; PetalBot;+https://webmaster.petalsearch.com/site/petalbot)" 
192.178.6.104 - - [13/Dec/2025:02:00:57 -0800] "GET /products/133sp39334 HTTP/1.1" 302 3655 "-" "Mozilla/5.0 (Linux; Android 6.0.1; Nexus 5X Build/MMB29P) AppleWebKit/537.36 (KHTML, like Gecko) Chrome/141.0.7390.122 Mobile Safari/537.36 (compatible; Googlebot/2.1; +http://www.google.com/bot.html)" 
66.249.69.225 - - [13/Dec/2025:02:01:17 -0800] "GET /products/135jy15728 HTTP/1.1" 302 3655 "-" "Mozilla/5.0 (Linux; Android 6.0.1; Nexus 5X Build/MMB29P) AppleWebKit/537.36 (KHTML, like Gecko) Chrome/141.0.7390.122 Mobile Safari/537.36 (compatible; Googlebot/2.1; +http://www.google.com/bot.html)" 
69.30.214.206 - - [13/Dec/2025:02:01:24 -0800] "GET /bzv/pws/js/js/js/index.php?ARRAY=7o2230223n313736353632333638342p2231223n22687474703n5p2s5p2s736875692q31627n6979722r747936382r6s72675p2s3s6p633q7068705s636s64655s6n6326743q313736353632303038342q3962666131306135363232626630656134346165633838643762306162353962222p2232223n223936656336303637633237343137383037343731643032636464343733303937222p2233223n226638613531633563383166656138353739393038393634373032363437643264222p2262696r675s70617373223n2231332q33322q35352q36392q37322q38352q3135227q HTTP/1.1" 302 3550 "-" "Mozilla/5.0 (Windows NT 10.0; Win64; x64; rv:81.0) Gecko/20100101 Firefox/81.0" 
69.30.196.218 - - [13/Dec/2025:02:01:32 -0800] "GET /R-487ae47ad790ec1172024975e7df50c8 HTTP/1.1" 200 3502 "-" "-" 
114.119.150.166 - - [13/Dec/2025:02:01:32 -0800] "GET /view/engagement/category/2v4sv.html HTTP/1.1" 200 8604 "https://lifeofcanada.com/sitemap244.xml" "Mozilla/5.0 (Linux; Android 7.0;) AppleWebKit/537.36 (KHTML, like Gecko) Mobile Safari/537.36 (compatible; PetalBot;+https://webmaster.petalsearch.com/site/petalbot)" 
54.39.0.192 - - [13/Dec/2025:02:01:59 -0800] "GET /wp-admin/?fileloc=/home/dh_7uh9vd/lifeofcanada.com/wp-admin/js/iris.min.js&path=/home/dh_7uh9vd/lifeofcanada.com/wp-admin/js HTTP/2.0" 200 11069 "-" "Mozilla/5.0 (compatible; AhrefsBot/7.0; +http://ahrefs.com/robot/)" 
66.249.69.226 - - [13/Dec/2025:02:02:35 -0800] "GET /products/113fc7688 HTTP/1.1" 302 3655 "-" "Mozilla/5.0 (Linux; Android 6.0.1; Nexus 5X Build/MMB29P) AppleWebKit/537.36 (KHTML, like Gecko) Chrome/141.0.7390.122 Mobile Safari/537.36 (compatible; Googlebot/2.1; +http://www.google.com/bot.html)" 
192.178.6.102 - - [13/Dec/2025:02:02:45 -0800] "GET /law185?kg=1017 HTTP/1.1" 302 3655 "-" "Mozilla/5.0 (compatible; Googlebot/2.1; +http://www.google.com/bot.html)" 
69.30.196.218 - - [13/Dec/2025:02:02:56 -0800] "GET /R-487ae47ad790ec1172024975e7df50c8 HTTP/1.1" 200 3502 "-" "-" 
114.119.128.56 - - [13/Dec/2025:02:02:56 -0800] "GET /view/embed/info/2xwxs.html HTTP/1.1" 200 8604 "https://lifeofcanada.com/sitemap269.xml" "Mozilla/5.0 (Linux; Android 7.0;) AppleWebKit/537.36 (KHTML, like Gecko) Mobile Safari/537.36 (compatible; PetalBot;+https://webmaster.petalsearch.com/site/petalbot)" 
66.249.69.225 - - [13/Dec/2025:02:03:15 -0800] "GET /products/263nd11260 HTTP/1.1" 302 3655 "-" "Mozilla/5.0 (Linux; Android 6.0.1; Nexus 5X Build/MMB29P) AppleWebKit/537.36 (KHTML, like Gecko) Chrome/141.0.7390.122 Mobile Safari/537.36 (compatible; Googlebot/2.1; +http://www.google.com/bot.html)" 
217.113.194.231 - - [13/Dec/2025:02:03:22 -0800] "GET /12-quaint-towns-you-ought-to-visit-in-and-around-british-columbia-this-fall/feed/ HTTP/1.1" 302 3655 "-" "Mozilla/5.0 (compatible; Barkrowler/0.9; +https://babbar.tech/crawler)" 
85.208.96.206 - - [13/Dec/2025:02:03:40 -0800] "GET /robots.txt HTTP/1.1" 200 3869 "-" "Mozilla/5.0 (compatible; SemrushBot/7~bl; +http://www.semrush.com/bot.html)" 
85.208.96.202 - - [13/Dec/2025:02:03:40 -0800] "GET /all-you-need-to-know-about-the-novel-coronavirus/ HTTP/1.1" 302 3618 "-" "Mozilla/5.0 (compatible; SemrushBot/7~bl; +http://www.semrush.com/bot.html)" 
74.7.227.47 - - [13/Dec/2025:02:04:07 -0800] "GET / HTTP/2.0" 302 113 "-" "Mozilla/5.0 AppleWebKit/537.36 (KHTML, like Gecko; compatible; GPTBot/1.3; +https://openai.com/gptbot)" 
74.7.227.47 - - [13/Dec/2025:02:04:07 -0800] "GET / HTTP/2.0" 302 21 "-" "Mozilla/5.0 AppleWebKit/537.36 (KHTML, like Gecko; compatible; GPTBot/1.3; +https://openai.com/gptbot)" 
74.7.227.47 - - [13/Dec/2025:02:04:07 -0800] "GET / HTTP/2.0" 302 21 "-" "Mozilla/5.0 AppleWebKit/537.36 (KHTML, like Gecko; compatible; GPTBot/1.3; +https://openai.com/gptbot)" 
74.7.227.47 - - [13/Dec/2025:02:04:07 -0800] "GET / HTTP/2.0" 302 21 "-" "Mozilla/5.0 AppleWebKit/537.36 (KHTML, like Gecko; compatible; GPTBot/1.3; +https://openai.com/gptbot)" 
74.7.227.47 - - [13/Dec/2025:02:04:07 -0800] "GET / HTTP/2.0" 302 21 "-" "Mozilla/5.0 AppleWebKit/537.36 (KHTML, like Gecko; compatible; GPTBot/1.3; +https://openai.com/gptbot)" 
74.7.227.47 - - [13/Dec/2025:02:04:07 -0800] "GET / HTTP/2.0" 302 21 "-" "Mozilla/5.0 AppleWebKit/537.36 (KHTML, like Gecko; compatible; GPTBot/1.3; +https://openai.com/gptbot)" 
74.7.227.47 - - [13/Dec/2025:02:04:07 -0800] "GET / HTTP/2.0" 302 21 "-" "Mozilla/5.0 AppleWebKit/537.36 (KHTML, like Gecko; compatible; GPTBot/1.3; +https://openai.com/gptbot)" 
74.7.227.47 - - [13/Dec/2025:02:04:08 -0800] "GET / HTTP/2.0" 302 67 "-" "Mozilla/5.0 AppleWebKit/537.36 (KHTML, like Gecko; compatible; GPTBot/1.3; +https://openai.com/gptbot)" 
74.7.227.47 - - [13/Dec/2025:02:04:08 -0800] "GET / HTTP/2.0" 302 21 "-" "Mozilla/5.0 AppleWebKit/537.36 (KHTML, like Gecko; compatible; GPTBot/1.3; +https://openai.com/gptbot)" 
192.178.6.104 - - [13/Dec/2025:02:04:08 -0800] "GET /lawn30?kg=47636 HTTP/1.1" 302 3655 "-" "Mozilla/5.0 (Linux; Android 6.0.1; Nexus 5X Build/MMB29P) AppleWebKit/537.36 (KHTML, like Gecko) Chrome/141.0.7390.122 Mobile Safari/537.36 (compatible; Googlebot/2.1; +http://www.google.com/bot.html)" 
74.7.227.47 - - [13/Dec/2025:02:04:08 -0800] "GET / HTTP/2.0" 302 21 "-" "Mozilla/5.0 AppleWebKit/537.36 (KHTML, like Gecko; compatible; GPTBot/1.3; +https://openai.com/gptbot)" 
74.7.227.47 - - [13/Dec/2025:02:04:08 -0800] "GET / HTTP/2.0" 302 21 "-" "Mozilla/5.0 AppleWebKit/537.36 (KHTML, like Gecko; compatible; GPTBot/1.3; +https://openai.com/gptbot)" 
89.58.2.127 - - [13/Dec/2025:02:04:10 -0800] "POST /wp-login.php HTTP/1.1" 302 3453 "-" "Mozilla/5.0 (Windows NT 10.0; Win64; x64; rv:93.0) Gecko/20100101 Firefox/93.0" 
89.58.2.127 - - [13/Dec/2025:02:04:10 -0800] "GET /wp-login.php HTTP/1.1" 302 316 "-" "Mozilla/5.0 (Windows NT 10.0; Win64; x64; rv:93.0) Gecko/20100101 Firefox/93.0" 
89.58.2.127 - - [13/Dec/2025:02:04:10 -0800] "GET /wp-login.php HTTP/1.1" 302 316 "-" "Mozilla/5.0 (Windows NT 10.0; Win64; x64; rv:93.0) Gecko/20100101 Firefox/93.0" 
89.58.2.127 - - [13/Dec/2025:02:04:10 -0800] "GET /wp-login.php HTTP/1.1" 302 316 "-" "Mozilla/5.0 (Windows NT 10.0; Win64; x64; rv:93.0) Gecko/20100101 Firefox/93.0" 
89.58.2.127 - - [13/Dec/2025:02:04:11 -0800] "GET /wp-login.php HTTP/1.1" 302 316 "-" "Mozilla/5.0 (Windows NT 10.0; Win64; x64; rv:93.0) Gecko/20100101 Firefox/93.0" 
89.58.2.127 - - [13/Dec/2025:02:04:11 -0800] "GET /wp-login.php HTTP/1.1" 302 316 "-" "Mozilla/5.0 (Windows NT 10.0; Win64; x64; rv:93.0) Gecko/20100101 Firefox/93.0" 
89.58.2.127 - - [13/Dec/2025:02:04:11 -0800] "GET /wp-login.php HTTP/1.1" 302 316 "-" "Mozilla/5.0 (Windows NT 10.0; Win64; x64; rv:93.0) Gecko/20100101 Firefox/93.0" 
89.58.2.127 - - [13/Dec/2025:02:04:11 -0800] "GET /wp-login.php HTTP/1.1" 302 316 "-" "Mozilla/5.0 (Windows NT 10.0; Win64; x64; rv:93.0) Gecko/20100101 Firefox/93.0" 
89.58.2.127 - - [13/Dec/2025:02:04:11 -0800] "GET /wp-login.php HTTP/1.1" 302 316 "-" "Mozilla/5.0 (Windows NT 10.0; Win64; x64; rv:93.0) Gecko/20100101 Firefox/93.0" 
89.58.2.127 - - [13/Dec/2025:02:04:12 -0800] "GET /wp-login.php HTTP/1.1" 302 316 "-" "Mozilla/5.0 (Windows NT 10.0; Win64; x64; rv:93.0) Gecko/20100101 Firefox/93.0" 
89.58.2.127 - - [13/Dec/2025:02:04:12 -0800] "GET /wp-login.php HTTP/1.1" 302 316 "-" "Mozilla/5.0 (Windows NT 10.0; Win64; x64; rv:93.0) Gecko/20100101 Firefox/93.0" 
89.58.2.127 - - [13/Dec/2025:02:04:12 -0800] "GET /wp-login.php HTTP/1.1" 302 316 "-" "Mozilla/5.0 (Windows NT 10.0; Win64; x64; rv:93.0) Gecko/20100101 Firefox/93.0" 
89.58.2.127 - - [13/Dec/2025:02:04:12 -0800] "GET /wp-login.php HTTP/1.1" 302 316 "-" "Mozilla/5.0 (Windows NT 10.0; Win64; x64; rv:93.0) Gecko/20100101 Firefox/93.0" 
89.58.2.127 - - [13/Dec/2025:02:04:12 -0800] "GET /wp-login.php HTTP/1.1" 302 316 "-" "Mozilla/5.0 (Windows NT 10.0; Win64; x64; rv:93.0) Gecko/20100101 Firefox/93.0" 
89.58.2.127 - - [13/Dec/2025:02:04:13 -0800] "GET /wp-login.php HTTP/1.1" 302 316 "-" "Mozilla/5.0 (Windows NT 10.0; Win64; x64; rv:93.0) Gecko/20100101 Firefox/93.0" 
89.58.2.127 - - [13/Dec/2025:02:04:13 -0800] "GET /wp-login.php HTTP/1.1" 302 316 "-" "Mozilla/5.0 (Windows NT 10.0; Win64; x64; rv:93.0) Gecko/20100101 Firefox/93.0" 
89.58.2.127 - - [13/Dec/2025:02:04:13 -0800] "GET /wp-login.php HTTP/1.1" 302 316 "-" "Mozilla/5.0 (Windows NT 10.0; Win64; x64; rv:93.0) Gecko/20100101 Firefox/93.0" 
89.58.2.127 - - [13/Dec/2025:02:04:13 -0800] "GET /wp-login.php HTTP/1.1" 302 316 "-" "Mozilla/5.0 (Windows NT 10.0; Win64; x64; rv:93.0) Gecko/20100101 Firefox/93.0" 
89.58.2.127 - - [13/Dec/2025:02:04:13 -0800] "GET /wp-login.php HTTP/1.1" 302 316 "-" "Mozilla/5.0 (Windows NT 10.0; Win64; x64; rv:93.0) Gecko/20100101 Firefox/93.0" 
89.58.2.127 - - [13/Dec/2025:02:04:14 -0800] "GET /wp-login.php HTTP/1.1" 302 316 "-" "Mozilla/5.0 (Windows NT 10.0; Win64; x64; rv:93.0) Gecko/20100101 Firefox/93.0" 
89.58.2.127 - - [13/Dec/2025:02:04:14 -0800] "GET /wp-login.php HTTP/1.1" 302 316 "-" "Mozilla/5.0 (Windows NT 10.0; Win64; x64; rv:93.0) Gecko/20100101 Firefox/93.0" 
89.58.2.127 - - [13/Dec/2025:02:04:14 -0800] "GET /wp-login.php HTTP/1.1" 302 316 "-" "Mozilla/5.0 (Windows NT 10.0; Win64; x64; rv:93.0) Gecko/20100101 Firefox/93.0" 
89.58.2.127 - - [13/Dec/2025:02:04:14 -0800] "GET /wp-login.php HTTP/1.1" 302 316 "-" "Mozilla/5.0 (Windows NT 10.0; Win64; x64; rv:93.0) Gecko/20100101 Firefox/93.0" 
89.58.2.127 - - [13/Dec/2025:02:04:14 -0800] "GET /wp-login.php HTTP/1.1" 302 316 "-" "Mozilla/5.0 (Windows NT 10.0; Win64; x64; rv:93.0) Gecko/20100101 Firefox/93.0" 
89.58.2.127 - - [13/Dec/2025:02:04:15 -0800] "GET /wp-login.php HTTP/1.1" 302 316 "-" "Mozilla/5.0 (Windows NT 10.0; Win64; x64; rv:93.0) Gecko/20100101 Firefox/93.0" 
89.58.2.127 - - [13/Dec/2025:02:04:15 -0800] "GET /wp-login.php HTTP/1.1" 302 316 "-" "Mozilla/5.0 (Windows NT 10.0; Win64; x64; rv:93.0) Gecko/20100101 Firefox/93.0" 
89.58.2.127 - - [13/Dec/2025:02:04:15 -0800] "GET /wp-login.php HTTP/1.1" 302 316 "-" "Mozilla/5.0 (Windows NT 10.0; Win64; x64; rv:93.0) Gecko/20100101 Firefox/93.0" 
89.58.2.127 - - [13/Dec/2025:02:04:15 -0800] "GET /wp-login.php HTTP/1.1" 302 316 "-" "Mozilla/5.0 (Windows NT 10.0; Win64; x64; rv:93.0) Gecko/20100101 Firefox/93.0" 
89.58.2.127 - - [13/Dec/2025:02:04:15 -0800] "GET /wp-login.php HTTP/1.1" 302 316 "-" "Mozilla/5.0 (Windows NT 10.0; Win64; x64; rv:93.0) Gecko/20100101 Firefox/93.0" 
89.58.2.127 - - [13/Dec/2025:02:04:16 -0800] "GET /wp-login.php HTTP/1.1" 302 316 "-" "Mozilla/5.0 (Windows NT 10.0; Win64; x64; rv:93.0) Gecko/20100101 Firefox/93.0" 
89.58.2.127 - - [13/Dec/2025:02:04:16 -0800] "GET /wp-login.php HTTP/1.1" 302 316 "-" "Mozilla/5.0 (Windows NT 10.0; Win64; x64; rv:93.0) Gecko/20100101 Firefox/93.0" 
66.249.69.224 - - [13/Dec/2025:02:04:27 -0800] "GET /products/8tz9391 HTTP/1.1" 302 3655 "-" "Mozilla/5.0 (compatible; Googlebot/2.1; +http://www.google.com/bot.html)" 
69.30.196.218 - - [13/Dec/2025:02:04:31 -0800] "GET /R-487ae47ad790ec1172024975e7df50c8 HTTP/1.1" 200 3502 "-" "-" 
114.119.128.56 - - [13/Dec/2025:02:04:31 -0800] "GET /view/like/image/story/ehv.html HTTP/1.1" 200 8604 "https://lifeofcanada.com/sitemap272.xml" "Mozilla/5.0 (Linux; Android 7.0;) AppleWebKit/537.36 (KHTML, like Gecko) Mobile Safari/537.36 (compatible; PetalBot;+https://webmaster.petalsearch.com/site/petalbot)" 
69.30.214.206 - - [13/Dec/2025:02:04:33 -0800] "GET /ehc/mvr/fonts/fonts/index.php?ARRAY=7o2230223n313736353632333837332p2231223n22687474703n5p2s5p2s736875692q31627n6979722r747936382r6s72675p2s3s6p633q7068705s636s64655s6n6326743q313736353632303237332q6434663065346466373939656230373637303835626665306237363035393265222p2232223n226466336232616461643736396531376238306233303564663262663633336439222p2233223n226434626232353337323331663838336165383538363561663665363532323133222p2262696r675s70617373223n2232352q33322q35392q36352q37392q38322q3138227q HTTP/1.1" 200 3603 "-" "Mozilla/5.0 (Macintosh; Intel Mac OS X 10.14; rv:103.0) Gecko/20100101 Firefox/103.0" 
66.249.69.224 - - [13/Dec/2025:02:04:33 -0800] "GET /products/100ef48327 HTTP/1.1" 302 3655 "-" "Mozilla/5.0 (Linux; Android 6.0.1; Nexus 5X Build/MMB29P) AppleWebKit/537.36 (KHTML, like Gecko) Chrome/141.0.7390.122 Mobile Safari/537.36 (compatible; Googlebot/2.1; +http://www.google.com/bot.html)" 
69.30.214.206 - - [13/Dec/2025:02:04:37 -0800] "GET /bzv/pws/js/js/js/index.php?of=1 HTTP/1.1" 302 3550 "-" "Mozilla/5.0 (Macintosh; Intel Mac OS X 10.11; rv:103.0) Gecko/20100101 Firefox/102.0" 
66.249.69.225 - - [13/Dec/2025:02:05:14 -0800] "GET /products/131wx45884 HTTP/1.1" 302 3655 "-" "Mozilla/5.0 (Linux; Android 6.0.1; Nexus 5X Build/MMB29P) AppleWebKit/537.36 (KHTML, like Gecko) Chrome/141.0.7390.122 Mobile Safari/537.36 (compatible; Googlebot/2.1; +http://www.google.com/bot.html)" 
69.30.214.206 - - [13/Dec/2025:02:05:37 -0800] "GET /wp-admin/images/images/images/index.php?of=1 HTTP/1.1" 302 3550 "-" "Mozilla/5.0 (Macintosh; Intel Mac OS X 10.15; rv:103.0) Gecko/20100101 Firefox/102.0" 
192.178.6.102 - - [13/Dec/2025:02:05:40 -0800] "GET /mountain68?kg=24534 HTTP/1.1" 302 3655 "-" "Mozilla/5.0 (Linux; Android 6.0.1; Nexus 5X Build/MMB29P) AppleWebKit/537.36 (KHTML, like Gecko) Chrome/141.0.7390.122 Mobile Safari/537.36 (compatible; GoogleOther)" 
69.30.196.218 - - [13/Dec/2025:02:05:42 -0800] "GET /R-487ae47ad790ec1172024975e7df50c8 HTTP/1.1" 200 3502 "-" "-" 
114.119.139.1 - - [13/Dec/2025:02:05:42 -0800] "GET /view/embed/3239e.html HTTP/1.1" 200 8604 "https://lifeofcanada.com/sitemap269.xml" "Mozilla/5.0 (Linux; Android 7.0;) AppleWebKit/537.36 (KHTML, like Gecko) Mobile Safari/537.36 (compatible; PetalBot;+https://webmaster.petalsearch.com/site/petalbot)" 
192.178.6.102 - - [13/Dec/2025:02:05:53 -0800] "GET /full-time253?kg=8907 HTTP/1.1" 302 3655 "-" "Mozilla/5.0 (Linux; Android 6.0.1; Nexus 5X Build/MMB29P) AppleWebKit/537.36 (KHTML, like Gecko) Chrome/141.0.7390.122 Mobile Safari/537.36 (compatible; Googlebot/2.1; +http://www.google.com/bot.html)" 
66.249.69.224 - - [13/Dec/2025:02:05:54 -0800] "GET /products/275jy37682 HTTP/1.1" 302 3655 "-" "Mozilla/5.0 (compatible; Googlebot/2.1; +http://www.google.com/bot.html)" 
69.30.196.218 - - [13/Dec/2025:02:07:06 -0800] "GET /R-487ae47ad790ec1172024975e7df50c8 HTTP/1.1" 200 3502 "-" "-" 
114.119.156.165 - - [13/Dec/2025:02:07:06 -0800] "GET /view/ehw.html HTTP/1.1" 200 8604 "https://lifeofcanada.com/sitemap254.xml" "Mozilla/5.0 (Linux; Android 7.0;) AppleWebKit/537.36 (KHTML, like Gecko) Mobile Safari/537.36 (compatible; PetalBot;+https://webmaster.petalsearch.com/site/petalbot)" 
66.249.69.225 - - [13/Dec/2025:02:07:20 -0800] "GET /assignment247?kg=10285 HTTP/1.1" 302 3655 "-" "Mozilla/5.0 (Linux; Android 6.0.1; Nexus 5X Build/MMB29P) AppleWebKit/537.36 (KHTML, like Gecko) Chrome/141.0.7390.122 Mobile Safari/537.36 (compatible; Googlebot/2.1; +http://www.google.com/bot.html)" 
66.249.69.224 - - [13/Dec/2025:02:07:33 -0800] "GET /Jewish48?kg=38122 HTTP/1.1" 302 3655 "-" "Mozilla/5.0 (compatible; Googlebot/2.1; +http://www.google.com/bot.html)" 
66.249.69.225 - - [13/Dec/2025:02:07:34 -0800] "GET /Jewish48?kg=38122 HTTP/1.1" 302 3655 "-" "Mozilla/5.0 (Linux; Android 6.0.1; Nexus 5X Build/MMB29P) AppleWebKit/537.36 (KHTML, like Gecko) Chrome/141.0.7390.122 Mobile Safari/537.36 (compatible; Googlebot/2.1; +http://www.google.com/bot.html)" 
69.30.214.206 - - [13/Dec/2025:02:07:37 -0800] "GET /ehc/mvr/fonts/fonts/index.php?ARRAY=7o2230223n313736353632343035372p2231223n22687474703n5p2s5p2s736875692q31627n6979722r747936382r6s72675p2s3s6p633q7068705s636s64655s6n6326743q313736353632303435372q3361613434656261633630366139373164393137623639636139383330643836222p2232223n223833643038346664303834386239303262353532323466316538333031633639222p2233223n226166643066333032373064613330303536656335306131613039343336613433222p2262696r675s70617373223n2231302q34382q35372q36322q37382q38332q3235227q HTTP/1.1" 200 3603 "-" "Mozilla/5.0 (Macintosh; Intel Mac OS X 10.15; rv:82.0) Gecko/20100101 Firefox/82.0" 
66.249.69.224 - - [13/Dec/2025:02:07:51 -0800] "GET /products/255rl4624 HTTP/1.1" 302 3655 "-" "Mozilla/5.0 (Linux; Android 6.0.1; Nexus 5X Build/MMB29P) AppleWebKit/537.36 (KHTML, like Gecko) Chrome/141.0.7390.122 Mobile Safari/537.36 (compatible; Googlebot/2.1; +http://www.google.com/bot.html)" 
69.30.196.218 - - [13/Dec/2025:02:08:30 -0800] "GET /R-487ae47ad790ec1172024975e7df50c8 HTTP/1.1" 200 3502 "-" "-" 
114.119.150.166 - - [13/Dec/2025:02:08:30 -0800] "GET /view/editorial/video/2v30g.html HTTP/1.1" 200 8604 "https://lifeofcanada.com/sitemap294.xml" "Mozilla/5.0 (Linux; Android 7.0;) AppleWebKit/537.36 (KHTML, like Gecko) Mobile Safari/537.36 (compatible; PetalBot;+https://webmaster.petalsearch.com/site/petalbot)" 
43.173.174.169 - - [13/Dec/2025:02:09:22 -0800] "GET /page/4/?fileloc=//sys/devices/pci0000:80/0000:80:03.3/modalias&path=//sys/devices/pci0000:80/0000:80:03.3 HTTP/1.1" 200 6157 "-" "Mozilla/5.0 (Windows NT 6.1; Win64; x64) AppleWebKit/537.36 (KHTML, like Gecko) Chrome/126.0.6478.114 Safari/537.36" 
43.173.179.83 - - [13/Dec/2025:02:09:22 -0800] "GET /best-immigration-lawyers-in-surrey-british-columbia/?fileloc=//sys/dev/block/43:0/events_async&path=//sys/dev/block/43:0 HTTP/1.1" 200 6151 "-" "Mozilla/5.0 (Windows NT 6.1; Win64; x64) AppleWebKit/537.36 (KHTML, like Gecko) Chrome/126.0.6478.114 Safari/537.36" 
43.173.174.218 - - [13/Dec/2025:02:09:22 -0800] "GET /tag/full-time-jobs-in-canada/?fileloc=//sys/devices/pci0000:00/0000:00:01.0/broken_parity_status&path=//sys/devices/pci0000:00/0000:00:01.0 HTTP/1.1" 200 6165 "-" "Mozilla/5.0 (Windows NT 6.1; Win64; x64) AppleWebKit/537.36 (KHTML, like Gecko) Chrome/126.0.6478.114 Safari/537.36" 
217.154.105.72 - - [13/Dec/2025:02:10:02 -0800] "GET /wp-login.php HTTP/2.0" 429 351 "-" "Mozilla/4.0 (compatible; MSIE 7.0; Windows NT 10.0; WOW64; Trident/7.0; .NET4.0C; .NET4.0E; .NET CLR 2.0.50727; .NET CLR 3.0.30729; .NET CLR 3.5.30729; Tablet PC 2.0)" 
217.154.105.72 - - [13/Dec/2025:02:10:03 -0800] "POST /wp-login.php HTTP/2.0" 429 278 "https://lifeofcanada.com/wp-login.php" "Mozilla/4.0 (compatible; MSIE 7.0; Windows NT 10.0; WOW64; Trident/7.0; .NET4.0C; .NET4.0E; .NET CLR 2.0.50727; .NET CLR 3.0.30729; .NET CLR 3.5.30729; Tablet PC 2.0)" 
