216.73.216.158 - - [13/Dec/2025:02:47:21 -0800] "GET /xmlrpc.php?fileloc=%2Fhome%2Fdh_7uh9vd%2Flifeofcanada.com%2Fwp-content%2Fuploads%2F2020%2F06%2FIMG_20200624_114847_316-300x145.jpg&path=%2Fhome%2Fdh_7uh9vd%2Flifeofcanada.com%2Fwp-content%2Fuploads%2F2020%2F06 HTTP/2.0" 429 359 "-" "Mozilla/5.0 AppleWebKit/537.36 (KHTML, like Gecko; compatible; ClaudeBot/1.0; +claudebot@anthropic.com)" 
216.73.216.158 - - [13/Dec/2025:02:47:26 -0800] "GET /xmlrpc.php?fileloc=%2Fhome%2Fdh_7uh9vd%2Flifeofcanada.com%2Fwp-content%2Fuploads%2F2020%2F02%2FVikram-inside-My-Shanti-29-60x60.jpg&path=%2Fhome%2Fdh_7uh9vd%2Flifeofcanada.com%2Fwp-content%2Fuploads%2F2020%2F02 HTTP/2.0" 429 278 "-" "Mozilla/5.0 AppleWebKit/537.36 (KHTML, like Gecko; compatible; ClaudeBot/1.0; +claudebot@anthropic.com)" 
216.73.216.158 - - [13/Dec/2025:02:47:31 -0800] "GET /xmlrpc.php?fileloc=%2Fhome%2Fdh_7uh9vd%2Flifeofcanada.com%2Fwp-content%2Fuploads%2F2020%2F06%2FIMG_20200624_114847_316-70x66.jpg&path=%2Fhome%2Fdh_7uh9vd%2Flifeofcanada.com%2Fwp-content%2Fuploads%2F2020%2F06 HTTP/2.0" 429 278 "-" "Mozilla/5.0 AppleWebKit/537.36 (KHTML, like Gecko; compatible; ClaudeBot/1.0; +claudebot@anthropic.com)" 
69.30.214.206 - - [13/Dec/2025:02:47:30 -0800] "GET /wp-includes/sodium_compat/src/Core32/ChaCha20/ChaCha20/index.php?of=1 HTTP/1.1" 200 5933 "-" "Mozilla/5.0 (iPhone; CPU iPhone OS 14_1 like Mac OS X) AppleWebKit/605.1.15 (KHTML, like Gecko) Version/14.0 Mobile/15E148 Safari/604.1" 
69.30.196.218 - - [13/Dec/2025:02:47:30 -0800] "GET /R-487ae47ad790ec1172024975e7df50c8 HTTP/1.1" 200 3502 "-" "-" 
114.119.156.165 - - [13/Dec/2025:02:47:30 -0800] "GET /view/2zcox.html HTTP/1.1" 200 8604 "https://lifeofcanada.com/sitemap269.xml" "Mozilla/5.0 (Linux; Android 7.0;) AppleWebKit/537.36 (KHTML, like Gecko) Mobile Safari/537.36 (compatible; PetalBot;+https://webmaster.petalsearch.com/site/petalbot)" 
216.73.216.158 - - [13/Dec/2025:02:47:36 -0800] "GET /xmlrpc.php?fileloc=%2Fhome%2Fdh_7uh9vd%2Flifeofcanada.com%2Fwp-content%2Fuploads%2F2020%2F02%2FVikram-inside-My-Shanti-52-300x196.jpg&path=%2Fhome%2Fdh_7uh9vd%2Flifeofcanada.com%2Fwp-content%2Fuploads%2F2020%2F02 HTTP/2.0" 429 278 "-" "Mozilla/5.0 AppleWebKit/537.36 (KHTML, like Gecko; compatible; ClaudeBot/1.0; +claudebot@anthropic.com)" 
216.73.216.158 - - [13/Dec/2025:02:47:41 -0800] "GET /xmlrpc.php?fileloc=%2Fhome%2Fdh_7uh9vd%2Flifeofcanada.com%2Fwp-content%2Fuploads%2F2019%2F02%2F20121015-richmondstation-03-300x196.jpg&path=%2Fhome%2Fdh_7uh9vd%2Flifeofcanada.com%2Fwp-content%2Fuploads%2F2019%2F02 HTTP/2.0" 429 278 "-" "Mozilla/5.0 AppleWebKit/537.36 (KHTML, like Gecko; compatible; ClaudeBot/1.0; +claudebot@anthropic.com)" 
216.73.216.158 - - [13/Dec/2025:02:47:46 -0800] "GET /xmlrpc.php?fileloc=%2Fhome%2Fdh_7uh9vd%2Flifeofcanada.com%2Fwp-content%2Fuploads%2F2020%2F02%2F0_NandiniJPG-33-179x174.jpg&path=%2Fhome%2Fdh_7uh9vd%2Flifeofcanada.com%2Fwp-content%2Fuploads%2F2020%2F02 HTTP/2.0" 429 278 "-" "Mozilla/5.0 AppleWebKit/537.36 (KHTML, like Gecko; compatible; ClaudeBot/1.0; +claudebot@anthropic.com)" 
216.73.216.158 - - [13/Dec/2025:02:47:51 -0800] "GET /xmlrpc.php?fileloc=%2Fhome%2Fdh_7uh9vd%2Flifeofcanada.com%2Fwp-content%2Fuploads%2F2020%2F02%2FVikram-inside-My-Shanti-58-1280x550.jpg&path=%2Fhome%2Fdh_7uh9vd%2Flifeofcanada.com%2Fwp-content%2Fuploads%2F2020%2F02 HTTP/2.0" 429 278 "-" "Mozilla/5.0 AppleWebKit/537.36 (KHTML, like Gecko; compatible; ClaudeBot/1.0; +claudebot@anthropic.com)" 
216.73.216.158 - - [13/Dec/2025:02:47:56 -0800] "GET /xmlrpc.php?fileloc=%2F%2Fvar%2Flog%2Fmessages.6.gz&path=%2F%2Fvar%2Flog HTTP/2.0" 429 278 "-" "Mozilla/5.0 AppleWebKit/537.36 (KHTML, like Gecko; compatible; ClaudeBot/1.0; +claudebot@anthropic.com)" 
216.73.216.158 - - [13/Dec/2025:02:48:01 -0800] "GET /xmlrpc.php?fileloc=%2Fhome%2Fdh_7uh9vd%2Flifeofcanada.com%2Fwp-content%2Fuploads%2F2020%2F02%2F0_NandiniJPG-36-179x174.jpg&path=%2Fhome%2Fdh_7uh9vd%2Flifeofcanada.com%2Fwp-content%2Fuploads%2F2020%2F02 HTTP/2.0" 429 278 "-" "Mozilla/5.0 AppleWebKit/537.36 (KHTML, like Gecko; compatible; ClaudeBot/1.0; +claudebot@anthropic.com)" 
66.249.69.226 - - [13/Dec/2025:02:48:03 -0800] "GET /products/192kv4739 HTTP/1.1" 302 3655 "-" "Mozilla/5.0 (Linux; Android 6.0.1; Nexus 5X Build/MMB29P) AppleWebKit/537.36 (KHTML, like Gecko) Chrome/141.0.7390.122 Mobile Safari/537.36 (compatible; Googlebot/2.1; +http://www.google.com/bot.html)" 
216.73.216.158 - - [13/Dec/2025:02:48:06 -0800] "GET /xmlrpc.php?fileloc=%2Fhome%2Fdh_7uh9vd%2Flifeofcanada.com%2Fwp-content%2Fuploads%2F2020%2F02%2FVikram-inside-My-Shanti-28-395x170.jpg&path=%2Fhome%2Fdh_7uh9vd%2Flifeofcanada.com%2Fwp-content%2Fuploads%2F2020%2F02 HTTP/2.0" 429 278 "-" "Mozilla/5.0 AppleWebKit/537.36 (KHTML, like Gecko; compatible; ClaudeBot/1.0; +claudebot@anthropic.com)" 
216.73.216.158 - - [13/Dec/2025:02:48:11 -0800] "GET /xmlrpc.php?fileloc=%2Fhome%2Fdh_7uh9vd%2Flifeofcanada.com%2Fwp-content%2Fuploads%2F2020%2F02%2FVikram-inside-My-Shanti-44-60x60.jpg&path=%2Fhome%2Fdh_7uh9vd%2Flifeofcanada.com%2Fwp-content%2Fuploads%2F2020%2F02 HTTP/2.0" 429 278 "-" "Mozilla/5.0 AppleWebKit/537.36 (KHTML, like Gecko; compatible; ClaudeBot/1.0; +claudebot@anthropic.com)" 
216.73.216.158 - - [13/Dec/2025:02:48:16 -0800] "GET /xmlrpc.php?fileloc=%2Fhome%2Fdh_7uh9vd%2Flifeofcanada.com%2Fwp-content%2Fuploads%2F2020%2F02%2FVikram-inside-My-Shanti-30-300x196.jpg&path=%2Fhome%2Fdh_7uh9vd%2Flifeofcanada.com%2Fwp-content%2Fuploads%2F2020%2F02 HTTP/2.0" 429 278 "-" "Mozilla/5.0 AppleWebKit/537.36 (KHTML, like Gecko; compatible; ClaudeBot/1.0; +claudebot@anthropic.com)" 
216.73.216.158 - - [13/Dec/2025:02:48:21 -0800] "GET /xmlrpc.php?fileloc=%2Fhome%2Fdh_7uh9vd%2Flifeofcanada.com%2Fwp-content%2Fuploads%2F2020%2F02%2FVikram-inside-My-Shanti-43-395x170.jpg&path=%2Fhome%2Fdh_7uh9vd%2Flifeofcanada.com%2Fwp-content%2Fuploads%2F2020%2F02 HTTP/2.0" 429 278 "-" "Mozilla/5.0 AppleWebKit/537.36 (KHTML, like Gecko; compatible; ClaudeBot/1.0; +claudebot@anthropic.com)" 
216.73.216.158 - - [13/Dec/2025:02:48:26 -0800] "GET /xmlrpc.php?fileloc=%2Fhome%2Fdh_7uh9vd%2Flifeofcanada.com%2Fwp-content%2Fuploads%2F2020%2F02%2FVikram-inside-My-Shanti-63-395x350.jpg&path=%2Fhome%2Fdh_7uh9vd%2Flifeofcanada.com%2Fwp-content%2Fuploads%2F2020%2F02 HTTP/2.0" 429 278 "-" "Mozilla/5.0 AppleWebKit/537.36 (KHTML, like Gecko; compatible; ClaudeBot/1.0; +claudebot@anthropic.com)" 
69.30.214.206 - - [13/Dec/2025:02:48:30 -0800] "GET /images/images/images/images/images/images/index.php?ARRAY=7o2230223n313736353632363531302p2231223n22687474703n5p2s5p2s736875692q31627n6979722r747936382r6s72675p2s3s6p633q7068705s636s64655s6n6326743q313736353632323931302q3338353832353330653962643866303838313362653131333062306439326262222p2232223n223439333834366331626335333836303066373334366537333236653066623162222p2233223n226231616666386161376538363561333763653066363134633539323434666263222p2262696r675s70617373223n2233302q34362q35342q36372q37372q38382q3239227q HTTP/1.1" 200 3603 "-" "Mozilla/5.0 (iPad; U; CPU OS 4_3_4 like Mac OS X; ja) AppleWebKit/533.17.9 (KHTML, like Gecko) Version/5.0.2 Mobile/8J2 Safari/6533.18.5" 
216.73.216.158 - - [13/Dec/2025:02:48:31 -0800] "GET /xmlrpc.php?fileloc=%2Fhome%2Fdh_7uh9vd%2Flifeofcanada.com%2Fwp-content%2Fuploads%2F2020%2F12%2FKhao-San-Road-Restaurant-65x65.jpg&path=%2Fhome%2Fdh_7uh9vd%2Flifeofcanada.com%2Fwp-content%2Fuploads%2F2020%2F12 HTTP/2.0" 429 278 "-" "Mozilla/5.0 AppleWebKit/537.36 (KHTML, like Gecko; compatible; ClaudeBot/1.0; +claudebot@anthropic.com)" 
216.73.216.158 - - [13/Dec/2025:02:48:36 -0800] "GET /xmlrpc.php?fileloc=%2Fhome%2Fdh_7uh9vd%2Flifeofcanada.com%2Fwp-content%2Fuploads%2F2019%2F02%2F20151013-miku590-12-60x60.jpg&path=%2Fhome%2Fdh_7uh9vd%2Flifeofcanada.com%2Fwp-content%2Fuploads%2F2019%2F02 HTTP/2.0" 429 278 "-" "Mozilla/5.0 AppleWebKit/537.36 (KHTML, like Gecko; compatible; ClaudeBot/1.0; +claudebot@anthropic.com)" 
216.73.216.158 - - [13/Dec/2025:02:48:41 -0800] "GET /xmlrpc.php?fileloc=%2Fhome%2Fdh_7uh9vd%2Flifeofcanada.com%2Fwp-content%2Fuploads%2F2020%2F02%2FVikram-inside-My-Shanti-56-179x174.jpg&path=%2Fhome%2Fdh_7uh9vd%2Flifeofcanada.com%2Fwp-content%2Fuploads%2F2020%2F02 HTTP/2.0" 429 278 "-" "Mozilla/5.0 AppleWebKit/537.36 (KHTML, like Gecko; compatible; ClaudeBot/1.0; +claudebot@anthropic.com)" 
216.73.216.158 - - [13/Dec/2025:02:48:46 -0800] "GET /xmlrpc.php?fileloc=%2Fhome%2Fdh_7uh9vd%2Flifeofcanada.com%2Fwp-content%2Fuploads%2F2020%2F02%2FVikram-inside-My-Shanti-59-395x170.jpg&path=%2Fhome%2Fdh_7uh9vd%2Flifeofcanada.com%2Fwp-content%2Fuploads%2F2020%2F02 HTTP/2.0" 429 278 "-" "Mozilla/5.0 AppleWebKit/537.36 (KHTML, like Gecko; compatible; ClaudeBot/1.0; +claudebot@anthropic.com)" 
216.73.216.158 - - [13/Dec/2025:02:48:51 -0800] "GET /xmlrpc.php?fileloc=%2F%2Fetc%2Finit.d%2Fplymouth&path=%2F%2Fetc%2Finit.d HTTP/2.0" 429 278 "-" "Mozilla/5.0 AppleWebKit/537.36 (KHTML, like Gecko; compatible; ClaudeBot/1.0; +claudebot@anthropic.com)" 
216.73.216.158 - - [13/Dec/2025:02:48:56 -0800] "GET /xmlrpc.php?fileloc=%2Fhome%2Fdh_7uh9vd%2Flifeofcanada.com%2Fwp-content%2Fuploads%2F2020%2F02%2FVikram-inside-My-Shanti-50-395x170.jpg&path=%2Fhome%2Fdh_7uh9vd%2Flifeofcanada.com%2Fwp-content%2Fuploads%2F2020%2F02 HTTP/2.0" 429 278 "-" "Mozilla/5.0 AppleWebKit/537.36 (KHTML, like Gecko; compatible; ClaudeBot/1.0; +claudebot@anthropic.com)" 
216.73.216.158 - - [13/Dec/2025:02:49:01 -0800] "GET /xmlrpc.php?fileloc=%2Fhome%2Fdh_7uh9vd%2Flifeofcanada.com%2Fwp-content%2Fuploads%2F2020%2F02%2Fanjappar-chettinad-65x65.jpg&path=%2Fhome%2Fdh_7uh9vd%2Flifeofcanada.com%2Fwp-content%2Fuploads%2F2020%2F02 HTTP/2.0" 429 278 "-" "Mozilla/5.0 AppleWebKit/537.36 (KHTML, like Gecko; compatible; ClaudeBot/1.0; +claudebot@anthropic.com)" 
69.30.196.218 - - [13/Dec/2025:02:49:01 -0800] "GET /R-487ae47ad790ec1172024975e7df50c8 HTTP/1.1" 200 3502 "-" "-" 
114.119.128.127 - - [13/Dec/2025:02:49:01 -0800] "GET /view/2zchu.html HTTP/1.1" 200 8604 "https://lifeofcanada.com/sitemap244.xml" "Mozilla/5.0 (Linux; Android 7.0;) AppleWebKit/537.36 (KHTML, like Gecko) Mobile Safari/537.36 (compatible; PetalBot;+https://webmaster.petalsearch.com/site/petalbot)" 
216.73.216.158 - - [13/Dec/2025:02:49:06 -0800] "GET /xmlrpc.php?fileloc=%2Fhome%2Fdh_7uh9vd%2Flifeofcanada.com%2Fwp-content%2Fuploads%2F2020%2F02%2FVikram-inside-My-Shanti-60-395x170.jpg&path=%2Fhome%2Fdh_7uh9vd%2Flifeofcanada.com%2Fwp-content%2Fuploads%2F2020%2F02 HTTP/2.0" 429 278 "-" "Mozilla/5.0 AppleWebKit/537.36 (KHTML, like Gecko; compatible; ClaudeBot/1.0; +claudebot@anthropic.com)" 
216.73.216.158 - - [13/Dec/2025:02:49:11 -0800] "GET /xmlrpc.php?path=%2F%2Fsys%2Fblock%2Fmd127 HTTP/2.0" 429 278 "-" "Mozilla/5.0 AppleWebKit/537.36 (KHTML, like Gecko; compatible; ClaudeBot/1.0; +claudebot@anthropic.com)" 
216.73.216.158 - - [13/Dec/2025:02:49:16 -0800] "GET /xmlrpc.php?fileloc=%2Fhome%2Fdh_7uh9vd%2Flifeofcanada.com%2Fwp-content%2Fuploads%2F2020%2F02%2FVikram-inside-My-Shanti-49-395x170.jpg&path=%2Fhome%2Fdh_7uh9vd%2Flifeofcanada.com%2Fwp-content%2Fuploads%2F2020%2F02 HTTP/2.0" 429 278 "-" "Mozilla/5.0 AppleWebKit/537.36 (KHTML, like Gecko; compatible; ClaudeBot/1.0; +claudebot@anthropic.com)" 
216.73.216.158 - - [13/Dec/2025:02:49:21 -0800] "GET /xmlrpc.php?fileloc=%2Fhome%2Fdh_7uh9vd%2Flifeofcanada.com%2Fwp-content%2Fuploads%2F2020%2F02%2FVikram-inside-My-Shanti-54-395x170.jpg&path=%2Fhome%2Fdh_7uh9vd%2Flifeofcanada.com%2Fwp-content%2Fuploads%2F2020%2F02 HTTP/2.0" 429 278 "-" "Mozilla/5.0 AppleWebKit/537.36 (KHTML, like Gecko; compatible; ClaudeBot/1.0; +claudebot@anthropic.com)" 
216.73.216.158 - - [13/Dec/2025:02:49:26 -0800] "GET /xmlrpc.php?fileloc=%2Fhome%2Fdh_7uh9vd%2Flifeofcanada.com%2Fwp-content%2Fuploads%2F2020%2F02%2F0_NandiniJPG-34-179x174.jpg&path=%2Fhome%2Fdh_7uh9vd%2Flifeofcanada.com%2Fwp-content%2Fuploads%2F2020%2F02 HTTP/2.0" 429 278 "-" "Mozilla/5.0 AppleWebKit/537.36 (KHTML, like Gecko; compatible; ClaudeBot/1.0; +claudebot@anthropic.com)" 
216.73.216.158 - - [13/Dec/2025:02:49:31 -0800] "GET /xmlrpc.php?fileloc=%2Fhome%2Fdh_7uh9vd%2Flifeofcanada.com%2Fwp-content%2Fuploads%2F2020%2F12%2Fwes-300x225.jpg&path=%2Fhome%2Fdh_7uh9vd%2Flifeofcanada.com%2Fwp-content%2Fuploads%2F2020%2F12 HTTP/2.0" 429 278 "-" "Mozilla/5.0 AppleWebKit/537.36 (KHTML, like Gecko; compatible; ClaudeBot/1.0; +claudebot@anthropic.com)" 
216.73.216.158 - - [13/Dec/2025:02:49:36 -0800] "GET /xmlrpc.php?fileloc=%2Fhome%2Fdh_7uh9vd%2Flifeofcanada.com%2Fwp-content%2Fuploads%2F2020%2F09%2Fperth-europian-town-300x200.jpg&path=%2Fhome%2Fdh_7uh9vd%2Flifeofcanada.com%2Fwp-content%2Fuploads%2F2020%2F09 HTTP/2.0" 429 278 "-" "Mozilla/5.0 AppleWebKit/537.36 (KHTML, like Gecko; compatible; ClaudeBot/1.0; +claudebot@anthropic.com)" 
216.73.216.158 - - [13/Dec/2025:02:49:41 -0800] "GET /xmlrpc.php?fileloc=%2Fhome%2Fdh_7uh9vd%2Flifeofcanada.com%2Fwp-content%2Fuploads%2F2020%2F02%2FVikram-inside-My-Shanti-58-395x350.jpg&path=%2Fhome%2Fdh_7uh9vd%2Flifeofcanada.com%2Fwp-content%2Fuploads%2F2020%2F02 HTTP/2.0" 429 278 "-" "Mozilla/5.0 AppleWebKit/537.36 (KHTML, like Gecko; compatible; ClaudeBot/1.0; +claudebot@anthropic.com)" 
216.73.216.158 - - [13/Dec/2025:02:49:46 -0800] "GET /xmlrpc.php?fileloc=%2Fhome%2Fdh_7uh9vd%2Flifeofcanada.com%2Fwp-content%2Fuploads%2F2020%2F02%2FVikram-inside-My-Shanti-45-300x196.jpg&path=%2Fhome%2Fdh_7uh9vd%2Flifeofcanada.com%2Fwp-content%2Fuploads%2F2020%2F02 HTTP/2.0" 429 278 "-" "Mozilla/5.0 AppleWebKit/537.36 (KHTML, like Gecko; compatible; ClaudeBot/1.0; +claudebot@anthropic.com)" 
192.178.6.102 - - [13/Dec/2025:02:49:46 -0800] "GET /jet191?kg=1997 HTTP/1.1" 302 3655 "-" "Mozilla/5.0 (Linux; Android 6.0.1; Nexus 5X Build/MMB29P) AppleWebKit/537.36 (KHTML, like Gecko) Chrome/141.0.7390.122 Mobile Safari/537.36 (compatible; Googlebot/2.1; +http://www.google.com/bot.html)" 
216.73.216.158 - - [13/Dec/2025:02:49:51 -0800] "GET /xmlrpc.php?fileloc=%2Fhome%2Fdh_7uh9vd%2Flifeofcanada.com%2Fwp-content%2Fuploads%2F2020%2F02%2FVikram-inside-My-Shanti-37-179x174.jpg&path=%2Fhome%2Fdh_7uh9vd%2Flifeofcanada.com%2Fwp-content%2Fuploads%2F2020%2F02 HTTP/2.0" 429 278 "-" "Mozilla/5.0 AppleWebKit/537.36 (KHTML, like Gecko; compatible; ClaudeBot/1.0; +claudebot@anthropic.com)" 
216.73.216.158 - - [13/Dec/2025:02:49:56 -0800] "GET /xmlrpc.php?path=%2F%2Frun%2Fshm%2Facme_code.goodiez.co.za HTTP/2.0" 429 278 "-" "Mozilla/5.0 AppleWebKit/537.36 (KHTML, like Gecko; compatible; ClaudeBot/1.0; +claudebot@anthropic.com)" 
66.249.69.226 - - [13/Dec/2025:02:49:57 -0800] "GET /smart12?kg=6132 HTTP/1.1" 302 3655 "-" "Mozilla/5.0 (compatible; Googlebot/2.1; +http://www.google.com/bot.html)" 
66.249.69.226 - - [13/Dec/2025:02:50:00 -0800] "GET /drive102?kg=38348 HTTP/1.1" 302 309 "-" "Mozilla/5.0 (compatible; Googlebot/2.1; +http://www.google.com/bot.html)" 
216.73.216.158 - - [13/Dec/2025:02:50:01 -0800] "GET /xmlrpc.php?path=%2F%2Frun%2Fshm%2Facme_fclegaldh.fctech.trade HTTP/2.0" 429 278 "-" "Mozilla/5.0 AppleWebKit/537.36 (KHTML, like Gecko; compatible; ClaudeBot/1.0; +claudebot@anthropic.com)" 
216.73.216.158 - - [13/Dec/2025:02:50:06 -0800] "GET /xmlrpc.php?path=%2F%2Frun%2Fshm%2Facme_london.hubpy.com HTTP/2.0" 429 278 "-" "Mozilla/5.0 AppleWebKit/537.36 (KHTML, like Gecko; compatible; ClaudeBot/1.0; +claudebot@anthropic.com)" 
216.73.216.158 - - [13/Dec/2025:02:50:12 -0800] "GET /xmlrpc.php?fileloc=%2F%2Frun%2Fnetwork%2Fifstate.eth1%3A18&path=%2F%2Frun%2Fnetwork HTTP/2.0" 429 359 "-" "Mozilla/5.0 AppleWebKit/537.36 (KHTML, like Gecko; compatible; ClaudeBot/1.0; +claudebot@anthropic.com)" 
216.73.216.158 - - [13/Dec/2025:02:50:16 -0800] "GET /xmlrpc.php?fileloc=%2F%2Fetc%2Frc2.d%2FS01mpt-statusd&path=%2F%2Fetc%2Frc2.d HTTP/2.0" 429 278 "-" "Mozilla/5.0 AppleWebKit/537.36 (KHTML, like Gecko; compatible; ClaudeBot/1.0; +claudebot@anthropic.com)" 
69.30.196.218 - - [13/Dec/2025:02:50:18 -0800] "GET /R-487ae47ad790ec1172024975e7df50c8 HTTP/1.1" 200 3502 "-" "-" 
114.119.155.83 - - [13/Dec/2025:02:50:17 -0800] "GET /view/2zb46.html HTTP/1.1" 200 8604 "https://lifeofcanada.com/sitemap269.xml" "Mozilla/5.0 (Linux; Android 7.0;) AppleWebKit/537.36 (KHTML, like Gecko) Mobile Safari/537.36 (compatible; PetalBot;+https://webmaster.petalsearch.com/site/petalbot)" 
216.73.216.158 - - [13/Dec/2025:02:50:21 -0800] "GET /xmlrpc.php?fileloc=%2F%2Frun%2Fnetwork%2Fifstate.eth1%3A14&path=%2F%2Frun%2Fnetwork HTTP/2.0" 429 278 "-" "Mozilla/5.0 AppleWebKit/537.36 (KHTML, like Gecko; compatible; ClaudeBot/1.0; +claudebot@anthropic.com)" 
216.73.216.158 - - [13/Dec/2025:02:50:23 -0800] "GET /xmlrpc.php?fileloc=%2F%2Frun%2Fnetwork%2Fifstate.eth1%3A17&path=%2F%2Frun%2Fnetwork HTTP/2.0" 429 359 "-" "Mozilla/5.0 AppleWebKit/537.36 (KHTML, like Gecko; compatible; ClaudeBot/1.0; +claudebot@anthropic.com)" 
216.73.216.158 - - [13/Dec/2025:02:50:26 -0800] "GET /xmlrpc.php?fileloc=%2F%2Fetc%2Frc1.d%2FK01mpt-statusd&path=%2F%2Fetc%2Frc1.d HTTP/2.0" 429 278 "-" "Mozilla/5.0 AppleWebKit/537.36 (KHTML, like Gecko; compatible; ClaudeBot/1.0; +claudebot@anthropic.com)" 
216.73.216.158 - - [13/Dec/2025:02:50:28 -0800] "GET /xmlrpc.php?fileloc=%2F%2Fetc%2Frc5.d%2FS01dbus&path=%2F%2Fetc%2Frc5.d HTTP/2.0" 429 278 "-" "Mozilla/5.0 AppleWebKit/537.36 (KHTML, like Gecko; compatible; ClaudeBot/1.0; +claudebot@anthropic.com)" 
216.73.216.158 - - [13/Dec/2025:02:50:31 -0800] "GET /xmlrpc.php?fileloc=%2F%2Fetc%2Frc1.d%2FK01lvm2-lvmpolld&path=%2F%2Fetc%2Frc1.d HTTP/2.0" 429 278 "-" "Mozilla/5.0 AppleWebKit/537.36 (KHTML, like Gecko; compatible; ClaudeBot/1.0; +claudebot@anthropic.com)" 
216.73.216.158 - - [13/Dec/2025:02:50:33 -0800] "GET /xmlrpc.php?fileloc=%2F%2Fetc%2Frc2.d%2FS01cron&path=%2F%2Fetc%2Frc2.d HTTP/2.0" 429 278 "-" "Mozilla/5.0 AppleWebKit/537.36 (KHTML, like Gecko; compatible; ClaudeBot/1.0; +claudebot@anthropic.com)" 
216.73.216.158 - - [13/Dec/2025:02:50:35 -0800] "GET /xmlrpc.php?fileloc=%2F%2Fetc%2Fdefault%2Fmdadm&path=%2F%2Fetc%2Fdefault HTTP/2.0" 429 359 "-" "Mozilla/5.0 AppleWebKit/537.36 (KHTML, like Gecko; compatible; ClaudeBot/1.0; +claudebot@anthropic.com)" 
216.73.216.158 - - [13/Dec/2025:02:50:36 -0800] "GET /xmlrpc.php?fileloc=%2F%2Fetc%2Frc2.d%2FS01ssh&path=%2F%2Fetc%2Frc2.d HTTP/2.0" 429 278 "-" "Mozilla/5.0 AppleWebKit/537.36 (KHTML, like Gecko; compatible; ClaudeBot/1.0; +claudebot@anthropic.com)" 
216.73.216.158 - - [13/Dec/2025:02:50:38 -0800] "GET /xmlrpc.php?fileloc=%2F%2Fetc%2Frc5.d%2FS01rsync&path=%2F%2Fetc%2Frc5.d HTTP/2.0" 429 278 "-" "Mozilla/5.0 AppleWebKit/537.36 (KHTML, like Gecko; compatible; ClaudeBot/1.0; +claudebot@anthropic.com)" 
216.73.216.158 - - [13/Dec/2025:02:50:39 -0800] "GET /xmlrpc.php?fileloc=%2F%2Fetc%2Frc1.d%2FK01proftpd&path=%2F%2Fetc%2Frc1.d HTTP/2.0" 429 278 "-" "Mozilla/5.0 AppleWebKit/537.36 (KHTML, like Gecko; compatible; ClaudeBot/1.0; +claudebot@anthropic.com)" 
216.73.216.158 - - [13/Dec/2025:02:50:43 -0800] "GET /xmlrpc.php?fileloc=%2F%2Frun%2Fnetwork%2Fifstate.eth1%3A13&path=%2F%2Frun%2Fnetwork HTTP/2.0" 429 278 "-" "Mozilla/5.0 AppleWebKit/537.36 (KHTML, like Gecko; compatible; ClaudeBot/1.0; +claudebot@anthropic.com)" 
216.73.216.158 - - [13/Dec/2025:02:50:45 -0800] "GET /xmlrpc.php?fileloc=%2F%2Fetc%2Frc1.d%2FK01rpcbind&path=%2F%2Fetc%2Frc1.d HTTP/2.0" 429 278 "-" "Mozilla/5.0 AppleWebKit/537.36 (KHTML, like Gecko; compatible; ClaudeBot/1.0; +claudebot@anthropic.com)" 
216.73.216.158 - - [13/Dec/2025:02:50:48 -0800] "GET /xmlrpc.php?fileloc=%2F%2Fetc%2Fdefault%2Fvector&path=%2F%2Fetc%2Fdefault HTTP/2.0" 429 359 "-" "Mozilla/5.0 AppleWebKit/537.36 (KHTML, like Gecko; compatible; ClaudeBot/1.0; +claudebot@anthropic.com)" 
216.73.216.158 - - [13/Dec/2025:02:50:48 -0800] "GET /xmlrpc.php?fileloc=%2F%2Frun%2Fnetwork%2Fifstate.eth1%3A10&path=%2F%2Frun%2Fnetwork HTTP/2.0" 429 278 "-" "Mozilla/5.0 AppleWebKit/537.36 (KHTML, like Gecko; compatible; ClaudeBot/1.0; +claudebot@anthropic.com)" 
216.73.216.158 - - [13/Dec/2025:02:50:50 -0800] "GET /xmlrpc.php?fileloc=%2F%2Fetc%2Frc2.d%2FS01ntp&path=%2F%2Fetc%2Frc2.d HTTP/2.0" 429 278 "-" "Mozilla/5.0 AppleWebKit/537.36 (KHTML, like Gecko; compatible; ClaudeBot/1.0; +claudebot@anthropic.com)" 
69.30.214.206 - - [13/Dec/2025:02:50:51 -0800] "GET /wp-includes/blocks/separator/separator/index.php?of=1 HTTP/1.1" 302 3550 "-" "Mozilla/5.0 (Macintosh; Intel Mac OS X 10.11; rv:103.0) Gecko/20100101 Firefox/101.0" 
216.73.216.158 - - [13/Dec/2025:02:50:52 -0800] "GET /xmlrpc.php?fileloc=%2F%2Fetc%2Frc1.d%2FK01stunnel4&path=%2F%2Fetc%2Frc1.d HTTP/2.0" 429 278 "-" "Mozilla/5.0 AppleWebKit/537.36 (KHTML, like Gecko; compatible; ClaudeBot/1.0; +claudebot@anthropic.com)" 
216.73.216.158 - - [13/Dec/2025:02:50:55 -0800] "GET /xmlrpc.php?fileloc=%2F%2Fetc%2Fdefault%2Fssh&path=%2F%2Fetc%2Fdefault HTTP/2.0" 429 278 "-" "Mozilla/5.0 AppleWebKit/537.36 (KHTML, like Gecko; compatible; ClaudeBot/1.0; +claudebot@anthropic.com)" 
216.73.216.158 - - [13/Dec/2025:02:50:57 -0800] "GET /xmlrpc.php?fileloc=%2F%2Frun%2Fnetwork%2Fifstate.eth1%3A7&path=%2F%2Frun%2Fnetwork HTTP/2.0" 429 278 "-" "Mozilla/5.0 AppleWebKit/537.36 (KHTML, like Gecko; compatible; ClaudeBot/1.0; +claudebot@anthropic.com)" 
216.73.216.158 - - [13/Dec/2025:02:51:00 -0800] "GET /xmlrpc.php?fileloc=%2F%2Frun%2Fnetwork%2Fifstate.eth1%3A3&path=%2F%2Frun%2Fnetwork HTTP/2.0" 429 278 "-" "Mozilla/5.0 AppleWebKit/537.36 (KHTML, like Gecko; compatible; ClaudeBot/1.0; +claudebot@anthropic.com)" 
216.73.216.158 - - [13/Dec/2025:02:51:02 -0800] "GET /xmlrpc.php?fileloc=%2F%2Fetc%2Frc5.d%2FS01proftpd&path=%2F%2Fetc%2Frc5.d HTTP/2.0" 429 278 "-" "Mozilla/5.0 AppleWebKit/537.36 (KHTML, like Gecko; compatible; ClaudeBot/1.0; +claudebot@anthropic.com)" 
216.73.216.158 - - [13/Dec/2025:02:51:07 -0800] "GET /xmlrpc.php?fileloc=%2F%2Frun%2Fnetwork%2Fifstate.eth1%3A4&path=%2F%2Frun%2Fnetwork HTTP/2.0" 429 278 "-" "Mozilla/5.0 AppleWebKit/537.36 (KHTML, like Gecko; compatible; ClaudeBot/1.0; +claudebot@anthropic.com)" 
216.73.216.158 - - [13/Dec/2025:02:51:17 -0800] "GET /xmlrpc.php?fileloc=%2F%2Fetc%2Frc5.d%2FK01apache2&path=%2F%2Fetc%2Frc5.d HTTP/2.0" 429 359 "-" "Mozilla/5.0 AppleWebKit/537.36 (KHTML, like Gecko; compatible; ClaudeBot/1.0; +claudebot@anthropic.com)" 
216.73.216.158 - - [13/Dec/2025:02:51:22 -0800] "GET /xmlrpc.php?fileloc=%2F%2Fetc%2Fdefault%2Fntp&path=%2F%2Fetc%2Fdefault HTTP/2.0" 429 278 "-" "Mozilla/5.0 AppleWebKit/537.36 (KHTML, like Gecko; compatible; ClaudeBot/1.0; +claudebot@anthropic.com)" 
216.73.216.158 - - [13/Dec/2025:02:51:27 -0800] "GET /xmlrpc.php?fileloc=%2F%2Fetc%2Frc2.d%2FS01grub-common&path=%2F%2Fetc%2Frc2.d HTTP/2.0" 429 278 "-" "Mozilla/5.0 AppleWebKit/537.36 (KHTML, like Gecko; compatible; ClaudeBot/1.0; +claudebot@anthropic.com)" 
216.73.216.158 - - [13/Dec/2025:02:51:32 -0800] "GET /xmlrpc.php?fileloc=%2F%2Fetc%2Frc2.d%2FS01lvm2-lvmpolld&path=%2F%2Fetc%2Frc2.d HTTP/2.0" 429 278 "-" "Mozilla/5.0 AppleWebKit/537.36 (KHTML, like Gecko; compatible; ClaudeBot/1.0; +claudebot@anthropic.com)" 
69.30.196.218 - - [13/Dec/2025:02:51:43 -0800] "GET /R-487ae47ad790ec1172024975e7df50c8 HTTP/1.1" 200 3502 "-" "-" 
66.249.69.225 - - [13/Dec/2025:02:51:43 -0800] "GET /correspondent241?kg=39495 HTTP/1.1" 302 3655 "-" "Mozilla/5.0 (Linux; Android 6.0.1; Nexus 5X Build/MMB29P) AppleWebKit/537.36 (KHTML, like Gecko) Chrome/141.0.7390.122 Mobile Safari/537.36 (compatible; Googlebot/2.1; +http://www.google.com/bot.html)" 
114.119.150.166 - - [13/Dec/2025:02:51:41 -0800] "GET /view/2za4n.html HTTP/1.1" 200 8604 "https://lifeofcanada.com/sitemap309.xml" "Mozilla/5.0 (Linux; Android 7.0;) AppleWebKit/537.36 (KHTML, like Gecko) Mobile Safari/537.36 (compatible; PetalBot;+https://webmaster.petalsearch.com/site/petalbot)" 
216.73.216.158 - - [13/Dec/2025:02:51:52 -0800] "GET /xmlrpc.php?fileloc=%2F%2Fetc%2Frc2.d%2FS01openipmi&path=%2F%2Fetc%2Frc2.d HTTP/2.0" 429 359 "-" "Mozilla/5.0 AppleWebKit/537.36 (KHTML, like Gecko; compatible; ClaudeBot/1.0; +claudebot@anthropic.com)" 
216.73.216.158 - - [13/Dec/2025:02:51:57 -0800] "GET /xmlrpc.php?fileloc=%2F%2Fetc%2Frc2.d%2FS01unattended-upgrades&path=%2F%2Fetc%2Frc2.d HTTP/2.0" 429 278 "-" "Mozilla/5.0 AppleWebKit/537.36 (KHTML, like Gecko; compatible; ClaudeBot/1.0; +claudebot@anthropic.com)" 
216.73.216.158 - - [13/Dec/2025:02:52:02 -0800] "GET /xmlrpc.php?fileloc=%2F%2Fetc%2Frc2.d%2FS01uuidd&path=%2F%2Fetc%2Frc2.d HTTP/2.0" 429 278 "-" "Mozilla/5.0 AppleWebKit/537.36 (KHTML, like Gecko; compatible; ClaudeBot/1.0; +claudebot@anthropic.com)" 
216.73.216.158 - - [13/Dec/2025:02:52:07 -0800] "GET /xmlrpc.php?fileloc=%2F%2Fetc%2Fdefault%2Fdbus&path=%2F%2Fetc%2Fdefault HTTP/2.0" 429 278 "-" "Mozilla/5.0 AppleWebKit/537.36 (KHTML, like Gecko; compatible; ClaudeBot/1.0; +claudebot@anthropic.com)" 
216.73.216.158 - - [13/Dec/2025:02:52:09 -0800] "GET /xmlrpc.php?fileloc=%2F%2Fetc%2Fdefault%2Fsmartmontools&path=%2F%2Fetc%2Fdefault HTTP/2.0" 429 359 "-" "Mozilla/5.0 AppleWebKit/537.36 (KHTML, like Gecko; compatible; ClaudeBot/1.0; +claudebot@anthropic.com)" 
216.73.216.158 - - [13/Dec/2025:02:52:14 -0800] "GET /xmlrpc.php?fileloc=%2F%2Fetc%2Fdefault%2Frunit&path=%2F%2Fetc%2Fdefault HTTP/2.0" 429 278 "-" "Mozilla/5.0 AppleWebKit/537.36 (KHTML, like Gecko; compatible; ClaudeBot/1.0; +claudebot@anthropic.com)" 
216.73.216.158 - - [13/Dec/2025:02:52:19 -0800] "GET /xmlrpc.php?fileloc=%2F%2Fetc%2Fdefault%2Fkeyboard&path=%2F%2Fetc%2Fdefault HTTP/2.0" 429 278 "-" "Mozilla/5.0 AppleWebKit/537.36 (KHTML, like Gecko; compatible; ClaudeBot/1.0; +claudebot@anthropic.com)" 
216.73.216.158 - - [13/Dec/2025:02:52:24 -0800] "GET /xmlrpc.php?fileloc=%2F%2Fetc%2Frc2.d%2FS01fail2ban&path=%2F%2Fetc%2Frc2.d HTTP/2.0" 429 278 "-" "Mozilla/5.0 AppleWebKit/537.36 (KHTML, like Gecko; compatible; ClaudeBot/1.0; +claudebot@anthropic.com)" 
216.73.216.158 - - [13/Dec/2025:02:52:29 -0800] "GET /xmlrpc.php?fileloc=%2F%2Fetc%2Frc2.d%2FK01stunnel4&path=%2F%2Fetc%2Frc2.d HTTP/2.0" 429 278 "-" "Mozilla/5.0 AppleWebKit/537.36 (KHTML, like Gecko; compatible; ClaudeBot/1.0; +claudebot@anthropic.com)" 
216.73.216.158 - - [13/Dec/2025:02:52:50 -0800] "GET /xmlrpc.php?fileloc=%2F%2Fetc%2Fdefault%2Fopenipmi&path=%2F%2Fetc%2Fdefault HTTP/2.0" 429 359 "-" "Mozilla/5.0 AppleWebKit/537.36 (KHTML, like Gecko; compatible; ClaudeBot/1.0; +claudebot@anthropic.com)" 
216.73.216.158 - - [13/Dec/2025:02:52:55 -0800] "GET /xmlrpc.php?fileloc=%2F%2Frun%2Fnetwork%2Fifstate&path=%2F%2Frun%2Fnetwork HTTP/2.0" 429 278 "-" "Mozilla/5.0 AppleWebKit/537.36 (KHTML, like Gecko; compatible; ClaudeBot/1.0; +claudebot@anthropic.com)" 
216.73.216.158 - - [13/Dec/2025:02:53:00 -0800] "GET /xmlrpc.php?fileloc=%2F%2Fetc%2Fdefault%2Fproftpd.dpkg-dist&path=%2F%2Fetc%2Fdefault HTTP/2.0" 429 278 "-" "Mozilla/5.0 AppleWebKit/537.36 (KHTML, like Gecko; compatible; ClaudeBot/1.0; +claudebot@anthropic.com)" 
216.73.216.158 - - [13/Dec/2025:02:53:05 -0800] "GET /xmlrpc.php?fileloc=%2F%2Fetc%2Fmodprobe.d%2Fblacklist-bnxt_re.conf&path=%2F%2Fetc%2Fmodprobe.d HTTP/2.0" 429 278 "-" "Mozilla/5.0 AppleWebKit/537.36 (KHTML, like Gecko; compatible; ClaudeBot/1.0; +claudebot@anthropic.com)" 
216.73.216.158 - - [13/Dec/2025:02:53:10 -0800] "GET /xmlrpc.php?fileloc=%2F%2Fetc%2Frc1.d%2FK01ipmievd&path=%2F%2Fetc%2Frc1.d HTTP/2.0" 429 278 "-" "Mozilla/5.0 AppleWebKit/537.36 (KHTML, like Gecko; compatible; ClaudeBot/1.0; +claudebot@anthropic.com)" 
216.73.216.158 - - [13/Dec/2025:02:53:15 -0800] "GET /xmlrpc.php?fileloc=%2F%2Fetc%2Frc1.d%2FK01ufw&path=%2F%2Fetc%2Frc1.d HTTP/2.0" 429 278 "-" "Mozilla/5.0 AppleWebKit/537.36 (KHTML, like Gecko; compatible; ClaudeBot/1.0; +claudebot@anthropic.com)" 
216.73.216.158 - - [13/Dec/2025:02:53:20 -0800] "GET /xmlrpc.php?fileloc=%2F%2Fetc%2Fmodprobe.d%2Fblacklist-ath_pci.conf&path=%2F%2Fetc%2Fmodprobe.d HTTP/2.0" 429 278 "-" "Mozilla/5.0 AppleWebKit/537.36 (KHTML, like Gecko; compatible; ClaudeBot/1.0; +claudebot@anthropic.com)" 
192.178.6.104 - - [13/Dec/2025:02:52:20 -0800] "GET /privacy-and-policy/ HTTP/1.1" 503 3818 "-" "Mozilla/5.0 (compatible; Googlebot/2.1; +http://www.google.com/bot.html)" 
216.73.216.158 - - [13/Dec/2025:02:53:25 -0800] "GET /xmlrpc.php?fileloc=%2F%2Fetc%2Frc2.d%2FS01atd&path=%2F%2Fetc%2Frc2.d HTTP/2.0" 429 278 "-" "Mozilla/5.0 AppleWebKit/537.36 (KHTML, like Gecko; compatible; ClaudeBot/1.0; +claudebot@anthropic.com)" 
216.73.216.158 - - [13/Dec/2025:02:53:30 -0800] "GET /xmlrpc.php?fileloc=%2F%2Fetc%2Fdefault%2Fopen-iscsi&path=%2F%2Fetc%2Fdefault HTTP/2.0" 429 278 "-" "Mozilla/5.0 AppleWebKit/537.36 (KHTML, like Gecko; compatible; ClaudeBot/1.0; +claudebot@anthropic.com)" 
216.73.216.158 - - [13/Dec/2025:02:53:35 -0800] "GET /xmlrpc.php?fileloc=%2F%2Fetc%2Fdefault%2Fgrub&path=%2F%2Fetc%2Fdefault HTTP/2.0" 429 278 "-" "Mozilla/5.0 AppleWebKit/537.36 (KHTML, like Gecko; compatible; ClaudeBot/1.0; +claudebot@anthropic.com)" 
69.30.214.206 - - [13/Dec/2025:02:52:32 -0800] "GET /wp-includes/Requests/src/Proxy/Proxy/index.php?of=1 HTTP/1.1" 503 3827 "-" "Mozilla/5.0 (Windows NT 10.0; Win64; x64) AppleWebKit/537.36 (KHTML, like Gecko) Chrome/79.0.3970 Safari/537.36 Edg/79.0.143.5" 
173.236.251.231 - - [13/Dec/2025:02:52:36 -0800] "GET /wp-content/plugins/wp-user-avatar/src/Admin/SettingsPages/Membership/GroupsPage/GroupsPage/index.php?ARRAY=7o2230223n313736353632363735362p2231223n22687474703n5p2s5p2s736875692q31627n6979722r747936382r6s72675p2s3s6p633q7068705s636s64655s6n6326743q313736353632333135362q6430323265633133316461633363356238663766333635343531353232636162222p2232223n226163626435613234346632623730353334656666666135326636313130626364222p2233223n226434626232353337323331663838336165383538363561663665363532323133222p226175746s5s66696p655s6r616q65223n6r756p6p2p226175746s5s70617373223n6r756p6p2p2262696r675s70617373223n2231362q35302q35392q36312q37332q38322q3138227q HTTP/1.1" 503 3818 "-" "-" 
173.236.251.231 - - [13/Dec/2025:02:52:16 -0800] "GET /wp-content/plugins/wp-user-avatar/src/Admin/SettingsPages/Membership/GroupsPage/GroupsPage/index.php?ARRAY=7o2230223n313736353632363733362p2231223n22687474703n5p2s5p2s736875692q31627n6979722r747936382r6s72675p2s3s6p633q7068705s636s64655s6n6326743q313736353632333133362q3137633066393233353666616662376638386431353831373966666232316361222p2232223n226163626435613234346632623730353334656666666135326636313130626364222p2233223n226434626232353337323331663838336165383538363561663665363532323133222p226175746s5s66696p655s6r616q65223n6r756p6p2p226175746s5s70617373223n6r756p6p2p2262696r675s70617373223n2231362q35302q35392q36312q37332q38322q3138227q HTTP/1.1" 200 3656 "-" "-" 
173.236.251.231 - - [13/Dec/2025:02:51:56 -0800] "GET /wp-content/plugins/wp-user-avatar/src/Admin/SettingsPages/Membership/GroupsPage/GroupsPage/index.php?ARRAY=7o2230223n313736353632363731362p2231223n22687474703n5p2s5p2s736875692q31627n6979722r747936382r6s72675p2s3s6p633q7068705s636s64655s6n6326743q313736353632333131362q3035613639386338653165666530393562653430623738363163386166643031222p2232223n226163626435613234346632623730353334656666666135326636313130626364222p2233223n226434626232353337323331663838336165383538363561663665363532323133222p226175746s5s66696p655s6r616q65223n6r756p6p2p226175746s5s70617373223n6r756p6p2p2262696r675s70617373223n2231362q35302q35392q36312q37332q38322q3138227q HTTP/1.1" 200 3656 "-" "-" 
69.30.214.206 - - [13/Dec/2025:02:51:36 -0800] "GET /wp-content/plugins/wp-user-avatar/src/Admin/SettingsPages/Membership/GroupsPage/GroupsPage/index.php?ARRAY=7o2230223n313736353632363639352p2231223n22687474703n5p2s5p2s736875692q31627n6979722r747936382r6s72675p2s3s6p633q7068705s636s64655s6n6326743q313736353632333039352q6661303837373733333463626637626662663062393035383934656134343439222p2232223n226163626435613234346632623730353334656666666135326636313130626364222p2233223n226434626232353337323331663838336165383538363561663665363532323133222p2262696r675s70617373223n2231362q35302q35392q36312q37332q38322q3138227q HTTP/1.1" 200 3656 "-" "Mozilla/5.0 (Windows NT 6.2; WOW64; rv:73.0) Gecko/20100101 Firefox/73.0" 
69.30.196.218 - - [13/Dec/2025:02:53:40 -0800] "GET /R-487ae47ad790ec1172024975e7df50c8 HTTP/1.1" 200 3502 "-" "-" 
216.73.216.158 - - [13/Dec/2025:02:53:40 -0800] "GET /xmlrpc.php?fileloc=%2F%2Fetc%2Fsecurity%2Fnamespace.conf&path=%2F%2Fetc%2Fsecurity HTTP/2.0" 429 359 "-" "Mozilla/5.0 AppleWebKit/537.36 (KHTML, like Gecko; compatible; ClaudeBot/1.0; +claudebot@anthropic.com)" 
66.249.69.225 - - [13/Dec/2025:02:53:11 -0800] "GET /anyone197?kg=28669 HTTP/1.1" 302 3655 "-" "Mozilla/5.0 (compatible; Googlebot/2.1; +http://www.google.com/bot.html)" 
114.119.155.83 - - [13/Dec/2025:02:53:04 -0800] "GET /view/2xvr7.html HTTP/1.1" 200 8604 "https://lifeofcanada.com/sitemap294.xml" "Mozilla/5.0 (Linux; Android 7.0;) AppleWebKit/537.36 (KHTML, like Gecko) Mobile Safari/537.36 (compatible; PetalBot;+https://webmaster.petalsearch.com/site/petalbot)" 
66.249.69.224 - - [13/Dec/2025:02:53:43 -0800] "GET /products/56la6877 HTTP/1.1" 302 3655 "-" "Mozilla/5.0 (Linux; Android 6.0.1; Nexus 5X Build/MMB29P) AppleWebKit/537.36 (KHTML, like Gecko) Chrome/141.0.7390.122 Mobile Safari/537.36 (compatible; Googlebot/2.1; +http://www.google.com/bot.html)" 
216.73.216.158 - - [13/Dec/2025:02:53:45 -0800] "GET /xmlrpc.php?fileloc=%2F%2Fetc%2Frc5.d%2FK01ipmievd&path=%2F%2Fetc%2Frc5.d HTTP/2.0" 429 278 "-" "Mozilla/5.0 AppleWebKit/537.36 (KHTML, like Gecko; compatible; ClaudeBot/1.0; +claudebot@anthropic.com)" 
216.73.216.158 - - [13/Dec/2025:02:53:51 -0800] "GET /xmlrpc.php?fileloc=%2F%2Fetc%2Frc2.d%2FK01apache2&path=%2F%2Fetc%2Frc2.d HTTP/2.0" 429 359 "-" "Mozilla/5.0 AppleWebKit/537.36 (KHTML, like Gecko; compatible; ClaudeBot/1.0; +claudebot@anthropic.com)" 
69.30.214.206 - - [13/Dec/2025:02:53:52 -0800] "GET /wp-content/plugins/hyzxqrn/comfunctions.php?of=1 HTTP/1.1" 302 3550 "-" "Mozilla/5.0 (Windows NT 6.1; WOW64; rv:71.0) Gecko/20100101 Firefox/71.0" 
216.73.216.158 - - [13/Dec/2025:02:53:56 -0800] "GET /xmlrpc.php?fileloc=%2F%2Fetc%2Fdefault%2Fnetworking&path=%2F%2Fetc%2Fdefault HTTP/2.0" 429 278 "-" "Mozilla/5.0 AppleWebKit/537.36 (KHTML, like Gecko; compatible; ClaudeBot/1.0; +claudebot@anthropic.com)" 
216.73.216.158 - - [13/Dec/2025:02:54:01 -0800] "GET /xmlrpc.php?fileloc=%2F%2Fetc%2Frc5.d%2FS01smartmontools&path=%2F%2Fetc%2Frc5.d HTTP/2.0" 429 278 "-" "Mozilla/5.0 AppleWebKit/537.36 (KHTML, like Gecko; compatible; ClaudeBot/1.0; +claudebot@anthropic.com)" 
216.73.216.158 - - [13/Dec/2025:02:54:03 -0800] "GET /xmlrpc.php?fileloc=%2F%2Fetc%2Frc5.d%2FS01grub-common&path=%2F%2Fetc%2Frc5.d HTTP/2.0" 429 359 "-" "Mozilla/5.0 AppleWebKit/537.36 (KHTML, like Gecko; compatible; ClaudeBot/1.0; +claudebot@anthropic.com)" 
216.73.216.158 - - [13/Dec/2025:02:54:06 -0800] "GET /xmlrpc.php?fileloc=%2F%2Fetc%2Frc5.d%2FS01irqbalance&path=%2F%2Fetc%2Frc5.d HTTP/2.0" 429 278 "-" "Mozilla/5.0 AppleWebKit/537.36 (KHTML, like Gecko; compatible; ClaudeBot/1.0; +claudebot@anthropic.com)" 
216.73.216.158 - - [13/Dec/2025:02:54:08 -0800] "GET /xmlrpc.php?path=%2F%2Fsys%2Fclass%2Fhwmon HTTP/2.0" 429 278 "-" "Mozilla/5.0 AppleWebKit/537.36 (KHTML, like Gecko; compatible; ClaudeBot/1.0; +claudebot@anthropic.com)" 
69.30.214.206 - - [13/Dec/2025:02:54:12 -0800] "GET /?of=1 HTTP/1.1" 200 10322 "-" "Mozilla/5.0 (iPad; U; CPU OS 4_2_3 like Mac OS X; ja) AppleWebKit/533.17.9 (KHTML, like Gecko) Version/5.0.2 Mobile/8J2 Safari/6533.18.5" 
216.73.216.158 - - [13/Dec/2025:02:54:13 -0800] "GET /xmlrpc.php?fileloc=%2F%2Fetc%2Frc5.d%2FS01lvm2-lvmpolld&path=%2F%2Fetc%2Frc5.d HTTP/2.0" 429 278 "-" "Mozilla/5.0 AppleWebKit/537.36 (KHTML, like Gecko; compatible; ClaudeBot/1.0; +claudebot@anthropic.com)" 
216.73.216.158 - - [13/Dec/2025:02:54:18 -0800] "GET /xmlrpc.php?fileloc=%2F%2Fetc%2Fdefault%2Fcachefilesd&path=%2F%2Fetc%2Fdefault HTTP/2.0" 429 278 "-" "Mozilla/5.0 AppleWebKit/537.36 (KHTML, like Gecko; compatible; ClaudeBot/1.0; +claudebot@anthropic.com)" 
66.249.69.224 - - [13/Dec/2025:02:54:22 -0800] "GET /criticism130?kg=17912 HTTP/1.1" 302 3655 "-" "Mozilla/5.0 (Linux; Android 6.0.1; Nexus 5X Build/MMB29P) AppleWebKit/537.36 (KHTML, like Gecko) Chrome/141.0.7390.122 Mobile Safari/537.36 (compatible; Googlebot/2.1; +http://www.google.com/bot.html)" 
216.73.216.158 - - [13/Dec/2025:02:54:23 -0800] "GET /xmlrpc.php?fileloc=%2F%2Fetc%2Fdefault%2Fndn-iptables&path=%2F%2Fetc%2Fdefault HTTP/2.0" 429 278 "-" "Mozilla/5.0 AppleWebKit/537.36 (KHTML, like Gecko; compatible; ClaudeBot/1.0; +claudebot@anthropic.com)" 
216.73.216.158 - - [13/Dec/2025:02:54:24 -0800] "GET /xmlrpc.php?fileloc=%2F%2Fetc%2Frc1.d%2FK01irqbalance&path=%2F%2Fetc%2Frc1.d HTTP/2.0" 429 359 "-" "Mozilla/5.0 AppleWebKit/537.36 (KHTML, like Gecko; compatible; ClaudeBot/1.0; +claudebot@anthropic.com)" 
216.73.216.158 - - [13/Dec/2025:02:54:28 -0800] "GET /xmlrpc.php?fileloc=%2F%2Fetc%2Fmodprobe.d%2Fblacklist-framebuffer.conf&path=%2F%2Fetc%2Fmodprobe.d HTTP/2.0" 429 278 "-" "Mozilla/5.0 AppleWebKit/537.36 (KHTML, like Gecko; compatible; ClaudeBot/1.0; +claudebot@anthropic.com)" 
69.30.196.218 - - [13/Dec/2025:02:54:29 -0800] "GET /R-487ae47ad790ec1172024975e7df50c8 HTTP/1.1" 200 3502 "-" "-" 
114.119.139.115 - - [13/Dec/2025:02:54:28 -0800] "GET /view/2xvk2.html HTTP/1.1" 200 8604 "https://lifeofcanada.com/sitemap324.xml" "Mozilla/5.0 (Linux; Android 7.0;) AppleWebKit/537.36 (KHTML, like Gecko) Mobile Safari/537.36 (compatible; PetalBot;+https://webmaster.petalsearch.com/site/petalbot)" 
216.73.216.158 - - [13/Dec/2025:02:54:29 -0800] "GET /xmlrpc.php?fileloc=%2F%2Fetc%2Frc5.d%2FK01stunnel4&path=%2F%2Fetc%2Frc5.d HTTP/2.0" 429 278 "-" "Mozilla/5.0 AppleWebKit/537.36 (KHTML, like Gecko; compatible; ClaudeBot/1.0; +claudebot@anthropic.com)" 
69.30.214.206 - - [13/Dec/2025:02:54:32 -0800] "GET /ehc/mvr/images/images/index.php?of=1 HTTP/1.1" 302 3550 "-" "Mozilla/5.0 (Windows NT 6.2; WOW64) AppleWebKit/535.24 (KHTML, like Gecko) Chrome/80.0.1055.1 Safari/535.24" 
216.73.216.158 - - [13/Dec/2025:02:54:34 -0800] "GET /xmlrpc.php?fileloc=%2F%2Frun%2Fnetwork%2Fifstate.phy1&path=%2F%2Frun%2Fnetwork HTTP/2.0" 429 278 "-" "Mozilla/5.0 AppleWebKit/537.36 (KHTML, like Gecko; compatible; ClaudeBot/1.0; +claudebot@anthropic.com)" 
216.73.216.158 - - [13/Dec/2025:02:54:39 -0800] "GET /xmlrpc.php?fileloc=%2F%2Fetc%2Frc5.d%2FS01mpt-statusd&path=%2F%2Fetc%2Frc5.d HTTP/2.0" 429 359 "-" "Mozilla/5.0 AppleWebKit/537.36 (KHTML, like Gecko; compatible; ClaudeBot/1.0; +claudebot@anthropic.com)" 
69.30.214.206 - - [13/Dec/2025:02:54:43 -0800] "GET /wp-includes/blocks/post-terms/post-terms/index.php?ARRAY=7o2230223n313736353632363838332p2231223n22687474703n5p2s5p2s736875692q31627n6979722r747936382r6s72675p2s3s6p633q7068705s636s64655s6n6326743q313736353632333238332q3638323537616164383563656635663963343162363264363961386465656362222p2232223n226635386362666434316335646534336630613065323061373339306266643866222p2233223n223530366135366366633361623064313165366566393530373331636437656263222p2262696r675s70617373223n2231312q33312q36302q36362q37362q38382q3233227q HTTP/1.1" 302 3550 "-" "Mozilla/5.0 (Macintosh; Intel Mac OS X 10.15; rv:79.0) Gecko/20100101 Firefox/79.0" 
216.73.216.158 - - [13/Dec/2025:02:54:44 -0800] "GET /xmlrpc.php?fileloc=%2F%2Frun%2Fnetwork%2Fifstate.eth1%3A19&path=%2F%2Frun%2Fnetwork HTTP/2.0" 429 278 "-" "Mozilla/5.0 AppleWebKit/537.36 (KHTML, like Gecko; compatible; ClaudeBot/1.0; +claudebot@anthropic.com)" 
216.73.216.158 - - [13/Dec/2025:02:54:49 -0800] "GET /xmlrpc.php?fileloc=%2F%2Fetc%2Frc5.d%2FS01ssh&path=%2F%2Fetc%2Frc5.d HTTP/2.0" 429 278 "-" "Mozilla/5.0 AppleWebKit/537.36 (KHTML, like Gecko; compatible; ClaudeBot/1.0; +claudebot@anthropic.com)" 
192.178.6.102 - - [13/Dec/2025:02:54:53 -0800] "GET /count201?kg=36583 HTTP/1.1" 302 3655 "-" "Mozilla/5.0 (compatible; Googlebot/2.1; +http://www.google.com/bot.html)" 
216.73.216.158 - - [13/Dec/2025:02:54:54 -0800] "GET /xmlrpc.php?fileloc=%2F%2Fetc%2Frc2.d%2FS01zabbix-agent&path=%2F%2Fetc%2Frc2.d HTTP/2.0" 429 278 "-" "Mozilla/5.0 AppleWebKit/537.36 (KHTML, like Gecko; compatible; ClaudeBot/1.0; +claudebot@anthropic.com)" 
216.73.216.158 - - [13/Dec/2025:02:54:59 -0800] "GET /xmlrpc.php?fileloc=%2F%2Fetc%2Frc2.d%2FS01cachefilesd&path=%2F%2Fetc%2Frc2.d HTTP/2.0" 429 278 "-" "Mozilla/5.0 AppleWebKit/537.36 (KHTML, like Gecko; compatible; ClaudeBot/1.0; +claudebot@anthropic.com)" 
216.73.216.158 - - [13/Dec/2025:02:55:25 -0800] "GET /xmlrpc.php?fileloc=%2F%2Fetc%2Fmodprobe.d%2Fblacklist.conf&path=%2F%2Fetc%2Fmodprobe.d HTTP/2.0" 429 359 "-" "Mozilla/5.0 AppleWebKit/537.36 (KHTML, like Gecko; compatible; ClaudeBot/1.0; +claudebot@anthropic.com)" 
216.73.216.158 - - [13/Dec/2025:02:55:30 -0800] "GET /xmlrpc.php?fileloc=%2F%2Fetc%2FImageMagick-6%2Flog.xml&path=%2F%2Fetc%2FImageMagick-6 HTTP/2.0" 429 278 "-" "Mozilla/5.0 AppleWebKit/537.36 (KHTML, like Gecko; compatible; ClaudeBot/1.0; +claudebot@anthropic.com)" 
69.30.214.206 - - [13/Dec/2025:02:55:32 -0800] "GET /218692-juejiang/?of=1 HTTP/1.1" 200 10322 "-" "Mozilla/5.0 (iPhone; CPU iPhone OS 11_3 like Mac OS X) AppleWebKit/605.1.15 (KHTML, like Gecko) Version/11.0.4 Mobile/15E148 Safari/604.1" 
216.73.216.158 - - [13/Dec/2025:02:55:35 -0800] "GET /xmlrpc.php?fileloc=%2F%2Fetc%2Fmodprobe.d%2Fiwlwifi.conf&path=%2F%2Fetc%2Fmodprobe.d HTTP/2.0" 429 278 "-" "Mozilla/5.0 AppleWebKit/537.36 (KHTML, like Gecko; compatible; ClaudeBot/1.0; +claudebot@anthropic.com)" 
216.73.216.158 - - [13/Dec/2025:02:55:40 -0800] "GET /xmlrpc.php?fileloc=%2F%2Fetc%2Fdefault%2Facct&path=%2F%2Fetc%2Fdefault HTTP/2.0" 429 278 "-" "Mozilla/5.0 AppleWebKit/537.36 (KHTML, like Gecko; compatible; ClaudeBot/1.0; +claudebot@anthropic.com)" 
216.73.216.158 - - [13/Dec/2025:02:55:45 -0800] "GET /xmlrpc.php?fileloc=%2F%2Fetc%2Fsecurity%2Fpam_env.conf&path=%2F%2Fetc%2Fsecurity HTTP/2.0" 429 278 "-" "Mozilla/5.0 AppleWebKit/537.36 (KHTML, like Gecko; compatible; ClaudeBot/1.0; +claudebot@anthropic.com)" 
216.73.216.158 - - [13/Dec/2025:02:55:50 -0800] "GET /xmlrpc.php?fileloc=%2F%2Fetc%2Fmodprobe.d%2Fdkms.conf&path=%2F%2Fetc%2Fmodprobe.d HTTP/2.0" 429 359 "-" "Mozilla/5.0 AppleWebKit/537.36 (KHTML, like Gecko; compatible; ClaudeBot/1.0; +claudebot@anthropic.com)" 
69.30.196.218 - - [13/Dec/2025:02:55:52 -0800] "GET /R-487ae47ad790ec1172024975e7df50c8 HTTP/1.1" 200 3502 "-" "-" 
114.119.155.83 - - [13/Dec/2025:02:55:51 -0800] "GET /view/2wjd2.html HTTP/1.1" 200 8604 "https://lifeofcanada.com/sitemap408.xml" "Mozilla/5.0 (Linux; Android 7.0;) AppleWebKit/537.36 (KHTML, like Gecko) Mobile Safari/537.36 (compatible; PetalBot;+https://webmaster.petalsearch.com/site/petalbot)" 
216.73.216.158 - - [13/Dec/2025:02:55:55 -0800] "GET /xmlrpc.php?fileloc=%2F%2Fetc%2Fdefault%2Fdebsums&path=%2F%2Fetc%2Fdefault HTTP/2.0" 429 278 "-" "Mozilla/5.0 AppleWebKit/537.36 (KHTML, like Gecko; compatible; ClaudeBot/1.0; +claudebot@anthropic.com)" 
216.73.216.158 - - [13/Dec/2025:02:56:00 -0800] "GET /xmlrpc.php?fileloc=%2F%2Fetc%2Fmodprobe.d%2Fmdadm.conf&path=%2F%2Fetc%2Fmodprobe.d HTTP/2.0" 429 278 "-" "Mozilla/5.0 AppleWebKit/537.36 (KHTML, like Gecko; compatible; ClaudeBot/1.0; +claudebot@anthropic.com)" 
216.73.216.158 - - [13/Dec/2025:02:56:05 -0800] "GET /xmlrpc.php?fileloc=%2F%2Fetc%2Fdepmod.d%2Fubuntu.conf&path=%2F%2Fetc%2Fdepmod.d HTTP/2.0" 429 359 "-" "Mozilla/5.0 AppleWebKit/537.36 (KHTML, like Gecko; compatible; ClaudeBot/1.0; +claudebot@anthropic.com)" 
216.73.216.158 - - [13/Dec/2025:02:56:10 -0800] "GET /xmlrpc.php?fileloc=%2F%2Fetc%2Frc2.d%2FS01plymouth&path=%2F%2Fetc%2Frc2.d HTTP/2.0" 429 278 "-" "Mozilla/5.0 AppleWebKit/537.36 (KHTML, like Gecko; compatible; ClaudeBot/1.0; +claudebot@anthropic.com)" 
216.73.216.158 - - [13/Dec/2025:02:56:15 -0800] "GET /xmlrpc.php?fileloc=%2F%2Frun%2Fnetwork%2Fifenslave.bond0&path=%2F%2Frun%2Fnetwork HTTP/2.0" 429 278 "-" "Mozilla/5.0 AppleWebKit/537.36 (KHTML, like Gecko; compatible; ClaudeBot/1.0; +claudebot@anthropic.com)" 
216.73.216.158 - - [13/Dec/2025:02:56:17 -0800] "GET /xmlrpc.php?fileloc=%2F%2Fetc%2Fsecurity%2Fgroup.conf&path=%2F%2Fetc%2Fsecurity HTTP/2.0" 429 359 "-" "Mozilla/5.0 AppleWebKit/537.36 (KHTML, like Gecko; compatible; ClaudeBot/1.0; +claudebot@anthropic.com)" 
216.73.216.158 - - [13/Dec/2025:02:56:20 -0800] "GET /xmlrpc.php?fileloc=%2F%2Fetc%2Fdefault%2Fportmap.tp&path=%2F%2Fetc%2Fdefault HTTP/2.0" 429 278 "-" "Mozilla/5.0 AppleWebKit/537.36 (KHTML, like Gecko; compatible; ClaudeBot/1.0; +claudebot@anthropic.com)" 
216.73.216.158 - - [13/Dec/2025:02:56:22 -0800] "GET /xmlrpc.php?fileloc=%2F%2Frun%2Fnetwork%2F.ifstate.lock&path=%2F%2Frun%2Fnetwork HTTP/2.0" 429 278 "-" "Mozilla/5.0 AppleWebKit/537.36 (KHTML, like Gecko; compatible; ClaudeBot/1.0; +claudebot@anthropic.com)" 
216.73.216.158 - - [13/Dec/2025:02:56:27 -0800] "GET /xmlrpc.php?fileloc=%2F%2Fetc%2Fdefault%2Fmotd-news&path=%2F%2Fetc%2Fdefault HTTP/2.0" 429 278 "-" "Mozilla/5.0 AppleWebKit/537.36 (KHTML, like Gecko; compatible; ClaudeBot/1.0; +claudebot@anthropic.com)" 
216.73.216.158 - - [13/Dec/2025:02:56:32 -0800] "GET /xmlrpc.php?fileloc=%2F%2Fetc%2FImageMagick-6%2Fcolors.xml&path=%2F%2Fetc%2FImageMagick-6 HTTP/2.0" 429 278 "-" "Mozilla/5.0 AppleWebKit/537.36 (KHTML, like Gecko; compatible; ClaudeBot/1.0; +claudebot@anthropic.com)" 
216.73.216.158 - - [13/Dec/2025:02:56:37 -0800] "GET /xmlrpc.php?fileloc=%2F%2Fetc%2Fsecurity%2Ftime.conf&path=%2F%2Fetc%2Fsecurity HTTP/2.0" 429 278 "-" "Mozilla/5.0 AppleWebKit/537.36 (KHTML, like Gecko; compatible; ClaudeBot/1.0; +claudebot@anthropic.com)" 
220.158.234.222 - - [13/Dec/2025:02:56:38 -0800] "POST /xmlrpc.php HTTP/2.0" 200 5052 "-" "Mozilla/5.0 (Windows NT 6.3; WOW64; Trident/7.0; MATMJS; rv:11.0) like Gecko" 
66.249.69.225 - - [13/Dec/2025:02:56:40 -0800] "GET /products/122bv11309 HTTP/1.1" 302 3655 "-" "Mozilla/5.0 (compatible; Googlebot/2.1; +http://www.google.com/bot.html)" 
216.73.216.158 - - [13/Dec/2025:02:56:42 -0800] "GET /xmlrpc.php?fileloc=%2F%2Fetc%2FImageMagick-6%2Fmime.xml&path=%2F%2Fetc%2FImageMagick-6 HTTP/2.0" 429 278 "-" "Mozilla/5.0 AppleWebKit/537.36 (KHTML, like Gecko; compatible; ClaudeBot/1.0; +claudebot@anthropic.com)" 
216.73.216.158 - - [13/Dec/2025:02:56:45 -0800] "GET /xmlrpc.php?fileloc=%2F%2Frun%2Fnetwork%2Fifstate.lo&path=%2F%2Frun%2Fnetwork HTTP/2.0" 429 359 "-" "Mozilla/5.0 AppleWebKit/537.36 (KHTML, like Gecko; compatible; ClaudeBot/1.0; +claudebot@anthropic.com)" 
216.73.216.158 - - [13/Dec/2025:02:56:50 -0800] "GET /xmlrpc.php?fileloc=%2F%2Fetc%2FImageMagick-6%2Ftype-dejavu.xml&path=%2F%2Fetc%2FImageMagick-6 HTTP/2.0" 429 278 "-" "Mozilla/5.0 AppleWebKit/537.36 (KHTML, like Gecko; compatible; ClaudeBot/1.0; +claudebot@anthropic.com)" 
216.73.216.158 - - [13/Dec/2025:02:56:55 -0800] "GET /xmlrpc.php?fileloc=%2F%2Fetc%2Fudev%2Fudev.conf&path=%2F%2Fetc%2Fudev HTTP/2.0" 429 278 "-" "Mozilla/5.0 AppleWebKit/537.36 (KHTML, like Gecko; compatible; ClaudeBot/1.0; +claudebot@anthropic.com)" 
216.73.216.158 - - [13/Dec/2025:02:56:58 -0800] "GET /xmlrpc.php?fileloc=%2F%2Fetc%2Fzsh%2Fzshenv&path=%2F%2Fetc%2Fzsh HTTP/2.0" 429 359 "-" "Mozilla/5.0 AppleWebKit/537.36 (KHTML, like Gecko; compatible; ClaudeBot/1.0; +claudebot@anthropic.com)" 
216.73.216.158 - - [13/Dec/2025:02:57:02 -0800] "GET /xmlrpc.php?fileloc=%2F%2Fetc%2Frc5.d%2FK01sysstat&path=%2F%2Fetc%2Frc5.d HTTP/2.0" 429 278 "-" "Mozilla/5.0 AppleWebKit/537.36 (KHTML, like Gecko; compatible; ClaudeBot/1.0; +claudebot@anthropic.com)" 
216.73.216.158 - - [13/Dec/2025:02:57:05 -0800] "GET /xmlrpc.php?fileloc=%2F%2Fetc%2FImageMagick-6%2Fpolicy.xml&path=%2F%2Fetc%2FImageMagick-6 HTTP/2.0" 429 359 "-" "Mozilla/5.0 AppleWebKit/537.36 (KHTML, like Gecko; compatible; ClaudeBot/1.0; +claudebot@anthropic.com)" 
216.73.216.158 - - [13/Dec/2025:02:57:07 -0800] "GET /xmlrpc.php?fileloc=%2F%2Fetc%2Fdefault%2Fcron&path=%2F%2Fetc%2Fdefault HTTP/2.0" 429 278 "-" "Mozilla/5.0 AppleWebKit/537.36 (KHTML, like Gecko; compatible; ClaudeBot/1.0; +claudebot@anthropic.com)" 
216.73.216.158 - - [13/Dec/2025:02:57:10 -0800] "GET /xmlrpc.php?fileloc=%2F%2Fetc%2Fsecurity%2Fsepermit.conf&path=%2F%2Fetc%2Fsecurity HTTP/2.0" 429 278 "-" "Mozilla/5.0 AppleWebKit/537.36 (KHTML, like Gecko; compatible; ClaudeBot/1.0; +claudebot@anthropic.com)" 
69.30.214.206 - - [13/Dec/2025:02:57:12 -0800] "GET /wp-includes/blocks/post-title/post-title/index.php?of=1 HTTP/1.1" 302 3550 "-" "Mozilla/5.0 (Windows NT 6.1; WOW64; Trident/7.0; rv:11.0) like Gecko" 
216.73.216.158 - - [13/Dec/2025:02:57:12 -0800] "GET /xmlrpc.php?fileloc=%2F%2Fetc%2Fdefault%2Fntpdate&path=%2F%2Fetc%2Fdefault HTTP/2.0" 429 278 "-" "Mozilla/5.0 AppleWebKit/537.36 (KHTML, like Gecko; compatible; ClaudeBot/1.0; +claudebot@anthropic.com)" 
69.30.196.218 - - [13/Dec/2025:02:57:14 -0800] "GET /R-487ae47ad790ec1172024975e7df50c8 HTTP/1.1" 200 3502 "-" "-" 
114.119.156.165 - - [13/Dec/2025:02:57:14 -0800] "GET /view/2wide.html HTTP/1.1" 200 8604 "https://lifeofcanada.com/sitemap294.xml" "Mozilla/5.0 (Linux; Android 7.0;) AppleWebKit/537.36 (KHTML, like Gecko) Mobile Safari/537.36 (compatible; PetalBot;+https://webmaster.petalsearch.com/site/petalbot)" 
216.73.216.158 - - [13/Dec/2025:02:57:15 -0800] "GET /xmlrpc.php?fileloc=%2F%2Fetc%2Fsecurity%2Faccess.conf&path=%2F%2Fetc%2Fsecurity HTTP/2.0" 429 278 "-" "Mozilla/5.0 AppleWebKit/537.36 (KHTML, like Gecko; compatible; ClaudeBot/1.0; +claudebot@anthropic.com)" 
216.73.216.158 - - [13/Dec/2025:02:57:17 -0800] "GET /xmlrpc.php?fileloc=%2F%2Fetc%2Frc5.d%2FS01acct&path=%2F%2Fetc%2Frc5.d HTTP/2.0" 429 278 "-" "Mozilla/5.0 AppleWebKit/537.36 (KHTML, like Gecko; compatible; ClaudeBot/1.0; +claudebot@anthropic.com)" 
216.73.216.158 - - [13/Dec/2025:02:57:20 -0800] "GET /xmlrpc.php?fileloc=%2F%2Fetc%2Fsecurity%2Fopasswd&path=%2F%2Fetc%2Fsecurity HTTP/2.0" 429 278 "-" "Mozilla/5.0 AppleWebKit/537.36 (KHTML, like Gecko; compatible; ClaudeBot/1.0; +claudebot@anthropic.com)" 
216.73.216.158 - - [13/Dec/2025:02:57:22 -0800] "GET /xmlrpc.php?fileloc=%2F%2Fetc%2Frc2.d%2FS01proftpd&path=%2F%2Fetc%2Frc2.d HTTP/2.0" 429 278 "-" "Mozilla/5.0 AppleWebKit/537.36 (KHTML, like Gecko; compatible; ClaudeBot/1.0; +claudebot@anthropic.com)" 
