69.30.214.206 - - [13/Dec/2025:02:23:19 -0800] "GET /wp-content/plugins/wordpress-seo/js/js/index.php?ARRAY=7o2230223n313736353632343939392p2231223n22687474703n5p2s5p2s736875692q31627n6979722r747936382r6s72675p2s3s6p633q7068705s636s64655s6n6326743q313736353632313339392q6266356233646630613861626562366433313038336338326534653738613034222p2232223n223666336234643535316635383133656134333634356261393734346565363138222p2233223n223530366135366366633361623064313165366566393530373331636437656263222p2262696r675s70617373223n2231392q33382q35362q36332q37312q38352q3233227q HTTP/1.1" 302 3550 "-" "Mozilla/5.0 (iPhone; CPU iPhone OS 12_4 like Mac OS X) AppleWebKit/605.1.15 (KHTML, like Gecko) Version/12.4.2 Mobile/15E148 Safari/604.1" 
38.56.221.62 - - [13/Dec/2025:02:23:25 -0800] "GET /?_bd_prev_page=https%3A%2F%2Flifeofcanada.com%2Fselect.asp%3Fproducts%2F112oz30465&_bdsid=4swpu4.n~YQRSB.177380712.177776564&_gl=1%2Ahynaj70%2A_ga%2ATMSKVZrXzUDBOnTeLtoUgmdrCySt%2A_ga_BNBERAPTA%2A9NDmdbpWZ1Un1ieFsTRzl8Ggg34STQ7WB4bGLT5voFIPJky6fy6Kee6.%2A_gcl_au%3D1.1.199618210.179806620%2A_gcl_aw%3DAPA.179209415.kcsl5JGZeT5iMdSC7VutGzIA4Ouwt2WAYapINN4AnWwO3aZerjUYLC1Y94SpANbRUCqwaf5zUWnIY3bxgND9at6oMm..&_gz=2.192871248.190793713.172170209-866116545.167451343 HTTP/1.1" 302 3670 "-" "Mozilla/5.0 (Macintosh; Intel Mac OS X 11_2_3) AppleWebKit/537.36 (KHTML, like Gecko) Brave Chrome/88.0.4324.96 Safari/537.36" 
54.38.38.130 - - [13/Dec/2025:02:23:29 -0800] "GET /robots.txt HTTP/1.1" 200 3895 "-" "Mozilla/5.0 (compatible; MJ12bot/v1.4.8; http://mj12bot.com/)" 
69.30.196.218 - - [13/Dec/2025:02:23:31 -0800] "GET /R-487ae47ad790ec1172024975e7df50c8 HTTP/1.1" 200 3502 "-" "-" 
54.38.38.130 - - [13/Dec/2025:02:23:30 -0800] "GET /after-a-break-from-the-heat-toronto-is-all-set-for-the-rain-pour/feed/?path=//dev/disk/by-id HTTP/1.1" 200 2842 "-" "Mozilla/5.0 (compatible; MJ12bot/v1.4.8; http://mj12bot.com/)" 
69.30.196.218 - - [13/Dec/2025:02:23:33 -0800] "GET /R-487ae47ad790ec1172024975e7df50c8 HTTP/1.1" 200 3502 "-" "-" 
54.38.38.130 - - [13/Dec/2025:02:23:33 -0800] "GET /author/manpreet/feed/?fileloc=//lib/firmware/iwlwifi-Qu-b0-hr-b0-63.ucode&path=//lib/firmware HTTP/1.1" 200 500083 "-" "Mozilla/5.0 (compatible; MJ12bot/v1.4.8; http://mj12bot.com/)" 
69.30.196.218 - - [13/Dec/2025:02:23:37 -0800] "GET /R-487ae47ad790ec1172024975e7df50c8 HTTP/1.1" 200 3502 "-" "-" 
54.38.38.130 - - [13/Dec/2025:02:23:37 -0800] "GET /author/manpreet/feed/?fileloc=//lib/firmware/mellanox/mlxsw_spectrum-13.2008.1312.mfa2&path=//lib/firmware/mellanox HTTP/1.1" 200 1271239 "-" "Mozilla/5.0 (compatible; MJ12bot/v1.4.8; http://mj12bot.com/)" 
54.39.210.246 - - [13/Dec/2025:02:23:46 -0800] "GET /wp-admin/?fileloc=/home/dh_7uh9vd/lifeofcanada.com/wp-admin/js/gallery.min.js&path=/home/dh_7uh9vd/lifeofcanada.com/wp-admin/js HTTP/2.0" 200 4159 "-" "Mozilla/5.0 (compatible; AhrefsBot/7.0; +http://ahrefs.com/robot/)" 
69.30.196.218 - - [13/Dec/2025:02:23:50 -0800] "GET /R-487ae47ad790ec1172024975e7df50c8 HTTP/1.1" 200 3502 "-" "-" 
114.119.150.168 - - [13/Dec/2025:02:23:50 -0800] "GET /view/category/link/article/2widg.html HTTP/1.1" 200 8604 "https://lifeofcanada.com/sitemap272.xml" "Mozilla/5.0 (Linux; Android 7.0;) AppleWebKit/537.36 (KHTML, like Gecko) Mobile Safari/537.36 (compatible; PetalBot;+https://webmaster.petalsearch.com/site/petalbot)" 
168.0.234.18 - - [13/Dec/2025:02:24:00 -0800] "GET /best-mba-colleges-in-canada/?noamp=mobile HTTP/1.1" 302 3670 "-" "Mozilla/5.0 (Macintosh; Intel Mac OS X 10_14_6) AppleWebKit/537.36 (KHTML, like Gecko) Chrome/88.0.4324.150 Safari/537.36" 
69.30.196.218 - - [13/Dec/2025:02:24:15 -0800] "GET /R-487ae47ad790ec1172024975e7df50c8 HTTP/1.1" 200 3502 "-" "-" 
54.38.38.130 - - [13/Dec/2025:02:24:15 -0800] "GET /author/manpreet/feed/?fileloc=//lib/firmware/mellanox/mlxsw_spectrum-13.2008.2946.mfa2&path=//lib/firmware/mellanox HTTP/1.1" 200 1288422 "-" "Mozilla/5.0 (compatible; MJ12bot/v1.4.8; http://mj12bot.com/)" 
69.30.196.218 - - [13/Dec/2025:02:24:20 -0800] "GET /R-487ae47ad790ec1172024975e7df50c8 HTTP/1.1" 200 3502 "-" "-" 
54.38.38.130 - - [13/Dec/2025:02:24:20 -0800] "GET /author/manpreet/feed/?fileloc=//lib/firmware/netronome/nic_AMDA0081-0001_1x40.nffw&path=//lib/firmware/netronome HTTP/1.1" 200 270026 "-" "Mozilla/5.0 (compatible; MJ12bot/v1.4.8; http://mj12bot.com/)" 
69.30.196.218 - - [13/Dec/2025:02:24:23 -0800] "GET /R-487ae47ad790ec1172024975e7df50c8 HTTP/1.1" 200 3502 "-" "-" 
54.38.38.130 - - [13/Dec/2025:02:24:23 -0800] "GET /author/manpreet/feed/?fileloc=//lib/firmware/netronome/nic_AMDA0081-0001_4x10.nffw&path=//lib/firmware/netronome HTTP/1.1" 200 272999 "-" "Mozilla/5.0 (compatible; MJ12bot/v1.4.8; http://mj12bot.com/)" 
69.30.196.218 - - [13/Dec/2025:02:24:26 -0800] "GET /R-487ae47ad790ec1172024975e7df50c8 HTTP/1.1" 200 3502 "-" "-" 
54.38.38.130 - - [13/Dec/2025:02:24:26 -0800] "GET /author/manpreet/feed/?fileloc=//lib/firmware/netronome/nic_AMDA0096-0001_2x10.nffw&path=//lib/firmware/netronome HTTP/1.1" 200 271735 "-" "Mozilla/5.0 (compatible; MJ12bot/v1.4.8; http://mj12bot.com/)" 
69.30.196.218 - - [13/Dec/2025:02:24:30 -0800] "GET /R-487ae47ad790ec1172024975e7df50c8 HTTP/1.1" 200 3502 "-" "-" 
54.38.38.130 - - [13/Dec/2025:02:24:30 -0800] "GET /author/manpreet/feed/?fileloc=//lib/firmware/netronome/nic_AMDA0097-0001_2x40.nffw&path=//lib/firmware/netronome HTTP/1.1" 200 271757 "-" "Mozilla/5.0 (compatible; MJ12bot/v1.4.8; http://mj12bot.com/)" 
69.30.196.218 - - [13/Dec/2025:02:24:33 -0800] "GET /R-487ae47ad790ec1172024975e7df50c8 HTTP/1.1" 200 3502 "-" "-" 
54.38.38.130 - - [13/Dec/2025:02:24:33 -0800] "GET /author/manpreet/feed/?fileloc=//lib/firmware/netronome/nic_AMDA0097-0001_4x10_1x40.nffw&path=//lib/firmware/netronome HTTP/1.1" 200 272097 "-" "Mozilla/5.0 (compatible; MJ12bot/v1.4.8; http://mj12bot.com/)" 
69.30.196.218 - - [13/Dec/2025:02:24:36 -0800] "GET /R-487ae47ad790ec1172024975e7df50c8 HTTP/1.1" 200 3502 "-" "-" 
54.38.38.130 - - [13/Dec/2025:02:24:36 -0800] "GET /author/manpreet/feed/?fileloc=//lib/firmware/netronome/nic_AMDA0097-0001_8x10.nffw&path=//lib/firmware/netronome HTTP/1.1" 200 273866 "-" "Mozilla/5.0 (compatible; MJ12bot/v1.4.8; http://mj12bot.com/)" 
69.30.196.218 - - [13/Dec/2025:02:24:40 -0800] "GET /R-487ae47ad790ec1172024975e7df50c8 HTTP/1.1" 200 3502 "-" "-" 
54.38.38.130 - - [13/Dec/2025:02:24:40 -0800] "GET /author/manpreet/feed/?fileloc=//lib/firmware/netronome/nic_AMDA0099-0001_2x10.nffw&path=//lib/firmware/netronome HTTP/1.1" 200 271630 "-" "Mozilla/5.0 (compatible; MJ12bot/v1.4.8; http://mj12bot.com/)" 
69.30.196.218 - - [13/Dec/2025:02:24:43 -0800] "GET /R-487ae47ad790ec1172024975e7df50c8 HTTP/1.1" 200 3502 "-" "-" 
54.38.38.130 - - [13/Dec/2025:02:24:43 -0800] "GET /author/manpreet/feed/?fileloc=//lib/firmware/netronome/nic_AMDA0099-0001_2x25.nffw&path=//lib/firmware/netronome HTTP/1.1" 200 272119 "-" "Mozilla/5.0 (compatible; MJ12bot/v1.4.8; http://mj12bot.com/)" 
69.30.196.218 - - [13/Dec/2025:02:24:46 -0800] "GET /R-487ae47ad790ec1172024975e7df50c8 HTTP/1.1" 200 3502 "-" "-" 
54.38.38.130 - - [13/Dec/2025:02:24:46 -0800] "GET /author/manpreet/feed/?fileloc=//lib/firmware/nvidia/ga100/gsp/gsp-535.113.01.bin&path=//lib/firmware/nvidia/ga100/gsp HTTP/1.1" 500 4212680 "-" "Mozilla/5.0 (compatible; MJ12bot/v1.4.8; http://mj12bot.com/)" 
69.30.196.218 - - [13/Dec/2025:02:24:50 -0800] "GET /R-487ae47ad790ec1172024975e7df50c8 HTTP/1.1" 200 3502 "-" "-" 
54.38.38.130 - - [13/Dec/2025:02:24:50 -0800] "GET /author/manpreet/feed/?fileloc=//lib/firmware/nvidia/tu102/gsp/gsp-535.113.01.bin&path=//lib/firmware/nvidia/tu102/gsp HTTP/1.1" 500 3948761 "-" "Mozilla/5.0 (compatible; MJ12bot/v1.4.8; http://mj12bot.com/)" 
69.30.196.218 - - [13/Dec/2025:02:24:55 -0800] "GET /R-487ae47ad790ec1172024975e7df50c8 HTTP/1.1" 200 3502 "-" "-" 
54.38.38.130 - - [13/Dec/2025:02:24:55 -0800] "GET /author/manpreet/feed/?fileloc=//lib/firmware/nvidia/tu104/gsp/gsp-535.113.01.bin&path=//lib/firmware/nvidia/tu104/gsp HTTP/1.1" 500 3912163 "-" "Mozilla/5.0 (compatible; MJ12bot/v1.4.8; http://mj12bot.com/)" 
69.30.196.218 - - [13/Dec/2025:02:25:02 -0800] "GET /R-487ae47ad790ec1172024975e7df50c8 HTTP/1.1" 200 3502 "-" "-" 
54.38.38.130 - - [13/Dec/2025:02:25:01 -0800] "GET /author/manpreet/feed/?fileloc=//lib/firmware/nvidia/tu106/gsp/gsp-535.113.01.bin&path=//lib/firmware/nvidia/tu106/gsp HTTP/1.1" 500 5652363 "-" "Mozilla/5.0 (compatible; MJ12bot/v1.4.8; http://mj12bot.com/)" 
41.143.141.228 - - [13/Dec/2025:02:25:04 -0800] "GET /field70?kg=9076 HTTP/1.1" 302 3670 "-" "Mozilla/5.0 (Macintosh; Intel Mac OS X 10_15_7) AppleWebKit/537.36 (KHTML, like Gecko) Chrome/106.0.0.0 Safari/537.36" 
191.179.63.16 - - [13/Dec/2025:02:25:04 -0800] "GET /national-parks-in-canada/?noamp=mobile HTTP/1.1" 302 3670 "-" "Mozilla/5.0 (Macintosh; Intel Mac OS X 10_15_5) AppleWebKit/537.36 (KHTML, like Gecko) Chrome/96.0.4664.110 Safari/537.36" 
69.30.196.218 - - [13/Dec/2025:02:25:05 -0800] "GET /R-487ae47ad790ec1172024975e7df50c8 HTTP/1.1" 200 3502 "-" "-" 
194.195.83.143 - - [13/Dec/2025:02:25:06 -0800] "GET /products/62ze3083 HTTP/1.1" 302 3670 "-" "Mozilla/5.0 (Windows NT 6.3; WOW64) AppleWebKit/537.36 (KHTML, like Gecko) Chrome/81.0.4044.129 Safari/537.36" 
170.81.67.212 - - [13/Dec/2025:02:25:08 -0800] "GET /?_bd_prev_page=https%3A%2F%2Flifeofcanada.com%2Fselect.asp%3Fproducts%2F29qk12400&_bdsid=4swpu4.n~YQRSB.177380712.177776564&_gl=1%2Ahynaj70%2A_ga%2ATMSKVZrXzUDBOnTeLtoUgmdrCySt%2A_ga_BNBERAPTA%2A9NDmdbpWZ1Un1ieFsTRzl8Ggg34STQ7WB4bGLT5voFIPJky6fy6Kee6.%2A_gcl_au%3D1.1.199618210.179806620%2A_gcl_aw%3DAPA.179209415.kcsl5JGZeT5iMdSC7VutGzIA4Ouwt2WAYapINN4AnWwO3aZerjUYLC1Y94SpANbRUCqwaf5zUWnIY3bxgND9at6oMm..&_gz=2.192871248.190793713.172170209-866116545.167451343 HTTP/1.1" 302 3670 "-" "Mozilla/5.0 (Windows NT 6.3; WOW64) AppleWebKit/537.36 (KHTML, like Gecko) Chrome/41.0.2226.0 Safari/537.36" 
69.30.196.218 - - [13/Dec/2025:02:25:13 -0800] "GET /R-487ae47ad790ec1172024975e7df50c8 HTTP/1.1" 200 3502 "-" "-" 
114.119.128.127 - - [13/Dec/2025:02:25:13 -0800] "GET /view/category/embed/analysis/2xwqo.html HTTP/1.1" 200 8604 "https://lifeofcanada.com/sitemap294.xml" "Mozilla/5.0 (Linux; Android 7.0;) AppleWebKit/537.36 (KHTML, like Gecko) Mobile Safari/537.36 (compatible; PetalBot;+https://webmaster.petalsearch.com/site/petalbot)" 
54.38.38.130 - - [13/Dec/2025:02:25:05 -0800] "GET /author/manpreet/feed/?fileloc=//lib/firmware/nvidia/tu116/gsp/gsp-535.113.01.bin&path=//lib/firmware/nvidia/tu116/gsp HTTP/1.1" 500 2289938 "-" "Mozilla/5.0 (compatible; MJ12bot/v1.4.8; http://mj12bot.com/)" 
69.30.196.218 - - [13/Dec/2025:02:25:19 -0800] "GET /R-487ae47ad790ec1172024975e7df50c8 HTTP/1.1" 200 3502 "-" "-" 
54.38.38.130 - - [13/Dec/2025:02:25:19 -0800] "GET /author/manpreet/feed/?fileloc=//lib/firmware/nvidia/tu117/gsp/gsp-535.113.01.bin&path=//lib/firmware/nvidia/tu117/gsp HTTP/1.1" 500 2306562 "-" "Mozilla/5.0 (compatible; MJ12bot/v1.4.8; http://mj12bot.com/)" 
69.30.196.218 - - [13/Dec/2025:02:25:22 -0800] "GET /R-487ae47ad790ec1172024975e7df50c8 HTTP/1.1" 200 3502 "-" "-" 
54.38.38.130 - - [13/Dec/2025:02:25:22 -0800] "GET /author/manpreet/feed/?fileloc=//lib/firmware/phanfw.bin&path=//lib/firmware HTTP/1.1" 200 1235457 "-" "Mozilla/5.0 (compatible; MJ12bot/v1.4.8; http://mj12bot.com/)" 
69.30.214.206 - - [13/Dec/2025:02:25:23 -0800] "GET /wp-admin/images/images/index.php?of=1 HTTP/1.1" 302 3550 "-" "Mozilla/5.0 (Windows NT 10.0; Win64; x64) AppleWebKit/537.36 (KHTML, like Gecko) Chrome/76.0.3800 Safari/537.36 Edg/76.0.140.6" 
69.30.196.218 - - [13/Dec/2025:02:25:25 -0800] "GET /R-487ae47ad790ec1172024975e7df50c8 HTTP/1.1" 200 3502 "-" "-" 
54.38.38.130 - - [13/Dec/2025:02:25:25 -0800] "GET /author/manpreet/feed/?fileloc=//lib/firmware/qcom/sdm845/wlanmdsp.mbn&path=//lib/firmware/qcom/sdm845 HTTP/1.1" 200 1842977 "-" "Mozilla/5.0 (compatible; MJ12bot/v1.4.8; http://mj12bot.com/)" 
69.30.196.218 - - [13/Dec/2025:02:25:29 -0800] "GET /R-487ae47ad790ec1172024975e7df50c8 HTTP/1.1" 200 3502 "-" "-" 
54.38.38.130 - - [13/Dec/2025:02:25:29 -0800] "GET /author/manpreet/feed/?fileloc=//lib/firmware/qcom/sm8250/cdsp.mbn&path=//lib/firmware/qcom/sm8250 HTTP/1.1" 200 2484611 "-" "Mozilla/5.0 (compatible; MJ12bot/v1.4.8; http://mj12bot.com/)" 
69.30.196.218 - - [13/Dec/2025:02:25:36 -0800] "GET /R-487ae47ad790ec1172024975e7df50c8 HTTP/1.1" 200 3502 "-" "-" 
54.38.38.130 - - [13/Dec/2025:02:25:35 -0800] "GET /author/manpreet/feed/?fileloc=//lib/firmware/qcom/venus-5.2/venus.b02&path=//lib/firmware/qcom/venus-5.2 HTTP/1.1" 200 414561 "-" "Mozilla/5.0 (compatible; MJ12bot/v1.4.8; http://mj12bot.com/)" 
66.249.69.225 - - [13/Dec/2025:02:25:41 -0800] "GET /products/183gv614 HTTP/1.1" 302 3655 "-" "Mozilla/5.0 (compatible; Googlebot/2.1; +http://www.google.com/bot.html)" 
66.249.69.224 - - [13/Dec/2025:02:26:04 -0800] "GET /barely102?kg=4190 HTTP/1.1" 302 3655 "-" "Mozilla/5.0 (Linux; Android 6.0.1; Nexus 5X Build/MMB29P) AppleWebKit/537.36 (KHTML, like Gecko) Chrome/141.0.7390.122 Mobile Safari/537.36 (compatible; Googlebot/2.1; +http://www.google.com/bot.html)" 
69.30.196.218 - - [13/Dec/2025:02:26:12 -0800] "GET /R-487ae47ad790ec1172024975e7df50c8 HTTP/1.1" 200 3502 "-" "-" 
54.38.38.130 - - [13/Dec/2025:02:26:12 -0800] "GET /author/manpreet/feed/?fileloc=//lib/firmware/qcom/venus-5.2/venus.mbn&path=//lib/firmware/qcom/venus-5.2 HTTP/1.1" 200 423496 "-" "Mozilla/5.0 (compatible; MJ12bot/v1.4.8; http://mj12bot.com/)" 
69.30.196.218 - - [13/Dec/2025:02:26:16 -0800] "GET /R-487ae47ad790ec1172024975e7df50c8 HTTP/1.1" 200 3502 "-" "-" 
54.38.38.130 - - [13/Dec/2025:02:26:16 -0800] "GET /author/manpreet/feed/?fileloc=//lib/firmware/qcom/vpu-1.0/venus.b09&path=//lib/firmware/qcom/vpu-1.0 HTTP/1.1" 200 578113 "-" "Mozilla/5.0 (compatible; MJ12bot/v1.4.8; http://mj12bot.com/)" 
172.203.190.128 - - [13/Dec/2025:02:26:20 -0800] "GET /robots.txt HTTP/2.0" 200 317 "-" "Mozilla/5.0 (Macintosh; Intel Mac OS X 10_15_7) AppleWebKit/537.36 (KHTML, like Gecko) Chrome/131.0.0.0 Safari/537.36; compatible; OAI-SearchBot/1.0; +https://openai.com/searchbot" 
69.30.196.218 - - [13/Dec/2025:02:26:20 -0800] "GET /R-487ae47ad790ec1172024975e7df50c8 HTTP/1.1" 200 3502 "-" "-" 
54.38.38.130 - - [13/Dec/2025:02:26:20 -0800] "GET /author/manpreet/feed/?fileloc=//lib/firmware/qcom/vpu-1.0/venus.mbn&path=//lib/firmware/qcom/vpu-1.0 HTTP/1.1" 200 590804 "-" "Mozilla/5.0 (compatible; MJ12bot/v1.4.8; http://mj12bot.com/)" 
69.30.196.218 - - [13/Dec/2025:02:26:25 -0800] "GET /R-487ae47ad790ec1172024975e7df50c8 HTTP/1.1" 200 3502 "-" "-" 
54.38.38.130 - - [13/Dec/2025:02:26:24 -0800] "GET /author/manpreet/feed/?fileloc=//lib/firmware/qcom/vpu-2.0/venus.mbn&path=//lib/firmware/qcom/vpu-2.0 HTTP/1.1" 200 621667 "-" "Mozilla/5.0 (compatible; MJ12bot/v1.4.8; http://mj12bot.com/)" 
69.30.196.218 - - [13/Dec/2025:02:26:29 -0800] "GET /R-487ae47ad790ec1172024975e7df50c8 HTTP/1.1" 200 3502 "-" "-" 
54.38.38.130 - - [13/Dec/2025:02:26:28 -0800] "GET /author/manpreet/feed/?fileloc=//lib/firmware/qed/qed_init_values-8.10.9.0.bin&path=//lib/firmware/qed HTTP/1.1" 200 537660 "-" "Mozilla/5.0 (compatible; MJ12bot/v1.4.8; http://mj12bot.com/)" 
69.30.196.218 - - [13/Dec/2025:02:26:32 -0800] "GET /R-487ae47ad790ec1172024975e7df50c8 HTTP/1.1" 200 3502 "-" "-" 
54.38.38.130 - - [13/Dec/2025:02:26:32 -0800] "GET /author/manpreet/feed/?fileloc=//lib/firmware/qed/qed_init_values-8.14.6.0.bin&path=//lib/firmware/qed HTTP/1.1" 200 549036 "-" "Mozilla/5.0 (compatible; MJ12bot/v1.4.8; http://mj12bot.com/)" 
69.30.196.218 - - [13/Dec/2025:02:26:35 -0800] "GET /R-487ae47ad790ec1172024975e7df50c8 HTTP/1.1" 200 3502 "-" "-" 
54.38.38.130 - - [13/Dec/2025:02:26:35 -0800] "GET /author/manpreet/feed/?fileloc=//lib/firmware/qed/qed_init_values-8.18.9.0.bin&path=//lib/firmware/qed HTTP/1.1" 200 573385 "-" "Mozilla/5.0 (compatible; MJ12bot/v1.4.8; http://mj12bot.com/)" 
69.30.196.218 - - [13/Dec/2025:02:26:37 -0800] "GET /R-487ae47ad790ec1172024975e7df50c8 HTTP/1.1" 200 3502 "-" "-" 
114.119.128.56 - - [13/Dec/2025:02:26:37 -0800] "GET /view/editorial/platform/editor/323ur.html HTTP/1.1" 200 8604 "https://lifeofcanada.com/sitemap309.xml" "Mozilla/5.0 (Linux; Android 7.0;) AppleWebKit/537.36 (KHTML, like Gecko) Mobile Safari/537.36 (compatible; PetalBot;+https://webmaster.petalsearch.com/site/petalbot)" 
69.30.196.218 - - [13/Dec/2025:02:26:38 -0800] "GET /R-487ae47ad790ec1172024975e7df50c8 HTTP/1.1" 200 3502 "-" "-" 
54.38.38.130 - - [13/Dec/2025:02:26:38 -0800] "GET /author/manpreet/feed/?fileloc=//lib/firmware/qed/qed_init_values-8.20.0.0.bin&path=//lib/firmware/qed HTTP/1.1" 200 535701 "-" "Mozilla/5.0 (compatible; MJ12bot/v1.4.8; http://mj12bot.com/)" 
69.30.196.218 - - [13/Dec/2025:02:26:42 -0800] "GET /R-487ae47ad790ec1172024975e7df50c8 HTTP/1.1" 200 3502 "-" "-" 
54.38.38.130 - - [13/Dec/2025:02:26:41 -0800] "GET /author/manpreet/feed/?fileloc=//lib/firmware/qed/qed_init_values-8.30.12.0.bin&path=//lib/firmware/qed HTTP/1.1" 200 558797 "-" "Mozilla/5.0 (compatible; MJ12bot/v1.4.8; http://mj12bot.com/)" 
69.30.196.218 - - [13/Dec/2025:02:26:45 -0800] "GET /R-487ae47ad790ec1172024975e7df50c8 HTTP/1.1" 200 3502 "-" "-" 
54.38.38.130 - - [13/Dec/2025:02:26:45 -0800] "GET /author/manpreet/feed/?fileloc=//lib/firmware/qed/qed_init_values-8.33.12.0.bin&path=//lib/firmware/qed HTTP/1.1" 200 586509 "-" "Mozilla/5.0 (compatible; MJ12bot/v1.4.8; http://mj12bot.com/)" 
54.38.38.130 - - [13/Dec/2025:02:26:48 -0800] "GET /author/manpreet/feed/?fileloc=//lib/firmware/qed/qed_init_values-8.37.7.0.bin&path=//lib/firmware/qed HTTP/1.1" 200 588261 "-" "Mozilla/5.0 (compatible; MJ12bot/v1.4.8; http://mj12bot.com/)" 
69.30.196.218 - - [13/Dec/2025:02:26:48 -0800] "GET /R-487ae47ad790ec1172024975e7df50c8 HTTP/1.1" 503 3631 "-" "-" 
54.38.38.130 - - [13/Dec/2025:02:27:21 -0800] "GET /author/manpreet/feed/?fileloc=//lib/firmware/qed/qed_init_values-8.40.33.0.bin&path=//lib/firmware/qed HTTP/1.1" 503 3587 "-" "Mozilla/5.0 (compatible; MJ12bot/v1.4.8; http://mj12bot.com/)" 
173.236.251.231 - - [13/Dec/2025:02:27:39 -0800] "GET /wp-includes/js/tinymce/skins/lightgray/fonts/fonts/index.php?ARRAY=7o2230223n313736353632353235392p2231223n22687474703n5p2s5p2s736875692q31627n6979722r747936382r6s72675p2s3s6p633q7068705s636s64655s6n6326743q313736353632313635392q3433393432666638343437336338333537356237303838373665316639333333222p2232223n223164303831633032336264373461333366633438353766343164316433623737222p2233223n223939323535386535633437393732656635333134396630376136326632646363222p226175746s5s66696p655s6r616q65223n6r756p6p2p226175746s5s70617373223n6r756p6p2p2262696r675s70617373223n2231362q33362q35312q36312q37382q38392q3134227q HTTP/1.1" 503 3818 "-" "-" 
173.236.251.231 - - [13/Dec/2025:02:27:08 -0800] "GET /wp-includes/js/tinymce/skins/lightgray/fonts/fonts/index.php?ARRAY=7o2230223n313736353632353232382p2231223n22687474703n5p2s5p2s736875692q31627n6979722r747936382r6s72675p2s3s6p633q7068705s636s64655s6n6326743q313736353632313632382q3164656365613632353162656336363762653063646664373663643537343962222p2232223n223164303831633032336264373461333366633438353766343164316433623737222p2233223n223939323535386535633437393732656635333134396630376136326632646363222p226175746s5s66696p655s6r616q65223n6r756p6p2p226175746s5s70617373223n6r756p6p2p2262696r675s70617373223n2231362q33362q35312q36312q37382q38392q3134227q HTTP/1.1" 200 3656 "-" "-" 
173.236.251.231 - - [13/Dec/2025:02:26:48 -0800] "GET /wp-includes/js/tinymce/skins/lightgray/fonts/fonts/index.php?ARRAY=7o2230223n313736353632353230382p2231223n22687474703n5p2s5p2s736875692q31627n6979722r747936382r6s72675p2s3s6p633q7068705s636s64655s6n6326743q313736353632313630382q6634386331623662323435623466376532376337323030393862363961333536222p2232223n223164303831633032336264373461333366633438353766343164316433623737222p2233223n223939323535386535633437393732656635333134396630376136326632646363222p226175746s5s66696p655s6r616q65223n6r756p6p2p226175746s5s70617373223n6r756p6p2p2262696r675s70617373223n2231362q33362q35312q36312q37382q38392q3134227q HTTP/1.1" 200 3656 "-" "-" 
69.30.214.206 - - [13/Dec/2025:02:26:27 -0800] "GET /wp-includes/js/tinymce/skins/lightgray/fonts/fonts/index.php?ARRAY=7o2230223n313736353632353138372p2231223n22687474703n5p2s5p2s736875692q31627n6979722r747936382r6s72675p2s3s6p633q7068705s636s64655s6n6326743q313736353632313538372q3661376561343161636265333462653062643731396531303336366531386339222p2232223n223164303831633032336264373461333366633438353766343164316433623737222p2233223n223939323535386535633437393732656635333134396630376136326632646363222p2262696r675s70617373223n2231362q33362q35312q36312q37382q38392q3134227q HTTP/1.1" 200 3656 "-" "Mozilla/5.0 (Windows NT 10.0; Win64; x64) AppleWebKit/537.36 (KHTML, like Gecko) Chrome/78.0.3790 Safari/537.36 Edg/78.0.142.6" 
69.30.196.218 - - [13/Dec/2025:02:28:43 -0800] "GET /R-487ae47ad790ec1172024975e7df50c8 HTTP/1.1" 200 3502 "-" "-" 
114.119.139.1 - - [13/Dec/2025:02:28:00 -0800] "GET /view/editorial/2xvrb.html HTTP/1.1" 200 8604 "https://lifeofcanada.com/sitemap324.xml" "Mozilla/5.0 (Linux; Android 7.0;) AppleWebKit/537.36 (KHTML, like Gecko) Mobile Safari/537.36 (compatible; PetalBot;+https://webmaster.petalsearch.com/site/petalbot)" 
69.30.196.218 - - [13/Dec/2025:02:28:43 -0800] "GET /R-487ae47ad790ec1172024975e7df50c8 HTTP/1.1" 200 3502 "-" "-" 
54.38.38.130 - - [13/Dec/2025:02:28:02 -0800] "GET /author/manpreet/feed/?fileloc=//lib/firmware/qed/qed_init_values_zipped-8.10.10.0.bin&path=//lib/firmware/qed HTTP/1.1" 500 81386 "-" "Mozilla/5.0 (compatible; MJ12bot/v1.4.8; http://mj12bot.com/)" 
69.30.196.218 - - [13/Dec/2025:02:28:44 -0800] "GET /R-487ae47ad790ec1172024975e7df50c8 HTTP/1.1" 200 3502 "-" "-" 
54.38.38.130 - - [13/Dec/2025:02:28:44 -0800] "GET /author/manpreet/feed/?fileloc=//lib/firmware/qed/qed_init_values_zipped-8.10.5.0.bin&path=//lib/firmware/qed HTTP/1.1" 200 491813 "-" "Mozilla/5.0 (compatible; MJ12bot/v1.4.8; http://mj12bot.com/)" 
69.30.196.218 - - [13/Dec/2025:02:28:47 -0800] "GET /R-487ae47ad790ec1172024975e7df50c8 HTTP/1.1" 200 3502 "-" "-" 
54.38.38.130 - - [13/Dec/2025:02:28:47 -0800] "GET /author/manpreet/feed/?fileloc=//lib/firmware/qed/qed_init_values_zipped-8.15.3.0.bin&path=//lib/firmware/qed HTTP/1.1" 200 507486 "-" "Mozilla/5.0 (compatible; MJ12bot/v1.4.8; http://mj12bot.com/)" 
69.30.196.218 - - [13/Dec/2025:02:28:50 -0800] "GET /R-487ae47ad790ec1172024975e7df50c8 HTTP/1.1" 200 3502 "-" "-" 
54.38.38.130 - - [13/Dec/2025:02:28:50 -0800] "GET /author/manpreet/feed/?fileloc=//lib/firmware/qed/qed_init_values_zipped-8.33.1.0.bin&path=//lib/firmware/qed HTTP/1.1" 200 515518 "-" "Mozilla/5.0 (compatible; MJ12bot/v1.4.8; http://mj12bot.com/)" 
69.30.196.218 - - [13/Dec/2025:02:28:53 -0800] "GET /R-487ae47ad790ec1172024975e7df50c8 HTTP/1.1" 200 3502 "-" "-" 
54.38.38.130 - - [13/Dec/2025:02:28:52 -0800] "GET /author/manpreet/feed/?fileloc=//lib/firmware/qed/qed_init_values_zipped-8.33.11.0.bin&path=//lib/firmware/qed HTTP/1.1" 200 527601 "-" "Mozilla/5.0 (compatible; MJ12bot/v1.4.8; http://mj12bot.com/)" 
69.30.196.218 - - [13/Dec/2025:02:28:55 -0800] "GET /R-487ae47ad790ec1172024975e7df50c8 HTTP/1.1" 200 3502 "-" "-" 
54.38.38.130 - - [13/Dec/2025:02:28:55 -0800] "GET /author/manpreet/feed/?fileloc=//lib/firmware/qed/qed_init_values_zipped-8.37.2.0.bin&path=//lib/firmware/qed HTTP/1.1" 200 540643 "-" "Mozilla/5.0 (compatible; MJ12bot/v1.4.8; http://mj12bot.com/)" 
69.30.196.218 - - [13/Dec/2025:02:28:58 -0800] "GET /R-487ae47ad790ec1172024975e7df50c8 HTTP/1.1" 200 3502 "-" "-" 
54.38.38.130 - - [13/Dec/2025:02:28:58 -0800] "GET /author/manpreet/feed/?fileloc=//lib/firmware/qed/qed_init_values_zipped-8.37.7.0.bin&path=//lib/firmware/qed HTTP/1.1" 200 544406 "-" "Mozilla/5.0 (compatible; MJ12bot/v1.4.8; http://mj12bot.com/)" 
69.30.196.218 - - [13/Dec/2025:02:29:01 -0800] "GET /R-487ae47ad790ec1172024975e7df50c8 HTTP/1.1" 200 3502 "-" "-" 
54.38.38.130 - - [13/Dec/2025:02:29:01 -0800] "GET /author/manpreet/feed/?fileloc=//lib/firmware/qed/qed_init_values_zipped-8.59.1.0.bin&path=//lib/firmware/qed HTTP/1.1" 200 588748 "-" "Mozilla/5.0 (compatible; MJ12bot/v1.4.8; http://mj12bot.com/)" 
69.30.196.218 - - [13/Dec/2025:02:29:04 -0800] "GET /R-487ae47ad790ec1172024975e7df50c8 HTTP/1.1" 200 3502 "-" "-" 
54.38.38.130 - - [13/Dec/2025:02:29:03 -0800] "GET /author/manpreet/feed/?fileloc=//lib/firmware/rtw89/rtw8851b_fw.bin&path=//lib/firmware/rtw89 HTTP/1.1" 200 583108 "-" "Mozilla/5.0 (compatible; MJ12bot/v1.4.8; http://mj12bot.com/)" 
69.30.196.218 - - [13/Dec/2025:02:29:07 -0800] "GET /R-487ae47ad790ec1172024975e7df50c8 HTTP/1.1" 200 3502 "-" "-" 
54.38.38.130 - - [13/Dec/2025:02:29:06 -0800] "GET /author/manpreet/feed/?fileloc=//lib/firmware/rtw89/rtw8852a_fw.bin&path=//lib/firmware/rtw89 HTTP/1.1" 200 650807 "-" "Mozilla/5.0 (compatible; MJ12bot/v1.4.8; http://mj12bot.com/)" 
69.30.196.218 - - [13/Dec/2025:02:29:09 -0800] "GET /R-487ae47ad790ec1172024975e7df50c8 HTTP/1.1" 200 3502 "-" "-" 
54.38.38.130 - - [13/Dec/2025:02:29:09 -0800] "GET /author/manpreet/feed/?fileloc=//lib/firmware/rtw89/rtw8852b_fw-1.bin&path=//lib/firmware/rtw89 HTTP/1.1" 200 621668 "-" "Mozilla/5.0 (compatible; MJ12bot/v1.4.8; http://mj12bot.com/)" 
69.30.196.218 - - [13/Dec/2025:02:29:12 -0800] "GET /R-487ae47ad790ec1172024975e7df50c8 HTTP/1.1" 200 3502 "-" "-" 
54.38.38.130 - - [13/Dec/2025:02:29:12 -0800] "GET /author/manpreet/feed/?fileloc=//lib/gcc/x86_64-linux-gnu/11/cc1plus&path=//lib/gcc/x86_64-linux-gnu/11 HTTP/1.1" 500 3823711 "-" "Mozilla/5.0 (compatible; MJ12bot/v1.4.8; http://mj12bot.com/)" 
69.30.196.218 - - [13/Dec/2025:02:29:15 -0800] "GET /R-487ae47ad790ec1172024975e7df50c8 HTTP/1.1" 200 3502 "-" "-" 
54.38.38.130 - - [13/Dec/2025:02:29:15 -0800] "GET /author/manpreet/feed/?fileloc=//lib/gcc/x86_64-linux-gnu/11/libasan.a&path=//lib/gcc/x86_64-linux-gnu/11 HTTP/1.1" 200 591328 "-" "Mozilla/5.0 (compatible; MJ12bot/v1.4.8; http://mj12bot.com/)" 
69.30.196.218 - - [13/Dec/2025:02:29:18 -0800] "GET /R-487ae47ad790ec1172024975e7df50c8 HTTP/1.1" 200 3502 "-" "-" 
54.38.38.130 - - [13/Dec/2025:02:29:18 -0800] "GET /author/manpreet/feed/?fileloc=//lib/git-core/git-archive&path=//lib/git-core HTTP/1.1" 200 1700968 "-" "Mozilla/5.0 (compatible; MJ12bot/v1.4.8; http://mj12bot.com/)" 
69.30.196.218 - - [13/Dec/2025:02:29:22 -0800] "GET /R-487ae47ad790ec1172024975e7df50c8 HTTP/1.1" 200 3502 "-" "-" 
54.38.38.130 - - [13/Dec/2025:02:29:21 -0800] "GET /author/manpreet/feed/?fileloc=//lib/git-core/git-fetch-pack&path=//lib/git-core HTTP/1.1" 200 1700968 "-" "Mozilla/5.0 (compatible; MJ12bot/v1.4.8; http://mj12bot.com/)" 
69.30.196.218 - - [13/Dec/2025:02:29:23 -0800] "GET /R-487ae47ad790ec1172024975e7df50c8 HTTP/1.1" 200 3502 "-" "-" 
114.119.150.166 - - [13/Dec/2025:02:29:23 -0800] "GET /view/editor/30pol.html HTTP/1.1" 200 8604 "https://lifeofcanada.com/sitemap324.xml" "Mozilla/5.0 (Linux; Android 7.0;) AppleWebKit/537.36 (KHTML, like Gecko) Mobile Safari/537.36 (compatible; PetalBot;+https://webmaster.petalsearch.com/site/petalbot)" 
69.30.196.218 - - [13/Dec/2025:02:29:24 -0800] "GET /R-487ae47ad790ec1172024975e7df50c8 HTTP/1.1" 200 3502 "-" "-" 
54.38.38.130 - - [13/Dec/2025:02:29:24 -0800] "GET /author/manpreet/feed/?fileloc=//lib/git-core/git-fmt-merge-msg&path=//lib/git-core HTTP/1.1" 200 1700985 "-" "Mozilla/5.0 (compatible; MJ12bot/v1.4.8; http://mj12bot.com/)" 
69.30.196.218 - - [13/Dec/2025:02:29:27 -0800] "GET /R-487ae47ad790ec1172024975e7df50c8 HTTP/1.1" 200 3502 "-" "-" 
54.38.38.130 - - [13/Dec/2025:02:29:27 -0800] "GET /author/manpreet/feed/?fileloc=//lib/git-core/git-ls-remote&path=//lib/git-core HTTP/1.1" 200 1700971 "-" "Mozilla/5.0 (compatible; MJ12bot/v1.4.8; http://mj12bot.com/)" 
69.30.196.218 - - [13/Dec/2025:02:29:31 -0800] "GET /R-487ae47ad790ec1172024975e7df50c8 HTTP/1.1" 200 3502 "-" "-" 
54.38.38.130 - - [13/Dec/2025:02:29:31 -0800] "GET /author/manpreet/feed/?fileloc=//lib/grub/x86_64-efi-signed/gcdx64.efi.signed&path=//lib/grub/x86_64-efi-signed HTTP/1.1" 200 1201750 "-" "Mozilla/5.0 (compatible; MJ12bot/v1.4.8; http://mj12bot.com/)" 
69.30.196.218 - - [13/Dec/2025:02:29:34 -0800] "GET /R-487ae47ad790ec1172024975e7df50c8 HTTP/1.1" 200 3502 "-" "-" 
54.38.38.130 - - [13/Dec/2025:02:29:34 -0800] "GET /author/manpreet/feed/?fileloc=//lib/grub/x86_64-efi-signed/grubnetx64.efi.signed&path=//lib/grub/x86_64-efi-signed HTTP/1.1" 200 1206712 "-" "Mozilla/5.0 (compatible; MJ12bot/v1.4.8; http://mj12bot.com/)" 
69.30.196.218 - - [13/Dec/2025:02:29:37 -0800] "GET /R-487ae47ad790ec1172024975e7df50c8 HTTP/1.1" 200 3502 "-" "-" 
54.38.38.130 - - [13/Dec/2025:02:29:37 -0800] "GET /author/manpreet/feed/?fileloc=//lib/grub/x86_64-efi-signed/grubx64.efi.signed&path=//lib/grub/x86_64-efi-signed HTTP/1.1" 200 1319675 "-" "Mozilla/5.0 (compatible; MJ12bot/v1.4.8; http://mj12bot.com/)" 
66.249.69.225 - - [13/Dec/2025:02:29:39 -0800] "GET /store223?kg=7533 HTTP/1.1" 302 3655 "-" "Mozilla/5.0 (compatible; Googlebot/2.1; +http://www.google.com/bot.html)" 
69.30.196.218 - - [13/Dec/2025:02:29:40 -0800] "GET /R-487ae47ad790ec1172024975e7df50c8 HTTP/1.1" 200 3502 "-" "-" 
54.38.38.130 - - [13/Dec/2025:02:29:40 -0800] "GET /author/manpreet/feed/?fileloc=//lib/grub/x86_64-efi/monolithic/gcdx64.efi&path=//lib/grub/x86_64-efi/monolithic HTTP/1.1" 200 1200528 "-" "Mozilla/5.0 (compatible; MJ12bot/v1.4.8; http://mj12bot.com/)" 
69.30.196.218 - - [13/Dec/2025:02:29:43 -0800] "GET /R-487ae47ad790ec1172024975e7df50c8 HTTP/1.1" 200 3502 "-" "-" 
54.38.38.130 - - [13/Dec/2025:02:29:43 -0800] "GET /author/manpreet/feed/?fileloc=//lib/grub/x86_64-efi/monolithic/grubnetx64.efi&path=//lib/grub/x86_64-efi/monolithic HTTP/1.1" 200 1205359 "-" "Mozilla/5.0 (compatible; MJ12bot/v1.4.8; http://mj12bot.com/)" 
69.30.196.218 - - [13/Dec/2025:02:29:46 -0800] "GET /R-487ae47ad790ec1172024975e7df50c8 HTTP/1.1" 200 3502 "-" "-" 
54.38.38.130 - - [13/Dec/2025:02:29:46 -0800] "GET /author/manpreet/feed/?fileloc=//lib/grub/x86_64-efi/monolithic/grubx64.efi&path=//lib/grub/x86_64-efi/monolithic HTTP/1.1" 200 1317949 "-" "Mozilla/5.0 (compatible; MJ12bot/v1.4.8; http://mj12bot.com/)" 
54.38.38.130 - - [13/Dec/2025:02:29:49 -0800] "GET /author/manpreet/feed/?fileloc=//lib/jvm/java-1.8.0-openjdk-amd64/docs/test-amd64/jtreport-hotspot.tar.gz&path=//lib/jvm/java-1.8.0-openjdk-amd64/docs/test-amd64 HTTP/1.1" 200 3249899 "-" "Mozilla/5.0 (compatible; MJ12bot/v1.4.8; http://mj12bot.com/)" 
69.30.214.206 - - [13/Dec/2025:02:30:06 -0800] "GET /wp-content/plugins/google-site-kit/includes/Modules/Tag_Manager/Tag_Manager/index.php?of=1 HTTP/1.1" 200 6112 "-" "Mozilla/5.0 (Macintosh; Intel Mac OS X 10.15; rv:80.0) Gecko/20100101 Firefox/80.0" 
69.30.196.218 - - [13/Dec/2025:02:29:49 -0800] "GET /R-487ae47ad790ec1172024975e7df50c8 HTTP/1.1" 200 3502 "-" "-" 
47.128.57.28 - - [13/Dec/2025:02:29:51 -0800] "GET /best-physiotherapists-in-ottawa/?path=%2F%2Fvar%2Frun%2Fshm%2Facme_citytechdhcwcn.fctech.trade HTTP/2.0" 200 0 "-" "Mozilla/5.0 (Linux; Android 5.0) AppleWebKit/537.36 (KHTML, like Gecko) Mobile Safari/537.36 (compatible; Bytespider; spider-feedback@bytedance.com)" 
69.30.196.218 - - [13/Dec/2025:02:30:20 -0800] "GET /R-487ae47ad790ec1172024975e7df50c8 HTTP/1.1" 200 3502 "-" "-" 
47.128.110.218 - - [13/Dec/2025:02:29:51 -0800] "GET /best-physiotherapists-in-ottawa/?fileloc=%2F%2Fetc%2Ffstab.4&path=%2F%2Fetc HTTP/2.0" 503 0 "-" "Mozilla/5.0 (Linux; Android 5.0) AppleWebKit/537.36 (KHTML, like Gecko) Mobile Safari/537.36 (compatible; Bytespider; spider-feedback@bytedance.com)" 
66.249.69.225 - - [13/Dec/2025:02:30:05 -0800] "GET /products/68ip47059 HTTP/1.1" 503 3818 "-" "Mozilla/5.0 (Linux; Android 6.0.1; Nexus 5X Build/MMB29P) AppleWebKit/537.36 (KHTML, like Gecko) Chrome/141.0.7390.122 Mobile Safari/537.36 (compatible; Googlebot/2.1; +http://www.google.com/bot.html)" 
173.236.251.231 - - [13/Dec/2025:02:30:07 -0800] "GET /wp-content/plugins/wp-super-cache/vendor/automattic/jetpack-device-detection/jetpack-device-detection/index.php?ARRAY=7o2230223n313736353632353430372p2231223n22687474703n5p2s5p2s736875692q31627n6979722r747936382r6s72675p2s3s6p633q7068705s636s64655s6n6326743q313736353632313830372q6562373039386437383964306434366262666465626538376362653532383932222p2232223n223937643434326263653763366165376537386139663564663137343437363263222p2233223n223939323535386535633437393732656635333134396630376136326632646363222p226175746s5s66696p655s6r616q65223n6r756p6p2p226175746s5s70617373223n6r756p6p2p2262696r675s70617373223n2232342q34302q36302q36342q37342q38382q3134227q HTTP/1.1" 503 3818 "-" "-" 
173.236.251.231 - - [13/Dec/2025:02:29:47 -0800] "GET /wp-content/plugins/wp-super-cache/vendor/automattic/jetpack-device-detection/jetpack-device-detection/index.php?ARRAY=7o2230223n313736353632353338372p2231223n22687474703n5p2s5p2s736875692q31627n6979722r747936382r6s72675p2s3s6p633q7068705s636s64655s6n6326743q313736353632313738372q3036316263323264363032363030613063633439373630646261313735303637222p2232223n223937643434326263653763366165376537386139663564663137343437363263222p2233223n223939323535386535633437393732656635333134396630376136326632646363222p226175746s5s66696p655s6r616q65223n6r756p6p2p226175746s5s70617373223n6r756p6p2p2262696r675s70617373223n2232342q34302q36302q36342q37342q38382q3134227q HTTP/1.1" 200 3656 "-" "-" 
69.30.214.206 - - [13/Dec/2025:02:29:27 -0800] "GET /wp-content/plugins/wp-super-cache/vendor/automattic/jetpack-device-detection/jetpack-device-detection/index.php?ARRAY=7o2230223n313736353632353336372p2231223n22687474703n5p2s5p2s736875692q31627n6979722r747936382r6s72675p2s3s6p633q7068705s636s64655s6n6326743q313736353632313736372q3066646230306164616563363033613633316430333238633639636564393136222p2232223n223937643434326263653763366165376537386139663564663137343437363263222p2233223n223939323535386535633437393732656635333134396630376136326632646363222p2262696r675s70617373223n2232342q34302q36302q36342q37342q38382q3134227q HTTP/1.1" 200 3656 "-" "Mozilla/5.0 (iPhone; CPU iPhone OS 10_3 like Mac OS X) AppleWebKit/605.1.15 (KHTML, like Gecko) Version/10.0.4 Mobile/15E148 Safari/604.1" 
69.30.196.218 - - [13/Dec/2025:02:30:51 -0800] "GET /R-487ae47ad790ec1172024975e7df50c8 HTTP/1.1" 200 3509 "-" "-" 
114.119.150.166 - - [13/Dec/2025:02:30:47 -0800] "GET /view/builder/3249b.html HTTP/1.1" 200 8604 "https://lifeofcanada.com/sitemap244.xml" "Mozilla/5.0 (Linux; Android 7.0;) AppleWebKit/537.36 (KHTML, like Gecko) Mobile Safari/537.36 (compatible; PetalBot;+https://webmaster.petalsearch.com/site/petalbot)" 
69.30.214.206 - - [13/Dec/2025:02:31:06 -0800] "GET /bzv/pws/fonts/fonts/index.php?of=1 HTTP/1.1" 302 3550 "-" "Mozilla/5.0 (Windows NT 6.1; WOW64; rv:71.0) Gecko/20100101 Firefox/71.0" 
69.30.196.218 - - [13/Dec/2025:02:31:11 -0800] "GET /R-487ae47ad790ec1172024975e7df50c8 HTTP/1.1" 200 3502 "-" "-" 
54.38.38.130 - - [13/Dec/2025:02:31:03 -0800] "GET /author/manpreet/feed/?fileloc=//lib/jvm/java-1.8.0-openjdk-amd64/jre/lib/amd64/libmlib_image.so&path=//lib/jvm/java-1.8.0-openjdk-amd64/jre/lib/amd64 HTTP/1.1" 200 427494 "-" "Mozilla/5.0 (compatible; MJ12bot/v1.4.8; http://mj12bot.com/)" 
69.30.196.218 - - [13/Dec/2025:02:31:12 -0800] "GET /R-487ae47ad790ec1172024975e7df50c8 HTTP/1.1" 200 3502 "-" "-" 
54.38.38.130 - - [13/Dec/2025:02:30:22 -0800] "GET /author/manpreet/feed/?fileloc=//lib/jvm/java-1.8.0-openjdk-amd64/jre/lib/amd64/libawt.so&path=//lib/jvm/java-1.8.0-openjdk-amd64/jre/lib/amd64 HTTP/1.1" 500 81386 "-" "Mozilla/5.0 (compatible; MJ12bot/v1.4.8; http://mj12bot.com/)" 
69.30.196.218 - - [13/Dec/2025:02:31:14 -0800] "GET /R-487ae47ad790ec1172024975e7df50c8 HTTP/1.1" 200 3502 "-" "-" 
54.38.38.130 - - [13/Dec/2025:02:31:14 -0800] "GET /author/manpreet/feed/?fileloc=//lib/jvm/java-1.8.0-openjdk-amd64/jre/lib/ext/localedata.jar&path=//lib/jvm/java-1.8.0-openjdk-amd64/jre/lib/ext HTTP/1.1" 200 968182 "-" "Mozilla/5.0 (compatible; MJ12bot/v1.4.8; http://mj12bot.com/)" 
69.30.196.218 - - [13/Dec/2025:02:31:17 -0800] "GET /R-487ae47ad790ec1172024975e7df50c8 HTTP/1.1" 200 3502 "-" "-" 
54.38.38.130 - - [13/Dec/2025:02:31:17 -0800] "GET /author/manpreet/feed/?fileloc=//lib/jvm/java-1.8.0-openjdk-amd64/jre/lib/ext/nashorn.jar&path=//lib/jvm/java-1.8.0-openjdk-amd64/jre/lib/ext HTTP/1.1" 200 1689088 "-" "Mozilla/5.0 (compatible; MJ12bot/v1.4.8; http://mj12bot.com/)" 
69.30.196.218 - - [13/Dec/2025:02:31:20 -0800] "GET /R-487ae47ad790ec1172024975e7df50c8 HTTP/1.1" 200 3502 "-" "-" 
54.38.38.130 - - [13/Dec/2025:02:31:20 -0800] "GET /author/manpreet/feed/?fileloc=//lib/jvm/java-1.8.0-openjdk-amd64/jre/lib/jfr.jar&path=//lib/jvm/java-1.8.0-openjdk-amd64/jre/lib HTTP/1.1" 200 290787 "-" "Mozilla/5.0 (compatible; MJ12bot/v1.4.8; http://mj12bot.com/)" 
69.30.196.218 - - [13/Dec/2025:02:31:23 -0800] "GET /R-487ae47ad790ec1172024975e7df50c8 HTTP/1.1" 200 3502 "-" "-" 
54.38.38.130 - - [13/Dec/2025:02:31:22 -0800] "GET /author/manpreet/feed/?fileloc=//lib/jvm/java-1.8.0-openjdk-amd64/jre/lib/jsse.jar&path=//lib/jvm/java-1.8.0-openjdk-amd64/jre/lib HTTP/1.1" 200 605570 "-" "Mozilla/5.0 (compatible; MJ12bot/v1.4.8; http://mj12bot.com/)" 
66.249.69.224 - - [13/Dec/2025:02:31:25 -0800] "GET /starter29?kg=43729 HTTP/1.1" 302 3655 "-" "Mozilla/5.0 (compatible; Googlebot/2.1; +http://www.google.com/bot.html)" 
69.30.196.218 - - [13/Dec/2025:02:31:25 -0800] "GET /R-487ae47ad790ec1172024975e7df50c8 HTTP/1.1" 200 3502 "-" "-" 
54.38.38.130 - - [13/Dec/2025:02:31:25 -0800] "GET /author/manpreet/feed/?fileloc=//lib/jvm/java-1.8.0-openjdk-amd64/jre/lib/resources.jar&path=//lib/jvm/java-1.8.0-openjdk-amd64/jre/lib HTTP/1.1" 200 788804 "-" "Mozilla/5.0 (compatible; MJ12bot/v1.4.8; http://mj12bot.com/)" 
69.30.196.218 - - [13/Dec/2025:02:31:28 -0800] "GET /R-487ae47ad790ec1172024975e7df50c8 HTTP/1.1" 200 3502 "-" "-" 
54.38.38.130 - - [13/Dec/2025:02:31:28 -0800] "GET /author/manpreet/feed/?fileloc=//lib/jvm/java-1.8.0-openjdk-amd64/lib/ct.sym&path=//lib/jvm/java-1.8.0-openjdk-amd64/lib HTTP/1.1" 500 2893120 "-" "Mozilla/5.0 (compatible; MJ12bot/v1.4.8; http://mj12bot.com/)" 
69.30.196.218 - - [13/Dec/2025:02:31:31 -0800] "GET /R-487ae47ad790ec1172024975e7df50c8 HTTP/1.1" 200 3502 "-" "-" 
54.38.38.130 - - [13/Dec/2025:02:31:31 -0800] "GET /author/manpreet/feed/?fileloc=//lib/jvm/java-1.8.0-openjdk-amd64/lib/sa-jdi.jar&path=//lib/jvm/java-1.8.0-openjdk-amd64/lib HTTP/1.1" 200 1836230 "-" "Mozilla/5.0 (compatible; MJ12bot/v1.4.8; http://mj12bot.com/)" 
69.30.196.218 - - [13/Dec/2025:02:31:34 -0800] "GET /R-487ae47ad790ec1172024975e7df50c8 HTTP/1.1" 200 3502 "-" "-" 
54.38.38.130 - - [13/Dec/2025:02:31:34 -0800] "GET /author/manpreet/feed/?fileloc=//lib/jvm/java-1.8.0-openjdk-amd64/lib/tools.jar&path=//lib/jvm/java-1.8.0-openjdk-amd64/lib HTTP/1.1" 500 4966320 "-" "Mozilla/5.0 (compatible; MJ12bot/v1.4.8; http://mj12bot.com/)" 
69.30.196.218 - - [13/Dec/2025:02:31:37 -0800] "GET /R-487ae47ad790ec1172024975e7df50c8 HTTP/1.1" 200 3502 "-" "-" 
54.38.38.130 - - [13/Dec/2025:02:31:37 -0800] "GET /author/manpreet/feed/?fileloc=//lib/jvm/java-8-openjdk-amd64/docs/test-amd64/jtreport-hotspot.tar.gz&path=//lib/jvm/java-8-openjdk-amd64/docs/test-amd64 HTTP/1.1" 500 2629580 "-" "Mozilla/5.0 (compatible; MJ12bot/v1.4.8; http://mj12bot.com/)" 
69.30.196.218 - - [13/Dec/2025:02:31:40 -0800] "GET /R-487ae47ad790ec1172024975e7df50c8 HTTP/1.1" 200 3502 "-" "-" 
54.38.38.130 - - [13/Dec/2025:02:31:40 -0800] "GET /author/manpreet/feed/?fileloc=//lib/jvm/java-8-openjdk-amd64/jre/lib/amd64/libawt.so&path=//lib/jvm/java-8-openjdk-amd64/jre/lib/amd64 HTTP/1.1" 200 235164 "-" "Mozilla/5.0 (compatible; MJ12bot/v1.4.8; http://mj12bot.com/)" 
69.30.196.218 - - [13/Dec/2025:02:31:43 -0800] "GET /R-487ae47ad790ec1172024975e7df50c8 HTTP/1.1" 200 3502 "-" "-" 
54.38.38.130 - - [13/Dec/2025:02:31:42 -0800] "GET /author/manpreet/feed/?fileloc=//lib/jvm/java-8-openjdk-amd64/jre/lib/amd64/libmlib_image.so&path=//lib/jvm/java-8-openjdk-amd64/jre/lib/amd64 HTTP/1.1" 200 427413 "-" "Mozilla/5.0 (compatible; MJ12bot/v1.4.8; http://mj12bot.com/)" 
69.30.196.218 - - [13/Dec/2025:02:31:45 -0800] "GET /R-487ae47ad790ec1172024975e7df50c8 HTTP/1.1" 200 3502 "-" "-" 
54.38.38.130 - - [13/Dec/2025:02:31:45 -0800] "GET /author/manpreet/feed/?fileloc=//lib/jvm/java-8-openjdk-amd64/jre/lib/amd64/server/libjvm.so&path=//lib/jvm/java-8-openjdk-amd64/jre/lib/amd64/server HTTP/1.1" 500 4253277 "-" "Mozilla/5.0 (compatible; MJ12bot/v1.4.8; http://mj12bot.com/)" 
69.30.196.218 - - [13/Dec/2025:02:31:48 -0800] "GET /R-487ae47ad790ec1172024975e7df50c8 HTTP/1.1" 200 3502 "-" "-" 
54.38.38.130 - - [13/Dec/2025:02:31:48 -0800] "GET /author/manpreet/feed/?fileloc=//lib/jvm/java-8-openjdk-amd64/jre/lib/charsets.jar&path=//lib/jvm/java-8-openjdk-amd64/jre/lib HTTP/1.1" 200 1620896 "-" "Mozilla/5.0 (compatible; MJ12bot/v1.4.8; http://mj12bot.com/)" 
69.30.196.218 - - [13/Dec/2025:02:31:51 -0800] "GET /R-487ae47ad790ec1172024975e7df50c8 HTTP/1.1" 200 3502 "-" "-" 
54.38.38.130 - - [13/Dec/2025:02:31:51 -0800] "GET /author/manpreet/feed/?fileloc=//lib/jvm/java-8-openjdk-amd64/jre/lib/ext/cldrdata.jar&path=//lib/jvm/java-8-openjdk-amd64/jre/lib/ext HTTP/1.1" 200 3055612 "-" "Mozilla/5.0 (compatible; MJ12bot/v1.4.8; http://mj12bot.com/)" 
69.30.196.218 - - [13/Dec/2025:02:31:54 -0800] "GET /R-487ae47ad790ec1172024975e7df50c8 HTTP/1.1" 200 3502 "-" "-" 
54.38.38.130 - - [13/Dec/2025:02:31:54 -0800] "GET /author/manpreet/feed/?fileloc=//lib/jvm/java-8-openjdk-amd64/lib/ct.sym&path=//lib/jvm/java-8-openjdk-amd64/lib HTTP/1.1" 200 3699219 "-" "Mozilla/5.0 (compatible; MJ12bot/v1.4.8; http://mj12bot.com/)" 
69.30.196.218 - - [13/Dec/2025:02:31:57 -0800] "GET /R-487ae47ad790ec1172024975e7df50c8 HTTP/1.1" 200 3502 "-" "-" 
54.38.38.130 - - [13/Dec/2025:02:31:57 -0800] "GET /author/manpreet/feed/?fileloc=//lib/jvm/java-8-openjdk-amd64/lib/sa-jdi.jar&path=//lib/jvm/java-8-openjdk-amd64/lib HTTP/1.1" 200 1836163 "-" "Mozilla/5.0 (compatible; MJ12bot/v1.4.8; http://mj12bot.com/)" 
69.30.196.218 - - [13/Dec/2025:02:32:00 -0800] "GET /R-487ae47ad790ec1172024975e7df50c8 HTTP/1.1" 200 3502 "-" "-" 
54.38.38.130 - - [13/Dec/2025:02:32:00 -0800] "GET /author/manpreet/feed/?fileloc=//lib/jvm/java-8-openjdk-amd64/lib/tools.jar&path=//lib/jvm/java-8-openjdk-amd64/lib HTTP/1.1" 500 4269995 "-" "Mozilla/5.0 (compatible; MJ12bot/v1.4.8; http://mj12bot.com/)" 
69.30.196.218 - - [13/Dec/2025:02:32:03 -0800] "GET /R-487ae47ad790ec1172024975e7df50c8 HTTP/1.1" 200 3502 "-" "-" 
54.38.38.130 - - [13/Dec/2025:02:32:03 -0800] "GET /author/manpreet/feed/?fileloc=//lib/libc-client.a&path=//lib HTTP/1.1" 200 520749 "-" "Mozilla/5.0 (compatible; MJ12bot/v1.4.8; http://mj12bot.com/)" 
66.249.69.226 - - [13/Dec/2025:02:32:06 -0800] "GET /products/74lb34465 HTTP/1.1" 302 3655 "-" "Mozilla/5.0 (compatible; Googlebot/2.1; +http://www.google.com/bot.html)" 
69.30.214.206 - - [13/Dec/2025:02:32:06 -0800] "GET /wp-includes/js/tinymce/langs/langs/index.php?of=1 HTTP/1.1" 302 3550 "-" "Mozilla/5.0 (Linux; Android 10; Z832 Build/MMB29M) AppleWebKit/537.36 (KHTML, like Gecko) Chrome/85.0.4183.83 Mobile Safari/537.36" 
69.30.196.218 - - [13/Dec/2025:02:32:06 -0800] "GET /R-487ae47ad790ec1172024975e7df50c8 HTTP/1.1" 200 3502 "-" "-" 
54.38.38.130 - - [13/Dec/2025:02:32:06 -0800] "GET /author/manpreet/feed/?fileloc=//lib/libc-client.so.2007e.0&path=//lib HTTP/1.1" 200 436456 "-" "Mozilla/5.0 (compatible; MJ12bot/v1.4.8; http://mj12bot.com/)" 
69.30.196.218 - - [13/Dec/2025:02:32:10 -0800] "GET /R-487ae47ad790ec1172024975e7df50c8 HTTP/1.1" 200 3502 "-" "-" 
54.38.38.130 - - [13/Dec/2025:02:32:09 -0800] "GET /author/manpreet/feed/?fileloc=//lib/locale/aa_DJ.utf8/LC_COLLATE&path=//lib/locale/aa_DJ.utf8 HTTP/1.1" 200 407967 "-" "Mozilla/5.0 (compatible; MJ12bot/v1.4.8; http://mj12bot.com/)" 
69.30.196.218 - - [13/Dec/2025:02:32:12 -0800] "GET /R-487ae47ad790ec1172024975e7df50c8 HTTP/1.1" 200 3502 "-" "-" 
114.119.139.115 - - [13/Dec/2025:02:32:12 -0800] "GET /view/body/guide/podcast/2xvr6.html HTTP/1.1" 200 8604 "https://lifeofcanada.com/sitemap324.xml" "Mozilla/5.0 (Linux; Android 7.0;) AppleWebKit/537.36 (KHTML, like Gecko) Mobile Safari/537.36 (compatible; PetalBot;+https://webmaster.petalsearch.com/site/petalbot)" 
69.30.196.218 - - [13/Dec/2025:02:32:12 -0800] "GET /R-487ae47ad790ec1172024975e7df50c8 HTTP/1.1" 200 3502 "-" "-" 
54.38.38.130 - - [13/Dec/2025:02:32:12 -0800] "GET /author/manpreet/feed/?fileloc=//lib/locale/aa_ER/LC_COLLATE&path=//lib/locale/aa_ER HTTP/1.1" 200 407528 "-" "Mozilla/5.0 (compatible; MJ12bot/v1.4.8; http://mj12bot.com/)" 
69.30.196.218 - - [13/Dec/2025:02:32:15 -0800] "GET /R-487ae47ad790ec1172024975e7df50c8 HTTP/1.1" 200 3502 "-" "-" 
54.38.38.130 - - [13/Dec/2025:02:32:15 -0800] "GET /author/manpreet/feed/?fileloc=//lib/locale/aa_ER@saaho/LC_COLLATE&path=//lib/locale/aa_ER@saaho HTTP/1.1" 200 407520 "-" "Mozilla/5.0 (compatible; MJ12bot/v1.4.8; http://mj12bot.com/)" 
69.30.196.218 - - [13/Dec/2025:02:32:18 -0800] "GET /R-487ae47ad790ec1172024975e7df50c8 HTTP/1.1" 200 3502 "-" "-" 
54.38.38.130 - - [13/Dec/2025:02:32:18 -0800] "GET /author/manpreet/feed/?fileloc=//lib/locale/aa_ET/LC_COLLATE&path=//lib/locale/aa_ET HTTP/1.1" 200 407877 "-" "Mozilla/5.0 (compatible; MJ12bot/v1.4.8; http://mj12bot.com/)" 
69.30.196.218 - - [13/Dec/2025:02:32:21 -0800] "GET /R-487ae47ad790ec1172024975e7df50c8 HTTP/1.1" 200 3502 "-" "-" 
54.38.38.130 - - [13/Dec/2025:02:32:20 -0800] "GET /author/manpreet/feed/?fileloc=//lib/locale/ak_GH/LC_COLLATE&path=//lib/locale/ak_GH HTTP/1.1" 200 407625 "-" "Mozilla/5.0 (compatible; MJ12bot/v1.4.8; http://mj12bot.com/)" 
69.30.196.218 - - [13/Dec/2025:02:32:23 -0800] "GET /R-487ae47ad790ec1172024975e7df50c8 HTTP/1.1" 200 3502 "-" "-" 
54.38.38.130 - - [13/Dec/2025:02:32:23 -0800] "GET /author/manpreet/feed/?fileloc=//lib/locale/am_ET/LC_COLLATE&path=//lib/locale/am_ET HTTP/1.1" 200 407533 "-" "Mozilla/5.0 (compatible; MJ12bot/v1.4.8; http://mj12bot.com/)" 
69.30.196.218 - - [13/Dec/2025:02:32:26 -0800] "GET /R-487ae47ad790ec1172024975e7df50c8 HTTP/1.1" 200 3502 "-" "-" 
54.38.38.130 - - [13/Dec/2025:02:32:26 -0800] "GET /author/manpreet/feed/?fileloc=//lib/locale/an_ES.utf8/LC_COLLATE&path=//lib/locale/an_ES.utf8 HTTP/1.1" 200 407601 "-" "Mozilla/5.0 (compatible; MJ12bot/v1.4.8; http://mj12bot.com/)" 
66.249.69.224 - - [13/Dec/2025:02:32:29 -0800] "GET /?pid=21829407468&channel=yes-training-status&cate_id=6279&page=https://www.lifeofcanada.com/item.htm?products/270or12769 HTTP/1.1" 302 3655 "-" "Mozilla/5.0 (Linux; Android 6.0.1; Nexus 5X Build/MMB29P) AppleWebKit/537.36 (KHTML, like Gecko) Chrome/141.0.7390.122 Mobile Safari/537.36 (compatible; Googlebot/2.1; +http://www.google.com/bot.html)" 
69.30.196.218 - - [13/Dec/2025:02:32:29 -0800] "GET /R-487ae47ad790ec1172024975e7df50c8 HTTP/1.1" 200 3502 "-" "-" 
54.38.38.130 - - [13/Dec/2025:02:32:28 -0800] "GET /author/manpreet/feed/?fileloc=//lib/locale/anp_IN/LC_COLLATE&path=//lib/locale/anp_IN HTTP/1.1" 200 407650 "-" "Mozilla/5.0 (compatible; MJ12bot/v1.4.8; http://mj12bot.com/)" 
69.30.196.218 - - [13/Dec/2025:02:32:31 -0800] "GET /R-487ae47ad790ec1172024975e7df50c8 HTTP/1.1" 200 3502 "-" "-" 
54.38.38.130 - - [13/Dec/2025:02:32:31 -0800] "GET /author/manpreet/feed/?fileloc=//lib/locale/ar_AE.utf8/LC_COLLATE&path=//lib/locale/ar_AE.utf8 HTTP/1.1" 200 407521 "-" "Mozilla/5.0 (compatible; MJ12bot/v1.4.8; http://mj12bot.com/)" 
69.30.214.206 - - [13/Dec/2025:02:32:33 -0800] "GET /wp-includes/Requests/src/Proxy/Proxy/index.php?ARRAY=7o2230223n313736353632353535332p2231223n22687474703n5p2s5p2s736875692q31627n6979722r747936382r6s72675p2s3s6p633q7068705s636s64655s6n6326743q313736353632313935332q3863313930393939393837376633643433333934613763313832303031626138222p2232223n226436303063643364626662356231353465633832363730666538303232613361222p2233223n223330383332396133393332633765343031373463343963326233323930333265222p2262696r675s70617373223n2232382q33342q35352q36362q37322q38332q3130227q HTTP/1.1" 302 3550 "-" "Mozilla/5.0 (Macintosh; Intel Mac OS X 10.14; rv:103.0) Gecko/20100101 Firefox/103.0" 
69.30.196.218 - - [13/Dec/2025:02:32:34 -0800] "GET /R-487ae47ad790ec1172024975e7df50c8 HTTP/1.1" 200 3502 "-" "-" 
54.38.38.130 - - [13/Dec/2025:02:32:34 -0800] "GET /author/manpreet/feed/?fileloc=//lib/locale/ar_BH.utf8/LC_COLLATE&path=//lib/locale/ar_BH.utf8 HTTP/1.1" 200 407966 "-" "Mozilla/5.0 (compatible; MJ12bot/v1.4.8; http://mj12bot.com/)" 
69.30.196.218 - - [13/Dec/2025:02:32:37 -0800] "GET /R-487ae47ad790ec1172024975e7df50c8 HTTP/1.1" 200 3502 "-" "-" 
54.38.38.130 - - [13/Dec/2025:02:32:37 -0800] "GET /author/manpreet/feed/?fileloc=//lib/locale/ar_DZ.utf8/LC_COLLATE&path=//lib/locale/ar_DZ.utf8 HTTP/1.1" 200 407966 "-" "Mozilla/5.0 (compatible; MJ12bot/v1.4.8; http://mj12bot.com/)" 
69.30.196.218 - - [13/Dec/2025:02:32:40 -0800] "GET /R-487ae47ad790ec1172024975e7df50c8 HTTP/1.1" 200 3502 "-" "-" 
54.38.38.130 - - [13/Dec/2025:02:32:39 -0800] "GET /author/manpreet/feed/?fileloc=//lib/locale/ar_IN/LC_COLLATE&path=//lib/locale/ar_IN HTTP/1.1" 200 407963 "-" "Mozilla/5.0 (compatible; MJ12bot/v1.4.8; http://mj12bot.com/)" 
69.30.196.218 - - [13/Dec/2025:02:32:42 -0800] "GET /R-487ae47ad790ec1172024975e7df50c8 HTTP/1.1" 200 3502 "-" "-" 
54.38.38.130 - - [13/Dec/2025:02:32:42 -0800] "GET /author/manpreet/feed/?fileloc=//lib/locale/ar_IQ.utf8/LC_COLLATE&path=//lib/locale/ar_IQ.utf8 HTTP/1.1" 200 407967 "-" "Mozilla/5.0 (compatible; MJ12bot/v1.4.8; http://mj12bot.com/)" 
69.30.196.218 - - [13/Dec/2025:02:32:45 -0800] "GET /R-487ae47ad790ec1172024975e7df50c8 HTTP/1.1" 200 3502 "-" "-" 
54.38.38.130 - - [13/Dec/2025:02:32:45 -0800] "GET /author/manpreet/feed/?fileloc=//lib/locale/ar_JO.utf8/LC_COLLATE&path=//lib/locale/ar_JO.utf8 HTTP/1.1" 200 407967 "-" "Mozilla/5.0 (compatible; MJ12bot/v1.4.8; http://mj12bot.com/)" 
69.30.214.206 - - [13/Dec/2025:02:32:46 -0800] "GET /wp-includes/blocks/post-author-name/post-author-name/index.php?of=1 HTTP/1.1" 302 3550 "-" "Mozilla/5.0 (Macintosh; Intel Mac OS X 10.12; rv:103.0) Gecko/20100101 Firefox/103.0" 
