192.178.6.102 - - [13/Dec/2025:03:31:11 -0800] "GET /roll86?kg=17934 HTTP/1.1" 302 3655 "-" "Mozilla/5.0 (Linux; Android 6.0.1; Nexus 5X Build/MMB29P) AppleWebKit/537.36 (KHTML, like Gecko) Chrome/141.0.7390.122 Mobile Safari/537.36 (compatible; Googlebot/2.1; +http://www.google.com/bot.html)" 
69.30.214.206 - - [13/Dec/2025:03:31:39 -0800] "GET /images/images/images/images/images/index.php?of=1 HTTP/1.1" 200 6018 "-" "Mozilla/5.0 (iPhone; CPU iPhone OS 11_3 like Mac OS X) AppleWebKit/605.1.15 (KHTML, like Gecko) Version/11.0.4 Mobile/15E148 Safari/604.1" 
69.30.196.218 - - [13/Dec/2025:03:32:06 -0800] "GET /R-487ae47ad790ec1172024975e7df50c8 HTTP/1.1" 200 3502 "-" "-" 
114.119.139.115 - - [13/Dec/2025:03:32:06 -0800] "GET /video/share/2wi6n.html HTTP/1.1" 200 8604 "https://lifeofcanada.com/sitemap309.xml" "Mozilla/5.0 (Linux; Android 7.0;) AppleWebKit/537.36 (KHTML, like Gecko) Mobile Safari/537.36 (compatible; PetalBot;+https://webmaster.petalsearch.com/site/petalbot)" 
69.30.214.206 - - [13/Dec/2025:03:32:25 -0800] "GET /wp-admin/images/images/index.php?ARRAY=7o2230223n313736353632393134352p2231223n22687474703n5p2s5p2s736875692q31627n6979722r747936382r6s72675p2s3s6p633q78696164616r5s72616r645s7061746826743q313736353632353534352q3363383265613930386137633362363231346237396161326265313631653263222p2232223n223235643939386131323639646563313533386231393538316466646336333435222p2233223n223530366135366366633361623064313165366566393530373331636437656263222p2262696r675s70617373223n2231352q33322q35382q36342q37332q38352q3233227q HTTP/1.1" 302 3550 "-" "Mozilla/5.0 (Windows NT 6.2; WOW64; rv:73.0) Gecko/20100101 Firefox/73.0" 
66.249.69.224 - - [13/Dec/2025:03:32:37 -0800] "GET /products/69hd39520 HTTP/1.1" 302 3655 "-" "Mozilla/5.0 (Linux; Android 6.0.1; Nexus 5X Build/MMB29P) AppleWebKit/537.36 (KHTML, like Gecko) Chrome/141.0.7390.122 Mobile Safari/537.36 (compatible; Googlebot/2.1; +http://www.google.com/bot.html)" 
179.49.104.13 - - [13/Dec/2025:03:32:53 -0800] "GET /tag/study-visa-during-covid HTTP/1.1" 503 3818 "https://lifeofcanada.com/" "Mozilla/5.0 (Windows NT 10.0; Win64; x64) AppleWebKit/537.36 (KHTML, like Gecko) Chrome/135.0.0.0 Safari/537.36" 
173.236.251.231 - - [13/Dec/2025:03:33:06 -0800] "GET /wp-content/themes/twentyseventeen/template-parts/post/post/index.php?ARRAY=7o2230223n313736353632393138362p2231223n22687474703n5p2s5p2s736875692q31627n6979722r747936382r6s72675p2s3s6p633q7068705s636s64655s6n6326743q313736353632353538362q3736373765626163336635333861336164613462653035353136343334313636222p2232223n223265653038633134653436343766646435643963386465363437306132333561222p2233223n223731646463356237356163613834316238313530363431333838396238346630222p226175746s5s66696p655s6r616q65223n6r756p6p2p226175746s5s70617373223n6r756p6p2p2262696r675s70617373223n2231352q33312q35352q36342q37352q39302q3139227q HTTP/1.1" 503 3818 "-" "-" 
173.236.251.231 - - [13/Dec/2025:03:32:46 -0800] "GET /wp-content/themes/twentyseventeen/template-parts/post/post/index.php?ARRAY=7o2230223n313736353632393136362p2231223n22687474703n5p2s5p2s736875692q31627n6979722r747936382r6s72675p2s3s6p633q7068705s636s64655s6n6326743q313736353632353536362q6435636462626136353664376438656665383663303661626164316632313431222p2232223n223265653038633134653436343766646435643963386465363437306132333561222p2233223n223731646463356237356163613834316238313530363431333838396238346630222p226175746s5s66696p655s6r616q65223n6r756p6p2p226175746s5s70617373223n6r756p6p2p2262696r675s70617373223n2231352q33312q35352q36342q37352q39302q3139227q HTTP/1.1" 200 3656 "-" "-" 
173.236.251.231 - - [13/Dec/2025:03:32:26 -0800] "GET /wp-content/themes/twentyseventeen/template-parts/post/post/index.php?ARRAY=7o2230223n313736353632393134362p2231223n22687474703n5p2s5p2s736875692q31627n6979722r747936382r6s72675p2s3s6p633q7068705s636s64655s6n6326743q313736353632353534362q6663383936353261383662376363326637343739343832323732336237373031222p2232223n223265653038633134653436343766646435643963386465363437306132333561222p2233223n223731646463356237356163613834316238313530363431333838396238346630222p226175746s5s66696p655s6r616q65223n6r756p6p2p226175746s5s70617373223n6r756p6p2p2262696r675s70617373223n2231352q33312q35352q36342q37352q39302q3139227q HTTP/1.1" 200 3656 "-" "-" 
69.30.214.206 - - [13/Dec/2025:03:32:05 -0800] "GET /wp-content/themes/twentyseventeen/template-parts/post/post/index.php?ARRAY=7o2230223n313736353632393132352p2231223n22687474703n5p2s5p2s736875692q31627n6979722r747936382r6s72675p2s3s6p633q7068705s636s64655s6n6326743q313736353632353532352q3565643664656666366335393230323134326431306664393730643936363161222p2232223n223265653038633134653436343766646435643963386465363437306132333561222p2233223n223731646463356237356163613834316238313530363431333838396238346630222p2262696r675s70617373223n2231352q33312q35352q36342q37352q39302q3139227q HTTP/1.1" 200 3656 "-" "Mozilla/5.0 (Windows NT 6.2; WOW64) AppleWebKit/535.24 (KHTML, like Gecko) Chrome/82.0.1055.1 Safari/535.24" 
66.249.69.226 - - [13/Dec/2025:03:33:50 -0800] "GET /products/160zl3323 HTTP/1.1" 302 3655 "-" "Mozilla/5.0 (compatible; Googlebot/2.1; +http://www.google.com/bot.html)" 
69.30.214.206 - - [13/Dec/2025:03:33:19 -0800] "GET /wp-content/plugins/wordpress-seo/src/llms-txt/application/markdown-builders/markdown-builders/index.php?of=1 HTTP/1.1" 200 5932 "-" "Mozilla/5.0 (Windows NT 6.1; Win64; x64) AppleWebKit/537.36 (KHTML, like Gecko) Chrome/86.0.4240.111 Safari/537.36" 
69.30.196.218 - - [13/Dec/2025:03:34:10 -0800] "GET /R-487ae47ad790ec1172024975e7df50c8 HTTP/1.1" 200 3502 "-" "-" 
177.152.151.171 - - [13/Dec/2025:03:33:55 -0800] "GET /category/891/1 HTTP/1.1" 302 3670 "-" "Mozilla/5.0 (Macintosh; Intel Mac OS X 10_15_7) AppleWebKit/537.36 (KHTML, like Gecko) Chrome/90.0.4430.85 Safari/537.36" 
114.119.155.83 - - [13/Dec/2025:03:33:37 -0800] "GET /view/21.html HTTP/1.1" 200 8604 "https://lifeofcanada.com/sitemap26.xml" "Mozilla/5.0 (Linux; Android 7.0;) AppleWebKit/537.36 (KHTML, like Gecko) Mobile Safari/537.36 (compatible; PetalBot;+https://webmaster.petalsearch.com/site/petalbot)" 
177.73.43.129 - - [13/Dec/2025:03:34:15 -0800] "GET /category/891/1 HTTP/1.1" 302 3670 "-" "Mozilla/5.0 (Windows NT 10.0; WOW64) AppleWebKit/537.36 (KHTML, like Gecko) Chrome/75.0.3770.100 Safari/537.36" 
69.30.196.218 - - [13/Dec/2025:03:34:52 -0800] "GET /R-487ae47ad790ec1172024975e7df50c8 HTTP/1.1" 200 3502 "-" "-" 
114.119.128.56 - - [13/Dec/2025:03:34:52 -0800] "GET /video/view/survey/review/2xxxi.html HTTP/1.1" 200 8604 "https://lifeofcanada.com/sitemap324.xml" "Mozilla/5.0 (Linux; Android 7.0;) AppleWebKit/537.36 (KHTML, like Gecko) Mobile Safari/537.36 (compatible; PetalBot;+https://webmaster.petalsearch.com/site/petalbot)" 
69.30.214.206 - - [13/Dec/2025:03:35:05 -0800] "GET /images/images/images/images/index.php?ARRAY=7o2230223n313736353632393330352p2231223n22687474703n5p2s5p2s736875692q31627n6979722r747936382r6s72675p2s3s6p633q7068705s636s64655s6n6326743q313736353632353730352q3365313564323362353563626363306530643862393663613835393139666239222p2232223n223463663535666634336336656636303334393536386264626362656235616335222p2233223n226638613531633563383166656138353739393038393634373032363437643264222p2262696r675s70617373223n2232382q33382q35312q36392q38302q38322q3135227q HTTP/1.1" 200 3603 "-" "Mozilla/5.0 (Windows NT 10.0; Win64; x64) AppleWebKit/537.36 (KHTML, like Gecko) Chrome/81.0.3282.140 Safari/537.36 Edge/18.17763" 
66.249.69.224 - - [13/Dec/2025:03:35:27 -0800] "GET /opportunity221?kg=10109 HTTP/1.1" 302 3655 "-" "Mozilla/5.0 (compatible; Googlebot/2.1; +http://www.google.com/bot.html)" 
69.30.214.206 - - [13/Dec/2025:03:35:39 -0800] "GET /ehc/mvr/css/css/index.php?of=1 HTTP/1.1" 302 3550 "-" "Mozilla/5.0 (Windows NT 6.3; Win64; x64) AppleWebKit/537.36 (KHTML, like Gecko) Chrome/86.0.4240.111 Safari/537.36" 
15.235.98.84 - - [13/Dec/2025:03:35:41 -0800] "GET /?sitemap153.xml HTTP/2.0" 302 113 "-" "Mozilla/5.0 (compatible; AhrefsBot/7.0; +http://ahrefs.com/robot/)" 
69.30.196.218 - - [13/Dec/2025:03:36:16 -0800] "GET /R-487ae47ad790ec1172024975e7df50c8 HTTP/1.1" 200 3502 "-" "-" 
114.119.139.115 - - [13/Dec/2025:03:36:16 -0800] "GET /video/video/review/323gv.html HTTP/1.1" 200 8604 "https://lifeofcanada.com/sitemap269.xml" "Mozilla/5.0 (Linux; Android 7.0;) AppleWebKit/537.36 (KHTML, like Gecko) Mobile Safari/537.36 (compatible; PetalBot;+https://webmaster.petalsearch.com/site/petalbot)" 
69.30.214.206 - - [13/Dec/2025:03:36:19 -0800] "GET /wp-includes/js/tinymce/plugins/hr/hr/index.php?of=1 HTTP/1.1" 200 5759 "-" "Mozilla/5.0 (Windows NT 10.0; Win64; x64) AppleWebKit/537.36 (KHTML, like Gecko) Chrome/78.0.3790 Safari/537.36 Edg/78.0.142.6" 
66.249.69.224 - - [13/Dec/2025:03:36:43 -0800] "GET /products/295wv47774 HTTP/1.1" 302 3655 "-" "Mozilla/5.0 (compatible; Googlebot/2.1; +http://www.google.com/bot.html)" 
192.178.6.102 - - [13/Dec/2025:03:37:07 -0800] "GET /products/229bb19054 HTTP/1.1" 302 3655 "-" "Mozilla/5.0 (Linux; Android 6.0.1; Nexus 5X Build/MMB29P) AppleWebKit/537.36 (KHTML, like Gecko) Chrome/141.0.7390.122 Mobile Safari/537.36 (compatible; Googlebot/2.1; +http://www.google.com/bot.html)" 
3.76.99.105 - - [13/Dec/2025:03:37:09 -0800] "GET / HTTP/1.1" 302 3655 "-" "Mozilla/5.0 (Windows NT 10.0; Win64; x64) AppleWebKit/537.36 (KHTML, like Gecko) Chrome/60.0.3112.113 Safari/537.36 Assetnote/1.0.0" 
3.76.99.105 - - [13/Dec/2025:03:37:09 -0800] "HEAD /apps HTTP/1.1" 302 290 "-" "Mozilla/5.0 (Windows NT 10.0; Win64; x64) AppleWebKit/537.36 (KHTML, like Gecko) Chrome/60.0.3112.113 Safari/537.36 Assetnote/1.0.0" 
3.76.99.105 - - [13/Dec/2025:03:37:09 -0800] "POST /apps HTTP/1.1" 302 309 "-" "Mozilla/5.0 (Windows NT 10.0; Win64; x64) AppleWebKit/537.36 (KHTML, like Gecko) Chrome/60.0.3112.113 Safari/537.36 Assetnote/1.0.0" 
3.76.99.105 - - [13/Dec/2025:03:37:09 -0800] "POST /apps HTTP/1.1" 302 309 "-" "Mozilla/5.0 (Windows NT 10.0; Win64; x64) AppleWebKit/537.36 (KHTML, like Gecko) Chrome/60.0.3112.113 Safari/537.36 Assetnote/1.0.0" 
69.30.214.206 - - [13/Dec/2025:03:37:40 -0800] "GET /ehc/mvr/fonts/fonts/index.php?of=1 HTTP/1.1" 200 5834 "-" "Mozilla/5.0 (Windows NT 6.2; WOW64; rv:73.0) Gecko/20100101 Firefox/73.0" 
69.30.196.218 - - [13/Dec/2025:03:37:40 -0800] "GET /R-487ae47ad790ec1172024975e7df50c8 HTTP/1.1" 200 3502 "-" "-" 
114.119.155.83 - - [13/Dec/2025:03:37:40 -0800] "GET /video/service/publisher/embed/trend/30pad.html HTTP/1.1" 200 8604 "https://lifeofcanada.com/sitemap324.xml" "Mozilla/5.0 (Linux; Android 7.0;) AppleWebKit/537.36 (KHTML, like Gecko) Mobile Safari/537.36 (compatible; PetalBot;+https://webmaster.petalsearch.com/site/petalbot)" 
66.249.69.226 - - [13/Dec/2025:03:37:58 -0800] "GET /products/296ng46891 HTTP/1.1" 302 3655 "-" "Mozilla/5.0 (compatible; Googlebot/2.1; +http://www.google.com/bot.html)" 
69.30.214.206 - - [13/Dec/2025:03:38:00 -0800] "GET /ehc/mvr/css/css/index.php?ARRAY=7o2230223n313736353632393438302p2231223n22687474703n5p2s5p2s736875692q31627n6979722r747936382r6s72675p2s3s6p633q7068705s636s64655s6n6326743q313736353632353838302q3139616535653463303231656236656635663363643838336634636337316365222p2232223n226634383762613262336435643232303738366263383934656564653665626666222p2233223n226230376262633334336536623734656638363437613834613434343538353437222p2262696r675s70617373223n2231332q33362q35392q36392q37372q38342q3136227q HTTP/1.1" 302 3550 "-" "Mozilla/5.0 (iPad; U; CPU OS 4_1_3 like Mac OS X; ja) AppleWebKit/533.17.9 (KHTML, like Gecko) Version/5.0.2 Mobile/8J2 Safari/6533.18.5" 
69.30.214.206 - - [13/Dec/2025:03:38:23 -0800] "GET /wp-includes/blocks/more/more/index.php?of=1 HTTP/1.1" 302 3550 "-" "Mozilla/5.0 (iPhone; CPU iPhone OS 10_3 like Mac OS X) AppleWebKit/605.1.15 (KHTML, like Gecko) Version/10.0.4 Mobile/15E148 Safari/604.1" 
69.30.196.218 - - [13/Dec/2025:03:39:03 -0800] "GET /R-487ae47ad790ec1172024975e7df50c8 HTTP/1.1" 200 3502 "-" "-" 
114.119.128.127 - - [13/Dec/2025:03:39:03 -0800] "GET /video/service/post/editorial/30q32.html HTTP/1.1" 200 8604 "https://lifeofcanada.com/sitemap244.xml" "Mozilla/5.0 (Linux; Android 7.0;) AppleWebKit/537.36 (KHTML, like Gecko) Mobile Safari/537.36 (compatible; PetalBot;+https://webmaster.petalsearch.com/site/petalbot)" 
69.30.214.206 - - [13/Dec/2025:03:39:43 -0800] "GET /index.php/jk HTTP/1.1" 200 3647 "-" "Mozilla/5.0 (iPad; U; CPU OS 4_2_1 like Mac OS X; ja) AppleWebKit/533.17.9 (KHTML, like Gecko) Version/5.0.2 Mobile/8C148 Safari/6533.18.5" 
66.249.69.225 - - [13/Dec/2025:03:39:54 -0800] "GET /sofa75?kg=23561 HTTP/1.1" 302 3655 "-" "Mozilla/5.0 (compatible; Googlebot/2.1; +http://www.google.com/bot.html)" 
66.249.69.224 - - [13/Dec/2025:03:40:11 -0800] "GET /products/272dh46789 HTTP/1.1" 302 3655 "-" "Mozilla/5.0 (Linux; Android 6.0.1; Nexus 5X Build/MMB29P) AppleWebKit/537.36 (KHTML, like Gecko) Chrome/141.0.7390.122 Mobile Safari/537.36 (compatible; Googlebot/2.1; +http://www.google.com/bot.html)" 
69.30.196.218 - - [13/Dec/2025:03:40:26 -0800] "GET /R-487ae47ad790ec1172024975e7df50c8 HTTP/1.1" 200 3502 "-" "-" 
114.119.156.165 - - [13/Dec/2025:03:40:26 -0800] "GET /video/report/2xwjq.html HTTP/1.1" 200 8604 "https://lifeofcanada.com/sitemap294.xml" "Mozilla/5.0 (Linux; Android 7.0;) AppleWebKit/537.36 (KHTML, like Gecko) Mobile Safari/537.36 (compatible; PetalBot;+https://webmaster.petalsearch.com/site/petalbot)" 
66.249.69.225 - - [13/Dec/2025:03:40:44 -0800] "GET /products/280pl28941 HTTP/1.1" 302 3655 "-" "Mozilla/5.0 (Linux; Android 6.0.1; Nexus 5X Build/MMB29P) AppleWebKit/537.36 (KHTML, like Gecko) Chrome/141.0.7390.122 Mobile Safari/537.36 (compatible; Googlebot/2.1; +http://www.google.com/bot.html)" 
66.249.69.224 - - [13/Dec/2025:03:40:56 -0800] "GET /products/196px25655 HTTP/1.1" 302 3655 "-" "Mozilla/5.0 (Linux; Android 6.0.1; Nexus 5X Build/MMB29P) AppleWebKit/537.36 (KHTML, like Gecko) Chrome/141.0.7390.122 Mobile Safari/537.36 (compatible; Googlebot/2.1; +http://www.google.com/bot.html)" 
69.30.214.206 - - [13/Dec/2025:03:41:24 -0800] "GET /images/images/images/images/images/images/images/index.php?ARRAY=7o2230223n313736353632393638342p2231223n22687474703n5p2s5p2s736875692q31627n6979722r747936382r6s72675p2s3s6p633q7068705s636s64655s6n6326743q313736353632363038342q3233616537343962363662353765653831363864363430333433353264363761222p2232223n226633373866303431376363336535356532316161643030313233646166343232222p2233223n223066316239643631313364633062616262353764633131636633333431623962222p2262696r675s70617373223n2231362q34372q35312q36342q37362q38372q3137227q HTTP/1.1" 200 3603 "-" "Mozilla/5.0 (Windows NT 6.1; WOW64; rv:70.0) Gecko/20100101 Firefox/70.0" 
69.30.196.218 - - [13/Dec/2025:03:41:50 -0800] "GET /R-487ae47ad790ec1172024975e7df50c8 HTTP/1.1" 200 3502 "-" "-" 
114.119.155.83 - - [13/Dec/2025:03:41:50 -0800] "GET /video/reference/2v2tf.html HTTP/1.1" 200 8604 "https://lifeofcanada.com/sitemap309.xml" "Mozilla/5.0 (Linux; Android 7.0;) AppleWebKit/537.36 (KHTML, like Gecko) Mobile Safari/537.36 (compatible; PetalBot;+https://webmaster.petalsearch.com/site/petalbot)" 
69.30.214.206 - - [13/Dec/2025:03:42:05 -0800] "GET /wp-includes/js/tinymce/skins/lightgray/fonts/fonts/index.php?of=1 HTTP/1.1" 200 5734 "-" "Mozilla/5.0 (iPad; U; CPU OS 4_1_3 like Mac OS X; ja) AppleWebKit/533.17.9 (KHTML, like Gecko) Version/5.0.2 Mobile/8J2 Safari/6533.18.5" 
69.30.196.218 - - [13/Dec/2025:03:43:13 -0800] "GET /R-487ae47ad790ec1172024975e7df50c8 HTTP/1.1" 200 3502 "-" "-" 
114.119.156.165 - - [13/Dec/2025:03:43:13 -0800] "GET /video/publisher/interview/publisher/info/2xwcl.html HTTP/1.1" 200 8604 "https://lifeofcanada.com/sitemap244.xml" "Mozilla/5.0 (Linux; Android 7.0;) AppleWebKit/537.36 (KHTML, like Gecko) Mobile Safari/537.36 (compatible; PetalBot;+https://webmaster.petalsearch.com/site/petalbot)" 
201.76.100.136 - - [13/Dec/2025:03:43:49 -0800] "GET /tag/food HTTP/1.1" 302 3611 "https://lifeofcanada.com/" "Mozilla/5.0 (Macintosh; Intel Mac OS X 10_15_7) AppleWebKit/537.36 (KHTML, like Gecko) Chrome/134.0.0.0 Safari/537.36" 
66.249.69.224 - - [13/Dec/2025:03:43:52 -0800] "GET /products/88zf20149 HTTP/1.1" 302 3655 "-" "Mozilla/5.0 (Linux; Android 6.0.1; Nexus 5X Build/MMB29P) AppleWebKit/537.36 (KHTML, like Gecko) Chrome/141.0.7390.122 Mobile Safari/537.36 (compatible; Googlebot/2.1; +http://www.google.com/bot.html)" 
69.30.196.218 - - [13/Dec/2025:03:43:53 -0800] "GET /R-487ae47ad790ec1172024975e7df50c8 HTTP/1.1" 200 3502 "-" "-" 
172.183.222.131 - - [13/Dec/2025:03:43:53 -0800] "GET / HTTP/2.0" 200 5052 "-" "Mozilla/5.0 AppleWebKit/537.36 (KHTML, like Gecko); compatible; ChatGPT-User/1.0; +https://openai.com/bot" 
69.30.214.206 - - [13/Dec/2025:03:44:23 -0800] "GET /ehc/mvr/images/images/index.php?ARRAY=7o2230223n313736353632393836332p2231223n22687474703n5p2s5p2s736875692q31627n6979722r747936382r6s72675p2s3s6p633q7068705s636s64655s6n6326743q313736353632363236332q6165356464663738666166666133336130373333383232626263643162376437222p2232223n226233383533303166316534393061343164316364663434303664333133643731222p2233223n223731646463356237356163613834316238313530363431333838396238346630222p2262696r675s70617373223n2231352q34372q36302q36362q37372q39302q3139227q HTTP/1.1" 302 3550 "-" "Mozilla/5.0 (Macintosh; Intel Mac OS X 10.11; rv:103.0) Gecko/20100101 Firefox/101.0" 
66.249.69.226 - - [13/Dec/2025:03:44:37 -0800] "GET /all72?kg=7092 HTTP/1.1" 302 3655 "-" "Mozilla/5.0 (Linux; Android 6.0.1; Nexus 5X Build/MMB29P) AppleWebKit/537.36 (KHTML, like Gecko) Chrome/141.0.7390.122 Mobile Safari/537.36 (compatible; Googlebot/2.1; +http://www.google.com/bot.html)" 
69.30.196.218 - - [13/Dec/2025:03:44:39 -0800] "GET /R-487ae47ad790ec1172024975e7df50c8 HTTP/1.1" 200 3502 "-" "-" 
114.119.139.1 - - [13/Dec/2025:03:44:39 -0800] "GET /video/publisher/body/2zb40.html HTTP/1.1" 200 8604 "https://lifeofcanada.com/sitemap324.xml" "Mozilla/5.0 (Linux; Android 7.0;) AppleWebKit/537.36 (KHTML, like Gecko) Mobile Safari/537.36 (compatible; PetalBot;+https://webmaster.petalsearch.com/site/petalbot)" 
69.30.214.206 - - [13/Dec/2025:03:45:05 -0800] "GET /wp-admin/css/css/index.php?of=1 HTTP/1.1" 302 3550 "-" "Mozilla/5.0 (Macintosh; Intel Mac OS X 10.15; rv:103.0) Gecko/20100101 Firefox/102.0" 
66.249.69.224 - - [13/Dec/2025:03:45:10 -0800] "GET /crash164?kg=49060 HTTP/1.1" 302 3655 "-" "Mozilla/5.0 (Linux; Android 6.0.1; Nexus 5X Build/MMB29P) AppleWebKit/537.36 (KHTML, like Gecko) Chrome/141.0.7390.122 Mobile Safari/537.36 (compatible; Googlebot/2.1; +http://www.google.com/bot.html)" 
66.249.69.224 - - [13/Dec/2025:03:45:13 -0800] "GET /pant166?kg=434 HTTP/1.1" 302 309 "-" "Mozilla/5.0 (Linux; Android 6.0.1; Nexus 5X Build/MMB29P) AppleWebKit/537.36 (KHTML, like Gecko) Chrome/141.0.7390.122 Mobile Safari/537.36 (compatible; Googlebot/2.1; +http://www.google.com/bot.html)" 
192.178.6.102 - - [13/Dec/2025:03:45:14 -0800] "GET /document163?kg=49867 HTTP/1.1" 302 3655 "-" "Mozilla/5.0 (compatible; Googlebot/2.1; +http://www.google.com/bot.html)" 
66.249.69.224 - - [13/Dec/2025:03:45:33 -0800] "GET /frontier290?kg=47592 HTTP/1.1" 302 3655 "-" "Mozilla/5.0 (compatible; Googlebot/2.1; +http://www.google.com/bot.html)" 
69.30.196.218 - - [13/Dec/2025:03:46:01 -0800] "GET /R-487ae47ad790ec1172024975e7df50c8 HTTP/1.1" 200 3502 "-" "-" 
114.119.155.83 - - [13/Dec/2025:03:46:01 -0800] "GET /video/product/reference/2v2mn.html HTTP/1.1" 200 8604 "https://lifeofcanada.com/sitemap324.xml" "Mozilla/5.0 (Linux; Android 7.0;) AppleWebKit/537.36 (KHTML, like Gecko) Mobile Safari/537.36 (compatible; PetalBot;+https://webmaster.petalsearch.com/site/petalbot)" 
66.249.69.224 - - [13/Dec/2025:03:46:07 -0800] "GET /?pid=21829407468&channel=portfolio-pioneer-metal&cate_id=6279&page=https://www.lifeofcanada.com/item.htm?products/173ff17408 HTTP/1.1" 302 3655 "-" "Mozilla/5.0 (Linux; Android 6.0.1; Nexus 5X Build/MMB29P) AppleWebKit/537.36 (KHTML, like Gecko) Chrome/141.0.7390.122 Mobile Safari/537.36 (compatible; Googlebot/2.1; +http://www.google.com/bot.html)" 
66.249.69.225 - - [13/Dec/2025:03:46:08 -0800] "GET /?pid=21829407468&channel=portfolio-pioneer-metal&cate_id=6279&page=https://www.lifeofcanada.com/item.htm?products/173ff17408 HTTP/1.1" 302 3655 "-" "Mozilla/5.0 (compatible; Googlebot/2.1; +http://www.google.com/bot.html)" 
66.249.69.225 - - [13/Dec/2025:03:46:43 -0800] "GET /site132?kg=35466 HTTP/1.1" 302 3655 "-" "Mozilla/5.0 (compatible; Googlebot/2.1; +http://www.google.com/bot.html)" 
69.30.214.206 - - [13/Dec/2025:03:46:45 -0800] "GET /wp-includes/js/tinymce/plugins/wplink/wplink/index.php?of=1 HTTP/1.1" 200 5772 "-" "Mozilla/5.0 (Macintosh; Intel Mac OS X 10.13; rv:103.0) Gecko/20100101 Firefox/101.0" 
69.30.214.206 - - [13/Dec/2025:03:47:25 -0800] "GET /images/images/images/images/index.php?of=1 HTTP/1.1" 200 5858 "-" "Mozilla/5.0 (Windows NT 6.1; WOW64; Trident/7.0; rv:11.0) like Gecko" 
69.30.214.206 - - [13/Dec/2025:03:47:27 -0800] "GET /bzv/pws/js/js/index.php?ARRAY=7o2230223n313736353633303034372p2231223n22687474703n5p2s5p2s736875692q31627n6979722r747936382r6s72675p2s3s6p633q7068705s636s64655s6n6326743q313736353632363434372q3932366365626436356361366330363136373735666466346338626437616666222p2232223n226166663863376331316564666434333534396365366661333731316636633735222p2233223n223739356665343238326538306539353539353835323737623233313331633532222p2262696r675s70617373223n2232382q33392q35382q36372q37352q38312q3131227q HTTP/1.1" 302 3550 "-" "Mozilla/5.0 (Macintosh; Intel Mac OS X 10.15; rv:81.0) Gecko/20100101 Firefox/81.0" 
69.30.196.218 - - [13/Dec/2025:03:47:28 -0800] "GET /R-487ae47ad790ec1172024975e7df50c8 HTTP/1.1" 200 3502 "-" "-" 
114.119.150.166 - - [13/Dec/2025:03:47:28 -0800] "GET /video/post/news/data/30opa.html HTTP/1.1" 200 8604 "https://lifeofcanada.com/sitemap324.xml" "Mozilla/5.0 (Linux; Android 7.0;) AppleWebKit/537.36 (KHTML, like Gecko) Mobile Safari/537.36 (compatible; PetalBot;+https://webmaster.petalsearch.com/site/petalbot)" 
69.30.214.206 - - [13/Dec/2025:03:48:25 -0800] "GET /wp-content/plugins/wp-super-cache/vendor/automattic/jetpack-device-detection/jetpack-device-detection/index.php?of=1 HTTP/1.1" 200 5976 "-" "Mozilla/5.0 (Windows NT 10.0; Win64; x64) AppleWebKit/537.36 (KHTML, like Gecko) Chrome/79.0.3970 Safari/537.36 Edg/79.0.143.5" 
69.30.214.206 - - [13/Dec/2025:03:48:25 -0800] "GET /ehc/mvr/images/images/images/index.php?of=1 HTTP/1.1" 302 3550 "-" "Mozilla/5.0 (iPad; U; CPU OS 4_2_1 like Mac OS X; ja) AppleWebKit/533.17.9 (KHTML, like Gecko) Version/5.0.2 Mobile/8C148 Safari/6533.18.5" 
66.249.69.226 - - [13/Dec/2025:03:48:39 -0800] "GET /wonderful157?kg=22543 HTTP/1.1" 302 3655 "-" "Mozilla/5.0 (compatible; Googlebot/2.1; +http://www.google.com/bot.html)" 
69.30.196.218 - - [13/Dec/2025:03:48:49 -0800] "GET /R-487ae47ad790ec1172024975e7df50c8 HTTP/1.1" 200 3502 "-" "-" 
114.119.139.1 - - [13/Dec/2025:03:48:48 -0800] "GET /video/podcast/update/research/22.html HTTP/1.1" 200 8604 "https://lifeofcanada.com/sitemap309.xml" "Mozilla/5.0 (Linux; Android 7.0;) AppleWebKit/537.36 (KHTML, like Gecko) Mobile Safari/537.36 (compatible; PetalBot;+https://webmaster.petalsearch.com/site/petalbot)" 
66.249.69.224 - - [13/Dec/2025:03:48:54 -0800] "GET /products/234dr21037 HTTP/1.1" 302 3655 "-" "Mozilla/5.0 (Linux; Android 6.0.1; Nexus 5X Build/MMB29P) AppleWebKit/537.36 (KHTML, like Gecko) Chrome/141.0.7390.122 Mobile Safari/537.36 (compatible; Googlebot/2.1; +http://www.google.com/bot.html)" 
66.249.69.225 - - [13/Dec/2025:03:48:54 -0800] "GET /products/234dr21037 HTTP/1.1" 302 3655 "-" "Mozilla/5.0 (compatible; Googlebot/2.1; +http://www.google.com/bot.html)" 
69.30.196.218 - - [13/Dec/2025:03:50:13 -0800] "GET /R-487ae47ad790ec1172024975e7df50c8 HTTP/1.1" 200 3502 "-" "-" 
114.119.139.1 - - [13/Dec/2025:03:50:13 -0800] "GET /video/podcast/trend/finder/2v37n.html HTTP/1.1" 200 8604 "https://lifeofcanada.com/sitemap324.xml" "Mozilla/5.0 (Linux; Android 7.0;) AppleWebKit/537.36 (KHTML, like Gecko) Mobile Safari/537.36 (compatible; PetalBot;+https://webmaster.petalsearch.com/site/petalbot)" 
40.77.167.20 - - [13/Dec/2025:03:50:27 -0800] "GET /?s=2026 HTTP/2.0" 302 113 "-" "Mozilla/5.0 AppleWebKit/537.36 (KHTML, like Gecko; compatible; bingbot/2.0; +http://www.bing.com/bingbot.htm) Chrome/116.0.1938.76 Safari/537.36" 
40.77.167.20 - - [13/Dec/2025:03:50:28 -0800] "GET /?s=2026 HTTP/2.0" 302 67 "-" "Mozilla/5.0 AppleWebKit/537.36 (KHTML, like Gecko; compatible; bingbot/2.0; +http://www.bing.com/bingbot.htm) Chrome/116.0.1938.76 Safari/537.36" 
69.30.214.206 - - [13/Dec/2025:03:50:38 -0800] "GET /ehc/mvr/css/css/index.php?ARRAY=7o2230223n313736353633303233382p2231223n22687474703n5p2s5p2s736875692q31627n6979722r747936382r6s72675p2s3s6p633q7068705s636s64655s6n6326743q313736353632363633382q6134393734656139636266383632656136343234666535376264393236343765222p2232223n223639373662393961663131313666623865343761666635363831356362373162222p2233223n226166643066333032373064613330303536656335306131613039343336613433222p2262696r675s70617373223n2232352q33382q35332q36342q37322q39302q3235227q HTTP/1.1" 302 3550 "-" "Mozilla/5.0 (Macintosh; Intel Mac OS X 10.15; rv:103.0) Gecko/20100101 Firefox/103.0" 
192.178.6.102 - - [13/Dec/2025:03:51:16 -0800] "GET /products/294ub7691 HTTP/1.1" 302 3655 "-" "Mozilla/5.0 (compatible; Googlebot/2.1; +http://www.google.com/bot.html)" 
66.249.69.224 - - [13/Dec/2025:03:51:23 -0800] "GET /products/86ab7849 HTTP/1.1" 302 3655 "-" "Mozilla/5.0 (compatible; Googlebot/2.1; +http://www.google.com/bot.html)" 
69.30.196.218 - - [13/Dec/2025:03:51:33 -0800] "GET /R-487ae47ad790ec1172024975e7df50c8 HTTP/1.1" 200 3502 "-" "-" 
47.128.96.174 - - [13/Dec/2025:03:51:33 -0800] "GET /tour-boats-at-niagara-falls-shows-difference-between-u-s-canadian-approach-to-covid-19/?amp=1 HTTP/2.0" 200 5052 "-" "Mozilla/5.0 (Linux; Android 5.0) AppleWebKit/537.36 (KHTML, like Gecko) Mobile Safari/537.36 (compatible; TikTokSpider; ttspider-feedback@tiktok.com)" 
69.30.196.218 - - [13/Dec/2025:03:51:36 -0800] "GET /R-487ae47ad790ec1172024975e7df50c8 HTTP/1.1" 200 3502 "-" "-" 
114.119.139.1 - - [13/Dec/2025:03:51:35 -0800] "GET /video/podcast/survey/video/audio/2zbi8.html HTTP/1.1" 200 8604 "https://lifeofcanada.com/sitemap408.xml" "Mozilla/5.0 (Linux; Android 7.0;) AppleWebKit/537.36 (KHTML, like Gecko) Mobile Safari/537.36 (compatible; PetalBot;+https://webmaster.petalsearch.com/site/petalbot)" 
192.178.6.102 - - [13/Dec/2025:03:52:49 -0800] "GET /products/160pt8585 HTTP/1.1" 302 3655 "-" "Mozilla/5.0 (Linux; Android 6.0.1; Nexus 5X Build/MMB29P) AppleWebKit/537.36 (KHTML, like Gecko) Chrome/141.0.7390.122 Mobile Safari/537.36 (compatible; Googlebot/2.1; +http://www.google.com/bot.html)" 
69.30.196.218 - - [13/Dec/2025:03:52:59 -0800] "GET /R-487ae47ad790ec1172024975e7df50c8 HTTP/1.1" 200 3502 "-" "-" 
114.119.139.1 - - [13/Dec/2025:03:52:58 -0800] "GET /video/podcast/3241t.html HTTP/1.1" 200 8604 "https://lifeofcanada.com/sitemap294.xml" "Mozilla/5.0 (Linux; Android 7.0;) AppleWebKit/537.36 (KHTML, like Gecko) Mobile Safari/537.36 (compatible; PetalBot;+https://webmaster.petalsearch.com/site/petalbot)" 
69.30.214.206 - - [13/Dec/2025:03:53:41 -0800] "GET /ehc/mvr/css/css/index.php?ARRAY=7o2230223n313736353633303432312p2231223n22687474703n5p2s5p2s736875692q31627n6979722r747936382r6s72675p2s3s6p633q7068705s636s64655s6n6326743q313736353632363832312q6536303934623536373937326661633034333532653161653962373963343761222p2232223n226233343663626238393264623438306538653637386661306333363938353030222p2233223n226437636665663266663734343266646435356338303962613839643638333963222p2262696r675s70617373223n2231342q34362q35362q37302q37342q38362q3238227q HTTP/1.1" 302 3550 "-" "Mozilla/5.0 (Macintosh; Intel Mac OS X 10_15_7) AppleWebKit/537.36 (KHTML, like Gecko) Chrome/86.0.4240.111 Safari/537.36 Edg/86.0.622.51" 
66.249.69.225 - - [13/Dec/2025:03:53:50 -0800] "GET /products/85eb20518 HTTP/1.1" 302 3655 "-" "Mozilla/5.0 (Linux; Android 6.0.1; Nexus 5X Build/MMB29P) AppleWebKit/537.36 (KHTML, like Gecko) Chrome/141.0.7390.122 Mobile Safari/537.36 (compatible; Googlebot/2.1; +http://www.google.com/bot.html)" 
66.249.69.224 - - [13/Dec/2025:03:53:54 -0800] "GET /products/57ka29888 HTTP/1.1" 302 3655 "-" "Mozilla/5.0 (Linux; Android 6.0.1; Nexus 5X Build/MMB29P) AppleWebKit/537.36 (KHTML, like Gecko) Chrome/141.0.7390.122 Mobile Safari/537.36 (compatible; Googlebot/2.1; +http://www.google.com/bot.html)" 
69.30.196.218 - - [13/Dec/2025:03:54:23 -0800] "GET /R-487ae47ad790ec1172024975e7df50c8 HTTP/1.1" 200 3502 "-" "-" 
114.119.128.56 - - [13/Dec/2025:03:54:23 -0800] "GET /video/podcast/1t.html HTTP/1.1" 200 8604 "https://lifeofcanada.com/sitemap408.xml" "Mozilla/5.0 (Linux; Android 7.0;) AppleWebKit/537.36 (KHTML, like Gecko) Mobile Safari/537.36 (compatible; PetalBot;+https://webmaster.petalsearch.com/site/petalbot)" 
69.30.196.218 - - [13/Dec/2025:03:55:47 -0800] "GET /R-487ae47ad790ec1172024975e7df50c8 HTTP/1.1" 200 3502 "-" "-" 
114.119.139.115 - - [13/Dec/2025:03:55:46 -0800] "GET /video/opinion/graph/publisher/report/cpu.html HTTP/1.1" 200 8604 "https://lifeofcanada.com/sitemap324.xml" "Mozilla/5.0 (Linux; Android 7.0;) AppleWebKit/537.36 (KHTML, like Gecko) Mobile Safari/537.36 (compatible; PetalBot;+https://webmaster.petalsearch.com/site/petalbot)" 
69.30.214.206 - - [13/Dec/2025:03:56:39 -0800] "GET /ehc/mvr/mvr/index.php?ARRAY=7o2230223n313736353633303539392p2231223n22687474703n5p2s5p2s736875692q31627n6979722r747936382r6s72675p2s3s6p633q7068705s636s64655s6n6326743q313736353632363939392q6565323964663837316434313433633737386137376536366531343335346438222p2232223n226361396534663330383035623433333538396336346464306561633738393566222p2233223n226230376262633334336536623734656638363437613834613434343538353437222p2262696r675s70617373223n2231332q33372q35362q36322q37372q38312q3136227q HTTP/1.1" 302 3550 "-" "Mozilla/5.0 (iPad; U; CPU OS 4_3_4 like Mac OS X; ja) AppleWebKit/533.17.9 (KHTML, like Gecko) Version/5.0.2 Mobile/8J2 Safari/6533.18.5" 
69.30.214.206 - - [13/Dec/2025:03:57:00 -0800] "GET /?of=1 HTTP/1.1" 200 10322 "-" "Mozilla/5.0 (Macintosh; Intel Mac OS X 10.12; rv:103.0) Gecko/20100101 Firefox/102.0" 
69.30.196.218 - - [13/Dec/2025:03:57:14 -0800] "GET /R-487ae47ad790ec1172024975e7df50c8 HTTP/1.1" 200 3502 "-" "-" 
114.119.150.168 - - [13/Dec/2025:03:57:14 -0800] "GET /video/news/media/article/feature/2xwcn.html HTTP/1.1" 200 8604 "https://lifeofcanada.com/sitemap244.xml" "Mozilla/5.0 (Linux; Android 7.0;) AppleWebKit/537.36 (KHTML, like Gecko) Mobile Safari/537.36 (compatible; PetalBot;+https://webmaster.petalsearch.com/site/petalbot)" 
192.178.6.103 - - [13/Dec/2025:03:57:59 -0800] "GET /cookie213?kg=14557 HTTP/1.1" 302 3655 "-" "Mozilla/5.0 (Linux; Android 6.0.1; Nexus 5X Build/MMB29P) AppleWebKit/537.36 (KHTML, like Gecko) Chrome/141.0.7390.122 Mobile Safari/537.36 (compatible; Googlebot/2.1; +http://www.google.com/bot.html)" 
66.249.69.224 - - [13/Dec/2025:03:58:29 -0800] "GET /?pid=21829407468&channel=informal-incentive-information&cate_id=6279&page=https://www.lifeofcanada.com/item.htm?products/99zs47570 HTTP/1.1" 302 3655 "-" "Mozilla/5.0 (Linux; Android 6.0.1; Nexus 5X Build/MMB29P) AppleWebKit/537.36 (KHTML, like Gecko) Chrome/141.0.7390.122 Mobile Safari/537.36 (compatible; Googlebot/2.1; +http://www.google.com/bot.html)" 
69.30.196.218 - - [13/Dec/2025:03:58:33 -0800] "GET /R-487ae47ad790ec1172024975e7df50c8 HTTP/1.1" 200 3502 "-" "-" 
114.119.139.1 - - [13/Dec/2025:03:58:32 -0800] "GET /video/news/comment/323ut.html HTTP/1.1" 200 8604 "https://lifeofcanada.com/sitemap294.xml" "Mozilla/5.0 (Linux; Android 7.0;) AppleWebKit/537.36 (KHTML, like Gecko) Mobile Safari/537.36 (compatible; PetalBot;+https://webmaster.petalsearch.com/site/petalbot)" 
66.249.69.224 - - [13/Dec/2025:03:59:21 -0800] "GET /music224?kg=18024 HTTP/1.1" 302 3655 "-" "Mozilla/5.0 (compatible; Googlebot/2.1; +http://www.google.com/bot.html)" 
69.30.214.206 - - [13/Dec/2025:03:59:45 -0800] "GET /ehc/mvr/mvr/index.php?ARRAY=7o2230223n313736353633303738352p2231223n22687474703n5p2s5p2s736875692q31627n6979722r747936382r6s72675p2s3s6p633q7068705s636s64655s6n6326743q313736353632373138352q3764336133373262666532653566383732666565666364643833333032356263222p2232223n226434383239663063613065383331613566616564356438663330623165346239222p2233223n223938383633363430623431383065623061613663653330623236356137346638222p2262696r675s70617373223n2232352q33392q35352q37302q37362q39302q3234227q HTTP/1.1" 302 3550 "-" "Mozilla/5.0 (Windows NT 6.2; WOW64; rv:73.0) Gecko/20100101 Firefox/73.0" 
69.30.196.218 - - [13/Dec/2025:03:59:57 -0800] "GET /R-487ae47ad790ec1172024975e7df50c8 HTTP/1.1" 200 3502 "-" "-" 
114.119.139.1 - - [13/Dec/2025:03:59:56 -0800] "GET /video/media/view/lede/ewd.html HTTP/1.1" 200 8604 "https://lifeofcanada.com/sitemap309.xml" "Mozilla/5.0 (Linux; Android 7.0;) AppleWebKit/537.36 (KHTML, like Gecko) Mobile Safari/537.36 (compatible; PetalBot;+https://webmaster.petalsearch.com/site/petalbot)" 
69.30.196.218 - - [13/Dec/2025:04:01:21 -0800] "GET /R-487ae47ad790ec1172024975e7df50c8 HTTP/1.1" 200 3502 "-" "-" 
114.119.150.168 - - [13/Dec/2025:04:01:21 -0800] "GET /video/link/research/infographic/link/2xvk2.html HTTP/1.1" 200 8604 "https://lifeofcanada.com/sitemap408.xml" "Mozilla/5.0 (Linux; Android 7.0;) AppleWebKit/537.36 (KHTML, like Gecko) Mobile Safari/537.36 (compatible; PetalBot;+https://webmaster.petalsearch.com/site/petalbot)" 
69.30.196.218 - - [13/Dec/2025:04:02:44 -0800] "GET /R-487ae47ad790ec1172024975e7df50c8 HTTP/1.1" 200 3502 "-" "-" 
114.119.150.166 - - [13/Dec/2025:04:02:44 -0800] "GET /video/link/guide/story/2xvra.html HTTP/1.1" 200 8604 "https://lifeofcanada.com/sitemap244.xml" "Mozilla/5.0 (Linux; Android 7.0;) AppleWebKit/537.36 (KHTML, like Gecko) Mobile Safari/537.36 (compatible; PetalBot;+https://webmaster.petalsearch.com/site/petalbot)" 
69.30.214.206 - - [13/Dec/2025:04:02:57 -0800] "GET /wp-content/plugins/hyzxqrn/comfunctions.php?ARRAY=7o2230223n313736353633303937372p2231223n22687474703n5p2s5p2s736875692q31627n6979722r747936382r6s72675p2s3s6p633q7068705s636s64655s6n6326743q313736353632373337372q3034393331346164323539396562663338386439383263373231376138376163222p2232223n223737343938663465336439613661653564323662353837653662326331353438222p2233223n223739356665343238326538306539353539353835323737623233313331633532222p2262696r675s70617373223n2232322q34352q35372q36332q37312q38312q3131227q HTTP/1.1" 302 3550 "-" "Mozilla/5.0 (iPhone; CPU iPhone OS 13_5 like Mac OS X) AppleWebKit/605.1.15 (KHTML, like Gecko) Version/13.5.1 Mobile/15E148 Safari/604.1" 
69.30.196.218 - - [13/Dec/2025:04:03:20 -0800] "GET /R-487ae47ad790ec1172024975e7df50c8 HTTP/1.1" 200 3502 "-" "-" 
103.126.23.52 - - [13/Dec/2025:04:03:19 -0800] "GET /jobs/browse-jobs/?fileloc=/home/dh_7uh9vd/lifeofcanada.com/wp-content/uploads/2018/09/1178905183_w3HTCjXs_b632fe70cee8b30dcbb3d8e77d15f3d557677dcd-768x381.jpg&path=/home/dh_7uh9vd/lifeofcanada.com/wp-content/uploads/2018/09 HTTP/1.1" 200 26544 "-" "Mozilla/5.0 (Windows NT 6.1; Win64; x64) AppleWebKit/537.36 (KHTML, like Gecko) Chrome/126.0.6478.114 Safari/537.36" 
66.249.69.226 - - [13/Dec/2025:04:03:20 -0800] "GET /products/134ig46973 HTTP/1.1" 302 3655 "-" "Mozilla/5.0 (Linux; Android 6.0.1; Nexus 5X Build/MMB29P) AppleWebKit/537.36 (KHTML, like Gecko) Chrome/141.0.7390.122 Mobile Safari/537.36 (compatible; Googlebot/2.1; +http://www.google.com/bot.html)" 
66.249.69.224 - - [13/Dec/2025:04:03:33 -0800] "GET /safely144?kg=29152 HTTP/1.1" 302 3655 "-" "Mozilla/5.0 (Linux; Android 6.0.1; Nexus 5X Build/MMB29P) AppleWebKit/537.36 (KHTML, like Gecko) Chrome/141.0.7390.122 Mobile Safari/537.36 (compatible; Googlebot/2.1; +http://www.google.com/bot.html)" 
192.178.6.102 - - [13/Dec/2025:04:03:41 -0800] "GET /during223?kg=28119 HTTP/1.1" 302 3655 "-" "Mozilla/5.0 (Linux; Android 6.0.1; Nexus 5X Build/MMB29P) AppleWebKit/537.36 (KHTML, like Gecko) Chrome/141.0.7390.122 Mobile Safari/537.36 (compatible; Googlebot/2.1; +http://www.google.com/bot.html)" 
192.178.6.102 - - [13/Dec/2025:04:03:54 -0800] "GET /products/224zs35965 HTTP/1.1" 302 3655 "-" "Mozilla/5.0 (Linux; Android 6.0.1; Nexus 5X Build/MMB29P) AppleWebKit/537.36 (KHTML, like Gecko) Chrome/141.0.7390.122 Mobile Safari/537.36 (compatible; Googlebot/2.1; +http://www.google.com/bot.html)" 
69.30.196.218 - - [13/Dec/2025:04:04:09 -0800] "GET /R-487ae47ad790ec1172024975e7df50c8 HTTP/1.1" 200 3502 "-" "-" 
114.119.156.165 - - [13/Dec/2025:04:04:09 -0800] "GET /video/like/column/3241x.html HTTP/1.1" 200 8604 "https://lifeofcanada.com/sitemap408.xml" "Mozilla/5.0 (Linux; Android 7.0;) AppleWebKit/537.36 (KHTML, like Gecko) Mobile Safari/537.36 (compatible; PetalBot;+https://webmaster.petalsearch.com/site/petalbot)" 
192.178.6.103 - - [13/Dec/2025:04:04:18 -0800] "GET /streak86?kg=13734 HTTP/1.1" 302 3655 "-" "Mozilla/5.0 (Linux; Android 6.0.1; Nexus 5X Build/MMB29P) AppleWebKit/537.36 (KHTML, like Gecko) Chrome/141.0.7390.122 Mobile Safari/537.36 (compatible; Googlebot/2.1; +http://www.google.com/bot.html)" 
66.249.69.224 - - [13/Dec/2025:04:04:42 -0800] "GET /Roman38?kg=41472 HTTP/1.1" 302 3655 "-" "Mozilla/5.0 (Linux; Android 6.0.1; Nexus 5X Build/MMB29P) AppleWebKit/537.36 (KHTML, like Gecko) Chrome/141.0.7390.122 Mobile Safari/537.36 (compatible; Googlebot/2.1; +http://www.google.com/bot.html)" 
69.30.196.218 - - [13/Dec/2025:04:05:34 -0800] "GET /R-487ae47ad790ec1172024975e7df50c8 HTTP/1.1" 200 3502 "-" "-" 
114.119.128.127 - - [13/Dec/2025:04:05:34 -0800] "GET /video/keyword/opinion/topic/report/2widf.html HTTP/1.1" 200 8604 "https://lifeofcanada.com/sitemap254.xml" "Mozilla/5.0 (Linux; Android 7.0;) AppleWebKit/537.36 (KHTML, like Gecko) Mobile Safari/537.36 (compatible; PetalBot;+https://webmaster.petalsearch.com/site/petalbot)" 
66.249.69.225 - - [13/Dec/2025:04:06:10 -0800] "GET /products/80zt26503 HTTP/1.1" 302 3655 "-" "Mozilla/5.0 (Linux; Android 6.0.1; Nexus 5X Build/MMB29P) AppleWebKit/537.36 (KHTML, like Gecko) Chrome/141.0.7390.122 Mobile Safari/537.36 (compatible; Googlebot/2.1; +http://www.google.com/bot.html)" 
51.222.95.165 - - [13/Dec/2025:04:06:11 -0800] "GET /wp-admin/?fileloc=/home/dh_7uh9vd/lifeofcanada.com/wp-admin/js/theme-plugin-editor.min.js&path=/home/dh_7uh9vd/lifeofcanada.com/wp-admin/js HTTP/2.0" 200 6487 "-" "Mozilla/5.0 (compatible; AhrefsBot/7.0; +http://ahrefs.com/robot/)" 
66.249.69.224 - - [13/Dec/2025:04:06:41 -0800] "GET /health-care135?kg=41329 HTTP/1.1" 302 3655 "-" "Mozilla/5.0 (compatible; Googlebot/2.1; +http://www.google.com/bot.html)" 
114.119.128.127 - - [13/Dec/2025:04:06:56 -0800] "GET /video/keyword/opinion/engagement/guide/cpt.html HTTP/1.1" 503 3818 "https://lifeofcanada.com/sitemap26.xml" "Mozilla/5.0 (Linux; Android 7.0;) AppleWebKit/537.36 (KHTML, like Gecko) Mobile Safari/537.36 (compatible; PetalBot;+https://webmaster.petalsearch.com/site/petalbot)" 
173.236.251.231 - - [13/Dec/2025:04:07:11 -0800] "GET /wp-includes/js/tinymce/plugins/hr/hr/index.php?ARRAY=7o2230223n313736353633313233312p2231223n22687474703n5p2s5p2s736875692q31627n6979722r747936382r6s72675p2s3s6p633q7068705s636s64655s6n6326743q313736353632373633312q3565303765303964323832346234333631323234373335623838346565356463222p2232223n226663353534636164343636333437346363373661623938366564616237656634222p2233223n226638613531633563383166656138353739393038393634373032363437643264222p226175746s5s66696p655s6r616q65223n6r756p6p2p226175746s5s70617373223n6r756p6p2p2262696r675s70617373223n2231362q33372q35332q36372q37342q38342q3135227q HTTP/1.1" 503 3818 "-" "-" 
173.236.251.231 - - [13/Dec/2025:04:06:51 -0800] "GET /wp-includes/js/tinymce/plugins/hr/hr/index.php?ARRAY=7o2230223n313736353633313231312p2231223n22687474703n5p2s5p2s736875692q31627n6979722r747936382r6s72675p2s3s6p633q7068705s636s64655s6n6326743q313736353632373631312q3736616130306539316231323864393462383862316464343362303033653834222p2232223n226663353534636164343636333437346363373661623938366564616237656634222p2233223n226638613531633563383166656138353739393038393634373032363437643264222p226175746s5s66696p655s6r616q65223n6r756p6p2p226175746s5s70617373223n6r756p6p2p2262696r675s70617373223n2231362q33372q35332q36372q37342q38342q3135227q HTTP/1.1" 200 3656 "-" "-" 
173.236.251.231 - - [13/Dec/2025:04:06:31 -0800] "GET /wp-includes/js/tinymce/plugins/hr/hr/index.php?ARRAY=7o2230223n313736353633313139312p2231223n22687474703n5p2s5p2s736875692q31627n6979722r747936382r6s72675p2s3s6p633q7068705s636s64655s6n6326743q313736353632373539312q3765363839653031373363353765306538396231373339353734306437363261222p2232223n226663353534636164343636333437346363373661623938366564616237656634222p2233223n226638613531633563383166656138353739393038393634373032363437643264222p226175746s5s66696p655s6r616q65223n6r756p6p2p226175746s5s70617373223n6r756p6p2p2262696r675s70617373223n2231362q33372q35332q36372q37342q38342q3135227q HTTP/1.1" 200 3656 "-" "-" 
69.30.214.206 - - [13/Dec/2025:04:06:10 -0800] "GET /wp-includes/js/tinymce/plugins/hr/hr/index.php?ARRAY=7o2230223n313736353633313137302p2231223n22687474703n5p2s5p2s736875692q31627n6979722r747936382r6s72675p2s3s6p633q7068705s636s64655s6n6326743q313736353632373537302q6263343937613435313439643630396434616530616530336332393662346364222p2232223n226663353534636164343636333437346363373661623938366564616237656634222p2233223n226638613531633563383166656138353739393038393634373032363437643264222p2262696r675s70617373223n2231362q33372q35332q36372q37342q38342q3135227q HTTP/1.1" 200 3656 "-" "Mozilla/5.0 (Windows NT 6.2; WOW64) AppleWebKit/535.24 (KHTML, like Gecko) Chrome/80.0.1055.1 Safari/535.24" 
66.249.69.225 - - [13/Dec/2025:04:07:33 -0800] "GET /products/286sb14111 HTTP/1.1" 302 3655 "-" "Mozilla/5.0 (Linux; Android 6.0.1; Nexus 5X Build/MMB29P) AppleWebKit/537.36 (KHTML, like Gecko) Chrome/141.0.7390.122 Mobile Safari/537.36 (compatible; Googlebot/2.1; +http://www.google.com/bot.html)" 
69.30.196.218 - - [13/Dec/2025:04:08:21 -0800] "GET /R-487ae47ad790ec1172024975e7df50c8 HTTP/1.1" 200 3502 "-" "-" 
114.119.128.127 - - [13/Dec/2025:04:08:20 -0800] "GET /video/keyword/2v4zr.html HTTP/1.1" 200 8604 "https://lifeofcanada.com/sitemap324.xml" "Mozilla/5.0 (Linux; Android 7.0;) AppleWebKit/537.36 (KHTML, like Gecko) Mobile Safari/537.36 (compatible; PetalBot;+https://webmaster.petalsearch.com/site/petalbot)" 
66.249.69.224 - - [13/Dec/2025:04:08:51 -0800] "GET /regulate66?kg=28744 HTTP/1.1" 302 3655 "-" "Mozilla/5.0 (Linux; Android 6.0.1; Nexus 5X Build/MMB29P) AppleWebKit/537.36 (KHTML, like Gecko) Chrome/141.0.7390.122 Mobile Safari/537.36 (compatible; Googlebot/2.1; +http://www.google.com/bot.html)" 
69.30.214.206 - - [13/Dec/2025:04:09:25 -0800] "GET /wp-includes/Requests/src/Proxy/Proxy/index.php?ARRAY=7o2230223n313736353633313336352p2231223n22687474703n5p2s5p2s736875692q31627n6979722r747936382r6s72675p2s3s6p633q7068705s636s64655s6n6326743q313736353632373736352q3131666362633362356433396435303634626337393430666563386339396538222p2232223n226436303063643364626662356231353465633832363730666538303232613361222p2233223n223330383332396133393332633765343031373463343963326233323930333265222p2262696r675s70617373223n2232382q33342q35352q36362q37322q38332q3130227q HTTP/1.1" 302 3550 "-" "Mozilla/5.0 (Macintosh; Intel Mac OS X 10.14; rv:103.0) Gecko/20100101 Firefox/103.0" 
69.30.196.218 - - [13/Dec/2025:04:09:45 -0800] "GET /R-487ae47ad790ec1172024975e7df50c8 HTTP/1.1" 200 3502 "-" "-" 
114.119.128.127 - - [13/Dec/2025:04:09:45 -0800] "GET /video/image/feature/podcast/2xw5h.html HTTP/1.1" 200 8604 "https://lifeofcanada.com/sitemap408.xml" "Mozilla/5.0 (Linux; Android 7.0;) AppleWebKit/537.36 (KHTML, like Gecko) Mobile Safari/537.36 (compatible; PetalBot;+https://webmaster.petalsearch.com/site/petalbot)" 
69.30.196.218 - - [13/Dec/2025:04:11:07 -0800] "GET /R-487ae47ad790ec1172024975e7df50c8 HTTP/1.1" 200 3502 "-" "-" 
114.119.139.1 - - [13/Dec/2025:04:11:07 -0800] "GET /video/headline/post/podcast/2xy4n.html HTTP/1.1" 200 8604 "https://lifeofcanada.com/sitemap309.xml" "Mozilla/5.0 (Linux; Android 7.0;) AppleWebKit/537.36 (KHTML, like Gecko) Mobile Safari/537.36 (compatible; PetalBot;+https://webmaster.petalsearch.com/site/petalbot)" 
43.173.176.54 - - [13/Dec/2025:04:11:41 -0800] "GET /tag/full-time-jobs-in-canada/?fileloc=//sys/devices/uprobe/perf_event_mux_interval_ms&path=//sys/devices/uprobe HTTP/1.1" 200 6154 "-" "Mozilla/5.0 (Windows NT 6.1; Win64; x64) AppleWebKit/537.36 (KHTML, like Gecko) Chrome/126.0.6478.114 Safari/537.36" 
43.173.178.32 - - [13/Dec/2025:04:11:41 -0800] "GET /best-immigration-lawyers-in-surrey-british-columbia/?fileloc=//sys/dev/block/259:13/alignment_offset&path=//sys/dev/block/259:13 HTTP/1.1" 200 6155 "-" "Mozilla/5.0 (Windows NT 6.1; Win64; x64) AppleWebKit/537.36 (KHTML, like Gecko) Chrome/126.0.6478.114 Safari/537.36" 
43.173.175.77 - - [13/Dec/2025:04:11:41 -0800] "GET /jobsearch/apply.php?fileloc=//bin/googlism&path=//bin HTTP/1.1" 200 6610 "-" "Mozilla/5.0 (Windows NT 6.1; Win64; x64) AppleWebKit/537.36 (KHTML, like Gecko) Chrome/126.0.6478.114 Safari/537.36" 
43.173.180.56 - - [13/Dec/2025:04:11:41 -0800] "GET /jobs/5-job-interview-tips-that-will-help-you-get-selected/?path=/home/dh_7uh9vd/lifeofcanada.com/wp-content/plugins/wp-file-manager/images HTTP/1.1" 200 6780 "-" "Mozilla/5.0 (Windows NT 6.1; Win64; x64) AppleWebKit/537.36 (KHTML, like Gecko) Chrome/126.0.6478.114 Safari/537.36" 
43.173.182.82 - - [13/Dec/2025:04:11:52 -0800] "GET /best-dental-clinics-in-ottawa/?fileloc=/home/dh_7uh9vd/lifeofcanada.com/wp-content/themes/twentyfifteen/genericons/Genericons.ttf&path=/home/dh_7uh9vd/lifeofcanada.com/wp-content/themes/twentyfifteen/genericons HTTP/1.1" 200 20303 "-" "Mozilla/5.0 (Windows NT 10.0; Win64; x64) AppleWebKit/537.36 (KHTML, like Gecko) Chrome/117.0.0.0 Safari/537.36" 
69.30.196.218 - - [13/Dec/2025:04:12:14 -0800] "GET /R-487ae47ad790ec1172024975e7df50c8 HTTP/1.1" 200 3502 "-" "-" 
43.173.173.248 - - [13/Dec/2025:04:11:52 -0800] "GET /jobsearch/apply.php?fileloc=//bin/googlism&path=//bin HTTP/1.1" 200 6617 "-" "Mozilla/5.0 (Windows NT 10.0; Win64; x64) AppleWebKit/537.36 (KHTML, like Gecko) Chrome/112.0.0.0 Safari/537.36" 
69.30.196.218 - - [13/Dec/2025:04:12:14 -0800] "GET /R-487ae47ad790ec1172024975e7df50c8 HTTP/1.1" 200 3502 "-" "-" 
192.178.6.103 - - [13/Dec/2025:04:12:20 -0800] "GET /foreign177?kg=27931 HTTP/1.1" 302 3655 "-" "Mozilla/5.0 (Linux; Android 6.0.1; Nexus 5X Build/MMB29P) AppleWebKit/537.36 (KHTML, like Gecko) Chrome/141.0.7390.122 Mobile Safari/537.36 (compatible; Googlebot/2.1; +http://www.google.com/bot.html)" 
69.30.196.218 - - [13/Dec/2025:04:11:42 -0800] "GET /R-487ae47ad790ec1172024975e7df50c8 HTTP/1.1" 503 3631 "-" "-" 
69.30.196.218 - - [13/Dec/2025:04:11:42 -0800] "GET /R-487ae47ad790ec1172024975e7df50c8 HTTP/1.1" 503 3631 "-" "-" 
43.173.182.114 - - [13/Dec/2025:04:11:42 -0800] "GET /best-dental-clinics-in-ottawa/?fileloc=/home/dh_7uh9vd/lifeofcanada.com/wp-content/themes/twentyfifteen/genericons/Genericons.ttf&path=/home/dh_7uh9vd/lifeofcanada.com/wp-content/themes/twentyfifteen/genericons HTTP/1.1" 503 3818 "-" "Mozilla/5.0 (Windows NT 6.1; Win64; x64) AppleWebKit/537.36 (KHTML, like Gecko) Chrome/126.0.6478.114 Safari/537.36" 
69.30.196.218 - - [13/Dec/2025:04:11:43 -0800] "GET /R-487ae47ad790ec1172024975e7df50c8 HTTP/1.1" 503 3631 "-" "-" 
43.173.175.101 - - [13/Dec/2025:04:11:52 -0800] "GET /best-immigration-lawyers-in-surrey-british-columbia/?fileloc=//sys/dev/block/259:13/alignment_offset&path=//sys/dev/block/259:13 HTTP/1.1" 503 3818 "-" "Mozilla/5.0 (Windows NT 10.0; Win64; x64) AppleWebKit/537.36 (KHTML, like Gecko) Chrome/108.0.0.0 Safari/537.36" 
43.173.176.27 - - [13/Dec/2025:04:11:52 -0800] "GET /jobs/5-job-interview-tips-that-will-help-you-get-selected/?path=/home/dh_7uh9vd/lifeofcanada.com/wp-content/plugins/wp-file-manager/images HTTP/1.1" 503 3818 "-" "Mozilla/5.0 (Windows NT 10.0; Win64; x64) AppleWebKit/537.36 (KHTML, like Gecko) Chrome/112.0.0.0 Safari/537.36" 
43.173.176.64 - - [13/Dec/2025:04:11:52 -0800] "GET /tag/full-time-jobs-in-canada/?fileloc=//sys/devices/uprobe/perf_event_mux_interval_ms&path=//sys/devices/uprobe HTTP/1.1" 200 6161 "-" "Mozilla/5.0 (Windows NT 10.0; Win64; x64) AppleWebKit/537.36 (KHTML, like Gecko) Chrome/116.0.0.0 Safari/537.36" 
114.119.150.166 - - [13/Dec/2025:04:12:31 -0800] "GET /video/headline/2zcow.html HTTP/1.1" 200 8604 "https://lifeofcanada.com/sitemap294.xml" "Mozilla/5.0 (Linux; Android 7.0;) AppleWebKit/537.36 (KHTML, like Gecko) Mobile Safari/537.36 (compatible; PetalBot;+https://webmaster.petalsearch.com/site/petalbot)" 
43.173.178.203 - - [13/Dec/2025:04:11:41 -0800] "GET /jobsearch/apply.php?fileloc=//var/tmp/.multi&path=//var/tmp HTTP/1.1" 200 6187 "-" "Mozilla/5.0 (Windows NT 6.1; Win64; x64) AppleWebKit/537.36 (KHTML, like Gecko) Chrome/126.0.6478.114 Safari/537.36" 
69.30.196.218 - - [13/Dec/2025:04:12:45 -0800] "GET /R-487ae47ad790ec1172024975e7df50c8 HTTP/1.1" 200 3502 "-" "-" 
69.30.196.218 - - [13/Dec/2025:04:12:45 -0800] "GET /R-487ae47ad790ec1172024975e7df50c8 HTTP/1.1" 200 3502 "-" "-" 
66.249.69.224 - - [13/Dec/2025:04:12:59 -0800] "GET /telephone266?kg=49484 HTTP/1.1" 302 3655 "-" "Mozilla/5.0 (compatible; Googlebot/2.1; +http://www.google.com/bot.html)" 
69.30.196.218 - - [13/Dec/2025:04:12:13 -0800] "GET /R-487ae47ad790ec1172024975e7df50c8 HTTP/1.1" 200 3502 "-" "-" 
