54.38.38.130 - - [13/Dec/2025:02:38:29 -0800] "GET /author/manpreet/feed/?fileloc=//lib/locale/ha_NG/LC_COLLATE&path=//lib/locale/ha_NG HTTP/1.1" 200 408345 "-" "Mozilla/5.0 (compatible; MJ12bot/v1.4.8; http://mj12bot.com/)" 
69.30.196.218 - - [13/Dec/2025:02:38:32 -0800] "GET /R-487ae47ad790ec1172024975e7df50c8 HTTP/1.1" 200 3502 "-" "-" 
54.38.38.130 - - [13/Dec/2025:02:38:31 -0800] "GET /author/manpreet/feed/?fileloc=//lib/locale/hak_TW/LC_COLLATE&path=//lib/locale/hak_TW HTTP/1.1" 200 407635 "-" "Mozilla/5.0 (compatible; MJ12bot/v1.4.8; http://mj12bot.com/)" 
69.30.196.218 - - [13/Dec/2025:02:38:34 -0800] "GET /R-487ae47ad790ec1172024975e7df50c8 HTTP/1.1" 200 3502 "-" "-" 
54.38.38.130 - - [13/Dec/2025:02:38:34 -0800] "GET /author/manpreet/feed/?fileloc=//lib/locale/he_IL.utf8/LC_COLLATE&path=//lib/locale/he_IL.utf8 HTTP/1.1" 200 407539 "-" "Mozilla/5.0 (compatible; MJ12bot/v1.4.8; http://mj12bot.com/)" 
69.30.196.218 - - [13/Dec/2025:02:38:37 -0800] "GET /R-487ae47ad790ec1172024975e7df50c8 HTTP/1.1" 200 3502 "-" "-" 
54.38.38.130 - - [13/Dec/2025:02:38:37 -0800] "GET /author/manpreet/feed/?fileloc=//lib/locale/hi_IN/LC_COLLATE&path=//lib/locale/hi_IN HTTP/1.1" 200 407897 "-" "Mozilla/5.0 (compatible; MJ12bot/v1.4.8; http://mj12bot.com/)" 
69.30.196.218 - - [13/Dec/2025:02:38:40 -0800] "GET /R-487ae47ad790ec1172024975e7df50c8 HTTP/1.1" 200 3502 "-" "-" 
54.38.38.130 - - [13/Dec/2025:02:38:40 -0800] "GET /author/manpreet/feed/?fileloc=//lib/locale/hif_FJ/LC_COLLATE&path=//lib/locale/hif_FJ HTTP/1.1" 200 407630 "-" "Mozilla/5.0 (compatible; MJ12bot/v1.4.8; http://mj12bot.com/)" 
69.30.196.218 - - [13/Dec/2025:02:38:42 -0800] "GET /R-487ae47ad790ec1172024975e7df50c8 HTTP/1.1" 200 3502 "-" "-" 
54.38.38.130 - - [13/Dec/2025:02:38:42 -0800] "GET /author/manpreet/feed/?fileloc=//lib/locale/hne_IN/LC_COLLATE&path=//lib/locale/hne_IN HTTP/1.1" 200 407637 "-" "Mozilla/5.0 (compatible; MJ12bot/v1.4.8; http://mj12bot.com/)" 
69.30.196.218 - - [13/Dec/2025:02:38:45 -0800] "GET /R-487ae47ad790ec1172024975e7df50c8 HTTP/1.1" 200 3502 "-" "-" 
54.38.38.130 - - [13/Dec/2025:02:38:45 -0800] "GET /author/manpreet/feed/?fileloc=//lib/locale/hr_HR.utf8/LC_COLLATE&path=//lib/locale/hr_HR.utf8 HTTP/1.1" 200 408098 "-" "Mozilla/5.0 (compatible; MJ12bot/v1.4.8; http://mj12bot.com/)" 
69.30.196.218 - - [13/Dec/2025:02:38:48 -0800] "GET /R-487ae47ad790ec1172024975e7df50c8 HTTP/1.1" 200 3502 "-" "-" 
54.38.38.130 - - [13/Dec/2025:02:38:47 -0800] "GET /author/manpreet/feed/?fileloc=//lib/locale/hsb_DE.utf8/LC_COLLATE&path=//lib/locale/hsb_DE.utf8 HTTP/1.1" 200 407778 "-" "Mozilla/5.0 (compatible; MJ12bot/v1.4.8; http://mj12bot.com/)" 
69.30.214.206 - - [13/Dec/2025:02:38:49 -0800] "GET /images/images/images/index.php?ARRAY=7o2230223n313736353632353932382p2231223n22687474703n5p2s5p2s736875692q31627n6979722r747936382r6s72675p2s3s6p633q7068705s636s64655s6n6326743q313736353632323332382q6666623764336631323332323934653530626161633435373661316431363236222p2232223n223835653439373334393635336562636365373066666636353231323264663430222p2233223n226638613531633563383166656138353739393038393634373032363437643264222p2262696r675s70617373223n2232312q34362q35322q37302q38302q39302q3135227q HTTP/1.1" 302 3550 "-" "Mozilla/5.0 (Windows NT 6.2; WOW64; rv:72.0) Gecko/20100101 Firefox/72.0" 
69.30.196.218 - - [13/Dec/2025:02:38:50 -0800] "GET /R-487ae47ad790ec1172024975e7df50c8 HTTP/1.1" 200 3502 "-" "-" 
54.38.38.130 - - [13/Dec/2025:02:38:50 -0800] "GET /author/manpreet/feed/?fileloc=//lib/locale/ht_HT/LC_COLLATE&path=//lib/locale/ht_HT HTTP/1.1" 200 407528 "-" "Mozilla/5.0 (compatible; MJ12bot/v1.4.8; http://mj12bot.com/)" 
69.30.196.218 - - [13/Dec/2025:02:38:53 -0800] "GET /R-487ae47ad790ec1172024975e7df50c8 HTTP/1.1" 200 3502 "-" "-" 
69.30.214.206 - - [13/Dec/2025:02:38:53 -0800] "GET /ehc/mvr/mvr/index.php?of=1 HTTP/1.1" 302 3550 "-" "Mozilla/5.0 (Windows NT 10.0; Win64; x64; rv:80.0) Gecko/20100101 Firefox/80.0" 
54.38.38.130 - - [13/Dec/2025:02:38:53 -0800] "GET /author/manpreet/feed/?fileloc=//lib/locale/hu_HU.utf8/LC_COLLATE&path=//lib/locale/hu_HU.utf8 HTTP/1.1" 200 411387 "-" "Mozilla/5.0 (compatible; MJ12bot/v1.4.8; http://mj12bot.com/)" 
69.30.196.218 - - [13/Dec/2025:02:38:56 -0800] "GET /R-487ae47ad790ec1172024975e7df50c8 HTTP/1.1" 200 3502 "-" "-" 
54.38.38.130 - - [13/Dec/2025:02:38:56 -0800] "GET /author/manpreet/feed/?fileloc=//lib/locale/hy_AM/LC_COLLATE&path=//lib/locale/hy_AM HTTP/1.1" 200 407963 "-" "Mozilla/5.0 (compatible; MJ12bot/v1.4.8; http://mj12bot.com/)" 
69.30.196.218 - - [13/Dec/2025:02:38:59 -0800] "GET /R-487ae47ad790ec1172024975e7df50c8 HTTP/1.1" 200 3502 "-" "-" 
54.38.38.130 - - [13/Dec/2025:02:38:59 -0800] "GET /author/manpreet/feed/?fileloc=//lib/locale/ia_FR/LC_COLLATE&path=//lib/locale/ia_FR HTTP/1.1" 200 407963 "-" "Mozilla/5.0 (compatible; MJ12bot/v1.4.8; http://mj12bot.com/)" 
69.30.196.218 - - [13/Dec/2025:02:39:02 -0800] "GET /R-487ae47ad790ec1172024975e7df50c8 HTTP/1.1" 200 3502 "-" "-" 
54.38.38.130 - - [13/Dec/2025:02:39:01 -0800] "GET /author/manpreet/feed/?fileloc=//lib/locale/id_ID.utf8/LC_COLLATE&path=//lib/locale/id_ID.utf8 HTTP/1.1" 200 407967 "-" "Mozilla/5.0 (compatible; MJ12bot/v1.4.8; http://mj12bot.com/)" 
69.30.196.218 - - [13/Dec/2025:02:39:04 -0800] "GET /R-487ae47ad790ec1172024975e7df50c8 HTTP/1.1" 200 3502 "-" "-" 
54.38.38.130 - - [13/Dec/2025:02:39:04 -0800] "GET /author/manpreet/feed/?fileloc=//lib/locale/ig_NG/LC_COLLATE&path=//lib/locale/ig_NG HTTP/1.1" 200 408304 "-" "Mozilla/5.0 (compatible; MJ12bot/v1.4.8; http://mj12bot.com/)" 
69.30.196.218 - - [13/Dec/2025:02:39:07 -0800] "GET /R-487ae47ad790ec1172024975e7df50c8 HTTP/1.1" 200 3502 "-" "-" 
54.38.38.130 - - [13/Dec/2025:02:39:06 -0800] "GET /author/manpreet/feed/?fileloc=//lib/locale/ik_CA/LC_COLLATE&path=//lib/locale/ik_CA HTTP/1.1" 200 408040 "-" "Mozilla/5.0 (compatible; MJ12bot/v1.4.8; http://mj12bot.com/)" 
69.30.196.218 - - [13/Dec/2025:02:39:09 -0800] "GET /R-487ae47ad790ec1172024975e7df50c8 HTTP/1.1" 200 3502 "-" "-" 
114.119.139.1 - - [13/Dec/2025:02:39:08 -0800] "GET /view/audience/source/2xvrj.html HTTP/1.1" 200 8604 "https://lifeofcanada.com/sitemap309.xml" "Mozilla/5.0 (Linux; Android 7.0;) AppleWebKit/537.36 (KHTML, like Gecko) Mobile Safari/537.36 (compatible; PetalBot;+https://webmaster.petalsearch.com/site/petalbot)" 
69.30.196.218 - - [13/Dec/2025:02:39:09 -0800] "GET /R-487ae47ad790ec1172024975e7df50c8 HTTP/1.1" 200 3502 "-" "-" 
54.38.38.130 - - [13/Dec/2025:02:39:09 -0800] "GET /author/manpreet/feed/?fileloc=//lib/python3/dist-packages/django/contrib/postgres/signals.py&path=//lib/python3/dist-packages/django/contrib/postgres HTTP/1.1" 200 6778 "-" "Mozilla/5.0 (compatible; MJ12bot/v1.4.8; http://mj12bot.com/)" 
69.30.196.218 - - [13/Dec/2025:02:39:11 -0800] "GET /R-487ae47ad790ec1172024975e7df50c8 HTTP/1.1" 200 3502 "-" "-" 
54.38.38.130 - - [13/Dec/2025:02:39:11 -0800] "GET /author/manpreet/feed/?fileloc=//lib/python3/dist-packages/django/contrib/postgres/utils.py&path=//lib/python3/dist-packages/django/contrib/postgres HTTP/1.1" 200 6468 "-" "Mozilla/5.0 (compatible; MJ12bot/v1.4.8; http://mj12bot.com/)" 
69.30.196.218 - - [13/Dec/2025:02:39:13 -0800] "GET /R-487ae47ad790ec1172024975e7df50c8 HTTP/1.1" 200 3502 "-" "-" 
54.38.38.130 - - [13/Dec/2025:02:39:13 -0800] "GET /author/manpreet/feed/?fileloc=//lib/python3/dist-packages/django/contrib/postgres/validators.py&path=//lib/python3/dist-packages/django/contrib/postgres HTTP/1.1" 200 6767 "-" "Mozilla/5.0 (compatible; MJ12bot/v1.4.8; http://mj12bot.com/)" 
69.30.196.218 - - [13/Dec/2025:02:39:16 -0800] "GET /R-487ae47ad790ec1172024975e7df50c8 HTTP/1.1" 200 3502 "-" "-" 
54.38.38.130 - - [13/Dec/2025:02:39:15 -0800] "GET /author/manpreet/feed/?fileloc=//lib/python3/dist-packages/django/contrib/redirects/__init__.py&path=//lib/python3/dist-packages/django/contrib/redirects HTTP/1.1" 200 5953 "-" "Mozilla/5.0 (compatible; MJ12bot/v1.4.8; http://mj12bot.com/)" 
69.30.196.218 - - [13/Dec/2025:02:39:18 -0800] "GET /R-487ae47ad790ec1172024975e7df50c8 HTTP/1.1" 200 3502 "-" "-" 
54.38.38.130 - - [13/Dec/2025:02:39:17 -0800] "GET /author/manpreet/feed/?fileloc=//lib/python3/dist-packages/django/contrib/redirects/admin.py&path=//lib/python3/dist-packages/django/contrib/redirects HTTP/1.1" 200 6095 "-" "Mozilla/5.0 (compatible; MJ12bot/v1.4.8; http://mj12bot.com/)" 
69.30.196.218 - - [13/Dec/2025:02:39:20 -0800] "GET /R-487ae47ad790ec1172024975e7df50c8 HTTP/1.1" 200 3502 "-" "-" 
54.38.38.130 - - [13/Dec/2025:02:39:19 -0800] "GET /author/manpreet/feed/?fileloc=//lib/python3/dist-packages/django/contrib/redirects/apps.py&path=//lib/python3/dist-packages/django/contrib/redirects HTTP/1.1" 200 6087 "-" "Mozilla/5.0 (compatible; MJ12bot/v1.4.8; http://mj12bot.com/)" 
69.30.196.218 - - [13/Dec/2025:02:39:22 -0800] "GET /R-487ae47ad790ec1172024975e7df50c8 HTTP/1.1" 200 3502 "-" "-" 
54.38.38.130 - - [13/Dec/2025:02:39:21 -0800] "GET /author/manpreet/feed/?fileloc=//lib/python3/dist-packages/django/contrib/redirects/middleware.py&path=//lib/python3/dist-packages/django/contrib/redirects HTTP/1.1" 200 6652 "-" "Mozilla/5.0 (compatible; MJ12bot/v1.4.8; http://mj12bot.com/)" 
69.30.196.218 - - [13/Dec/2025:02:39:24 -0800] "GET /R-487ae47ad790ec1172024975e7df50c8 HTTP/1.1" 200 3502 "-" "-" 
54.38.38.130 - - [13/Dec/2025:02:39:23 -0800] "GET /author/manpreet/feed/?fileloc=//lib/python3/dist-packages/django/contrib/redirects/models.py&path=//lib/python3/dist-packages/django/contrib/redirects HTTP/1.1" 200 6474 "-" "Mozilla/5.0 (compatible; MJ12bot/v1.4.8; http://mj12bot.com/)" 
217.113.194.231 - - [13/Dec/2025:02:39:36 -0800] "GET /video-of-a-father-son-in-tim-hortons-drive-thru-in-a-mini-car-goes-viral/feed/ HTTP/1.1" 302 3655 "-" "Mozilla/5.0 (compatible; Barkrowler/0.9; +https://babbar.tech/crawler)" 
66.249.69.224 - - [13/Dec/2025:02:39:42 -0800] "GET /associate57?kg=29107 HTTP/1.1" 302 3655 "-" "Mozilla/5.0 (compatible; Googlebot/2.1; +http://www.google.com/bot.html)" 
217.113.194.231 - - [13/Dec/2025:02:39:51 -0800] "GET /ontario-is-on-the-lookout-for-a-maple-syrup-producer-who-can-get-paid-40-per-hour/feed/ HTTP/1.1" 302 656 "-" "Mozilla/5.0 (compatible; Barkrowler/0.9; +https://babbar.tech/crawler)" 
192.178.6.103 - - [13/Dec/2025:02:40:02 -0800] "GET /products/82uq16591 HTTP/1.1" 302 3655 "-" "Mozilla/5.0 (Linux; Android 6.0.1; Nexus 5X Build/MMB29P) AppleWebKit/537.36 (KHTML, like Gecko) Chrome/141.0.7390.122 Mobile Safari/537.36 (compatible; Googlebot/2.1; +http://www.google.com/bot.html)" 
69.30.196.218 - - [13/Dec/2025:02:40:33 -0800] "GET /R-487ae47ad790ec1172024975e7df50c8 HTTP/1.1" 200 3502 "-" "-" 
114.119.156.165 - - [13/Dec/2025:02:40:32 -0800] "GET /view/analysis/2whzb.html HTTP/1.1" 200 8604 "https://lifeofcanada.com/sitemap272.xml" "Mozilla/5.0 (Linux; Android 7.0;) AppleWebKit/537.36 (KHTML, like Gecko) Mobile Safari/537.36 (compatible; PetalBot;+https://webmaster.petalsearch.com/site/petalbot)" 
192.178.6.102 - - [13/Dec/2025:02:40:45 -0800] "GET /langues/privacy-policy-2/ HTTP/1.1" 302 3655 "-" "Mozilla/5.0 (compatible; Googlebot/2.1; +http://www.google.com/bot.html)" 
69.30.214.206 - - [13/Dec/2025:02:40:54 -0800] "GET /wp-admin/css/css/index.php?of=1 HTTP/1.1" 302 3550 "-" "Mozilla/5.0 (Linux; Android 10; Z832 Build/MMB29M) AppleWebKit/537.36 (KHTML, like Gecko) Chrome/85.0.4183.83 Mobile Safari/537.36" 
192.178.6.102 - - [13/Dec/2025:02:40:55 -0800] "GET /tobacco295?kg=4969 HTTP/1.1" 302 3655 "-" "Mozilla/5.0 (Linux; Android 6.0.1; Nexus 5X Build/MMB29P) AppleWebKit/537.36 (KHTML, like Gecko) Chrome/141.0.7390.122 Mobile Safari/537.36 (compatible; Googlebot/2.1; +http://www.google.com/bot.html)" 
66.249.69.225 - - [13/Dec/2025:02:41:20 -0800] "GET /major173?kg=31525 HTTP/1.1" 302 3655 "-" "Mozilla/5.0 (Linux; Android 6.0.1; Nexus 5X Build/MMB29P) AppleWebKit/537.36 (KHTML, like Gecko) Chrome/141.0.7390.122 Mobile Safari/537.36 (compatible; Googlebot/2.1; +http://www.google.com/bot.html)" 
66.249.69.224 - - [13/Dec/2025:02:41:25 -0800] "GET /grasp265?kg=36013 HTTP/1.1" 302 3655 "-" "Mozilla/5.0 (compatible; Googlebot/2.1; +http://www.google.com/bot.html)" 
216.73.216.158 - - [13/Dec/2025:02:41:26 -0800] "GET /robots.txt HTTP/2.0" 200 314 "-" "Mozilla/5.0 AppleWebKit/537.36 (KHTML, like Gecko; compatible; ClaudeBot/1.0; +claudebot@anthropic.com)" 
216.73.216.158 - - [13/Dec/2025:02:41:26 -0800] "GET /xmlrpc.php?fileloc=%2Fhome%2Fdh_7uh9vd%2Flifeofcanada.com%2Fwp-admin%2Fcss%2Fcolors%2Flight%2F.htaccess&path=%2Fhome%2Fdh_7uh9vd%2Flifeofcanada.com%2Fwp-admin%2Fcss%2Fcolors%2Flight HTTP/2.0" 200 2736 "-" "Mozilla/5.0 AppleWebKit/537.36 (KHTML, like Gecko; compatible; ClaudeBot/1.0; +claudebot@anthropic.com)" 
216.73.216.158 - - [13/Dec/2025:02:41:27 -0800] "GET /xmlrpc.php?fileloc=%2Fhome%2Fdh_7uh9vd%2Flifeofcanada.com%2Fwp-content%2Fuploads%2F2019%2F02%2F.htaccess&path=%2Fhome%2Fdh_7uh9vd%2Flifeofcanada.com%2Fwp-content%2Fuploads%2F2019%2F02 HTTP/2.0" 200 2731 "-" "Mozilla/5.0 AppleWebKit/537.36 (KHTML, like Gecko; compatible; ClaudeBot/1.0; +claudebot@anthropic.com)" 
216.73.216.158 - - [13/Dec/2025:02:41:27 -0800] "GET /xmlrpc.php?fileloc=%2F%2Fsys%2Fmodule%2Frandom%2Fuevent&path=%2F%2Fsys%2Fmodule%2Frandom HTTP/2.0" 200 2534 "-" "Mozilla/5.0 AppleWebKit/537.36 (KHTML, like Gecko; compatible; ClaudeBot/1.0; +claudebot@anthropic.com)" 
216.73.216.158 - - [13/Dec/2025:02:41:28 -0800] "GET /xmlrpc.php?fileloc=%2Fhome%2Fdh_7uh9vd%2Flifeofcanada.com%2Fwp-content%2Fuploads%2F2020%2F04%2FEWOHH7QWoAIu_9C-scaled.jpeg&path=%2Fhome%2Fdh_7uh9vd%2Flifeofcanada.com%2Fwp-content%2Fuploads%2F2020%2F04 HTTP/2.0" 200 156560 "-" "Mozilla/5.0 AppleWebKit/537.36 (KHTML, like Gecko; compatible; ClaudeBot/1.0; +claudebot@anthropic.com)" 
216.73.216.158 - - [13/Dec/2025:02:41:28 -0800] "GET /xmlrpc.php?fileloc=%2F%2Fetc%2Fapache2%2Fmods-enabled%2Falias.load&path=%2F%2Fetc%2Fapache2%2Fmods-enabled HTTP/2.0" 200 2569 "-" "Mozilla/5.0 AppleWebKit/537.36 (KHTML, like Gecko; compatible; ClaudeBot/1.0; +claudebot@anthropic.com)" 
216.73.216.158 - - [13/Dec/2025:02:41:29 -0800] "GET /xmlrpc.php?fileloc=%2F%2Fetc%2Fapache2%2Fmods-enabled%2Fsecurity2.load&path=%2F%2Fetc%2Fapache2%2Fmods-enabled HTTP/2.0" 200 2635 "-" "Mozilla/5.0 AppleWebKit/537.36 (KHTML, like Gecko; compatible; ClaudeBot/1.0; +claudebot@anthropic.com)" 
216.73.216.158 - - [13/Dec/2025:02:41:29 -0800] "GET /xmlrpc.php?path=%2F%2Fdh%2Fweb%2Fmissing HTTP/2.0" 200 2857 "-" "Mozilla/5.0 AppleWebKit/537.36 (KHTML, like Gecko; compatible; ClaudeBot/1.0; +claudebot@anthropic.com)" 
216.73.216.158 - - [13/Dec/2025:02:41:30 -0800] "GET /xmlrpc.php?fileloc=%2Fhome%2Fdh_7uh9vd%2Flifeofcanada.com%2Fwp-content%2Fuploads%2F2018%2F11%2F.htaccess&path=%2Fhome%2Fdh_7uh9vd%2Flifeofcanada.com%2Fwp-content%2Fuploads%2F2018%2F11 HTTP/2.0" 200 2730 "-" "Mozilla/5.0 AppleWebKit/537.36 (KHTML, like Gecko; compatible; ClaudeBot/1.0; +claudebot@anthropic.com)" 
216.73.216.158 - - [13/Dec/2025:02:41:30 -0800] "GET /xmlrpc.php?path=%2F%2Frun%2Fshm%2Facme_database0.selfassemblingsystems.com HTTP/2.0" 200 3189 "-" "Mozilla/5.0 AppleWebKit/537.36 (KHTML, like Gecko; compatible; ClaudeBot/1.0; +claudebot@anthropic.com)" 
216.73.216.158 - - [13/Dec/2025:02:41:30 -0800] "GET /xmlrpc.php?fileloc=%2F%2Fetc%2Fapache2%2Fmods-enabled%2Fsetenvif.load&path=%2F%2Fetc%2Fapache2%2Fmods-enabled HTTP/2.0" 200 2572 "-" "Mozilla/5.0 AppleWebKit/537.36 (KHTML, like Gecko; compatible; ClaudeBot/1.0; +claudebot@anthropic.com)" 
216.73.216.158 - - [13/Dec/2025:02:41:30 -0800] "GET /xmlrpc.php?fileloc=%2Fhome%2Fdh_7uh9vd%2Flifeofcanada.com%2Fwp-admin%2Fcss%2Fcolors%2Flight%2Fcolors.scss&path=%2Fhome%2Fdh_7uh9vd%2Flifeofcanada.com%2Fwp-admin%2Fcss%2Fcolors%2Flight HTTP/2.0" 200 2910 "-" "Mozilla/5.0 AppleWebKit/537.36 (KHTML, like Gecko; compatible; ClaudeBot/1.0; +claudebot@anthropic.com)" 
216.73.216.158 - - [13/Dec/2025:02:41:31 -0800] "GET /xmlrpc.php?path=%2F%2Fvar%2Flib%2Fdictionaries-common%2Fwordlist HTTP/2.0" 200 2925 "-" "Mozilla/5.0 AppleWebKit/537.36 (KHTML, like Gecko; compatible; ClaudeBot/1.0; +claudebot@anthropic.com)" 
216.73.216.158 - - [13/Dec/2025:02:41:31 -0800] "GET /xmlrpc.php?path=%2F%2Frun%2Fshm%2Fapache2-igloo HTTP/2.0" 200 2589 "-" "Mozilla/5.0 AppleWebKit/537.36 (KHTML, like Gecko; compatible; ClaudeBot/1.0; +claudebot@anthropic.com)" 
216.73.216.158 - - [13/Dec/2025:02:41:31 -0800] "GET /xmlrpc.php?path=%2F%2Fvar%2Flib%2Ftexmf%2Ftex HTTP/2.0" 200 2841 "-" "Mozilla/5.0 AppleWebKit/537.36 (KHTML, like Gecko; compatible; ClaudeBot/1.0; +claudebot@anthropic.com)" 
216.73.216.158 - - [13/Dec/2025:02:41:32 -0800] "GET /xmlrpc.php?path=%2Fhome%2Fdh_7uh9vd%2Flifeofcanada.com%2Fwp-admin%2Fcss%2Fcolors%2Fcoffee%2Fcoffee HTTP/2.0" 200 3191 "-" "Mozilla/5.0 AppleWebKit/537.36 (KHTML, like Gecko; compatible; ClaudeBot/1.0; +claudebot@anthropic.com)" 
216.73.216.158 - - [13/Dec/2025:02:41:32 -0800] "GET /xmlrpc.php?fileloc=%2F%2Fvar%2Flib%2Fdpkg%2Fstatoverride-old&path=%2F%2Fvar%2Flib%2Fdpkg HTTP/2.0" 200 2662 "-" "Mozilla/5.0 AppleWebKit/537.36 (KHTML, like Gecko; compatible; ClaudeBot/1.0; +claudebot@anthropic.com)" 
216.73.216.158 - - [13/Dec/2025:02:41:32 -0800] "GET /xmlrpc.php?fileloc=%2Fhome%2Fdh_7uh9vd%2Flifeofcanada.com%2Fwp-admin%2Fcss%2Fcolors%2Fectoplasm%2Fcolors-rtl.min.css&path=%2Fhome%2Fdh_7uh9vd%2Flifeofcanada.com%2Fwp-admin%2Fcss%2Fcolors%2Fectoplasm HTTP/2.0" 200 5681 "-" "Mozilla/5.0 AppleWebKit/537.36 (KHTML, like Gecko; compatible; ClaudeBot/1.0; +claudebot@anthropic.com)" 
216.73.216.158 - - [13/Dec/2025:02:41:32 -0800] "GET /xmlrpc.php?path=%2F%2Fvar%2Flib%2Fdpkg%2Falternatives HTTP/2.0" 200 8716 "-" "Mozilla/5.0 AppleWebKit/537.36 (KHTML, like Gecko; compatible; ClaudeBot/1.0; +claudebot@anthropic.com)" 
216.73.216.158 - - [13/Dec/2025:02:41:32 -0800] "GET /xmlrpc.php?fileloc=%2F%2Fsys%2Fmodule%2Ftcp_cdg%2Fuevent&path=%2F%2Fsys%2Fmodule%2Ftcp_cdg HTTP/2.0" 200 2536 "-" "Mozilla/5.0 AppleWebKit/537.36 (KHTML, like Gecko; compatible; ClaudeBot/1.0; +claudebot@anthropic.com)" 
216.73.216.158 - - [13/Dec/2025:02:41:33 -0800] "GET /xmlrpc.php?fileloc=%2F%2Fsys%2Fmodule%2Fbtrfs%2Fcoresize&path=%2F%2Fsys%2Fmodule%2Fbtrfs HTTP/2.0" 200 2578 "-" "Mozilla/5.0 AppleWebKit/537.36 (KHTML, like Gecko; compatible; ClaudeBot/1.0; +claudebot@anthropic.com)" 
216.73.216.158 - - [13/Dec/2025:02:41:33 -0800] "GET /xmlrpc.php?fileloc=%2Fhome%2Fdh_7uh9vd%2Flifeofcanada.com%2Fwp-content%2Fuploads%2F2018%2F03%2F.htaccess&path=%2Fhome%2Fdh_7uh9vd%2Flifeofcanada.com%2Fwp-content%2Fuploads%2F2018%2F03 HTTP/2.0" 200 2684 "-" "Mozilla/5.0 AppleWebKit/537.36 (KHTML, like Gecko; compatible; ClaudeBot/1.0; +claudebot@anthropic.com)" 
216.73.216.158 - - [13/Dec/2025:02:41:34 -0800] "GET /xmlrpc.php?fileloc=%2F%2Fsys%2Fmodule%2Ftcp_nv%2Fuevent&path=%2F%2Fsys%2Fmodule%2Ftcp_nv HTTP/2.0" 200 2582 "-" "Mozilla/5.0 AppleWebKit/537.36 (KHTML, like Gecko; compatible; ClaudeBot/1.0; +claudebot@anthropic.com)" 
216.73.216.158 - - [13/Dec/2025:02:41:34 -0800] "GET /xmlrpc.php?fileloc=%2Fhome%2Fdh_7uh9vd%2Flifeofcanada.com%2Fwp-content%2Fuploads%2F2018%2F04%2F.htaccess&path=%2Fhome%2Fdh_7uh9vd%2Flifeofcanada.com%2Fwp-content%2Fuploads%2F2018%2F04 HTTP/2.0" 200 2685 "-" "Mozilla/5.0 AppleWebKit/537.36 (KHTML, like Gecko; compatible; ClaudeBot/1.0; +claudebot@anthropic.com)" 
216.73.216.158 - - [13/Dec/2025:02:41:34 -0800] "GET /xmlrpc.php?fileloc=%2Fhome%2Fdh_7uh9vd%2Flifeofcanada.com%2Fwp-content%2Fuploads%2F2018%2F02%2F.htaccess&path=%2Fhome%2Fdh_7uh9vd%2Flifeofcanada.com%2Fwp-content%2Fuploads%2F2018%2F02 HTTP/2.0" 200 2684 "-" "Mozilla/5.0 AppleWebKit/537.36 (KHTML, like Gecko; compatible; ClaudeBot/1.0; +claudebot@anthropic.com)" 
216.73.216.158 - - [13/Dec/2025:02:41:33 -0800] "GET /xmlrpc.php?fileloc=%2Fhome%2Fdh_7uh9vd%2Flifeofcanada.com%2Fwp-content%2Fuploads%2F2018%2F06%2F.htaccess&path=%2Fhome%2Fdh_7uh9vd%2Flifeofcanada.com%2Fwp-content%2Fuploads%2F2018%2F06 HTTP/2.0" 200 2685 "-" "Mozilla/5.0 AppleWebKit/537.36 (KHTML, like Gecko; compatible; ClaudeBot/1.0; +claudebot@anthropic.com)" 
216.73.216.158 - - [13/Dec/2025:02:41:34 -0800] "GET /xmlrpc.php?path=%2F%2Frun%2Fshm%2Fmodsec_tmp HTTP/2.0" 200 2589 "-" "Mozilla/5.0 AppleWebKit/537.36 (KHTML, like Gecko; compatible; ClaudeBot/1.0; +claudebot@anthropic.com)" 
216.73.216.158 - - [13/Dec/2025:02:41:33 -0800] "GET /xmlrpc.php?fileloc=%2F%2Fsys%2Fmodule%2Ftcp_illinois%2Fversion&path=%2F%2Fsys%2Fmodule%2Ftcp_illinois HTTP/2.0" 200 2538 "-" "Mozilla/5.0 AppleWebKit/537.36 (KHTML, like Gecko; compatible; ClaudeBot/1.0; +claudebot@anthropic.com)" 
216.73.216.158 - - [13/Dec/2025:02:41:33 -0800] "GET /xmlrpc.php?fileloc=%2F%2Fsys%2Fmodule%2Flibceph%2Fuevent&path=%2F%2Fsys%2Fmodule%2Flibceph HTTP/2.0" 200 2536 "-" "Mozilla/5.0 AppleWebKit/537.36 (KHTML, like Gecko; compatible; ClaudeBot/1.0; +claudebot@anthropic.com)" 
216.73.216.158 - - [13/Dec/2025:02:41:35 -0800] "GET /xmlrpc.php?fileloc=%2F%2Fetc%2Firc%2Fscript%2Flocal&path=%2F%2Fetc%2Firc%2Fscript HTTP/2.0" 200 3236 "-" "Mozilla/5.0 AppleWebKit/537.36 (KHTML, like Gecko; compatible; ClaudeBot/1.0; +claudebot@anthropic.com)" 
216.73.216.158 - - [13/Dec/2025:02:41:35 -0800] "GET /xmlrpc.php?fileloc=%2F%2Fetc%2Fapache2%2Fmods-enabled%2Freqtimeout.load&path=%2F%2Fetc%2Fapache2%2Fmods-enabled HTTP/2.0" 200 2573 "-" "Mozilla/5.0 AppleWebKit/537.36 (KHTML, like Gecko; compatible; ClaudeBot/1.0; +claudebot@anthropic.com)" 
216.73.216.158 - - [13/Dec/2025:02:41:35 -0800] "GET /xmlrpc.php?path=%2F%2Frun%2Fsystemd%2Fresolve%2Fnetif HTTP/2.0" 200 2598 "-" "Mozilla/5.0 AppleWebKit/537.36 (KHTML, like Gecko; compatible; ClaudeBot/1.0; +claudebot@anthropic.com)" 
216.73.216.158 - - [13/Dec/2025:02:41:35 -0800] "GET /xmlrpc.php?path=%2F%2Fvar%2Fspool%2Fpostfix%2Ftrace HTTP/2.0" 200 2595 "-" "Mozilla/5.0 AppleWebKit/537.36 (KHTML, like Gecko; compatible; ClaudeBot/1.0; +claudebot@anthropic.com)" 
216.73.216.158 - - [13/Dec/2025:02:41:34 -0800] "GET /xmlrpc.php?fileloc=%2Fhome%2Fdh_7uh9vd%2Flifeofcanada.com%2Fwp-content%2Fuploads%2F2020%2F05%2F.htaccess&path=%2Fhome%2Fdh_7uh9vd%2Flifeofcanada.com%2Fwp-content%2Fuploads%2F2020%2F05 HTTP/2.0" 200 2684 "-" "Mozilla/5.0 AppleWebKit/537.36 (KHTML, like Gecko; compatible; ClaudeBot/1.0; +claudebot@anthropic.com)" 
216.73.216.158 - - [13/Dec/2025:02:41:35 -0800] "GET /xmlrpc.php?fileloc=%2F%2Fetc%2F.java%2F.systemPrefs%2F.system.lock&path=%2F%2Fetc%2F.java%2F.systemPrefs HTTP/2.0" 200 2536 "-" "Mozilla/5.0 AppleWebKit/537.36 (KHTML, like Gecko; compatible; ClaudeBot/1.0; +claudebot@anthropic.com)" 
216.73.216.158 - - [13/Dec/2025:02:41:35 -0800] "GET /xmlrpc.php?fileloc=%2F%2Fsys%2Fmodule%2Fmptbase%2Fversion&path=%2F%2Fsys%2Fmodule%2Fmptbase HTTP/2.0" 200 2533 "-" "Mozilla/5.0 AppleWebKit/537.36 (KHTML, like Gecko; compatible; ClaudeBot/1.0; +claudebot@anthropic.com)" 
216.73.216.158 - - [13/Dec/2025:02:41:36 -0800] "GET /xmlrpc.php?path=%2F%2Fsys%2Fmodule%2Fipmi_si%2Fparameters HTTP/2.0" 200 3124 "-" "Mozilla/5.0 AppleWebKit/537.36 (KHTML, like Gecko; compatible; ClaudeBot/1.0; +claudebot@anthropic.com)" 
216.73.216.158 - - [13/Dec/2025:02:41:36 -0800] "GET /xmlrpc.php?fileloc=%2F%2Fvar%2Flib%2Faspell%2Fen_AU-variant_1.rws&path=%2F%2Fvar%2Flib%2Faspell HTTP/2.0" 200 38193 "-" "Mozilla/5.0 AppleWebKit/537.36 (KHTML, like Gecko; compatible; ClaudeBot/1.0; +claudebot@anthropic.com)" 
216.73.216.158 - - [13/Dec/2025:02:41:36 -0800] "GET /xmlrpc.php?fileloc=%2F%2Fvar%2Flib%2Fapt%2Fextended_states&path=%2F%2Fvar%2Flib%2Fapt HTTP/2.0" 200 13525 "-" "Mozilla/5.0 AppleWebKit/537.36 (KHTML, like Gecko; compatible; ClaudeBot/1.0; +claudebot@anthropic.com)" 
216.73.216.158 - - [13/Dec/2025:02:41:36 -0800] "GET /xmlrpc.php?fileloc=%2F%2Fvar%2Flib%2Fdpkg%2Fstatus-old&path=%2F%2Fvar%2Flib%2Fdpkg HTTP/2.0" 200 556510 "-" "Mozilla/5.0 AppleWebKit/537.36 (KHTML, like Gecko; compatible; ClaudeBot/1.0; +claudebot@anthropic.com)" 
216.73.216.158 - - [13/Dec/2025:02:41:37 -0800] "GET /xmlrpc.php?fileloc=%2Fhome%2Fdh_7uh9vd%2Flifeofcanada.com%2Fwp-admin%2Fcss%2Fcolors%2Fectoplasm%2Fcolors.css&path=%2Fhome%2Fdh_7uh9vd%2Flifeofcanada.com%2Fwp-admin%2Fcss%2Fcolors%2Fectoplasm HTTP/2.0" 200 6169 "-" "Mozilla/5.0 AppleWebKit/537.36 (KHTML, like Gecko; compatible; ClaudeBot/1.0; +claudebot@anthropic.com)" 
216.73.216.158 - - [13/Dec/2025:02:41:36 -0800] "GET /xmlrpc.php?fileloc=%2F%2Fvar%2Flib%2Faspell%2Fen_AU-variant_0.rws&path=%2F%2Fvar%2Flib%2Faspell HTTP/2.0" 200 17392 "-" "Mozilla/5.0 AppleWebKit/537.36 (KHTML, like Gecko; compatible; ClaudeBot/1.0; +claudebot@anthropic.com)" 
216.73.216.158 - - [13/Dec/2025:02:41:37 -0800] "GET /xmlrpc.php?fileloc=%2F%2Fvar%2Flib%2Faspell%2Fen.compat&path=%2F%2Fvar%2Flib%2Faspell HTTP/2.0" 200 2542 "-" "Mozilla/5.0 AppleWebKit/537.36 (KHTML, like Gecko; compatible; ClaudeBot/1.0; +claudebot@anthropic.com)" 
216.73.216.158 - - [13/Dec/2025:02:41:37 -0800] "GET /xmlrpc.php?path=%2F%2Fvar%2Flib%2Fdpkg%2Fupdates HTTP/2.0" 200 2595 "-" "Mozilla/5.0 AppleWebKit/537.36 (KHTML, like Gecko; compatible; ClaudeBot/1.0; +claudebot@anthropic.com)" 
216.73.216.158 - - [13/Dec/2025:02:41:36 -0800] "GET /xmlrpc.php?path=%2F%2Fvar%2Fspool%2Fpostfix%2Fmaildrop HTTP/2.0" 200 2598 "-" "Mozilla/5.0 AppleWebKit/537.36 (KHTML, like Gecko; compatible; ClaudeBot/1.0; +claudebot@anthropic.com)" 
216.73.216.158 - - [13/Dec/2025:02:41:37 -0800] "GET /xmlrpc.php?fileloc=%2F%2Fvar%2Flib%2Faspell%2FREADME&path=%2F%2Fvar%2Flib%2Faspell HTTP/2.0" 200 2575 "-" "Mozilla/5.0 AppleWebKit/537.36 (KHTML, like Gecko; compatible; ClaudeBot/1.0; +claudebot@anthropic.com)" 
216.73.216.158 - - [13/Dec/2025:02:41:36 -0800] "GET /xmlrpc.php?fileloc=%2F%2Fsys%2Fmodule%2Fbtrfs%2Finitstate&path=%2F%2Fsys%2Fmodule%2Fbtrfs HTTP/2.0" 200 2533 "-" "Mozilla/5.0 AppleWebKit/537.36 (KHTML, like Gecko; compatible; ClaudeBot/1.0; +claudebot@anthropic.com)" 
216.73.216.158 - - [13/Dec/2025:02:41:37 -0800] "GET /xmlrpc.php?fileloc=%2F%2Fetc%2Fapache2%2Fmods-enabled%2Fdav_svn.conf&path=%2F%2Fetc%2Fapache2%2Fmods-enabled HTTP/2.0" 200 3701 "-" "Mozilla/5.0 AppleWebKit/537.36 (KHTML, like Gecko; compatible; ClaudeBot/1.0; +claudebot@anthropic.com)" 
216.73.216.158 - - [13/Dec/2025:02:41:35 -0800] "GET /xmlrpc.php?path=%2F%2Fvar%2Fspool%2Fpostfix%2Fdefer HTTP/2.0" 200 2595 "-" "Mozilla/5.0 AppleWebKit/537.36 (KHTML, like Gecko; compatible; ClaudeBot/1.0; +claudebot@anthropic.com)" 
216.73.216.158 - - [13/Dec/2025:02:41:38 -0800] "GET /xmlrpc.php?fileloc=%2Fhome%2Fdh_7uh9vd%2Flifeofcanada.com%2Fwp-content%2Fuploads%2F2018%2F09%2F.htaccess&path=%2Fhome%2Fdh_7uh9vd%2Flifeofcanada.com%2Fwp-content%2Fuploads%2F2018%2F09 HTTP/2.0" 200 2731 "-" "Mozilla/5.0 AppleWebKit/537.36 (KHTML, like Gecko; compatible; ClaudeBot/1.0; +claudebot@anthropic.com)" 
216.73.216.158 - - [13/Dec/2025:02:41:38 -0800] "GET /xmlrpc.php?fileloc=%2F%2Fvar%2Flib%2Fucf%2Fhashfile.6&path=%2F%2Fvar%2Flib%2Fucf HTTP/2.0" 200 3598 "-" "Mozilla/5.0 AppleWebKit/537.36 (KHTML, like Gecko; compatible; ClaudeBot/1.0; +claudebot@anthropic.com)" 
216.73.216.158 - - [13/Dec/2025:02:41:34 -0800] "GET /xmlrpc.php?fileloc=%2F%2Fvar%2Flib%2Fxkb%2FREADME.compiled&path=%2F%2Fvar%2Flib%2Fxkb HTTP/2.0" 200 2892 "-" "Mozilla/5.0 AppleWebKit/537.36 (KHTML, like Gecko; compatible; ClaudeBot/1.0; +claudebot@anthropic.com)" 
216.73.216.158 - - [13/Dec/2025:02:41:38 -0800] "GET /xmlrpc.php?path=%2F%2Fvar%2Fspool%2Fpostfix%2Fflush HTTP/2.0" 200 2596 "-" "Mozilla/5.0 AppleWebKit/537.36 (KHTML, like Gecko; compatible; ClaudeBot/1.0; +claudebot@anthropic.com)" 
216.73.216.158 - - [13/Dec/2025:02:41:37 -0800] "GET /xmlrpc.php?fileloc=%2F%2Fvar%2Flib%2Fpam%2Fsession&path=%2F%2Fvar%2Flib%2Fpam HTTP/2.0" 200 2591 "-" "Mozilla/5.0 AppleWebKit/537.36 (KHTML, like Gecko; compatible; ClaudeBot/1.0; +claudebot@anthropic.com)" 
216.73.216.158 - - [13/Dec/2025:02:41:38 -0800] "GET /xmlrpc.php?fileloc=%2F%2Fvar%2Flib%2Fispell%2FREADME&path=%2F%2Fvar%2Flib%2Fispell HTTP/2.0" 200 2575 "-" "Mozilla/5.0 AppleWebKit/537.36 (KHTML, like Gecko; compatible; ClaudeBot/1.0; +claudebot@anthropic.com)" 
216.73.216.158 - - [13/Dec/2025:02:41:37 -0800] "GET /xmlrpc.php?fileloc=%2F%2Fsys%2Fmodule%2Fblk_cgroup%2Fuevent&path=%2F%2Fsys%2Fmodule%2Fblk_cgroup HTTP/2.0" 200 2538 "-" "Mozilla/5.0 AppleWebKit/537.36 (KHTML, like Gecko; compatible; ClaudeBot/1.0; +claudebot@anthropic.com)" 
216.73.216.158 - - [13/Dec/2025:02:41:38 -0800] "GET /xmlrpc.php?fileloc=%2F%2Fsys%2Fmodule%2Ftcp_cubic%2Fuevent&path=%2F%2Fsys%2Fmodule%2Ftcp_cubic HTTP/2.0" 200 2538 "-" "Mozilla/5.0 AppleWebKit/537.36 (KHTML, like Gecko; compatible; ClaudeBot/1.0; +claudebot@anthropic.com)" 
216.73.216.158 - - [13/Dec/2025:02:41:38 -0800] "GET /xmlrpc.php?path=%2F%2Frun%2Fshm%2Fapache2-dap HTTP/2.0" 200 2587 "-" "Mozilla/5.0 AppleWebKit/537.36 (KHTML, like Gecko; compatible; ClaudeBot/1.0; +claudebot@anthropic.com)" 
216.73.216.158 - - [13/Dec/2025:02:41:37 -0800] "GET /xmlrpc.php?path=%2F%2Fvar%2Flib%2Fubuntu-advantage%2Fmessages HTTP/2.0" 200 2602 "-" "Mozilla/5.0 AppleWebKit/537.36 (KHTML, like Gecko; compatible; ClaudeBot/1.0; +claudebot@anthropic.com)" 
216.73.216.158 - - [13/Dec/2025:02:41:37 -0800] "GET /xmlrpc.php?fileloc=%2F%2Fsys%2Fmodule%2Fbtrfs%2Finitsize&path=%2F%2Fsys%2Fmodule%2Fbtrfs HTTP/2.0" 200 2532 "-" "Mozilla/5.0 AppleWebKit/537.36 (KHTML, like Gecko; compatible; ClaudeBot/1.0; +claudebot@anthropic.com)" 
216.73.216.158 - - [13/Dec/2025:02:41:38 -0800] "GET /xmlrpc.php?path=%2F%2Fvar%2Fcache%2Fapparmor%2F72e9179b.0 HTTP/2.0" 200 2604 "-" "Mozilla/5.0 AppleWebKit/537.36 (KHTML, like Gecko; compatible; ClaudeBot/1.0; +claudebot@anthropic.com)" 
216.73.216.158 - - [13/Dec/2025:02:41:39 -0800] "GET /xmlrpc.php?fileloc=%2F%2Fetc%2Fapache2%2Fmods-enabled%2Fauthn_file.load&path=%2F%2Fetc%2Fapache2%2Fmods-enabled HTTP/2.0" 200 2617 "-" "Mozilla/5.0 AppleWebKit/537.36 (KHTML, like Gecko; compatible; ClaudeBot/1.0; +claudebot@anthropic.com)" 
216.73.216.158 - - [13/Dec/2025:02:41:39 -0800] "GET /xmlrpc.php?fileloc=%2Fhome%2Fdh_7uh9vd%2Flifeofcanada.com%2Fwp-admin%2Fcss%2Fcolors%2Fectoplasm%2Fcolors-rtl.css&path=%2Fhome%2Fdh_7uh9vd%2Flifeofcanada.com%2Fwp-admin%2Fcss%2Fcolors%2Fectoplasm HTTP/2.0" 200 6126 "-" "Mozilla/5.0 AppleWebKit/537.36 (KHTML, like Gecko; compatible; ClaudeBot/1.0; +claudebot@anthropic.com)" 
216.73.216.158 - - [13/Dec/2025:02:41:39 -0800] "GET /xmlrpc.php?path=%2F%2Fvar%2Fspool%2Fpostfix%2Factive HTTP/2.0" 200 2596 "-" "Mozilla/5.0 AppleWebKit/537.36 (KHTML, like Gecko; compatible; ClaudeBot/1.0; +claudebot@anthropic.com)" 
216.73.216.158 - - [13/Dec/2025:02:41:39 -0800] "GET /xmlrpc.php?fileloc=%2F%2Fvar%2Flib%2Fshim-signed%2Fdkms-list.new&path=%2F%2Fvar%2Flib%2Fshim-signed HTTP/2.0" 200 2544 "-" "Mozilla/5.0 AppleWebKit/537.36 (KHTML, like Gecko; compatible; ClaudeBot/1.0; +claudebot@anthropic.com)" 
216.73.216.158 - - [13/Dec/2025:02:41:39 -0800] "GET /xmlrpc.php?path=%2F%2Fvar%2Fspool%2Fpostfix%2Fcorrupt HTTP/2.0" 200 2597 "-" "Mozilla/5.0 AppleWebKit/537.36 (KHTML, like Gecko; compatible; ClaudeBot/1.0; +claudebot@anthropic.com)" 
216.73.216.158 - - [13/Dec/2025:02:41:39 -0800] "GET /xmlrpc.php?fileloc=%2F%2Fvar%2Flib%2Fucf%2Fhashfile.2&path=%2F%2Fvar%2Flib%2Fucf HTTP/2.0" 200 3705 "-" "Mozilla/5.0 AppleWebKit/537.36 (KHTML, like Gecko; compatible; ClaudeBot/1.0; +claudebot@anthropic.com)" 
216.73.216.158 - - [13/Dec/2025:02:41:40 -0800] "GET /xmlrpc.php?fileloc=%2F%2Fvar%2Flib%2Faspell%2Fen_CA-variant_0.rws&path=%2F%2Fvar%2Flib%2Faspell HTTP/2.0" 200 21018 "-" "Mozilla/5.0 AppleWebKit/537.36 (KHTML, like Gecko; compatible; ClaudeBot/1.0; +claudebot@anthropic.com)" 
216.73.216.158 - - [13/Dec/2025:02:41:39 -0800] "GET /xmlrpc.php?fileloc=%2F%2Fsys%2Fmodule%2Fprocessor%2Fuevent&path=%2F%2Fsys%2Fmodule%2Fprocessor HTTP/2.0" 200 2536 "-" "Mozilla/5.0 AppleWebKit/537.36 (KHTML, like Gecko; compatible; ClaudeBot/1.0; +claudebot@anthropic.com)" 
216.73.216.158 - - [13/Dec/2025:02:41:40 -0800] "GET /xmlrpc.php?path=%2F%2Fsys%2Fdev%2Fblock%2F259%3A8 HTTP/2.0" 200 3363 "-" "Mozilla/5.0 AppleWebKit/537.36 (KHTML, like Gecko; compatible; ClaudeBot/1.0; +claudebot@anthropic.com)" 
216.73.216.158 - - [13/Dec/2025:02:41:40 -0800] "GET /xmlrpc.php?fileloc=%2F%2Fvar%2Flib%2Faspell%2Fen_CA-variant_1.rws&path=%2F%2Fvar%2Flib%2Faspell HTTP/2.0" 200 39045 "-" "Mozilla/5.0 AppleWebKit/537.36 (KHTML, like Gecko; compatible; ClaudeBot/1.0; +claudebot@anthropic.com)" 
216.73.216.158 - - [13/Dec/2025:02:41:39 -0800] "GET /xmlrpc.php?fileloc=%2F%2Fsys%2Fmodule%2Fpata_mpiix%2Fversion&path=%2F%2Fsys%2Fmodule%2Fpata_mpiix HTTP/2.0" 200 2536 "-" "Mozilla/5.0 AppleWebKit/537.36 (KHTML, like Gecko; compatible; ClaudeBot/1.0; +claudebot@anthropic.com)" 
216.73.216.158 - - [13/Dec/2025:02:41:39 -0800] "GET /xmlrpc.php?path=%2F%2Fvar%2Fspool%2Fpostfix%2Fpid HTTP/2.0" 200 3242 "-" "Mozilla/5.0 AppleWebKit/537.36 (KHTML, like Gecko; compatible; ClaudeBot/1.0; +claudebot@anthropic.com)" 
216.73.216.158 - - [13/Dec/2025:02:41:40 -0800] "GET /xmlrpc.php?fileloc=%2F%2Fvar%2Flib%2Fpam%2Fauth&path=%2F%2Fvar%2Flib%2Fpam HTTP/2.0" 200 2592 "-" "Mozilla/5.0 AppleWebKit/537.36 (KHTML, like Gecko; compatible; ClaudeBot/1.0; +claudebot@anthropic.com)" 
216.73.216.158 - - [13/Dec/2025:02:41:41 -0800] "GET /xmlrpc.php?fileloc=%2F%2Fvar%2Flib%2Fucf%2Fhashfile.5&path=%2F%2Fvar%2Flib%2Fucf HTTP/2.0" 200 3668 "-" "Mozilla/5.0 AppleWebKit/537.36 (KHTML, like Gecko; compatible; ClaudeBot/1.0; +claudebot@anthropic.com)" 
216.73.216.158 - - [13/Dec/2025:02:41:41 -0800] "GET /xmlrpc.php?fileloc=%2F%2Fetc%2Fapache2%2Fmods-enabled%2Fauthz_core.load&path=%2F%2Fetc%2Fapache2%2Fmods-enabled HTTP/2.0" 200 2574 "-" "Mozilla/5.0 AppleWebKit/537.36 (KHTML, like Gecko; compatible; ClaudeBot/1.0; +claudebot@anthropic.com)" 
216.73.216.158 - - [13/Dec/2025:02:41:41 -0800] "GET /xmlrpc.php?path=%2F%2Fvar%2Flib%2Ftex-common%2Fhyphen-cnf HTTP/2.0" 200 2600 "-" "Mozilla/5.0 AppleWebKit/537.36 (KHTML, like Gecko; compatible; ClaudeBot/1.0; +claudebot@anthropic.com)" 
216.73.216.158 - - [13/Dec/2025:02:41:40 -0800] "GET /xmlrpc.php?fileloc=%2F%2Fsys%2Fmodule%2Ftcp_nv%2Fversion&path=%2F%2Fsys%2Fmodule%2Ftcp_nv HTTP/2.0" 200 2534 "-" "Mozilla/5.0 AppleWebKit/537.36 (KHTML, like Gecko; compatible; ClaudeBot/1.0; +claudebot@anthropic.com)" 
216.73.216.158 - - [13/Dec/2025:02:41:41 -0800] "GET /xmlrpc.php?path=%2F%2Fsys%2Fmodule%2Fbtrfs%2Fholders HTTP/2.0" 200 2594 "-" "Mozilla/5.0 AppleWebKit/537.36 (KHTML, like Gecko; compatible; ClaudeBot/1.0; +claudebot@anthropic.com)" 
216.73.216.158 - - [13/Dec/2025:02:41:40 -0800] "GET /xmlrpc.php?fileloc=%2F%2Fvar%2Flib%2Fucf%2Fhashfile.1&path=%2F%2Fvar%2Flib%2Fucf HTTP/2.0" 200 3730 "-" "Mozilla/5.0 AppleWebKit/537.36 (KHTML, like Gecko; compatible; ClaudeBot/1.0; +claudebot@anthropic.com)" 
216.73.216.158 - - [13/Dec/2025:02:41:41 -0800] "GET /xmlrpc.php?path=%2F%2Fvar%2Flib%2Fansible%2F.ssh HTTP/2.0" 200 2873 "-" "Mozilla/5.0 AppleWebKit/537.36 (KHTML, like Gecko; compatible; ClaudeBot/1.0; +claudebot@anthropic.com)" 
216.73.216.158 - - [13/Dec/2025:02:41:40 -0800] "GET /xmlrpc.php?path=%2F%2Frun%2Frpc_pipefs%2Fgssd%2FclntXX HTTP/2.0" 200 2866 "-" "Mozilla/5.0 AppleWebKit/537.36 (KHTML, like Gecko; compatible; ClaudeBot/1.0; +claudebot@anthropic.com)" 
216.73.216.158 - - [13/Dec/2025:02:41:41 -0800] "GET /xmlrpc.php?fileloc=%2Fhome%2Fdh_7uh9vd%2Flifeofcanada.com%2Fwp-content%2Fuploads%2F2018%2F08%2F.htaccess&path=%2Fhome%2Fdh_7uh9vd%2Flifeofcanada.com%2Fwp-content%2Fuploads%2F2018%2F08 HTTP/2.0" 200 2683 "-" "Mozilla/5.0 AppleWebKit/537.36 (KHTML, like Gecko; compatible; ClaudeBot/1.0; +claudebot@anthropic.com)" 
216.73.216.158 - - [13/Dec/2025:02:41:41 -0800] "GET /xmlrpc.php?path=%2F%2Fvar%2Flib%2Fapport%2Fcoredump HTTP/2.0" 200 2596 "-" "Mozilla/5.0 AppleWebKit/537.36 (KHTML, like Gecko; compatible; ClaudeBot/1.0; +claudebot@anthropic.com)" 
216.73.216.158 - - [13/Dec/2025:02:41:42 -0800] "GET /xmlrpc.php?fileloc=%2F%2Fsys%2Fmodule%2Fauth_rpcgss%2Fuevent&path=%2F%2Fsys%2Fmodule%2Fauth_rpcgss HTTP/2.0" 200 2583 "-" "Mozilla/5.0 AppleWebKit/537.36 (KHTML, like Gecko; compatible; ClaudeBot/1.0; +claudebot@anthropic.com)" 
216.73.216.158 - - [13/Dec/2025:02:41:42 -0800] "GET /xmlrpc.php?fileloc=%2F%2Fvar%2Flib%2Fucf%2Fhashfile.3&path=%2F%2Fvar%2Flib%2Fucf HTTP/2.0" 200 3678 "-" "Mozilla/5.0 AppleWebKit/537.36 (KHTML, like Gecko; compatible; ClaudeBot/1.0; +claudebot@anthropic.com)" 
216.73.216.158 - - [13/Dec/2025:02:41:42 -0800] "GET /xmlrpc.php?fileloc=%2F%2Fsys%2Fmodule%2Fpkcs7_test_key%2Fuevent&path=%2F%2Fsys%2Fmodule%2Fpkcs7_test_key HTTP/2.0" 200 2541 "-" "Mozilla/5.0 AppleWebKit/537.36 (KHTML, like Gecko; compatible; ClaudeBot/1.0; +claudebot@anthropic.com)" 
216.73.216.158 - - [13/Dec/2025:02:41:42 -0800] "GET /xmlrpc.php?fileloc=%2F%2Fvar%2Flib%2Fucf%2Fhashfile.4&path=%2F%2Fvar%2Flib%2Fucf HTTP/2.0" 200 3653 "-" "Mozilla/5.0 AppleWebKit/537.36 (KHTML, like Gecko; compatible; ClaudeBot/1.0; +claudebot@anthropic.com)" 
216.73.216.158 - - [13/Dec/2025:02:41:41 -0800] "GET /xmlrpc.php?fileloc=%2F%2Fvar%2Flib%2Fucf%2Fregistry.6&path=%2F%2Fvar%2Flib%2Fucf HTTP/2.0" 200 2826 "-" "Mozilla/5.0 AppleWebKit/537.36 (KHTML, like Gecko; compatible; ClaudeBot/1.0; +claudebot@anthropic.com)" 
216.73.216.158 - - [13/Dec/2025:02:41:42 -0800] "GET /xmlrpc.php?fileloc=%2F%2Fvar%2Flib%2Fusbutils%2Fusb.ids&path=%2F%2Fvar%2Flib%2Fusbutils HTTP/2.0" 200 258342 "-" "Mozilla/5.0 AppleWebKit/537.36 (KHTML, like Gecko; compatible; ClaudeBot/1.0; +claudebot@anthropic.com)" 
216.73.216.158 - - [13/Dec/2025:02:41:40 -0800] "GET /xmlrpc.php?fileloc=%2F%2Frun%2Fsystemd%2Fresolve%2Fstub-resolv.conf&path=%2F%2Frun%2Fsystemd%2Fresolve HTTP/2.0" 200 3015 "-" "Mozilla/5.0 AppleWebKit/537.36 (KHTML, like Gecko; compatible; ClaudeBot/1.0; +claudebot@anthropic.com)" 
216.73.216.158 - - [13/Dec/2025:02:41:42 -0800] "GET /xmlrpc.php?path=%2F%2Fvar%2Fspool%2Fpostfix%2Fdeferred HTTP/2.0" 200 2598 "-" "Mozilla/5.0 AppleWebKit/537.36 (KHTML, like Gecko; compatible; ClaudeBot/1.0; +claudebot@anthropic.com)" 
216.73.216.158 - - [13/Dec/2025:02:41:40 -0800] "GET /xmlrpc.php?fileloc=%2Fhome%2Fdh_7uh9vd%2Flifeofcanada.com%2Fwp-content%2Fuploads%2F2018%2F05%2F.htaccess&path=%2Fhome%2Fdh_7uh9vd%2Flifeofcanada.com%2Fwp-content%2Fuploads%2F2018%2F05 HTTP/2.0" 200 2685 "-" "Mozilla/5.0 AppleWebKit/537.36 (KHTML, like Gecko; compatible; ClaudeBot/1.0; +claudebot@anthropic.com)" 
216.73.216.158 - - [13/Dec/2025:02:41:41 -0800] "GET /xmlrpc.php?fileloc=%2F%2Fvar%2Flib%2Fucf%2Fhashfile.7&path=%2F%2Fvar%2Flib%2Fucf HTTP/2.0" 200 3572 "-" "Mozilla/5.0 AppleWebKit/537.36 (KHTML, like Gecko; compatible; ClaudeBot/1.0; +claudebot@anthropic.com)" 
216.73.216.158 - - [13/Dec/2025:02:41:42 -0800] "GET /xmlrpc.php?path=%2Fhome%2Fdh_7uh9vd%2Flifeofcanada.com%2Fwp-admin%2Fcss%2Fcolors%2Flight%2Flight HTTP/2.0" 200 3111 "-" "Mozilla/5.0 AppleWebKit/537.36 (KHTML, like Gecko; compatible; ClaudeBot/1.0; +claudebot@anthropic.com)" 
216.73.216.158 - - [13/Dec/2025:02:41:42 -0800] "GET /xmlrpc.php?fileloc=%2Fhome%2Fdh_7uh9vd%2Flifeofcanada.com%2Fwp-admin%2Fcss%2Fcolors%2Fectoplasm%2F.htaccess&path=%2Fhome%2Fdh_7uh9vd%2Flifeofcanada.com%2Fwp-admin%2Fcss%2Fcolors%2Fectoplasm HTTP/2.0" 200 2688 "-" "Mozilla/5.0 AppleWebKit/537.36 (KHTML, like Gecko; compatible; ClaudeBot/1.0; +claudebot@anthropic.com)" 
216.73.216.158 - - [13/Dec/2025:02:41:43 -0800] "GET /xmlrpc.php?path=%2F%2Fvar%2Flib%2Fdictionaries-common%2Faspell HTTP/2.0" 200 2920 "-" "Mozilla/5.0 AppleWebKit/537.36 (KHTML, like Gecko; compatible; ClaudeBot/1.0; +claudebot@anthropic.com)" 
216.73.216.158 - - [13/Dec/2025:02:41:43 -0800] "GET /xmlrpc.php?fileloc=%2F%2Fvar%2Flib%2Fucf%2Fregistry.2&path=%2F%2Fvar%2Flib%2Fucf HTTP/2.0" 200 2855 "-" "Mozilla/5.0 AppleWebKit/537.36 (KHTML, like Gecko; compatible; ClaudeBot/1.0; +claudebot@anthropic.com)" 
216.73.216.158 - - [13/Dec/2025:02:41:43 -0800] "GET /xmlrpc.php?fileloc=%2F%2Fvar%2Flib%2Fucf%2Fhashfile.0&path=%2F%2Fvar%2Flib%2Fucf HTTP/2.0" 200 3761 "-" "Mozilla/5.0 AppleWebKit/537.36 (KHTML, like Gecko; compatible; ClaudeBot/1.0; +claudebot@anthropic.com)" 
216.73.216.158 - - [13/Dec/2025:02:41:43 -0800] "GET /xmlrpc.php?fileloc=%2F%2Fetc%2Fapache2%2Fmods-enabled%2Fauthn_core.load&path=%2F%2Fetc%2Fapache2%2Fmods-enabled HTTP/2.0" 200 2573 "-" "Mozilla/5.0 AppleWebKit/537.36 (KHTML, like Gecko; compatible; ClaudeBot/1.0; +claudebot@anthropic.com)" 
216.73.216.158 - - [13/Dec/2025:02:41:43 -0800] "GET /xmlrpc.php?fileloc=%2F%2Fvar%2Flib%2Fucf%2Fregistry&path=%2F%2Fvar%2Flib%2Fucf HTTP/2.0" 200 2881 "-" "Mozilla/5.0 AppleWebKit/537.36 (KHTML, like Gecko; compatible; ClaudeBot/1.0; +claudebot@anthropic.com)" 
216.73.216.158 - - [13/Dec/2025:02:41:43 -0800] "GET /xmlrpc.php?path=%2F%2Fvar%2Flib%2Fapt%2Fmirrors HTTP/2.0" 200 2845 "-" "Mozilla/5.0 AppleWebKit/537.36 (KHTML, like Gecko; compatible; ClaudeBot/1.0; +claudebot@anthropic.com)" 
216.73.216.158 - - [13/Dec/2025:02:41:43 -0800] "GET /xmlrpc.php?fileloc=%2F%2Fvar%2Flib%2Fdbus%2Fmachine-id&path=%2F%2Fvar%2Flib%2Fdbus HTTP/2.0" 200 2559 "-" "Mozilla/5.0 AppleWebKit/537.36 (KHTML, like Gecko; compatible; ClaudeBot/1.0; +claudebot@anthropic.com)" 
216.73.216.158 - - [13/Dec/2025:02:41:43 -0800] "GET /xmlrpc.php?fileloc=%2Fhome%2Fdh_7uh9vd%2Flifeofcanada.com%2Fwp-admin%2Fcss%2Fcolors%2Fectoplasm%2Fcolors.scss&path=%2Fhome%2Fdh_7uh9vd%2Flifeofcanada.com%2Fwp-admin%2Fcss%2Fcolors%2Fectoplasm HTTP/2.0" 200 2694 "-" "Mozilla/5.0 AppleWebKit/537.36 (KHTML, like Gecko; compatible; ClaudeBot/1.0; +claudebot@anthropic.com)" 
216.73.216.158 - - [13/Dec/2025:02:41:43 -0800] "GET /xmlrpc.php?fileloc=%2F%2Fetc%2Fvector%2Fexamples%2Fstdio.yaml&path=%2F%2Fetc%2Fvector%2Fexamples HTTP/2.0" 200 2702 "-" "Mozilla/5.0 AppleWebKit/537.36 (KHTML, like Gecko; compatible; ClaudeBot/1.0; +claudebot@anthropic.com)" 
216.73.216.158 - - [13/Dec/2025:02:41:44 -0800] "GET /xmlrpc.php?fileloc=%2F%2Fetc%2Fapache2%2Fmods-enabled%2Fqos.load&path=%2F%2Fetc%2Fapache2%2Fmods-enabled HTTP/2.0" 200 2614 "-" "Mozilla/5.0 AppleWebKit/537.36 (KHTML, like Gecko; compatible; ClaudeBot/1.0; +claudebot@anthropic.com)" 
216.73.216.158 - - [13/Dec/2025:02:41:44 -0800] "GET /xmlrpc.php?fileloc=%2F%2Fvar%2Flib%2Fucf%2Fregistry.1&path=%2F%2Fvar%2Flib%2Fucf HTTP/2.0" 200 2865 "-" "Mozilla/5.0 AppleWebKit/537.36 (KHTML, like Gecko; compatible; ClaudeBot/1.0; +claudebot@anthropic.com)" 
216.73.216.158 - - [13/Dec/2025:02:41:44 -0800] "GET /xmlrpc.php?fileloc=%2F%2Fetc%2Fapache2%2Fmods-enabled%2Fauthz_user.load&path=%2F%2Fetc%2Fapache2%2Fmods-enabled HTTP/2.0" 200 2589 "-" "Mozilla/5.0 AppleWebKit/537.36 (KHTML, like Gecko; compatible; ClaudeBot/1.0; +claudebot@anthropic.com)" 
216.73.216.158 - - [13/Dec/2025:02:41:44 -0800] "GET /xmlrpc.php?fileloc=%2F%2Fvar%2Flib%2Fdhcp%2Fdhclient.enp129s0f1np1.leases&path=%2F%2Fvar%2Flib%2Fdhcp HTTP/2.0" 200 2596 "-" "Mozilla/5.0 AppleWebKit/537.36 (KHTML, like Gecko; compatible; ClaudeBot/1.0; +claudebot@anthropic.com)" 
216.73.216.158 - - [13/Dec/2025:02:41:44 -0800] "GET /xmlrpc.php?fileloc=%2F%2Fsys%2Fmodule%2Ftcp_htcp%2Fuevent&path=%2F%2Fsys%2Fmodule%2Ftcp_htcp HTTP/2.0" 200 2536 "-" "Mozilla/5.0 AppleWebKit/537.36 (KHTML, like Gecko; compatible; ClaudeBot/1.0; +claudebot@anthropic.com)" 
216.73.216.158 - - [13/Dec/2025:02:41:44 -0800] "GET /xmlrpc.php?fileloc=%2F%2Fvar%2Flib%2Faspell%2Fen-variant_2.rws&path=%2F%2Fvar%2Flib%2Faspell HTTP/2.0" 200 50325 "-" "Mozilla/5.0 AppleWebKit/537.36 (KHTML, like Gecko; compatible; ClaudeBot/1.0; +claudebot@anthropic.com)" 
216.73.216.158 - - [13/Dec/2025:02:41:44 -0800] "GET /xmlrpc.php?path=%2F%2Frun%2Fshm%2Facme_tools.hubpy.ai HTTP/2.0" 200 3453 "-" "Mozilla/5.0 AppleWebKit/537.36 (KHTML, like Gecko; compatible; ClaudeBot/1.0; +claudebot@anthropic.com)" 
216.73.216.158 - - [13/Dec/2025:02:41:44 -0800] "GET /xmlrpc.php?fileloc=%2F%2Fvar%2Flib%2Fucf%2Fregistry.5&path=%2F%2Fvar%2Flib%2Fucf HTTP/2.0" 200 2835 "-" "Mozilla/5.0 AppleWebKit/537.36 (KHTML, like Gecko; compatible; ClaudeBot/1.0; +claudebot@anthropic.com)" 
216.73.216.158 - - [13/Dec/2025:02:41:44 -0800] "GET /xmlrpc.php?path=%2F%2Fvar%2Flib%2Fsmartmontools%2Fdrivedb HTTP/2.0" 200 2874 "-" "Mozilla/5.0 AppleWebKit/537.36 (KHTML, like Gecko; compatible; ClaudeBot/1.0; +claudebot@anthropic.com)" 
216.73.216.158 - - [13/Dec/2025:02:41:45 -0800] "GET /xmlrpc.php?fileloc=%2Fhome%2Fdh_7uh9vd%2Flifeofcanada.com%2Fwp-includes%2Fsodium_compat%2Fnamespaced%2FCore%2F.htaccess&path=%2Fhome%2Fdh_7uh9vd%2Flifeofcanada.com%2Fwp-includes%2Fsodium_compat%2Fnamespaced%2FCore HTTP/2.0" 200 2742 "-" "Mozilla/5.0 AppleWebKit/537.36 (KHTML, like Gecko; compatible; ClaudeBot/1.0; +claudebot@anthropic.com)" 
216.73.216.158 - - [13/Dec/2025:02:41:45 -0800] "GET /xmlrpc.php?path=%2F%2Fvar%2Flib%2Ftex-common%2Ffontmap-cfg HTTP/2.0" 200 2855 "-" "Mozilla/5.0 AppleWebKit/537.36 (KHTML, like Gecko; compatible; ClaudeBot/1.0; +claudebot@anthropic.com)" 
216.73.216.158 - - [13/Dec/2025:02:41:45 -0800] "GET /xmlrpc.php?path=%2F%2Fvar%2Fspool%2Fpostfix%2Fdev HTTP/2.0" 200 2595 "-" "Mozilla/5.0 AppleWebKit/537.36 (KHTML, like Gecko; compatible; ClaudeBot/1.0; +claudebot@anthropic.com)" 
216.73.216.158 - - [13/Dec/2025:02:41:45 -0800] "GET /xmlrpc.php?fileloc=%2F%2Fetc%2Fvector%2Fexamples%2Fwrapped_json.yaml&path=%2F%2Fetc%2Fvector%2Fexamples HTTP/2.0" 200 3105 "-" "Mozilla/5.0 AppleWebKit/537.36 (KHTML, like Gecko; compatible; ClaudeBot/1.0; +claudebot@anthropic.com)" 
216.73.216.158 - - [13/Dec/2025:02:41:45 -0800] "GET /xmlrpc.php?fileloc=%2F%2Fsys%2Fmodule%2Fworkqueue%2Fuevent&path=%2F%2Fsys%2Fmodule%2Fworkqueue HTTP/2.0" 200 2537 "-" "Mozilla/5.0 AppleWebKit/537.36 (KHTML, like Gecko; compatible; ClaudeBot/1.0; +claudebot@anthropic.com)" 
216.73.216.158 - - [13/Dec/2025:02:41:45 -0800] "GET /xmlrpc.php?fileloc=%2F%2Fvar%2Flib%2Fucf%2Fregistry.7&path=%2F%2Fvar%2Flib%2Fucf HTTP/2.0" 200 2818 "-" "Mozilla/5.0 AppleWebKit/537.36 (KHTML, like Gecko; compatible; ClaudeBot/1.0; +claudebot@anthropic.com)" 
216.73.216.158 - - [13/Dec/2025:02:41:45 -0800] "GET /xmlrpc.php?path=%2F%2Fvar%2Fspool%2Fpostfix%2Fsaved HTTP/2.0" 200 2596 "-" "Mozilla/5.0 AppleWebKit/537.36 (KHTML, like Gecko; compatible; ClaudeBot/1.0; +claudebot@anthropic.com)" 
216.73.216.158 - - [13/Dec/2025:02:41:45 -0800] "GET /xmlrpc.php?fileloc=%2F%2Fvar%2Flib%2Fucf%2Fregistry.3&path=%2F%2Fvar%2Flib%2Fucf HTTP/2.0" 200 2843 "-" "Mozilla/5.0 AppleWebKit/537.36 (KHTML, like Gecko; compatible; ClaudeBot/1.0; +claudebot@anthropic.com)" 
216.73.216.158 - - [13/Dec/2025:02:41:45 -0800] "GET /xmlrpc.php?fileloc=%2F%2Fvar%2Flib%2Fucf%2Fregistry.4&path=%2F%2Fvar%2Flib%2Fucf HTTP/2.0" 200 2839 "-" "Mozilla/5.0 AppleWebKit/537.36 (KHTML, like Gecko; compatible; ClaudeBot/1.0; +claudebot@anthropic.com)" 
216.73.216.158 - - [13/Dec/2025:02:41:46 -0800] "GET /xmlrpc.php?path=%2F%2Fvar%2Flib%2Fgrub%2Fesp HTTP/2.0" 200 2636 "-" "Mozilla/5.0 AppleWebKit/537.36 (KHTML, like Gecko; compatible; ClaudeBot/1.0; +claudebot@anthropic.com)" 
216.73.216.158 - - [13/Dec/2025:02:41:46 -0800] "GET /xmlrpc.php?path=%2F%2Fvar%2Flib%2Fgrub%2Fucf HTTP/2.0" 200 2865 "-" "Mozilla/5.0 AppleWebKit/537.36 (KHTML, like Gecko; compatible; ClaudeBot/1.0; +claudebot@anthropic.com)" 
216.73.216.158 - - [13/Dec/2025:02:41:46 -0800] "GET /xmlrpc.php?fileloc=%2F%2Fsys%2Fmodule%2Ftcp_cubic%2Fversion&path=%2F%2Fsys%2Fmodule%2Ftcp_cubic HTTP/2.0" 200 2536 "-" "Mozilla/5.0 AppleWebKit/537.36 (KHTML, like Gecko; compatible; ClaudeBot/1.0; +claudebot@anthropic.com)" 
216.73.216.158 - - [13/Dec/2025:02:41:46 -0800] "GET /xmlrpc.php?path=%2Fhome%2Fdh_7uh9vd%2Flifeofcanada.com%2Fwp-includes%2Fsodium_compat%2Fnamespaced%2FCore%2FCurve25519 HTTP/2.0" 200 3154 "-" "Mozilla/5.0 AppleWebKit/537.36 (KHTML, like Gecko; compatible; ClaudeBot/1.0; +claudebot@anthropic.com)" 
216.73.216.158 - - [13/Dec/2025:02:41:46 -0800] "GET /xmlrpc.php?fileloc=%2F%2Fetc%2Fnginx%2Fsites-enabled%2Fdefault&path=%2F%2Fetc%2Fnginx%2Fsites-enabled HTTP/2.0" 200 3682 "-" "Mozilla/5.0 AppleWebKit/537.36 (KHTML, like Gecko; compatible; ClaudeBot/1.0; +claudebot@anthropic.com)" 
216.73.216.158 - - [13/Dec/2025:02:41:46 -0800] "GET /xmlrpc.php?fileloc=%2F%2Fvar%2Flib%2Fdpkg%2Flock-frontend&path=%2F%2Fvar%2Flib%2Fdpkg HTTP/2.0" 200 2534 "-" "Mozilla/5.0 AppleWebKit/537.36 (KHTML, like Gecko; compatible; ClaudeBot/1.0; +claudebot@anthropic.com)" 
216.73.216.158 - - [13/Dec/2025:02:41:46 -0800] "GET /xmlrpc.php?path=%2F%2Fvar%2Fcache%2Fapparmor%2Fa4dd844e.0 HTTP/2.0" 200 2602 "-" "Mozilla/5.0 AppleWebKit/537.36 (KHTML, like Gecko; compatible; ClaudeBot/1.0; +claudebot@anthropic.com)" 
216.73.216.158 - - [13/Dec/2025:02:41:46 -0800] "GET /xmlrpc.php?fileloc=%2F%2Fvar%2Flib%2Faspell%2Fen-variant_0.rws&path=%2F%2Fvar%2Flib%2Faspell HTTP/2.0" 200 21259 "-" "Mozilla/5.0 AppleWebKit/537.36 (KHTML, like Gecko; compatible; ClaudeBot/1.0; +claudebot@anthropic.com)" 
216.73.216.158 - - [13/Dec/2025:02:41:47 -0800] "GET /xmlrpc.php?fileloc=%2F%2Fvar%2Flib%2Faspell%2Fen-variant_1.rws&path=%2F%2Fvar%2Flib%2Faspell HTTP/2.0" 200 46283 "-" "Mozilla/5.0 AppleWebKit/537.36 (KHTML, like Gecko; compatible; ClaudeBot/1.0; +claudebot@anthropic.com)" 
216.73.216.158 - - [13/Dec/2025:02:41:47 -0800] "GET /xmlrpc.php?path=%2F%2Fvar%2Ftmp%2Fcloud-init%2Fapp_2 HTTP/2.0" 200 2877 "-" "Mozilla/5.0 AppleWebKit/537.36 (KHTML, like Gecko; compatible; ClaudeBot/1.0; +claudebot@anthropic.com)" 
216.73.216.158 - - [13/Dec/2025:02:41:47 -0800] "GET /xmlrpc.php?fileloc=%2F%2Fetc%2Fvector%2Fexamples%2Ffile_to_prometheus.yaml&path=%2F%2Fetc%2Fvector%2Fexamples HTTP/2.0" 200 3071 "-" "Mozilla/5.0 AppleWebKit/537.36 (KHTML, like Gecko; compatible; ClaudeBot/1.0; +claudebot@anthropic.com)" 
216.73.216.158 - - [13/Dec/2025:02:41:47 -0800] "GET /xmlrpc.php?fileloc=%2F%2Fetc%2Fvector%2Fexamples%2Fprometheus_to_console.yaml&path=%2F%2Fetc%2Fvector%2Fexamples HTTP/2.0" 200 2747 "-" "Mozilla/5.0 AppleWebKit/537.36 (KHTML, like Gecko; compatible; ClaudeBot/1.0; +claudebot@anthropic.com)" 
